000
CDUS45 KGJT 120733
CLIASE


CLIMATE REPORT
NATIONAL WEATHER SERVICE GRAND JUNCTION CO
131 AM MDT SAT JUL 12 2014


...................................

...THE ASPEN CO CLIMATE SUMMARY FOR JULY 11 2014...

CLIMATE NORMAL PERIOD 1981 TO 2010
CLIMATE RECORD PERIOD 9999 TO 9999


WEATHER ITEM   OBSERVED TIME   RECORD YEAR NORMAL DEPARTURE LAST
                VALUE   (LST)  VALUE       VALUE  FROM      YEAR
                                                  NORMAL
..................................................................
TEMPERATURE (F)
 YESTERDAY
  MAXIMUM         79    242 PM  MM      MM  80     -1       88
  MINIMUM         51    510 AM  MM      MM  47      4       53
  AVERAGE         65                        64      1       71

PRECIPITATION (IN)
  YESTERDAY        0.10         MM      MM   0.05   0.05     0.01
  MONTH TO DATE    0.68                      0.48   0.20     0.17
  SINCE JUN 1      0.72                      1.61  -0.89     0.26
  SINCE JAN 1      6.25                      8.55  -2.30     6.94

SNOWFALL (IN)
  YESTERDAY       MM            MM      MM  MM     MM       MM
  MONTH TO DATE   MM                        MM     MM       MM
  SINCE JUN 1     MM                        MM     MM       MM
  SINCE JUL 1     MM                        MM     MM       MM
  SNOW DEPTH      MM

DEGREE DAYS
 HEATING
  YESTERDAY        0                         2     -2        0
  MONTH TO DATE    8                        31    -23        6
  SINCE JUN 1    213                       260    -47      152
  SINCE JUL 1      8                        31    -23        6

 COOLING
  YESTERDAY        0                         1     -1        6
  MONTH TO DATE   15                         9      6       19
  SINCE JUN 1     16                        13      3       35
  SINCE JAN 1     16                        13      3       35
..................................................................


WIND (MPH)
  HIGHEST WIND SPEED    18   HIGHEST WIND DIRECTION    SE (140)
  HIGHEST GUST SPEED    26   HIGHEST GUST DIRECTION    SE (140)
  AVERAGE WIND SPEED     6.0


SKY COVER
  POSSIBLE SUNSHINE  MM
  AVERAGE SKY COVER 0.4


WEATHER CONDITIONS
 THE FOLLOWING WEATHER WAS RECORDED YESTERDAY.
  THUNDERSTORM
  LIGHT RAIN


RELATIVE HUMIDITY (PERCENT)
 HIGHEST    96           400 AM
 LOWEST     40          1200 PM
 AVERAGE    68

..........................................................


THE ASPEN CO CLIMATE NORMALS FOR TODAY
                         NORMAL    RECORD    YEAR
 MAXIMUM TEMPERATURE (F)   80        MM        MM
 MINIMUM TEMPERATURE (F)   47        MM        MM


SUNRISE AND SUNSET
JULY 12 2014..........SUNRISE   551 AM MDT   SUNSET   834 PM MDT
JULY 13 2014..........SUNRISE   552 AM MDT   SUNSET   834 PM MDT


-  INDICATES NEGATIVE NUMBERS.
R  INDICATES RECORD WAS SET OR TIED.
MM INDICATES DATA IS MISSING.
T  INDICATES TRACE AMOUNT.




$$
