000
CDUS45 KGJT 312334
CLIASE


CLIMATE REPORT
NATIONAL WEATHER SERVICE GRAND JUNCTION CO
529 PM MDT THU JUL 31 2014


...................................

...THE ASPEN CO CLIMATE SUMMARY FOR JULY 31 2014...
VALID TODAY AS OF 0500 PM LOCAL TIME.

CLIMATE NORMAL PERIOD 1981 TO 2010
CLIMATE RECORD PERIOD 9999 TO 9999


WEATHER ITEM   OBSERVED TIME   RECORD YEAR NORMAL DEPARTURE LAST
                VALUE   (LST)  VALUE       VALUE  FROM      YEAR
                                                  NORMAL
..................................................................
TEMPERATURE (F)
 TODAY
  MAXIMUM         75    319 PM  MM      MM  80     -5       80
  MINIMUM         50    314 AM  MM      MM  48      2       47
  AVERAGE         63                        64     -1       64

PRECIPITATION (IN)
  TODAY            0.01         MM      MM   0.07  -0.06     0.00
  MONTH TO DATE    1.90                      1.71   0.19     1.58
  SINCE JUN 1      1.94                      2.84  -0.90     1.67
  SINCE JAN 1      7.47                      9.78  -2.31     8.35

SNOWFALL (IN)
  TODAY           MM            MM      MM  MM     MM       MM
  MONTH TO DATE   MM                        MM     MM       MM
  SINCE JUN 1     MM                        MM     MM       MM
  SINCE JUL 1     MM                        MM     MM       MM
  SNOW DEPTH      MM

DEGREE DAYS
 HEATING
  TODAY            2                         2      0        1
  MONTH TO DATE   25                        71    -46       32
  SINCE JUN 1    230                       300    -70      178
  SINCE JUL 1     25                        71    -46       32

 COOLING
  TODAY            0                         1     -1        0
  MONTH TO DATE   54                        25     29       40
  SINCE JUN 1     55                        29     26       56
  SINCE JAN 1     55                        29     26       56
..................................................................


WIND (MPH)
  HIGHEST WIND SPEED    15   HIGHEST WIND DIRECTION    SW (220)
  HIGHEST GUST SPEED    20   HIGHEST GUST DIRECTION    SW (220)
  AVERAGE WIND SPEED     3.9


SKY COVER
  POSSIBLE SUNSHINE  MM
  AVERAGE SKY COVER 0.4


WEATHER CONDITIONS
 THE FOLLOWING WEATHER WAS RECORDED TODAY.
  THUNDERSTORM
  LIGHT RAIN


RELATIVE HUMIDITY (PERCENT)
 HIGHEST    96           200 AM
 LOWEST     38           300 PM
 AVERAGE    67

..........................................................


THE ASPEN CO CLIMATE NORMALS FOR TOMORROW
                         NORMAL    RECORD    YEAR
 MAXIMUM TEMPERATURE (F)   80        MM        MM
 MINIMUM TEMPERATURE (F)   48        MM        MM


SUNRISE AND SUNSET
JULY 31 2014..........SUNRISE   607 AM MDT   SUNSET   820 PM MDT
AUGUST  1 2014........SUNRISE   608 AM MDT   SUNSET   819 PM MDT


-  INDICATES NEGATIVE NUMBERS.
R  INDICATES RECORD WAS SET OR TIED.
MM INDICATES DATA IS MISSING.
T  INDICATES TRACE AMOUNT.




$$
