000
CDUS46 KPQR 192321
CLIAST


CLIMATE REPORT
NATIONAL WEATHER SERVICE PORTLAND OREGON
421 PM PDT SAT AUG 19 2017


...................................

...THE ASTORIA OR CLIMATE SUMMARY FOR AUGUST 19 2017...
VALID TODAY AS OF 0400 PM LOCAL TIME.

CLIMATE NORMAL PERIOD 1981 TO 2010
CLIMATE RECORD PERIOD 1892 TO 2017


WEATHER ITEM   OBSERVED TIME   RECORD YEAR NORMAL DEPARTURE LAST
                VALUE   (LST)  VALUE       VALUE  FROM      YEAR
                                                  NORMAL
..................................................................
TEMPERATURE (F)
 TODAY
  MAXIMUM         67    228 PM  98    2016  69     -2       98
  MINIMUM         57    535 AM  39    1973  53      4       55
  AVERAGE         62                        61      1       77

PRECIPITATION (IN)
  TODAY            0.00          0.79 2008   0.04  -0.04     0.00
  MONTH TO DATE    0.38                      0.58  -0.20     0.40
  SINCE OCT 1     93.92                     64.54  29.38    83.28
  SINCE JAN 1     50.05                     37.52  12.53    40.75

DEGREE DAYS
 HEATING
  TODAY            3                         4     -1        0
  MONTH TO DATE   62                        76    -14       33
  SINCE JUN 1    410                       468    -58      270
  SINCE JUL 1    203                       226    -23       94

 COOLING
  TODAY            0                         0      0       12
  MONTH TO DATE   11                         0     11       25
  SINCE JUN 1     25                         3     22       33
  SINCE JAN 1     27                         3     24       36
..................................................................


WIND (MPH)
  HIGHEST WIND SPEED    21   HIGHEST WIND DIRECTION    NW (310)
  HIGHEST GUST SPEED    25   HIGHEST GUST DIRECTION    NW (320)
  AVERAGE WIND SPEED    12.6


SKY COVER
  POSSIBLE SUNSHINE  MM
  AVERAGE SKY COVER 0.4


WEATHER CONDITIONS
 THE FOLLOWING WEATHER WAS RECORDED TODAY.
  NO SIGNIFICANT WEATHER WAS OBSERVED.


RELATIVE HUMIDITY (PERCENT)
 HIGHEST    86           100 AM
 LOWEST     58          1200 PM
 AVERAGE    72

..........................................................


THE ASTORIA OR CLIMATE NORMALS FOR TOMORROW
                         NORMAL    RECORD    YEAR
 MAXIMUM TEMPERATURE (F)   69        95      1915
 MINIMUM TEMPERATURE (F)   53        43      1947


SUNRISE AND SUNSET
AUGUST 19 2017........SUNRISE   620 AM PDT   SUNSET   817 PM PDT
AUGUST 20 2017........SUNRISE   621 AM PDT   SUNSET   815 PM PDT


-  INDICATES NEGATIVE NUMBERS.
R  INDICATES RECORD WAS SET OR TIED.
MM INDICATES DATA IS MISSING.
T  INDICATES TRACE AMOUNT.




$$
