242
CDUS46 KPQR 111145
CLIAST


CLIMATE REPORT
NATIONAL WEATHER SERVICE PORTLAND OREGON
344 AM PST THU FEB 11 2016


...................................

...THE ASTORIA OR CLIMATE SUMMARY FOR FEBRUARY 10 2016...

CLIMATE NORMAL PERIOD 1981 TO 2010
CLIMATE RECORD PERIOD 1892 TO 2016


WEATHER ITEM   OBSERVED TIME   RECORD YEAR NORMAL DEPARTURE LAST
                VALUE   (LST)  VALUE       VALUE  FROM      YEAR
                                                  NORMAL
..................................................................
TEMPERATURE (F)
 YESTERDAY
  MAXIMUM         57   1132 AM  68    1963  51      6       54
  MINIMUM         44    542 AM  14    1933  37      7       44
  AVERAGE         51                        44      7       49

PRECIPITATION (IN)
  YESTERDAY        0.15          2.57 1949   0.27  -0.12     0.05
  MONTH TO DATE    1.68                      2.70  -1.02     5.38
  SINCE OCT 1     57.96                     39.92  18.04    40.19
  SINCE JAN 1     15.43                     12.90   2.53    14.57

DEGREE DAYS
 HEATING
  YESTERDAY       14                        21     -7       16
  MONTH TO DATE  161                       210    -49      138
  SINCE DEC 1   1325                      1562   -237     1260
  SINCE JUL 1   2325                      2975   -650     2247

 COOLING
  YESTERDAY        0                         0      0        0
  MONTH TO DATE    0                         0      0        0
  SINCE DEC 1      0                         0      0        0
  SINCE JAN 1      0                         0      0        0
..................................................................


WIND (MPH)
  HIGHEST WIND SPEED    22   HIGHEST WIND DIRECTION     S (190)
  HIGHEST GUST SPEED    32   HIGHEST GUST DIRECTION     S (200)
  AVERAGE WIND SPEED     7.5


SKY COVER
  POSSIBLE SUNSHINE  MM
  AVERAGE SKY COVER 0.6


WEATHER CONDITIONS
 THE FOLLOWING WEATHER WAS RECORDED YESTERDAY.
  RAIN
  LIGHT RAIN
  FOG


RELATIVE HUMIDITY (PERCENT)
 HIGHEST   100           300 AM
 LOWEST     86           400 AM
 AVERAGE    93

..........................................................


THE ASTORIA OR CLIMATE NORMALS FOR TODAY
                         NORMAL    RECORD    YEAR
 MAXIMUM TEMPERATURE (F)   51        66      1934
 MINIMUM TEMPERATURE (F)   37        21      1905


SUNRISE AND SUNSET
FEBRUARY 11 2016......SUNRISE   725 AM PST   SUNSET   535 PM PST
FEBRUARY 12 2016......SUNRISE   724 AM PST   SUNSET   537 PM PST


-  INDICATES NEGATIVE NUMBERS.
R  INDICATES RECORD WAS SET OR TIED.
MM INDICATES DATA IS MISSING.
T  INDICATES TRACE AMOUNT.




$$
