000
CDUS46 KPQR 301143
CLIAST


CLIMATE REPORT
NATIONAL WEATHER SERVICE PORTLAND OREGON
442 AM PDT SAT MAY 30 2015


...................................

...THE ASTORIA OR CLIMATE SUMMARY FOR MAY 29 2015...

CLIMATE NORMAL PERIOD 1981 TO 2010
CLIMATE RECORD PERIOD 1892 TO 2015


WEATHER ITEM   OBSERVED TIME   RECORD YEAR NORMAL DEPARTURE LAST
                VALUE   (LST)  VALUE       VALUE  FROM      YEAR
                                                  NORMAL
..................................................................
TEMPERATURE (F)
 YESTERDAY
  MAXIMUM         62    212 PM  85    2007  62      0       62
  MINIMUM         52    738 AM  37    1966  48      4       47
  AVERAGE         57                        55      2       55

PRECIPITATION (IN)
  YESTERDAY        0.00          1.25 1969   0.10  -0.10     0.00
  MONTH TO DATE    1.29                      3.12  -1.83     5.98
  SINCE OCT 1     52.28                     60.18  -7.90    50.84
  SINCE JAN 1     26.66                     33.16  -6.50    38.68

DEGREE DAYS
 HEATING
  YESTERDAY        8                        10     -2       10
  MONTH TO DATE  293                       352    -59      246
  SINCE MAR 1   1223                      1419   -196     1199
  SINCE JUL 1   3763                      4761   -998     4628

 COOLING
  YESTERDAY        0                         0      0        0
  MONTH TO DATE    0                         0      0        8
  SINCE MAR 1      2                         0      2       11
  SINCE JAN 1      2                         0      2       11
..................................................................


WIND (MPH)
  HIGHEST WIND SPEED    13   HIGHEST WIND DIRECTION    NW (310)
  HIGHEST GUST SPEED    17   HIGHEST GUST DIRECTION     W (270)
  AVERAGE WIND SPEED     6.4


SKY COVER
  POSSIBLE SUNSHINE  MM
  AVERAGE SKY COVER 1.0


WEATHER CONDITIONS
 THE FOLLOWING WEATHER WAS RECORDED YESTERDAY.
  FOG
  HAZE


RELATIVE HUMIDITY (PERCENT)
 HIGHEST   100           600 AM
 LOWEST     72           100 PM
 AVERAGE    86

..........................................................


THE ASTORIA OR CLIMATE NORMALS FOR TODAY
                         NORMAL    RECORD    YEAR
 MAXIMUM TEMPERATURE (F)   62        79      1924
 MINIMUM TEMPERATURE (F)   48        30      1921


SUNRISE AND SUNSET
MAY 30 2015...........SUNRISE   529 AM PDT   SUNSET   858 PM PDT
MAY 31 2015...........SUNRISE   528 AM PDT   SUNSET   858 PM PDT


-  INDICATES NEGATIVE NUMBERS.
R  INDICATES RECORD WAS SET OR TIED.
MM INDICATES DATA IS MISSING.
T  INDICATES TRACE AMOUNT.




$$
