000
CDUS46 KPQR 251142
CLIAST


CLIMATE REPORT
NATIONAL WEATHER SERVICE PORTLAND OREGON
342 AM PST THU DEC 25 2014


...................................

...THE ASTORIA OR CLIMATE SUMMARY FOR DECEMBER 24 2014...

CLIMATE NORMAL PERIOD 1981 TO 2010
CLIMATE RECORD PERIOD 1892 TO 2014


WEATHER ITEM   OBSERVED TIME   RECORD YEAR NORMAL DEPARTURE LAST
                VALUE   (LST)  VALUE       VALUE  FROM      YEAR
                                                  NORMAL
..................................................................
TEMPERATURE (F)
 YESTERDAY
  MAXIMUM         49   1146 PM  63    1963  48      1       49
  MINIMUM         42    740 AM  18    1983  36      6       32
  AVERAGE         46                        42      4       41

PRECIPITATION (IN)
  YESTERDAY        0.84          3.42 1902   0.32   0.52     0.00
  MONTH TO DATE    9.38                      7.70   1.68     4.92
  SINCE OCT 1     24.43                     24.83  -0.40    12.08
  SINCE JAN 1     71.68                     65.07   6.61    59.13

DEGREE DAYS
 HEATING
  YESTERDAY       19                        23     -4       24
  MONTH TO DATE  386                       538   -152      664
  SINCE DEC 1    386                       538   -152      664
  SINCE JUL 1   1373                      1951   -578     2017

 COOLING
  YESTERDAY        0                         0      0        0
  MONTH TO DATE    0                         0      0        0
  SINCE DEC 1      0                         0      0        0
  SINCE JAN 1     45                        12     33        9
..................................................................


WIND (MPH)
  HIGHEST WIND SPEED    28   HIGHEST WIND DIRECTION    NW (320)
  HIGHEST GUST SPEED    35   HIGHEST GUST DIRECTION    NW (320)
  AVERAGE WIND SPEED     7.7


SKY COVER
  POSSIBLE SUNSHINE  MM
  AVERAGE SKY COVER 1.0


WEATHER CONDITIONS
 THE FOLLOWING WEATHER WAS RECORDED YESTERDAY.
  RAIN
  LIGHT RAIN
  FOG
  HAZE


RELATIVE HUMIDITY (PERCENT)
 HIGHEST    96           900 AM
 LOWEST     77          1100 PM
 AVERAGE    87

..........................................................


THE ASTORIA OR CLIMATE NORMALS FOR TODAY
                         NORMAL    RECORD    YEAR
 MAXIMUM TEMPERATURE (F)   48        63      1980
 MINIMUM TEMPERATURE (F)   37        21      1924


SUNRISE AND SUNSET
DECEMBER 25 2014......SUNRISE   757 AM PST   SUNSET   435 PM PST
DECEMBER 26 2014......SUNRISE   757 AM PST   SUNSET   435 PM PST


-  INDICATES NEGATIVE NUMBERS.
R  INDICATES RECORD WAS SET OR TIED.
MM INDICATES DATA IS MISSING.
T  INDICATES TRACE AMOUNT.




$$
