000
CDUS46 KPQR 251146
CLIAST


CLIMATE REPORT
NATIONAL WEATHER SERVICE PORTLAND OREGON
446 AM PDT SUN SEP 25 2016


...................................

...THE ASTORIA OR CLIMATE SUMMARY FOR SEPTEMBER 24 2016...

CLIMATE NORMAL PERIOD 1981 TO 2010
CLIMATE RECORD PERIOD 1892 TO 2016


WEATHER ITEM   OBSERVED TIME   RECORD YEAR NORMAL DEPARTURE LAST
                VALUE   (LST)  VALUE       VALUE  FROM      YEAR
                                                  NORMAL
..................................................................
TEMPERATURE (F)
 YESTERDAY
  MAXIMUM         70    202 PM  85    1991  67      3       67
                                      1974
  MINIMUM         48    542 AM  36    1970  48      0       48
  AVERAGE         59                        57      2       58

PRECIPITATION (IN)
  YESTERDAY        T             1.24 1924   0.08  -0.08     0.01
  MONTH TO DATE    2.12                      1.57   0.55     1.99
  SINCE OCT 1     85.50                     66.69  18.81    56.73
  SINCE JAN 1     42.97                     39.67   3.30    31.11

DEGREE DAYS
 HEATING
  YESTERDAY        6                         8     -2        7
  MONTH TO DATE  101                       148    -47      128
  SINCE SEP 1    101                       148    -47      128
  SINCE JUL 1    222                       429   -207      216

 COOLING
  YESTERDAY        0                         0      0        0
  MONTH TO DATE    0                         0      0        4
  SINCE SEP 1      0                         0      0        4
  SINCE JAN 1     55                         7     48       47
..................................................................


WIND (MPH)
  HIGHEST WIND SPEED    13   HIGHEST WIND DIRECTION    NE (40)
  HIGHEST GUST SPEED    14   HIGHEST GUST DIRECTION    NE (40)
  AVERAGE WIND SPEED     4.6


SKY COVER
  POSSIBLE SUNSHINE  MM
  AVERAGE SKY COVER 0.5


WEATHER CONDITIONS
 THE FOLLOWING WEATHER WAS RECORDED YESTERDAY.
  FOG


RELATIVE HUMIDITY (PERCENT)
 HIGHEST    93           200 AM
 LOWEST     49           100 PM
 AVERAGE    71

..........................................................


THE ASTORIA OR CLIMATE NORMALS FOR TODAY
                         NORMAL    RECORD    YEAR
 MAXIMUM TEMPERATURE (F)   66        81      1899
 MINIMUM TEMPERATURE (F)   48        38      1972


SUNRISE AND SUNSET
SEPTEMBER 25 2016.....SUNRISE   707 AM PDT   SUNSET   706 PM PDT
SEPTEMBER 26 2016.....SUNRISE   708 AM PDT   SUNSET   704 PM PDT


-  INDICATES NEGATIVE NUMBERS.
R  INDICATES RECORD WAS SET OR TIED.
MM INDICATES DATA IS MISSING.
T  INDICATES TRACE AMOUNT.




$$
