000
CDUS46 KPQR 241144
CLIAST


CLIMATE REPORT
NATIONAL WEATHER SERVICE PORTLAND OREGON
443 AM PDT WED MAY 24 2017


...................................

...THE ASTORIA OR CLIMATE SUMMARY FOR MAY 23 2017...

CLIMATE NORMAL PERIOD 1981 TO 2010
CLIMATE RECORD PERIOD 1892 TO 2017


WEATHER ITEM   OBSERVED TIME   RECORD YEAR NORMAL DEPARTURE LAST
                VALUE   (LST)  VALUE       VALUE  FROM      YEAR
                                                  NORMAL
..................................................................
TEMPERATURE (F)
 YESTERDAY
  MAXIMUM         62    133 PM  85    1999  61      1       64
  MINIMUM         50   1159 PM  34    1966  47      3       50
  AVERAGE         56                        54      2       57

PRECIPITATION (IN)
  YESTERDAY        T             2.31 2013   0.10  -0.10      T
  MONTH TO DATE    5.78                      2.52   3.26     0.76
  SINCE OCT 1     90.89                     59.58  31.31    79.66
  SINCE JAN 1     47.02                     32.56  14.46    37.13

DEGREE DAYS
 HEATING
  YESTERDAY        9                        11     -2        8
  MONTH TO DATE  264                       289    -25      211
  SINCE MAR 1   1303                      1356    -53     1017
  SINCE JUL 1   4286                      4698   -412     3636

 COOLING
  YESTERDAY        0                         0      0        0
  MONTH TO DATE    2                         0      2        0
  SINCE MAR 1      2                         0      2        3
  SINCE JAN 1      2                         0      2        3
..................................................................


WIND (MPH)
  HIGHEST WIND SPEED    22   HIGHEST WIND DIRECTION    NW (330)
  HIGHEST GUST SPEED    30   HIGHEST GUST DIRECTION    NW (300)
  AVERAGE WIND SPEED    12.7


SKY COVER
  POSSIBLE SUNSHINE  MM
  AVERAGE SKY COVER 0.5


WEATHER CONDITIONS
 THE FOLLOWING WEATHER WAS RECORDED YESTERDAY.
  LIGHT RAIN
  FOG
  HAZE


RELATIVE HUMIDITY (PERCENT)
 HIGHEST    89           400 AM
 LOWEST     64           800 PM
 AVERAGE    77

..........................................................


THE ASTORIA OR CLIMATE NORMALS FOR TODAY
                         NORMAL    RECORD    YEAR
 MAXIMUM TEMPERATURE (F)   61        84      1993
 MINIMUM TEMPERATURE (F)   47        38      1923


SUNRISE AND SUNSET
MAY 24 2017...........SUNRISE   533 AM PDT   SUNSET   852 PM PDT
MAY 25 2017...........SUNRISE   532 AM PDT   SUNSET   853 PM PDT


-  INDICATES NEGATIVE NUMBERS.
R  INDICATES RECORD WAS SET OR TIED.
MM INDICATES DATA IS MISSING.
T  INDICATES TRACE AMOUNT.




$$
