000
CDUS46 KPQR 051141
CLIAST


CLIMATE REPORT
NATIONAL WEATHER SERVICE PORTLAND OREGON
440 AM PDT SUN JUL 5 2015


...................................

...THE ASTORIA OR CLIMATE SUMMARY FOR JULY 4 2015...

CLIMATE NORMAL PERIOD 1981 TO 2010
CLIMATE RECORD PERIOD 1892 TO 2015


WEATHER ITEM   OBSERVED TIME   RECORD YEAR NORMAL DEPARTURE LAST
                VALUE   (LST)  VALUE       VALUE  FROM      YEAR
                                                  NORMAL
..................................................................
TEMPERATURE (F)
 YESTERDAY
  MAXIMUM         71   1252 PM  84    1975  66      5       68
  MINIMUM         52    511 AM  45    2012  52      0       49
                                      2011
                                      1957
  AVERAGE         62                        59      3       59

PRECIPITATION (IN)
  YESTERDAY        0.00          0.58 1902   0.05  -0.05     0.00
  MONTH TO DATE    0.00                      0.19  -0.19     0.08
  SINCE OCT 1     53.01                     63.12 -10.11    52.77
  SINCE JAN 1     27.39                     36.10  -8.71    40.61

DEGREE DAYS
 HEATING
  YESTERDAY        3                         6     -3        6
  MONTH TO DATE    5                        24    -19       12
  SINCE JUN 1    154                       266   -112      192
  SINCE JUL 1      5                        24    -19       12

 COOLING
  YESTERDAY        0                         0      0        0
  MONTH TO DATE    3                         0      3        7
  SINCE JUN 1      7                         0      7        7
  SINCE JAN 1      9                         0      9       18
..................................................................


WIND (MPH)
  HIGHEST WIND SPEED    13   HIGHEST WIND DIRECTION     W (280)
  HIGHEST GUST SPEED    28   HIGHEST GUST DIRECTION    SW (210)
  AVERAGE WIND SPEED     5.6


SKY COVER
  POSSIBLE SUNSHINE  MM
  AVERAGE SKY COVER 0.4


WEATHER CONDITIONS
 THE FOLLOWING WEATHER WAS RECORDED YESTERDAY.
  FOG


RELATIVE HUMIDITY (PERCENT)
 HIGHEST   100           500 AM
 LOWEST     63           900 AM
 AVERAGE    82

..........................................................


THE ASTORIA OR CLIMATE NORMALS FOR TODAY
                         NORMAL    RECORD    YEAR
 MAXIMUM TEMPERATURE (F)   66        93      1908
 MINIMUM TEMPERATURE (F)   52        43      1932


SUNRISE AND SUNSET
JULY  5 2015..........SUNRISE   531 AM PDT   SUNSET   909 PM PDT
JULY  6 2015..........SUNRISE   531 AM PDT   SUNSET   909 PM PDT


-  INDICATES NEGATIVE NUMBERS.
R  INDICATES RECORD WAS SET OR TIED.
MM INDICATES DATA IS MISSING.
T  INDICATES TRACE AMOUNT.




$$
