000
CDUS46 KPQR 200230
CLIAST


CLIMATE REPORT
NATIONAL WEATHER SERVICE PORTLAND OREGON
630 PM PST MON FEB 19 2018


...................................

...THE ASTORIA OR CLIMATE SUMMARY FOR FEBRUARY 19 2018...
VALID TODAY AS OF 0600 PM LOCAL TIME.

CLIMATE NORMAL PERIOD 1981 TO 2010
CLIMATE RECORD PERIOD 1892 TO 2018


WEATHER ITEM   OBSERVED TIME   RECORD YEAR NORMAL DEPARTURE LAST
                VALUE   (LST)  VALUE       VALUE  FROM      YEAR
                                                  NORMAL
..................................................................
TEMPERATURE (F)
 TODAY
  MAXIMUM         41    320 PM  64    1941  52    -11       48
                                      1916
  MINIMUM         29    753 AM  19    2006  37     -8       40
  AVERAGE         35                        44     -9       44

PRECIPITATION (IN)
  TODAY            0.00          2.45 1991   0.25  -0.25     1.35
  MONTH TO DATE    4.02                      4.95  -0.93    10.32
  SINCE OCT 1     46.17                     42.17   4.00    60.00
  SINCE JAN 1     15.38                     15.15   0.23    16.13

DEGREE DAYS
 HEATING
  TODAY           30                        21      9       21
  MONTH TO DATE  393                       399     -6      391
  SINCE DEC 1   1625                      1751   -126     1896
  SINCE JUL 1   2917                      3164   -247     2759

 COOLING
  TODAY            0                         0      0        0
  MONTH TO DATE    0                         0      0        0
  SINCE DEC 1      0                         0      0        0
  SINCE JAN 1      0                         0      0        0
..................................................................


WIND (MPH)
  HIGHEST WIND SPEED    16   HIGHEST WIND DIRECTION    NE (60)
  HIGHEST GUST SPEED    21   HIGHEST GUST DIRECTION    NE (60)
  AVERAGE WIND SPEED     7.3


SKY COVER
  POSSIBLE SUNSHINE  MM
  AVERAGE SKY COVER 0.4


WEATHER CONDITIONS
 THE FOLLOWING WEATHER WAS RECORDED TODAY.
  NO SIGNIFICANT WEATHER WAS OBSERVED.


RELATIVE HUMIDITY (PERCENT)
 HIGHEST    69           500 AM
 LOWEST     34           300 PM
 AVERAGE    52

..........................................................


THE ASTORIA OR CLIMATE NORMALS FOR TOMORROW
                         NORMAL    RECORD    YEAR
 MAXIMUM TEMPERATURE (F)   52        65      1916
 MINIMUM TEMPERATURE (F)   37        25      2011
                                             2006
                                             1955


SUNRISE AND SUNSET
FEBRUARY 19 2018......SUNRISE   712 AM PST   SUNSET   548 PM PST
FEBRUARY 20 2018......SUNRISE   710 AM PST   SUNSET   549 PM PST


-  INDICATES NEGATIVE NUMBERS.
R  INDICATES RECORD WAS SET OR TIED.
MM INDICATES DATA IS MISSING.
T  INDICATES TRACE AMOUNT.




$$
