000
CDUS46 KPQR 291145
CLIAST


CLIMATE REPORT
NATIONAL WEATHER SERVICE PORTLAND OREGON
445 AM PDT FRI JUL 29 2016


...................................

...THE ASTORIA OR CLIMATE SUMMARY FOR JULY 28 2016...

CLIMATE NORMAL PERIOD 1981 TO 2010
CLIMATE RECORD PERIOD 1892 TO 2016


WEATHER ITEM   OBSERVED TIME   RECORD YEAR NORMAL DEPARTURE LAST
                VALUE   (LST)  VALUE       VALUE  FROM      YEAR
                                                  NORMAL
..................................................................
TEMPERATURE (F)
 YESTERDAY
  MAXIMUM         74    219 PM  82    2003  68      6       76
  MINIMUM         58    228 AM  45    2008  54      4       53
                                      1954
                                      1949
  AVERAGE         66                        61      5       65

PRECIPITATION (IN)
  YESTERDAY        0.00          0.99 1950   0.02  -0.02     0.00
  MONTH TO DATE    1.12                      0.96   0.16     0.39
  SINCE OCT 1     82.88                     63.89  18.99    53.40
  SINCE JAN 1     40.35                     36.87   3.48    27.78

DEGREE DAYS
 HEATING
  YESTERDAY        0                         4     -4        0
  MONTH TO DATE   55                       136    -81       39
  SINCE JUN 1    231                       378   -147      188
  SINCE JUL 1     55                       136    -81       39

 COOLING
  YESTERDAY        1                         0      1        0
  MONTH TO DATE    2                         0      2       14
  SINCE JUN 1      8                         0      8       18
  SINCE JAN 1     11                         0     11       20
..................................................................


WIND (MPH)
  HIGHEST WIND SPEED    16   HIGHEST WIND DIRECTION     W (290)
  HIGHEST GUST SPEED    21   HIGHEST GUST DIRECTION     W (290)
  AVERAGE WIND SPEED     7.9


SKY COVER
  POSSIBLE SUNSHINE  MM
  AVERAGE SKY COVER 0.6


WEATHER CONDITIONS
 THE FOLLOWING WEATHER WAS RECORDED YESTERDAY.
  FOG


RELATIVE HUMIDITY (PERCENT)
 HIGHEST    93          1000 PM
 LOWEST     66           300 PM
 AVERAGE    80

..........................................................


THE ASTORIA OR CLIMATE NORMALS FOR TODAY
                         NORMAL    RECORD    YEAR
 MAXIMUM TEMPERATURE (F)   68        88      1908
 MINIMUM TEMPERATURE (F)   54        44      1959


SUNRISE AND SUNSET
JULY 29 2016..........SUNRISE   555 AM PDT   SUNSET   848 PM PDT
JULY 30 2016..........SUNRISE   556 AM PDT   SUNSET   847 PM PDT


-  INDICATES NEGATIVE NUMBERS.
R  INDICATES RECORD WAS SET OR TIED.
MM INDICATES DATA IS MISSING.
T  INDICATES TRACE AMOUNT.




$$
