000
CDUS46 KPQR 260223
CLIAST


CLIMATE REPORT
NATIONAL WEATHER SERVICE PORTLAND OREGON
722 PM PDT THU AUG 25 2016


...................................

...THE ASTORIA OR CLIMATE SUMMARY FOR AUGUST 25 2016...
VALID TODAY AS OF 0700 PM LOCAL TIME.

CLIMATE NORMAL PERIOD 1981 TO 2010
CLIMATE RECORD PERIOD 1892 TO 2016


WEATHER ITEM   OBSERVED TIME   RECORD YEAR NORMAL DEPARTURE LAST
                VALUE   (LST)  VALUE       VALUE  FROM      YEAR
                                                  NORMAL
..................................................................
TEMPERATURE (F)
 TODAY
  MAXIMUM         91R   137 PM  89    1933  69     22       73
  MINIMUM         56    445 AM  43    1992  53      3       46
  AVERAGE         74                        61     13       60

PRECIPITATION (IN)
  TODAY            0.00          0.96 2004   0.05  -0.05     0.00
  MONTH TO DATE    0.40                      0.84  -0.44     0.10
  SINCE OCT 1     83.28                     64.80  18.48    53.50
  SINCE JAN 1     40.75                     37.78   2.97    27.88

DEGREE DAYS
 HEATING
  TODAY            0                         4     -4        5
  MONTH TO DATE   46                       100    -54       36
  SINCE JUN 1    283                       492   -209      224
  SINCE JUL 1    107                       250   -143       75

 COOLING
  TODAY            9                         0      9        0
  MONTH TO DATE   37                         0     37       16
  SINCE JUN 1     45                         3     42       41
  SINCE JAN 1     48                         3     45       43
..................................................................


WIND (MPH)
  HIGHEST WIND SPEED    21   HIGHEST WIND DIRECTION    NW (310)
  HIGHEST GUST SPEED    26   HIGHEST GUST DIRECTION    NW (320)
  AVERAGE WIND SPEED     6.9


SKY COVER
  POSSIBLE SUNSHINE  MM
  AVERAGE SKY COVER 0.0


WEATHER CONDITIONS
 THE FOLLOWING WEATHER WAS RECORDED TODAY.
  NO SIGNIFICANT WEATHER WAS OBSERVED.


RELATIVE HUMIDITY (PERCENT)
 HIGHEST    86           200 AM
 LOWEST     29          1200 PM
 AVERAGE    58

..........................................................


THE ASTORIA OR CLIMATE NORMALS FOR TOMORROW
                         NORMAL    RECORD    YEAR
 MAXIMUM TEMPERATURE (F)   69        90      1935
 MINIMUM TEMPERATURE (F)   52        42      1991


SUNRISE AND SUNSET
AUGUST 25 2016........SUNRISE   628 AM PDT   SUNSET   806 PM PDT
AUGUST 26 2016........SUNRISE   629 AM PDT   SUNSET   804 PM PDT


-  INDICATES NEGATIVE NUMBERS.
R  INDICATES RECORD WAS SET OR TIED.
MM INDICATES DATA IS MISSING.
T  INDICATES TRACE AMOUNT.




$$
