000
CDUS46 KPQR 030221
CLIAST


CLIMATE REPORT
NATIONAL WEATHER SERVICE PORTLAND OREGON
720 PM PDT WED SEP 2 2015


...................................

...THE ASTORIA OR CLIMATE SUMMARY FOR SEPTEMBER 2 2015...
VALID TODAY AS OF 0700 PM LOCAL TIME.

CLIMATE NORMAL PERIOD 1981 TO 2010
CLIMATE RECORD PERIOD 1892 TO 2015


WEATHER ITEM   OBSERVED TIME   RECORD YEAR NORMAL DEPARTURE LAST
                VALUE   (LST)  VALUE       VALUE  FROM      YEAR
                                                  NORMAL
..................................................................
TEMPERATURE (F)
 TODAY
  MAXIMUM         67    307 PM  95    1972  69     -2       67
  MINIMUM         55    545 AM  41    1984  52      3       57
  AVERAGE         61                        60      1       62

PRECIPITATION (IN)
  TODAY            0.52          1.27 1912   0.06   0.46     0.03
  MONTH TO DATE    0.98                      0.11   0.87     0.03
  SINCE OCT 1     55.72                     65.23  -9.51    54.50
  SINCE JAN 1     30.10                     38.21  -8.11    42.34

DEGREE DAYS
 HEATING
  TODAY            4                         5     -1        3
  MONTH TO DATE    7                        10     -3        3
  SINCE SEP 1      7                        10     -3        3
  SINCE JUL 1     95                       291   -196      166

 COOLING
  TODAY            0                         0      0        0
  MONTH TO DATE    0                         0      0        0
  SINCE SEP 1      0                         0      0        0
  SINCE JAN 1     43                         7     36       25
..................................................................


WIND (MPH)
  HIGHEST WIND SPEED    16   HIGHEST WIND DIRECTION    SW (230)
  HIGHEST GUST SPEED    23   HIGHEST GUST DIRECTION     W (250)
  AVERAGE WIND SPEED     9.2


SKY COVER
  POSSIBLE SUNSHINE  MM
  AVERAGE SKY COVER 0.5


WEATHER CONDITIONS
 THE FOLLOWING WEATHER WAS RECORDED TODAY.
  HEAVY RAIN
  RAIN
  LIGHT RAIN
  FOG


RELATIVE HUMIDITY (PERCENT)
 HIGHEST   100           100 AM
 LOWEST     58           200 PM
 AVERAGE    79

..........................................................


THE ASTORIA OR CLIMATE NORMALS FOR TOMORROW
                         NORMAL    RECORD    YEAR
 MAXIMUM TEMPERATURE (F)   69        85      1953
 MINIMUM TEMPERATURE (F)   52        39      1956


SUNRISE AND SUNSET
SEPTEMBER  2 2015.....SUNRISE   637 AM PDT   SUNSET   752 PM PDT
SEPTEMBER  3 2015.....SUNRISE   638 AM PDT   SUNSET   750 PM PDT


-  INDICATES NEGATIVE NUMBERS.
R  INDICATES RECORD WAS SET OR TIED.
MM INDICATES DATA IS MISSING.
T  INDICATES TRACE AMOUNT.




$$
