000
CDUS46 KPQR 191141
CLIAST


CLIMATE REPORT
NATIONAL WEATHER SERVICE PORTLAND OREGON
341 AM PST THU JAN 19 2017


...................................

...THE ASTORIA OR CLIMATE SUMMARY FOR JANUARY 18 2017...

CLIMATE NORMAL PERIOD 1981 TO 2010
CLIMATE RECORD PERIOD 1892 TO 2017


WEATHER ITEM   OBSERVED TIME   RECORD YEAR NORMAL DEPARTURE LAST
                VALUE   (LST)  VALUE       VALUE  FROM      YEAR
                                                  NORMAL
..................................................................
TEMPERATURE (F)
 YESTERDAY
  MAXIMUM         57   1130 AM  61    2009  50      7       52
                                      1986
                                      1981
  MINIMUM         48    535 PM  11    1943  38     10       40
  AVERAGE         53                        44      9       46

PRECIPITATION (IN)
  YESTERDAY        1.45          2.87 1919   0.34   1.11     0.34
  MONTH TO DATE    5.07                      6.22  -1.15     4.97
  SINCE OCT 1     48.94                     33.24  15.70    47.50
  SINCE JAN 1      5.07                      6.22  -1.15     4.97

DEGREE DAYS
 HEATING
  YESTERDAY       12                        21     -9       19
  MONTH TO DATE  484                       387     97      373
  SINCE DEC 1   1219                      1080    139      946
  SINCE JUL 1   2082                      2493   -411     1946

 COOLING
  YESTERDAY        0                         0      0        0
  MONTH TO DATE    0                         0      0        0
  SINCE DEC 1      0                         0      0        0
  SINCE JAN 1      0                         0      0        0
..................................................................


WIND (MPH)
  HIGHEST WIND SPEED    40   HIGHEST WIND DIRECTION     S (190)
  HIGHEST GUST SPEED    61   HIGHEST GUST DIRECTION     S (180)
  AVERAGE WIND SPEED    19.3


SKY COVER
  POSSIBLE SUNSHINE  MM
  AVERAGE SKY COVER 1.0


WEATHER CONDITIONS
 THE FOLLOWING WEATHER WAS RECORDED YESTERDAY.
  HEAVY RAIN
  RAIN
  LIGHT RAIN
  FOG
  HAZE


RELATIVE HUMIDITY (PERCENT)
 HIGHEST    89           500 PM
 LOWEST     72           400 AM
 AVERAGE    81

..........................................................


THE ASTORIA OR CLIMATE NORMALS FOR TODAY
                         NORMAL    RECORD    YEAR
 MAXIMUM TEMPERATURE (F)   50        66      2005
 MINIMUM TEMPERATURE (F)   38        16      1935


SUNRISE AND SUNSET
JANUARY 19 2017.......SUNRISE   751 AM PST   SUNSET   502 PM PST
JANUARY 20 2017.......SUNRISE   750 AM PST   SUNSET   504 PM PST


-  INDICATES NEGATIVE NUMBERS.
R  INDICATES RECORD WAS SET OR TIED.
MM INDICATES DATA IS MISSING.
T  INDICATES TRACE AMOUNT.




$$
