000
CDUS42 KFFC 280825
CLIATL


CLIMATE REPORT
NATIONAL WEATHER SERVICE PEACHTREE CITY GA
425 AM EDT THU AUG 28 2014


...................................

...THE ATLANTA CLIMATE SUMMARY FOR AUGUST 27 2014...

CLIMATE NORMAL PERIOD 1981 TO 2010
CLIMATE RECORD PERIOD 1878 TO 2014


WEATHER ITEM   OBSERVED TIME   RECORD YEAR NORMAL DEPARTURE LAST
                VALUE   (LST)  VALUE       VALUE  FROM      YEAR
                                                  NORMAL
..................................................................
TEMPERATURE (F)
 YESTERDAY
  MAXIMUM         88    425 PM 100    1943  87      1       86
  MINIMUM         66    617 AM  57    1879  70     -4       65
  AVERAGE         77                        78     -1       76

PRECIPITATION (IN)
  YESTERDAY        0.00          1.49 1898   0.13  -0.13     0.00
  MONTH TO DATE    5.01                      3.40   1.61     5.24
  SINCE JUN 1     14.71                     12.62   2.09    23.29
  SINCE JAN 1     33.18                     33.33  -0.15    51.04

DEGREE DAYS
 HEATING
  YESTERDAY        0                         0      0        0
  MONTH TO DATE    0                         0      0        1
  SINCE JUN 1      0                         2     -2        1
  SINCE JUL 1      0                         0      0        1

 COOLING
  YESTERDAY       12                        14     -2       11
  MONTH TO DATE  381                       395    -14      332
  SINCE JUN 1   1195                      1237    -42     1111
  SINCE JAN 1   1478                      1487     -9     1319
..................................................................


WIND (MPH)
  RESULTANT WIND SPEED   4   RESULTANT WIND DIRECTION  NE (60)
  HIGHEST WIND SPEED    12   HIGHEST WIND DIRECTION     N (340)
  HIGHEST GUST SPEED    17   HIGHEST GUST DIRECTION     N (360)
  AVERAGE WIND SPEED     5.7


SKY COVER
  AVERAGE SKY COVER 0.2


WEATHER CONDITIONS
 THE FOLLOWING WEATHER WAS RECORDED YESTERDAY.
  NO SIGNIFICANT WEATHER WAS OBSERVED.


RELATIVE HUMIDITY (PERCENT)
 HIGHEST    78           600 AM
 LOWEST     36           500 PM
 AVERAGE    57

..........................................................


THE ATLANTA CLIMATE NORMALS FOR TODAY
                         NORMAL    RECORD    YEAR
 MAXIMUM TEMPERATURE (F)   87        98      1954
 MINIMUM TEMPERATURE (F)   70        56      1927


SUNRISE AND SUNSET
AUGUST 28 2014........SUNRISE   709 AM EDT   SUNSET   808 PM EDT
AUGUST 29 2014........SUNRISE   710 AM EDT   SUNSET   807 PM EDT


-  INDICATES NEGATIVE NUMBERS.
R  INDICATES RECORD WAS SET OR TIED.
MM INDICATES DATA IS MISSING.
T  INDICATES TRACE AMOUNT.




$$
