000
CDUS42 KFFC 250026
CLIATL


CLIMATE REPORT
NATIONAL WEATHER SERVICE PEACHTREE CITY GA
826 PM EDT FRI MAR 24 2017


...................................

...THE ATLANTA CLIMATE SUMMARY FOR MARCH 24 2017...
VALID AS OF 0800 PM LOCAL TIME.

CLIMATE NORMAL PERIOD 1981 TO 2010
CLIMATE RECORD PERIOD 1878 TO 2017


WEATHER ITEM   OBSERVED TIME   RECORD YEAR NORMAL DEPARTURE LAST
                VALUE   (LST)  VALUE       VALUE  FROM      YEAR
                                                  NORMAL
..................................................................
TEMPERATURE (F)
 TODAY
  MAXIMUM         74    427 PM  87    1929  67      7       75
  MINIMUM         55    850 AM  25    1968  46      9       54
                                      1885
  AVERAGE         65                        56      9       65

PRECIPITATION (IN)
  TODAY            0.00          1.71 1983   0.15  -0.15     0.22
  MONTH TO DATE    1.87                      3.79  -1.92     1.87
  SINCE MAR 1      1.87                      3.79  -1.92     1.87
  SINCE JAN 1     11.92                     12.66  -0.74    14.40

SNOWFALL (IN)
  TODAY            0.0           0.0  2002   0.1   -0.1      0.0
                                      2001
                                      2000
  MONTH TO DATE    T                         0.7   -0.7       T
  SINCE MAR 1      T                         0.7   -0.7       T
  SINCE JUL 1      T                         2.8   -2.8      0.3
  SNOW DEPTH       0

DEGREE DAYS
 HEATING
  TODAY            0                         9     -9        0
  MONTH TO DATE  263                       284    -21      153
  SINCE MAR 1    263                       284    -21      153
  SINCE JUL 1   1619                      2539   -920     1868

 COOLING
  TODAY            0                         0      0        0
  MONTH TO DATE   13                         0     13       34
  SINCE MAR 1     13                         0     13       34
  SINCE JAN 1     18                         1     17       34
..................................................................


WIND (MPH)
  RESULTANT WIND SPEED   9   RESULTANT WIND DIRECTION  SE (140)
  HIGHEST WIND SPEED    17   HIGHEST WIND DIRECTION     S (160)
  HIGHEST GUST SPEED    23   HIGHEST GUST DIRECTION     S (160)
  AVERAGE WIND SPEED     9.8


SKY COVER
  AVERAGE SKY COVER 0.8


WEATHER CONDITIONS
 THE FOLLOWING WEATHER WAS RECORDED TODAY.
  NO SIGNIFICANT WEATHER WAS OBSERVED.


RELATIVE HUMIDITY (PERCENT)
 HIGHEST    72           700 AM
 LOWEST     44           200 PM

..........................................................


THE ATLANTA CLIMATE NORMALS FOR TOMORROW
                         NORMAL    RECORD    YEAR
 MAXIMUM TEMPERATURE (F)   67        87      2007
 MINIMUM TEMPERATURE (F)   46        26      1940


SUNRISE AND SUNSET
MARCH 24 2017.........SUNRISE   736 AM EDT   SUNSET   753 PM EDT
MARCH 25 2017.........SUNRISE   734 AM EDT   SUNSET   753 PM EDT


-  INDICATES NEGATIVE NUMBERS.
R  INDICATES RECORD WAS SET OR TIED.
MM INDICATES DATA IS MISSING.
T  INDICATES TRACE AMOUNT.




$$
