000
CDUS42 KFFC 190818
CLIATL


CLIMATE REPORT
NATIONAL WEATHER SERVICE PEACHTREE CITY GA
417 AM EDT SUN APR 19 2015


...................................

...THE ATLANTA CLIMATE SUMMARY FOR APRIL 18 2015...

CLIMATE NORMAL PERIOD 1981 TO 2010
CLIMATE RECORD PERIOD 1878 TO 2015


WEATHER ITEM   OBSERVED TIME   RECORD YEAR NORMAL DEPARTURE LAST
                VALUE   (LST)  VALUE       VALUE  FROM      YEAR
                                                  NORMAL
..................................................................
TEMPERATURE (F)
 YESTERDAY
  MAXIMUM         73    307 PM  87    2002  73      0       58
                                      1937
                                      1896
  MINIMUM         63    708 AM  33    1997  52     11       50
  AVERAGE         68                        63      5       54

PRECIPITATION (IN)
  YESTERDAY        0.25          2.65 1943   0.11   0.14     1.06
  MONTH TO DATE    5.49                      2.03   3.46     5.12
  SINCE MAR 1      8.47                      6.84   1.63     8.24
  SINCE JAN 1     16.98                     15.71   1.27    15.40

DEGREE DAYS
 HEATING
  YESTERDAY        0                         4     -4       11
  MONTH TO DATE   30                       105    -75      103
  SINCE MAR 1    267                       447   -180      483
  SINCE JUL 1   2625                      2702    -77     2886

 COOLING
  YESTERDAY        3                         2      1        0
  MONTH TO DATE   65                        24     41       20
  SINCE MAR 1     80                        36     44       20
  SINCE JAN 1     80                        37     43       22
..................................................................


WIND (MPH)
  RESULTANT WIND SPEED   6   RESULTANT WIND DIRECTION   E (80)
  HIGHEST WIND SPEED    12   HIGHEST WIND DIRECTION    NE (60)
  HIGHEST GUST SPEED    20   HIGHEST GUST DIRECTION    NE (40)
  AVERAGE WIND SPEED     6.3


SKY COVER
  AVERAGE SKY COVER 1.0


WEATHER CONDITIONS
 THE FOLLOWING WEATHER WAS RECORDED YESTERDAY.
  LIGHT RAIN
  FOG


RELATIVE HUMIDITY (PERCENT)
 HIGHEST    93          1200 AM
 LOWEST     79           200 PM
 AVERAGE    86

..........................................................


THE ATLANTA CLIMATE NORMALS FOR TODAY
                         NORMAL    RECORD    YEAR
 MAXIMUM TEMPERATURE (F)   73        88      1941
 MINIMUM TEMPERATURE (F)   52        30      1983


SUNRISE AND SUNSET
APRIL 19 2015.........SUNRISE   703 AM EDT   SUNSET   812 PM EDT
APRIL 20 2015.........SUNRISE   702 AM EDT   SUNSET   812 PM EDT


-  INDICATES NEGATIVE NUMBERS.
R  INDICATES RECORD WAS SET OR TIED.
MM INDICATES DATA IS MISSING.
T  INDICATES TRACE AMOUNT.




$$
