000
CDUS42 KFFC 310824
CLIATL


CLIMATE REPORT
NATIONAL WEATHER SERVICE PEACHTREE CITY GA
424 AM EDT FRI OCT 31 2014


...................................

...THE ATLANTA CLIMATE SUMMARY FOR OCTOBER 30 2014...

CLIMATE NORMAL PERIOD 1981 TO 2010
CLIMATE RECORD PERIOD 1878 TO 2014


WEATHER ITEM   OBSERVED TIME   RECORD YEAR NORMAL DEPARTURE LAST
                VALUE   (LST)  VALUE       VALUE  FROM      YEAR
                                                  NORMAL
..................................................................
TEMPERATURE (F)
 YESTERDAY
  MAXIMUM         68    341 PM  83    1998  69     -1       78
                                      1984
                                      1961
  MINIMUM         45    718 AM  29    1952  50     -5       57
  AVERAGE         57                        59     -2       68

PRECIPITATION (IN)
  YESTERDAY        0.00          2.66 1881   0.09  -0.09     0.00
  MONTH TO DATE    3.53                      3.31   0.22     2.57
  SINCE SEP 1      4.28                      7.78  -3.50     5.31
  SINCE JAN 1     38.25                     41.61  -3.36    56.35

DEGREE DAYS
 HEATING
  YESTERDAY        8                         7      1        0
  MONTH TO DATE   59                       110    -51       97
  SINCE SEP 1     59                       121    -62       97
  SINCE JUL 1     59                       121    -62       98

 COOLING
  YESTERDAY        0                         1     -1        3
  MONTH TO DATE  116                        66     50       81
  SINCE SEP 1    447                       332    115      370
  SINCE JAN 1   1985                      1871    114     1752
..................................................................


WIND (MPH)
  RESULTANT WIND SPEED   6   RESULTANT WIND DIRECTION  NW (320)
  HIGHEST WIND SPEED    12   HIGHEST WIND DIRECTION    NE (60)
  HIGHEST GUST SPEED    16   HIGHEST GUST DIRECTION     N (340)
  AVERAGE WIND SPEED     6.4


SKY COVER
  AVERAGE SKY COVER 0.0


WEATHER CONDITIONS
 THE FOLLOWING WEATHER WAS RECORDED YESTERDAY.
  NO SIGNIFICANT WEATHER WAS OBSERVED.


RELATIVE HUMIDITY (PERCENT)
 HIGHEST    92           700 AM
 LOWEST     31           500 PM
 AVERAGE    62

..........................................................


THE ATLANTA CLIMATE NORMALS FOR TODAY
                         NORMAL    RECORD    YEAR
 MAXIMUM TEMPERATURE (F)   69        85      1961
 MINIMUM TEMPERATURE (F)   49        29      1917


SUNRISE AND SUNSET
OCTOBER 31 2014.......SUNRISE   756 AM EDT   SUNSET   646 PM EDT
NOVEMBER  1 2014......SUNRISE   757 AM EDT   SUNSET   645 PM EDT


-  INDICATES NEGATIVE NUMBERS.
R  INDICATES RECORD WAS SET OR TIED.
MM INDICATES DATA IS MISSING.
T  INDICATES TRACE AMOUNT.




$$
