000
CDUS42 KFFC 210920
CLIATL


CLIMATE REPORT
NATIONAL WEATHER SERVICE PEACHTREE CITY GA
417 AM EST FRI NOV 21 2014


...................................

...THE ATLANTA CLIMATE SUMMARY FOR NOVEMBER 20 2014...

CLIMATE NORMAL PERIOD 1981 TO 2010
CLIMATE RECORD PERIOD 1878 TO 2014


WEATHER ITEM   OBSERVED TIME   RECORD YEAR NORMAL DEPARTURE LAST
                VALUE   (LST)  VALUE       VALUE  FROM      YEAR
                                                  NORMAL
..................................................................
TEMPERATURE (F)
 YESTERDAY
  MAXIMUM         63    355 PM  79    1979  62      1       57
                                      1942
  MINIMUM         33    725 AM  14    1914  43    -10       41
  AVERAGE         48                        53     -5       49

PRECIPITATION (IN)
  YESTERDAY        0.00          2.05 1986   0.15  -0.15     0.00
  MONTH TO DATE    1.67                      2.62  -0.95     0.68
  SINCE SEP 1      5.96                     10.50  -4.54     5.99
  SINCE JAN 1     39.93                     44.33  -4.40    57.03

SNOWFALL (IN)
  YESTERDAY        0.0           0.0  2001   0.0    0.0      0.0
  MONTH TO DATE    0.0                       0.0    0.0      0.0
  SINCE SEP 1      0.0                       0.0    0.0      0.0
  SINCE JUL 1      0.0                       0.0    0.0      0.0
  SNOW DEPTH       0

DEGREE DAYS
 HEATING
  YESTERDAY       17                        13      4       16
  MONTH TO DATE  333                       195    138      219
  SINCE SEP 1    406                       324     82      316
  SINCE JUL 1    406                       324     82      317

 COOLING
  YESTERDAY        0                         0      0        0
  MONTH TO DATE    0                        11    -11        1
  SINCE SEP 1    447                       344    103      373
  SINCE JAN 1   1985                      1883    102     1755
..................................................................


WIND (MPH)
  RESULTANT WIND SPEED   6   RESULTANT WIND DIRECTION   W (260)
  HIGHEST WIND SPEED    15   HIGHEST WIND DIRECTION     W (290)
  HIGHEST GUST SPEED    21   HIGHEST GUST DIRECTION     W (270)
  AVERAGE WIND SPEED     6.9


SKY COVER
  AVERAGE SKY COVER 0.3


WEATHER CONDITIONS
 THE FOLLOWING WEATHER WAS RECORDED YESTERDAY.
  NO SIGNIFICANT WEATHER WAS OBSERVED.


RELATIVE HUMIDITY (PERCENT)
 HIGHEST    61           600 AM
 LOWEST     29           500 PM
 AVERAGE    45

..........................................................


THE ATLANTA CLIMATE NORMALS FOR TODAY
                         NORMAL    RECORD    YEAR
 MAXIMUM TEMPERATURE (F)   62        77      2011
 MINIMUM TEMPERATURE (F)   43        16      1887


SUNRISE AND SUNSET
NOVEMBER 21 2014......SUNRISE   715 AM EST   SUNSET   532 PM EST
NOVEMBER 22 2014......SUNRISE   716 AM EST   SUNSET   531 PM EST


-  INDICATES NEGATIVE NUMBERS.
R  INDICATES RECORD WAS SET OR TIED.
MM INDICATES DATA IS MISSING.
T  INDICATES TRACE AMOUNT.




$$
