000
CDUS42 KFFC 030821
CLIATL


CLIMATE REPORT
NATIONAL WEATHER SERVICE PEACHTREE CITY GA
421 AM EDT THU SEP 3 2015


...................................

...THE ATLANTA CLIMATE SUMMARY FOR SEPTEMBER 2 2015...

CLIMATE NORMAL PERIOD 1981 TO 2010
CLIMATE RECORD PERIOD 1878 TO 2015


WEATHER ITEM   OBSERVED TIME   RECORD YEAR NORMAL DEPARTURE LAST
                VALUE   (LST)  VALUE       VALUE  FROM      YEAR
                                                  NORMAL
..................................................................
TEMPERATURE (F)
 YESTERDAY
  MAXIMUM         90    248 PM  97    1957  86      4       90
  MINIMUM         73    700 AM  56    1967  69      4       72
                                      1887
  AVERAGE         82                        78      4       81

PRECIPITATION (IN)
  YESTERDAY        0.00          2.11 1983   0.14  -0.14     0.17
  MONTH TO DATE    0.00                      0.27  -0.27     0.29
  SINCE SEP 1      0.00                      0.27  -0.27     0.29
  SINCE JAN 1     41.41                     34.10   7.31    34.26

DEGREE DAYS
 HEATING
  YESTERDAY        0                         0      0        0
  MONTH TO DATE    0                         0      0        0
  SINCE SEP 1      0                         0      0        0
  SINCE JUL 1      0                         0      0        0

 COOLING
  YESTERDAY       17                        12      5       16
  MONTH TO DATE   30                        25      5       33
  SINCE SEP 1     30                        25      5       33
  SINCE JAN 1   1822                      1564    258     1571
..................................................................


WIND (MPH)
  RESULTANT WIND SPEED   0   RESULTANT WIND DIRECTION  NW (310)
  HIGHEST WIND SPEED     8   HIGHEST WIND DIRECTION    NW (330)
  HIGHEST GUST SPEED    12   HIGHEST GUST DIRECTION     N (360)
  AVERAGE WIND SPEED     2.1


SKY COVER
  AVERAGE SKY COVER 0.6


WEATHER CONDITIONS
 THE FOLLOWING WEATHER WAS RECORDED YESTERDAY.
  NO SIGNIFICANT WEATHER WAS OBSERVED.


RELATIVE HUMIDITY (PERCENT)
 HIGHEST    84           300 AM
 LOWEST     50           200 PM
 AVERAGE    67

..........................................................


THE ATLANTA CLIMATE NORMALS FOR TODAY
                         NORMAL    RECORD    YEAR
 MAXIMUM TEMPERATURE (F)   86        98      1925
 MINIMUM TEMPERATURE (F)   69        58      1967
                                             1952
                                             1886


SUNRISE AND SUNSET
SEPTEMBER  3 2015.....SUNRISE   713 AM EDT   SUNSET   801 PM EDT
SEPTEMBER  4 2015.....SUNRISE   713 AM EDT   SUNSET   800 PM EDT


-  INDICATES NEGATIVE NUMBERS.
R  INDICATES RECORD WAS SET OR TIED.
MM INDICATES DATA IS MISSING.
T  INDICATES TRACE AMOUNT.




$$
