000
CDUS42 KFFC 240819
CLIATL


CLIMATE REPORT
NATIONAL WEATHER SERVICE PEACHTREE CITY GA
419 AM EDT FRI OCT 24 2014


...................................

...THE ATLANTA CLIMATE SUMMARY FOR OCTOBER 23 2014...

CLIMATE NORMAL PERIOD 1981 TO 2010
CLIMATE RECORD PERIOD 1878 TO 2014


WEATHER ITEM   OBSERVED TIME   RECORD YEAR NORMAL DEPARTURE LAST
                VALUE   (LST)  VALUE       VALUE  FROM      YEAR
                                                  NORMAL
..................................................................
TEMPERATURE (F)
 YESTERDAY
  MAXIMUM         72    326 PM  86    1941  71      1       63
                                      1935
  MINIMUM         43    709 AM  34    1937  52     -9       43
  AVERAGE         58                        61     -3       53

PRECIPITATION (IN)
  YESTERDAY        0.00          1.48 1966   0.10  -0.10     0.00
  MONTH TO DATE    3.38                      2.62   0.76     2.52
  SINCE SEP 1      4.13                      7.09  -2.96     5.26
  SINCE JAN 1     38.10                     40.92  -2.82    56.30

DEGREE DAYS
 HEATING
  YESTERDAY        7                         5      2       12
  MONTH TO DATE   42                        68    -26       36
  SINCE SEP 1     42                        79    -37       36
  SINCE JUL 1     42                        79    -37       37

 COOLING
  YESTERDAY        0                         1     -1        0
  MONTH TO DATE  100                        59     41       77
  SINCE SEP 1    431                       325    106      366
  SINCE JAN 1   1969                      1864    105     1748
..................................................................


WIND (MPH)
  RESULTANT WIND SPEED   5   RESULTANT WIND DIRECTION  NW (310)
  HIGHEST WIND SPEED    13   HIGHEST WIND DIRECTION    NW (320)
  HIGHEST GUST SPEED    17   HIGHEST GUST DIRECTION     N (350)
  AVERAGE WIND SPEED     6.2


SKY COVER
  AVERAGE SKY COVER 0.3


WEATHER CONDITIONS
 THE FOLLOWING WEATHER WAS RECORDED YESTERDAY.
  NO SIGNIFICANT WEATHER WAS OBSERVED.


RELATIVE HUMIDITY (PERCENT)
 HIGHEST    89           800 AM
 LOWEST     29           300 PM
 AVERAGE    59

..........................................................


THE ATLANTA CLIMATE NORMALS FOR TODAY
                         NORMAL    RECORD    YEAR
 MAXIMUM TEMPERATURE (F)   71        88      1939
 MINIMUM TEMPERATURE (F)   51        28      1917


SUNRISE AND SUNSET
OCTOBER 24 2014.......SUNRISE   750 AM EDT   SUNSET   654 PM EDT
OCTOBER 25 2014.......SUNRISE   751 AM EDT   SUNSET   652 PM EDT


-  INDICATES NEGATIVE NUMBERS.
R  INDICATES RECORD WAS SET OR TIED.
MM INDICATES DATA IS MISSING.
T  INDICATES TRACE AMOUNT.




$$
