000
CDUS42 KFFC 310023
CLIATL


CLIMATE REPORT
NATIONAL WEATHER SERVICE PEACHTREE CITY GA
823 PM EDT SAT AUG 30 2014


...................................

...THE ATLANTA CLIMATE SUMMARY FOR AUGUST 30 2014...
VALID AS OF 0800 PM LOCAL TIME.

CLIMATE NORMAL PERIOD 1981 TO 2010
CLIMATE RECORD PERIOD 1878 TO 2014


WEATHER ITEM   OBSERVED TIME   RECORD YEAR NORMAL DEPARTURE LAST
                VALUE   (LST)  VALUE       VALUE  FROM      YEAR
                                                  NORMAL
..................................................................
TEMPERATURE (F)
 TODAY
  MAXIMUM         88   1258 PM  98    1948  87      1       87
  MINIMUM         72    625 AM  55    1986  70      2       75
  AVERAGE         80                        78      2       81

PRECIPITATION (IN)
  TODAY            0.31          4.22 1885   0.12   0.19     0.00
  MONTH TO DATE    5.32                      3.77   1.55     5.24
  SINCE JUN 1     15.02                     12.99   2.03    23.29
  SINCE JAN 1     33.49                     33.70  -0.21    51.04

SNOWFALL (IN)
  TODAY            0.0           0.0  2002   0.0    0.0      0.0
                                      2001
                                      2000
  MONTH TO DATE    0.0                       0.0    0.0      0.0
  SINCE JUN 1      0.0                       0.0    0.0      0.0
  SINCE JUL 1      0.0                       0.0    0.0      0.0
  SNOW DEPTH       0

DEGREE DAYS
 HEATING
  TODAY            0                         0      0        0
  MONTH TO DATE    0                         0      0        1
  SINCE JUN 1      0                         2     -2        1
  SINCE JUL 1      0                         0      0        1

 COOLING
  TODAY           15                        13      2       16
  MONTH TO DATE  426                       434     -8      379
  SINCE JUN 1   1240                      1276    -36     1158
  SINCE JAN 1   1523                      1526     -3     1366
..................................................................


WIND (MPH)
  RESULTANT WIND SPEED   3   RESULTANT WIND DIRECTION  SE (150)
  HIGHEST WIND SPEED    22   HIGHEST WIND DIRECTION     S (200)
  HIGHEST GUST SPEED    31   HIGHEST GUST DIRECTION     S (180)
  AVERAGE WIND SPEED     3.3


SKY COVER
  AVERAGE SKY COVER 0.7


WEATHER CONDITIONS
 THE FOLLOWING WEATHER WAS RECORDED TODAY.
  THUNDERSTORM
  HEAVY RAIN
  LIGHT RAIN
  FOG


RELATIVE HUMIDITY (PERCENT)
 HIGHEST    79           600 AM
 LOWEST     51          1200 AM

..........................................................


THE ATLANTA CLIMATE NORMALS FOR TOMORROW
                         NORMAL    RECORD    YEAR
 MAXIMUM TEMPERATURE (F)   86        96      1953
 MINIMUM TEMPERATURE (F)   69        55      1887


SUNRISE AND SUNSET
AUGUST 30 2014........SUNRISE   710 AM EDT   SUNSET   806 PM EDT
AUGUST 31 2014........SUNRISE   711 AM EDT   SUNSET   804 PM EDT


-  INDICATES NEGATIVE NUMBERS.
R  INDICATES RECORD WAS SET OR TIED.
MM INDICATES DATA IS MISSING.
T  INDICATES TRACE AMOUNT.




$$
