839
CDUS42 KFFC 250818
CLIATL


CLIMATE REPORT
NATIONAL WEATHER SERVICE PEACHTREE CITY GA
418 AM EDT WED MAY 25 2016


...................................

...THE ATLANTA CLIMATE SUMMARY FOR MAY 24 2016...

CLIMATE NORMAL PERIOD 1981 TO 2010
CLIMATE RECORD PERIOD 1878 TO 2016


WEATHER ITEM   OBSERVED TIME   RECORD YEAR NORMAL DEPARTURE LAST
                VALUE   (LST)  VALUE       VALUE  FROM      YEAR
                                                  NORMAL
..................................................................
TEMPERATURE (F)
 YESTERDAY
  MAXIMUM         85    433 PM  95    1996  82      3       83
  MINIMUM         61    615 AM  45    1892  63     -2       62
  AVERAGE         73                        72      1       73

PRECIPITATION (IN)
  YESTERDAY        0.00          1.80 1910   0.11  -0.11     0.00
  MONTH TO DATE    1.25                      2.90  -1.65     1.59
  SINCE MAR 1      6.61                     11.07  -4.46    12.36
  SINCE JAN 1     19.14                     19.94  -0.80    20.87

DEGREE DAYS
 HEATING
  YESTERDAY        0                         0      0        0
  MONTH TO DATE   19                        24     -5        6
  SINCE MAR 1    284                       509   -225      298
  SINCE JUL 1   1999                      2764   -765     2656

 COOLING
  YESTERDAY        8                         8      0        8
  MONTH TO DATE  122                       124     -2      192
  SINCE MAR 1    234                       189     45      288
  SINCE JAN 1    234                       190     44      288
..................................................................


WIND (MPH)
  RESULTANT WIND SPEED   1   RESULTANT WIND DIRECTION   N (360)
  HIGHEST WIND SPEED    12   HIGHEST WIND DIRECTION    NW (320)
  HIGHEST GUST SPEED    17   HIGHEST GUST DIRECTION    NW (330)
  AVERAGE WIND SPEED     5.7


SKY COVER
  AVERAGE SKY COVER 0.4


WEATHER CONDITIONS
 THE FOLLOWING WEATHER WAS RECORDED YESTERDAY.
  NO SIGNIFICANT WEATHER WAS OBSERVED.


RELATIVE HUMIDITY (PERCENT)
 HIGHEST    72           500 AM
 LOWEST     29           400 PM
 AVERAGE    51

..........................................................


THE ATLANTA CLIMATE NORMALS FOR TODAY
                         NORMAL    RECORD    YEAR
 MAXIMUM TEMPERATURE (F)   82        93      1960
                                             1953
 MINIMUM TEMPERATURE (F)   63        46      1979


SUNRISE AND SUNSET
MAY 25 2016...........SUNRISE   631 AM EDT   SUNSET   839 PM EDT
MAY 26 2016...........SUNRISE   630 AM EDT   SUNSET   840 PM EDT


-  INDICATES NEGATIVE NUMBERS.
R  INDICATES RECORD WAS SET OR TIED.
MM INDICATES DATA IS MISSING.
T  INDICATES TRACE AMOUNT.




$$
