000
CDUS42 KFFC 210022
CLIATL


CLIMATE REPORT
NATIONAL WEATHER SERVICE PEACHTREE CITY GA
822 PM EDT WED SEP 20 2017


...................................

...THE ATLANTA CLIMATE SUMMARY FOR SEPTEMBER 20 2017...
VALID AS OF 0800 PM LOCAL TIME.

CLIMATE NORMAL PERIOD 1981 TO 2010
CLIMATE RECORD PERIOD 1878 TO 2017


WEATHER ITEM   OBSERVED TIME   RECORD YEAR NORMAL DEPARTURE LAST
                VALUE   (LST)  VALUE       VALUE  FROM      YEAR
                                                  NORMAL
..................................................................
TEMPERATURE (F)
 TODAY
  MAXIMUM         89    303 PM  99    1925  81      8       89
  MINIMUM         69    613 AM  45    1889  63      6       72
  AVERAGE         79                        72      7       81

PRECIPITATION (IN)
  TODAY            0.00          1.86 1999   0.15  -0.15     0.00
  MONTH TO DATE    4.15                      2.94   1.21     3.37
  SINCE SEP 1      4.15                      2.94   1.21     3.37
  SINCE JAN 1     43.09                     36.77   6.32    32.49

SNOWFALL (IN)
  TODAY            0.0           0.0  2002   0.0    0.0      0.0
                                      2001
  MONTH TO DATE    0.0                       0.0    0.0      0.0
  SINCE SEP 1      0.0                       0.0    0.0      0.0
  SINCE JUL 1      0.0                       0.0    0.0      0.0
  SNOW DEPTH       0

DEGREE DAYS
 HEATING
  TODAY            0                         0      0        0
  MONTH TO DATE    7                         0      7        0
  SINCE SEP 1      7                         0      7        0
  SINCE JUL 1      7                         0      7        0

 COOLING
  TODAY           14                         8      6       16
  MONTH TO DATE  147                       206    -59      297
  SINCE SEP 1    147                       206    -59      297
  SINCE JAN 1   1871                      1745    126     2247
..................................................................


WIND (MPH)
  RESULTANT WIND SPEED   4   RESULTANT WIND DIRECTION  NW (320)
  HIGHEST WIND SPEED    12   HIGHEST WIND DIRECTION     N (350)
  HIGHEST GUST SPEED    17   HIGHEST GUST DIRECTION    NW (320)
  AVERAGE WIND SPEED     5.4


SKY COVER
  AVERAGE SKY COVER 0.3


WEATHER CONDITIONS
 THE FOLLOWING WEATHER WAS RECORDED TODAY.
  FOG


RELATIVE HUMIDITY (PERCENT)
 HIGHEST    93           200 AM
 LOWEST     43           400 PM

..........................................................


THE ATLANTA CLIMATE NORMALS FOR TOMORROW
                         NORMAL    RECORD    YEAR
 MAXIMUM TEMPERATURE (F)   81        95      2010
                                             1925
 MINIMUM TEMPERATURE (F)   63        43      1918


SUNRISE AND SUNSET
SEPTEMBER 20 2017.....SUNRISE   725 AM EDT   SUNSET   737 PM EDT
SEPTEMBER 21 2017.....SUNRISE   725 AM EDT   SUNSET   735 PM EDT


-  INDICATES NEGATIVE NUMBERS.
R  INDICATES RECORD WAS SET OR TIED.
MM INDICATES DATA IS MISSING.
T  INDICATES TRACE AMOUNT.




$$
