000
CDUS42 KFFC 100825
CLIATL


CLIMATE REPORT
NATIONAL WEATHER SERVICE PEACHTREE CITY GA
423 AM EDT THU JUL 10 2014


...................................

...THE ATLANTA CLIMATE SUMMARY FOR JULY 9 2014...

CLIMATE NORMAL PERIOD 1981 TO 2010
CLIMATE RECORD PERIOD 1878 TO 2014


WEATHER ITEM   OBSERVED TIME   RECORD YEAR NORMAL DEPARTURE LAST
                VALUE   (LST)  VALUE       VALUE  FROM      YEAR
                                                  NORMAL
..................................................................
TEMPERATURE (F)
 YESTERDAY
  MAXIMUM         90    400 PM 100    1930  89      1       88
  MINIMUM         73   1159 PM  59    1947  71      2       71
                                      1891
  AVERAGE         82                        80      2       80

PRECIPITATION (IN)
  YESTERDAY        0.01          2.13 1928   0.19  -0.18      T
  MONTH TO DATE    0.01                      1.60  -1.59     3.96
  SINCE JUN 1      5.11                      5.55  -0.44    13.53
  SINCE JAN 1     23.58                     26.26  -2.68    41.28

DEGREE DAYS
 HEATING
  YESTERDAY        0                         0      0        0
  MONTH TO DATE    0                         0      0        0
  SINCE JUN 1      0                         2     -2        0
  SINCE JUL 1      0                         0      0        0

 COOLING
  YESTERDAY       17                        15      2       15
  MONTH TO DATE  130                       135     -5      100
  SINCE JUN 1    535                       506     29      483
  SINCE JAN 1    818                       756     62      691
..................................................................


WIND (MPH)
  RESULTANT WIND SPEED   6   RESULTANT WIND DIRECTION   W (250)
  HIGHEST WIND SPEED    20   HIGHEST WIND DIRECTION     W (290)
  HIGHEST GUST SPEED    24   HIGHEST GUST DIRECTION    NW (300)
  AVERAGE WIND SPEED     7.2


SKY COVER
  AVERAGE SKY COVER 0.8


WEATHER CONDITIONS
 THE FOLLOWING WEATHER WAS RECORDED YESTERDAY.
  LIGHT RAIN


RELATIVE HUMIDITY (PERCENT)
 HIGHEST    82          1100 PM
 LOWEST     44           300 PM
 AVERAGE    63

..........................................................


THE ATLANTA CLIMATE NORMALS FOR TODAY
                         NORMAL    RECORD    YEAR
 MAXIMUM TEMPERATURE (F)   89       100      1936
                                             1930
 MINIMUM TEMPERATURE (F)   71        58      1891


SUNRISE AND SUNSET
JULY 10 2014..........SUNRISE   635 AM EDT   SUNSET   850 PM EDT
JULY 11 2014..........SUNRISE   636 AM EDT   SUNSET   850 PM EDT


-  INDICATES NEGATIVE NUMBERS.
R  INDICATES RECORD WAS SET OR TIED.
MM INDICATES DATA IS MISSING.
T  INDICATES TRACE AMOUNT.




$$
