000
CDUS42 KFFC 010818
CLIATL


CLIMATE REPORT
NATIONAL WEATHER SERVICE PEACHTREE CITY GA
418 AM EDT FRI JUL 1 2016


...................................

...THE ATLANTA CLIMATE SUMMARY FOR JUNE 30 2016...

CLIMATE NORMAL PERIOD 1981 TO 2010
CLIMATE RECORD PERIOD 1878 TO 2016


WEATHER ITEM   OBSERVED TIME   RECORD YEAR NORMAL DEPARTURE LAST
                VALUE   (LST)  VALUE       VALUE  FROM      YEAR
                                                  NORMAL
..................................................................
TEMPERATURE (F)
 YESTERDAY
  MAXIMUM         93    519 PM 106    2012  89      4       86
  MINIMUM         72    617 AM  55    1923  71      1       72
  AVERAGE         83                        80      3       79

PRECIPITATION (IN)
  YESTERDAY        T             2.62 1895   0.16  -0.16     0.07
  MONTH TO DATE    3.26                      3.95  -0.69     6.91
  SINCE JUN 1      3.26                      3.95  -0.69     6.91
  SINCE JAN 1     22.40                     24.66  -2.26    30.63

DEGREE DAYS
 HEATING
  YESTERDAY        0                         0      0        0
  MONTH TO DATE    0                         0      0        0
  SINCE JUN 1      0                         2     -2        0
  SINCE JUL 1   1999                      2768   -769     2656

 COOLING
  YESTERDAY       18                        15      3       14
  MONTH TO DATE  489                       371    118      446
  SINCE JUN 1    489                       371    118      446
  SINCE JAN 1    818                       621    197      805
..................................................................


WIND (MPH)
  RESULTANT WIND SPEED   2   RESULTANT WIND DIRECTION  SW (230)
  HIGHEST WIND SPEED    22   HIGHEST WIND DIRECTION     S (170)
  HIGHEST GUST SPEED    28   HIGHEST GUST DIRECTION     S (190)
  AVERAGE WIND SPEED     5.5


SKY COVER
  AVERAGE SKY COVER 0.5


WEATHER CONDITIONS
 THE FOLLOWING WEATHER WAS RECORDED YESTERDAY.
  THUNDERSTORM


RELATIVE HUMIDITY (PERCENT)
 HIGHEST    79           100 AM
 LOWEST     36           400 PM
 AVERAGE    58

..........................................................


THE ATLANTA CLIMATE NORMALS FOR TODAY
                         NORMAL    RECORD    YEAR
 MAXIMUM TEMPERATURE (F)   89       105      2012
 MINIMUM TEMPERATURE (F)   71        59      1938
                                             1937


SUNRISE AND SUNSET
JULY  1 2016..........SUNRISE   631 AM EDT   SUNSET   852 PM EDT
JULY  2 2016..........SUNRISE   632 AM EDT   SUNSET   852 PM EDT


-  INDICATES NEGATIVE NUMBERS.
R  INDICATES RECORD WAS SET OR TIED.
MM INDICATES DATA IS MISSING.
T  INDICATES TRACE AMOUNT.




$$
