000
CDUS42 KFFC 010835
CLIATL


CLIMATE REPORT
NATIONAL WEATHER SERVICE PEACHTREE CITY GA
435 AM EDT FRI AUG 1 2014


...................................

...THE ATLANTA CLIMATE SUMMARY FOR JULY 31 2014...

CLIMATE NORMAL PERIOD 1981 TO 2010
CLIMATE RECORD PERIOD 1878 TO 2014


WEATHER ITEM   OBSERVED TIME   RECORD YEAR NORMAL DEPARTURE LAST
                VALUE   (LST)  VALUE       VALUE  FROM      YEAR
                                                  NORMAL
..................................................................
TEMPERATURE (F)
 YESTERDAY
  MAXIMUM         85    248 PM  99    1999  89     -4       80
                                      1986
                                      1980
  MINIMUM         67   1159 PM  59    1936  71     -4       71
  AVERAGE         76                        80     -4       76

PRECIPITATION (IN)
  YESTERDAY        0.13          2.05 1994   0.15  -0.02     0.57
  MONTH TO DATE    4.60                      5.27  -0.67     8.48
  SINCE JUN 1      9.70                      9.22   0.48    18.05
  SINCE JAN 1     28.17                     29.93  -1.76    45.80

DEGREE DAYS
 HEATING
  YESTERDAY        0                         0      0        0
  MONTH TO DATE    0                         0      0        0
  SINCE JUN 1      0                         2     -2        0
  SINCE JUL 1      0                         0      0        0

 COOLING
  YESTERDAY       11                        15     -4       11
  MONTH TO DATE  409                       471    -62      396
  SINCE JUN 1    814                       842    -28      779
  SINCE JAN 1   1097                      1092      5      987
..................................................................


WIND (MPH)
  RESULTANT WIND SPEED   7   RESULTANT WIND DIRECTION  NE (50)
  HIGHEST WIND SPEED    20   HIGHEST WIND DIRECTION    NE (50)
  HIGHEST GUST SPEED    25   HIGHEST GUST DIRECTION    NE (50)
  AVERAGE WIND SPEED     8.9


SKY COVER
  AVERAGE SKY COVER 0.9


WEATHER CONDITIONS
 THE FOLLOWING WEATHER WAS RECORDED YESTERDAY.
  RAIN
  LIGHT RAIN
  FOG


RELATIVE HUMIDITY (PERCENT)
 HIGHEST    93           600 PM
 LOWEST     51           300 PM
 AVERAGE    72

..........................................................


THE ATLANTA CLIMATE NORMALS FOR TODAY
                         NORMAL    RECORD    YEAR
 MAXIMUM TEMPERATURE (F)   89        99      1980
 MINIMUM TEMPERATURE (F)   71        58      1997


SUNRISE AND SUNSET
AUGUST  1 2014........SUNRISE   650 AM EDT   SUNSET   838 PM EDT
AUGUST  2 2014........SUNRISE   651 AM EDT   SUNSET   837 PM EDT


-  INDICATES NEGATIVE NUMBERS.
R  INDICATES RECORD WAS SET OR TIED.
MM INDICATES DATA IS MISSING.
T  INDICATES TRACE AMOUNT.




$$
