000
CDUS44 KEWX 142240
CLIATT


CLIMATE REPORT
NATIONAL WEATHER SERVICE AUSTIN/SAN ANTONIO, TX
539 PM CDT SUN SEP 14 2014


...................................

...THE AUSTIN CAMP MABRY CLIMATE SUMMARY FOR SEPTEMBER 14 2014...
VALID TODAY AS OF 539 PM LOCAL TIME.

CLIMATE NORMAL PERIOD 1981 TO 2010
CLIMATE RECORD PERIOD 1897 TO 2014


WEATHER ITEM   OBSERVED TIME   RECORD YEAR NORMAL DEPARTURE LAST
                VALUE   (LST)  VALUE       VALUE  FROM      YEAR
                                                  NORMAL
..................................................................
TEMPERATURE (F)
 TODAY
  MAXIMUM         77    359 PM 103    2011  91    -14       97
  MINIMUM         64    748 AM  54    1902  70     -6       73
  AVERAGE         71                        80     -9       85

PRECIPITATION (IN)
  TODAY            0.00          2.01 1904   0.10  -0.10     0.30
  MONTH TO DATE    2.61                      1.56   1.05     0.55
  SINCE SEP 1      2.61                      1.56   1.05     0.55
  SINCE JAN 1     22.47                     23.65  -1.18    18.33

SNOWFALL (IN)
  TODAY            0.0
  MONTH TO DATE    0.0
  SINCE SEP 1      0.0
  SINCE JUL 1      0.0
  SNOW DEPTH       0

DEGREE DAYS
 HEATING
  TODAY            0                         0      0        0
  MONTH TO DATE    2                         0      2        0
  SINCE SEP 1      2                         0      2        0
  SINCE JUL 1      2                         0      2        0

 COOLING
  TODAY            6                        15     -9       20
  MONTH TO DATE  261                       241     20      310
  SINCE SEP 1    261                       241     20      310
  SINCE JAN 1   2654                      2635     19     2920
..................................................................


WIND (MPH)
  HIGHEST WIND SPEED     7   HIGHEST WIND DIRECTION    NE (40)
  HIGHEST GUST SPEED    10   HIGHEST GUST DIRECTION     N (10)
  AVERAGE WIND SPEED     2.4


SKY COVER
  AVERAGE SKY COVER 1.0


WEATHER CONDITIONS
 THE FOLLOWING WEATHER WAS RECORDED TODAY.
  FOG
  HAZE


RELATIVE HUMIDITY (PERCENT)
 HIGHEST   100          1200 AM
 LOWEST     73           300 PM
 AVERAGE    87

..........................................................


THE AUSTIN CAMP MABRY CLIMATE NORMALS FOR TOMORROW
                         NORMAL    RECORD    YEAR
 MAXIMUM TEMPERATURE (F)   91        99      1953
 MINIMUM TEMPERATURE (F)   70        55      1945


SUNRISE AND SUNSET
SEPTEMBER 14 2014.....SUNRISE   715 AM CDT   SUNSET   737 PM CDT
SEPTEMBER 15 2014.....SUNRISE   715 AM CDT   SUNSET   736 PM CDT


-  INDICATES NEGATIVE NUMBERS.
R  INDICATES RECORD WAS SET OR TIED.
MM INDICATES DATA IS MISSING.
T  INDICATES TRACE AMOUNT.




$$
