000
CDUS44 KEWX 282230
CLIATT


CLIMATE REPORT
NATIONAL WEATHER SERVICE AUSTIN/SAN ANTONIO, TX
528 PM CDT SUN AUG 28 2016


...................................

...THE AUSTIN CAMP MABRY CLIMATE SUMMARY FOR AUGUST 28 2016...
VALID TODAY AS OF 525 PM LOCAL TIME.

CLIMATE NORMAL PERIOD 1981 TO 2010
CLIMATE RECORD PERIOD 1897 TO 2016


WEATHER ITEM   OBSERVED TIME   RECORD YEAR NORMAL DEPARTURE LAST
                VALUE   (LST)  VALUE       VALUE  FROM      YEAR
                                                  NORMAL
..................................................................
TEMPERATURE (F)
 TODAY
  MAXIMUM         92    218 PM 112    2011  96     -4       98
  MINIMUM         73    631 AM  64    1926  74     -1       72
  AVERAGE         83                        85     -2       85

PRECIPITATION (IN)
  TODAY            0.00          1.72 1915   0.11  -0.11     0.00
  MONTH TO DATE    6.62                      2.04   4.58     0.35
  SINCE JUN 1     11.17                      8.25   2.92     9.24
  SINCE JAN 1     30.63                     21.78   8.85    39.49

SNOWFALL (IN)
  TODAY            0.0
  MONTH TO DATE    0.0
  SINCE JUN 1      0.0
  SINCE JUL 1      0.0
  SNOW DEPTH       0

DEGREE DAYS
 HEATING
  TODAY            0                         0      0        0
  MONTH TO DATE    0                         0      0        0
  SINCE JUN 1      0                         0      0        0
  SINCE JUL 1      0                         0      0        0

 COOLING
  TODAY           18                        20     -2       20
  MONTH TO DATE  555                       583    -28      643
  SINCE JUN 1   1825                      1719    106     1779
  SINCE JAN 1   2440                      2332    108     2380
..................................................................


WIND (MPH)
  HIGHEST WIND SPEED    10   HIGHEST WIND DIRECTION     E (110)
  HIGHEST GUST SPEED    18   HIGHEST GUST DIRECTION     E (100)
  AVERAGE WIND SPEED     3.1


SKY COVER
  AVERAGE SKY COVER 0.3


WEATHER CONDITIONS
 THE FOLLOWING WEATHER WAS RECORDED TODAY.
  NO SIGNIFICANT WEATHER WAS OBSERVED.


RELATIVE HUMIDITY (PERCENT)
 HIGHEST    87           200 AM
 LOWEST     52           200 PM
 AVERAGE    70

..........................................................


THE AUSTIN CAMP MABRY CLIMATE NORMALS FOR TOMORROW
                         NORMAL    RECORD    YEAR
 MAXIMUM TEMPERATURE (F)   95       109      2011
 MINIMUM TEMPERATURE (F)   74        65      1992
                                             1968
                                             1900


SUNRISE AND SUNSET
AUGUST 28 2016........SUNRISE   706 AM CDT   SUNSET   758 PM CDT
AUGUST 29 2016........SUNRISE   706 AM CDT   SUNSET   756 PM CDT


-  INDICATES NEGATIVE NUMBERS.
R  INDICATES RECORD WAS SET OR TIED.
MM INDICATES DATA IS MISSING.
T  INDICATES TRACE AMOUNT.




$$
