000
CDUS44 KEWX 302237
CLIATT


CLIMATE REPORT
NATIONAL WEATHER SERVICE AUSTIN/SAN ANTONIO, TX
536 PM CDT THU MAR 30 2017


...................................

...THE AUSTIN CAMP MABRY CLIMATE SUMMARY FOR MARCH 30 2017...
VALID TODAY AS OF 0536 PM LOCAL TIME.

CLIMATE NORMAL PERIOD 1981 TO 2010
CLIMATE RECORD PERIOD 1897 TO 2017


WEATHER ITEM   OBSERVED TIME   RECORD YEAR NORMAL DEPARTURE LAST
                VALUE   (LST)  VALUE       VALUE  FROM      YEAR
                                                  NORMAL
..................................................................
TEMPERATURE (F)
 TODAY
  MAXIMUM         82    414 PM  96    1946  76      6       77
  MINIMUM         54    656 AM  33    1944  54      0       68
  AVERAGE         68                        65      3       73

PRECIPITATION (IN)
  TODAY            0.00          1.50 1945   0.08  -0.08     0.03
  MONTH TO DATE    2.48                      2.68  -0.20     3.51
  SINCE MAR 1      2.48                      2.68  -0.20     3.51
  SINCE JAN 1      8.70                      6.92   1.78     5.19

SNOWFALL (IN)
  TODAY            0.0
  MONTH TO DATE    0.0
  SINCE MAR 1      0.0
  SINCE JUL 1      0.0
  SNOW DEPTH       0

DEGREE DAYS
 HEATING
  TODAY            0                         3     -3        0
  MONTH TO DATE   53                       158   -105       69
  SINCE MAR 1     53                       158   -105       69
  SINCE JUL 1    831                      1495   -664     1066

 COOLING
  TODAY            3                         3      0        8
  MONTH TO DATE  166                        56    110       99
  SINCE MAR 1    166                        56    110       99
  SINCE JAN 1    283                        83    200      138
..................................................................


WIND (MPH)
  HIGHEST WIND SPEED    15   HIGHEST WIND DIRECTION    NW (320)
  HIGHEST GUST SPEED    26   HIGHEST GUST DIRECTION    NW (310)
  AVERAGE WIND SPEED     4.9


SKY COVER
  AVERAGE SKY COVER 0.0


WEATHER CONDITIONS
 THE FOLLOWING WEATHER WAS RECORDED TODAY.
  NO SIGNIFICANT WEATHER WAS OBSERVED.


RELATIVE HUMIDITY (PERCENT)
 HIGHEST    77           400 AM
 LOWEST     23           400 PM
 AVERAGE    50

..........................................................


THE AUSTIN CAMP MABRY CLIMATE NORMALS FOR TOMORROW
                         NORMAL    RECORD    YEAR
 MAXIMUM TEMPERATURE (F)   76        90      1974
                                             1946
 MINIMUM TEMPERATURE (F)   55        30      1987


SUNRISE AND SUNSET
MARCH 30 2017.........SUNRISE   722 AM CDT   SUNSET   749 PM CDT
MARCH 31 2017.........SUNRISE   721 AM CDT   SUNSET   749 PM CDT


-  INDICATES NEGATIVE NUMBERS.
R  INDICATES RECORD WAS SET OR TIED.
MM INDICATES DATA IS MISSING.
T  INDICATES TRACE AMOUNT.




$$
