407
CDUS44 KEWX 112222
CLIATT


CLIMATE REPORT
NATIONAL WEATHER SERVICE AUSTIN/SAN ANTONIO, TX
422 PM CST MON DEC 11 2017


...................................

...THE AUSTIN CAMP MABRY CLIMATE SUMMARY FOR DECEMBER 11 2017...
VALID TODAY AS OF 0400 PM LOCAL TIME.

CLIMATE NORMAL PERIOD 1981 TO 2010
CLIMATE RECORD PERIOD 1897 TO 2017


WEATHER ITEM   OBSERVED TIME   RECORD YEAR NORMAL DEPARTURE LAST
                VALUE   (LST)  VALUE       VALUE  FROM      YEAR
                                                  NORMAL
..................................................................
TEMPERATURE (F)
 TODAY
  MAXIMUM         75    400 PM  83    1950  63     12       67
  MINIMUM         44        MM  24    1978  43      1       50
  AVERAGE         60                        53      7       59

PRECIPITATION (IN)
  TODAY            0.00          6.00 1891   0.08  -0.08     0.02
  MONTH TO DATE    1.18                      0.85   0.33     2.53
  SINCE DEC 1      1.18                      0.85   0.33     2.53
  SINCE JAN 1     31.59                     32.77  -1.18    38.84

SNOWFALL (IN)
  TODAY            0.0
  MONTH TO DATE    0.4
  SINCE DEC 1      0.4
  SINCE JUL 1      0.4
  SNOW DEPTH       0

DEGREE DAYS
 HEATING
  TODAY            5                        12     -7        6
  MONTH TO DATE  111                       125    -14      166
  SINCE DEC 1    111                       125    -14      166
  SINCE JUL 1    234                       337   -103      226

 COOLING
  TODAY            0                         0      0        0
  MONTH TO DATE   14                         6      8        0
  SINCE DEC 1     14                         6      8        0
  SINCE JAN 1   3655                      3132    523     3450
..................................................................


WIND (MPH)
  HIGHEST WIND SPEED    10   HIGHEST WIND DIRECTION    NW (300)
  HIGHEST GUST SPEED    21   HIGHEST GUST DIRECTION    NW (300)
  AVERAGE WIND SPEED     6.0


SKY COVER
  AVERAGE SKY COVER 0.0


WEATHER CONDITIONS
 THE FOLLOWING WEATHER WAS RECORDED TODAY.
  NO SIGNIFICANT WEATHER WAS OBSERVED.


RELATIVE HUMIDITY (PERCENT)
 HIGHEST    70          1200 AM
 LOWEST     21           400 PM
 AVERAGE    46

..........................................................


THE AUSTIN CAMP MABRY CLIMATE NORMALS FOR TOMORROW
                         NORMAL    RECORD    YEAR
 MAXIMUM TEMPERATURE (F)   63        86      1973
 MINIMUM TEMPERATURE (F)   43        21      1957


SUNRISE AND SUNSET
DECEMBER 11 2017......SUNRISE   717 AM CST   SUNSET   531 PM CST
DECEMBER 12 2017......SUNRISE   718 AM CST   SUNSET   531 PM CST


-  INDICATES NEGATIVE NUMBERS.
R  INDICATES RECORD WAS SET OR TIED.
MM INDICATES DATA IS MISSING.
T  INDICATES TRACE AMOUNT.




$$
