000
CDUS43 KABR 181039
CLIATY


CLIMATE REPORT
NATIONAL WEATHER SERVICE ABERDEEN SD
438 AM CST SAT NOV 18 2017


...................................

...THE WATERTOWN SD CLIMATE SUMMARY FOR NOVEMBER 17 2017...

CLIMATE NORMAL PERIOD 1981 TO 2010
CLIMATE RECORD PERIOD 1898 TO 2017


WEATHER ITEM   OBSERVED TIME   RECORD YEAR NORMAL DEPARTURE LAST
                VALUE   (LST)  VALUE       VALUE  FROM      YEAR
                                                  NORMAL
..................................................................
TEMPERATURE (F)
 YESTERDAY
  MAXIMUM         45    250 PM  67    1953  38      7       42
  MINIMUM         29   1148 PM  -6    1959  20      9       31
  AVERAGE         37                        29      8       37

PRECIPITATION (IN)
  YESTERDAY        0.00          1.40 1958   0.03  -0.03     0.22
  MONTH TO DATE    0.08                      0.48  -0.40     0.22
  SINCE SEP 1      7.66                      5.04   2.62     4.49
  SINCE JAN 1     22.87                     21.27   1.60    21.13

SNOWFALL (IN)
  YESTERDAY        0.0
  MONTH TO DATE    1.9
  SINCE OCT 1      1.9
  SINCE JUL 1      1.9
  SNOW DEPTH       0

DEGREE DAYS
 HEATING
  YESTERDAY       28                        36     -8       28
  MONTH TO DATE  610                       533     77      306
  SINCE SEP 1   1335                      1360    -25      897
  SINCE JUL 1   1363                      1417    -54      923

 COOLING
  YESTERDAY        0                         0      0        0
  MONTH TO DATE    0                         0      0        0
  SINCE SEP 1     65                        41     24       36
  SINCE JAN 1    440                       515    -75      721
..................................................................


WIND (MPH)
  HIGHEST WIND SPEED    24   HIGHEST WIND DIRECTION     S (170)
  HIGHEST GUST SPEED    28   HIGHEST GUST DIRECTION     S (170)
  AVERAGE WIND SPEED    10.1


SKY COVER
  POSSIBLE SUNSHINE  MM
  AVERAGE SKY COVER 0.5


WEATHER CONDITIONS
 THE FOLLOWING WEATHER WAS RECORDED YESTERDAY.
  NO SIGNIFICANT WEATHER WAS OBSERVED.


RELATIVE HUMIDITY (PERCENT)
 HIGHEST    96           900 AM
 LOWEST     65           300 PM
 AVERAGE    81

..........................................................


THE WATERTOWN SD CLIMATE NORMALS FOR TODAY
                         NORMAL    RECORD    YEAR
 MAXIMUM TEMPERATURE (F)   37        67      1908
 MINIMUM TEMPERATURE (F)   19        -6      1927


SUNRISE AND SUNSET
NOVEMBER 18 2017......SUNRISE   730 AM CST   SUNSET   457 PM CST
NOVEMBER 19 2017......SUNRISE   732 AM CST   SUNSET   456 PM CST


-  INDICATES NEGATIVE NUMBERS.
R  INDICATES RECORD WAS SET OR TIED.
MM INDICATES DATA IS MISSING.
T  INDICATES TRACE AMOUNT.




$$
