000
CDUS43 KABR 092234
CLIATY


CLIMATE REPORT
NATIONAL WEATHER SERVICE ABERDEEN SD
532 PM CDT WED JUL 9 2014


...................................

...THE WATERTOWN SD CLIMATE SUMMARY FOR JULY 9 2014...
VALID TODAY AS OF 0500 PM LOCAL TIME.

CLIMATE NORMAL PERIOD 1981 TO 2010
CLIMATE RECORD PERIOD 1898 TO 2014


WEATHER ITEM   OBSERVED TIME   RECORD YEAR NORMAL DEPARTURE LAST
                VALUE   (LST)  VALUE       VALUE  FROM      YEAR
                                                  NORMAL
..................................................................
TEMPERATURE (F)
 TODAY
  MAXIMUM         78    341 PM 105    1936  83     -5       81
  MINIMUM         54    417 AM  40    1899  60     -6       62
  AVERAGE         66                        71     -5       72

PRECIPITATION (IN)
  TODAY            0.00          1.18 1946   0.09  -0.09     0.76
  MONTH TO DATE    0.17                      0.90  -0.73     0.76
  SINCE JUN 1      4.77                      4.48   0.29     6.27
  SINCE JAN 1      9.64                     11.33  -1.69    14.26

SNOWFALL (IN)
  TODAY            0.0
  MONTH TO DATE    0.0
  SINCE OCT 1     28.2
  SINCE JUL 1      0.0
  SNOW DEPTH       0

DEGREE DAYS
 HEATING
  TODAY            0                         0      0        0
  MONTH TO DATE   11                         8      3        0
  SINCE JUN 1     74                        86    -12       88
  SINCE JUL 1     11                         8      3        0

 COOLING
  TODAY            1                         7     -6        7
  MONTH TO DATE   41                        56    -15       70
  SINCE JUN 1    102                       152    -50      159
  SINCE JAN 1    143                       174    -31      181
..................................................................


WIND (MPH)
  HIGHEST WIND SPEED    12   HIGHEST WIND DIRECTION     N (340)
  HIGHEST GUST SPEED    15   HIGHEST GUST DIRECTION    NW (310)
  AVERAGE WIND SPEED     4.9


SKY COVER
  POSSIBLE SUNSHINE  MM
  AVERAGE SKY COVER 0.2


WEATHER CONDITIONS
 THE FOLLOWING WEATHER WAS RECORDED TODAY.
  FOG


RELATIVE HUMIDITY (PERCENT)
 HIGHEST    93           200 AM
 LOWEST     40           300 PM
 AVERAGE    67

..........................................................


THE WATERTOWN SD CLIMATE NORMALS FOR TOMORROW
                         NORMAL    RECORD    YEAR
 MAXIMUM TEMPERATURE (F)   83       108      1966
 MINIMUM TEMPERATURE (F)   60        43      1945


SUNRISE AND SUNSET
JULY  9 2014..........SUNRISE   551 AM CDT   SUNSET   916 PM CDT
JULY 10 2014..........SUNRISE   552 AM CDT   SUNSET   915 PM CDT


-  INDICATES NEGATIVE NUMBERS.
R  INDICATES RECORD WAS SET OR TIED.
MM INDICATES DATA IS MISSING.
T  INDICATES TRACE AMOUNT.




$$
