000
CDUS43 KABR 031031
CLIATY


CLIMATE REPORT
NATIONAL WEATHER SERVICE ABERDEEN SD
530 AM CDT TUE MAY 3 2016


...................................

...THE WATERTOWN SD CLIMATE SUMMARY FOR MAY 2 2016...

CLIMATE NORMAL PERIOD 1981 TO 2010
CLIMATE RECORD PERIOD 1898 TO 2016


WEATHER ITEM   OBSERVED TIME   RECORD YEAR NORMAL DEPARTURE LAST
                VALUE   (LST)  VALUE       VALUE  FROM      YEAR
                                                  NORMAL
..................................................................
TEMPERATURE (F)
 YESTERDAY
  MAXIMUM         66    206 PM  89    1955  64      2       84
  MINIMUM         34    547 AM  17    1911  39     -5       46
  AVERAGE         50                        51     -1       65

PRECIPITATION (IN)
  YESTERDAY        0.00          0.85 1941   0.09  -0.09     0.00
  MONTH TO DATE    0.00                      0.17  -0.17     0.05
  SINCE MAR 1      2.52                      3.30  -0.78     0.79
  SINCE JAN 1      3.55                      4.38  -0.83     1.44

DEGREE DAYS
 HEATING
  YESTERDAY       15                        14      1        0
  MONTH TO DATE   32                        28      4        5
  SINCE MAR 1   1383                      1768   -385     1487
  SINCE JUL 1   6702                      8179  -1477     7879

 COOLING
  YESTERDAY        0                         0      0        0
  MONTH TO DATE    0                         0      0        0
  SINCE MAR 1      0                         2     -2        0
  SINCE JAN 1      0                         2     -2        0
..................................................................


WIND (MPH)
  HIGHEST WIND SPEED    12   HIGHEST WIND DIRECTION     S (200)
  HIGHEST GUST SPEED    15   HIGHEST GUST DIRECTION    SW (210)
  AVERAGE WIND SPEED     3.7


SKY COVER
  POSSIBLE SUNSHINE  MM
  AVERAGE SKY COVER 0.2


WEATHER CONDITIONS
 THE FOLLOWING WEATHER WAS RECORDED YESTERDAY.
  NO SIGNIFICANT WEATHER WAS OBSERVED.


RELATIVE HUMIDITY (PERCENT)
 HIGHEST    92           300 AM
 LOWEST     28           500 PM
 AVERAGE    60

..........................................................


THE WATERTOWN SD CLIMATE NORMALS FOR TODAY
                         NORMAL    RECORD    YEAR
 MAXIMUM TEMPERATURE (F)   64        92      1949
 MINIMUM TEMPERATURE (F)   40        16      1907


SUNRISE AND SUNSET
MAY  3 2016...........SUNRISE   614 AM CDT   SUNSET   837 PM CDT
MAY  4 2016...........SUNRISE   613 AM CDT   SUNSET   838 PM CDT


-  INDICATES NEGATIVE NUMBERS.
R  INDICATES RECORD WAS SET OR TIED.
MM INDICATES DATA IS MISSING.
T  INDICATES TRACE AMOUNT.




$$
