000
CDUS43 KABR 251033
CLIATY


CLIMATE REPORT
NATIONAL WEATHER SERVICE ABERDEEN SD
533 AM CDT MON MAY 25 2015


...................................

...THE WATERTOWN SD CLIMATE SUMMARY FOR MAY 24 2015...

CLIMATE NORMAL PERIOD 1981 TO 2010
CLIMATE RECORD PERIOD 1898 TO 2015


WEATHER ITEM   OBSERVED TIME   RECORD YEAR NORMAL DEPARTURE LAST
                VALUE   (LST)  VALUE       VALUE  FROM      YEAR
                                                  NORMAL
..................................................................
TEMPERATURE (F)
 YESTERDAY
  MAXIMUM         60    334 PM  95    1926  70    -10       82
  MINIMUM         54    238 AM  25    2002  48      6       52
  AVERAGE         57                        59     -2       67

PRECIPITATION (IN)
  YESTERDAY        0.82          1.62 1973   0.09   0.73     0.00
  MONTH TO DATE    3.49                      1.98   1.51     1.31
  SINCE MAR 1      4.23                      5.11  -0.88     3.87
  SINCE JAN 1      4.88                      6.19  -1.31     4.30

DEGREE DAYS
 HEATING
  YESTERDAY        8                         7      1        0
  MONTH TO DATE  263                       251     12      330
  SINCE MAR 1   1745                      1991   -246     2307
  SINCE JUL 1   8137                      8402   -265     9273

 COOLING
  YESTERDAY        0                         1     -1        2
  MONTH TO DATE    0                        13    -13        5
  SINCE MAR 1      0                        15    -15        5
  SINCE JAN 1      0                        15    -15        5
..................................................................


WIND (MPH)
  HIGHEST WIND SPEED    15   HIGHEST WIND DIRECTION     E (80)
  HIGHEST GUST SPEED    21   HIGHEST GUST DIRECTION     E (70)
  AVERAGE WIND SPEED     7.8


SKY COVER
  POSSIBLE SUNSHINE  MM
  AVERAGE SKY COVER 0.9


WEATHER CONDITIONS
 THE FOLLOWING WEATHER WAS RECORDED YESTERDAY.
  RAIN
  LIGHT RAIN
  FOG


RELATIVE HUMIDITY (PERCENT)
 HIGHEST    93           400 PM
 LOWEST     67          1200 AM
 AVERAGE    80

..........................................................


THE WATERTOWN SD CLIMATE NORMALS FOR TODAY
                         NORMAL    RECORD    YEAR
 MAXIMUM TEMPERATURE (F)   70        92      1926
 MINIMUM TEMPERATURE (F)   48        28      1925


SUNRISE AND SUNSET
MAY 25 2015...........SUNRISE   550 AM CDT   SUNSET   901 PM CDT
MAY 26 2015...........SUNRISE   550 AM CDT   SUNSET   902 PM CDT


-  INDICATES NEGATIVE NUMBERS.
R  INDICATES RECORD WAS SET OR TIED.
MM INDICATES DATA IS MISSING.
T  INDICATES TRACE AMOUNT.




$$
