000
CDUS43 KABR 290908
CLIATY


CLIMATE REPORT
NATIONAL WEATHER SERVICE ABERDEEN SD
407 AM CDT WED JUL 29 2015


...................................

...THE WATERTOWN SD CLIMATE SUMMARY FOR JULY 28 2015...

CLIMATE NORMAL PERIOD 1981 TO 2010
CLIMATE RECORD PERIOD 1898 TO 2015


WEATHER ITEM   OBSERVED TIME   RECORD YEAR NORMAL DEPARTURE LAST
                VALUE   (LST)  VALUE       VALUE  FROM      YEAR
                                                  NORMAL
..................................................................
TEMPERATURE (F)
 YESTERDAY
  MAXIMUM         78    528 PM 105    1933  83     -5       74
  MINIMUM         61   1157 PM  41    1928  60      1       53
  AVERAGE         70                        71     -1       64

PRECIPITATION (IN)
  YESTERDAY        0.83          2.45 1953   0.09   0.74     0.00
  MONTH TO DATE    3.57                      2.72   0.85     1.25
  SINCE JUN 1      6.50                      6.30   0.20     5.85
  SINCE JAN 1     12.50                     13.15  -0.65    10.72

DEGREE DAYS
 HEATING
  YESTERDAY        0                         1     -1        1
  MONTH TO DATE   13                        15     -2       32
  SINCE JUN 1     40                        93    -53       95
  SINCE JUL 1     13                        15     -2       32

 COOLING
  YESTERDAY        5                         7     -2        0
  MONTH TO DATE  206                       189     17      119
  SINCE JUN 1    303                       285     18      180
  SINCE JAN 1    311                       307      4      221
..................................................................


WIND (MPH)
  HIGHEST WIND SPEED    30   HIGHEST WIND DIRECTION     W (280)
  HIGHEST GUST SPEED    39   HIGHEST GUST DIRECTION     W (270)
  AVERAGE WIND SPEED    14.4


SKY COVER
  POSSIBLE SUNSHINE  MM
  AVERAGE SKY COVER 0.4


WEATHER CONDITIONS
 THE FOLLOWING WEATHER WAS RECORDED YESTERDAY.
  THUNDERSTORM
  HEAVY RAIN
  RAIN
  LIGHT RAIN
  FOG
  HAZE


RELATIVE HUMIDITY (PERCENT)
 HIGHEST    90           700 AM
 LOWEST     42           500 PM
 AVERAGE    66

..........................................................


THE WATERTOWN SD CLIMATE NORMALS FOR TODAY
                         NORMAL    RECORD    YEAR
 MAXIMUM TEMPERATURE (F)   82       107      1933
 MINIMUM TEMPERATURE (F)   60        44      1925


SUNRISE AND SUNSET
JULY 29 2015..........SUNRISE   611 AM CDT   SUNSET   859 PM CDT
JULY 30 2015..........SUNRISE   612 AM CDT   SUNSET   858 PM CDT


-  INDICATES NEGATIVE NUMBERS.
R  INDICATES RECORD WAS SET OR TIED.
MM INDICATES DATA IS MISSING.
T  INDICATES TRACE AMOUNT.




$$
