000
CDUS43 KABR 230918
CLIATY


CLIMATE REPORT
NATIONAL WEATHER SERVICE ABERDEEN SD
417 AM CDT SAT JUL 23 2016


...................................

...THE WATERTOWN SD CLIMATE SUMMARY FOR JULY 22 2016...

CLIMATE NORMAL PERIOD 1981 TO 2010
CLIMATE RECORD PERIOD 1898 TO 2016


WEATHER ITEM   OBSERVED TIME   RECORD YEAR NORMAL DEPARTURE LAST
                VALUE   (LST)  VALUE       VALUE  FROM      YEAR
                                                  NORMAL
..................................................................
TEMPERATURE (F)
 YESTERDAY
  MAXIMUM         94    256 PM 106    1934  83     11       82
  MINIMUM         71    411 AM  39    1925  60     11       64
  AVERAGE         83                        71     12       73

PRECIPITATION (IN)
  YESTERDAY        0.00          1.79 1981   0.09  -0.09      T
  MONTH TO DATE    1.49                      2.17  -0.68     2.00
  SINCE JUN 1      3.02                      5.75  -2.73     4.93
  SINCE JAN 1      8.67                     12.60  -3.93    10.93

DEGREE DAYS
 HEATING
  YESTERDAY        0                         1     -1        0
  MONTH TO DATE   12                         9      3       13
  SINCE JUN 1     37                        87    -50       40
  SINCE JUL 1     12                         9      3       13

 COOLING
  YESTERDAY       18                         7     11        8
  MONTH TO DATE  167                       147     20      150
  SINCE JUN 1    366                       243    123      247
  SINCE JAN 1    390                       265    125      255
..................................................................


WIND (MPH)
  HIGHEST WIND SPEED    15   HIGHEST WIND DIRECTION    SE (150)
  HIGHEST GUST SPEED    22   HIGHEST GUST DIRECTION    SE (140)
  AVERAGE WIND SPEED     7.9


SKY COVER
  POSSIBLE SUNSHINE  MM
  AVERAGE SKY COVER 0.0


WEATHER CONDITIONS
 THE FOLLOWING WEATHER WAS RECORDED YESTERDAY.
  NO SIGNIFICANT WEATHER WAS OBSERVED.


RELATIVE HUMIDITY (PERCENT)
 HIGHEST    82          1200 AM
 LOWEST     46           300 PM
 AVERAGE    64

..........................................................


THE WATERTOWN SD CLIMATE NORMALS FOR TODAY
                         NORMAL    RECORD    YEAR
 MAXIMUM TEMPERATURE (F)   83       106      1934
 MINIMUM TEMPERATURE (F)   60        43      1904


SUNRISE AND SUNSET
JULY 23 2016..........SUNRISE   605 AM CDT   SUNSET   905 PM CDT
JULY 24 2016..........SUNRISE   606 AM CDT   SUNSET   904 PM CDT


-  INDICATES NEGATIVE NUMBERS.
R  INDICATES RECORD WAS SET OR TIED.
MM INDICATES DATA IS MISSING.
T  INDICATES TRACE AMOUNT.




$$
