000
CDUS43 KABR 021026
CLIATY


CLIMATE REPORT
NATIONAL WEATHER SERVICE ABERDEEN SD
526 AM CDT TUE SEP 2 2014


...................................

...THE WATERTOWN SD CLIMATE SUMMARY FOR SEPTEMBER 1 2014...

CLIMATE NORMAL PERIOD 1981 TO 2010
CLIMATE RECORD PERIOD 1898 TO 2014


WEATHER ITEM   OBSERVED TIME   RECORD YEAR NORMAL DEPARTURE LAST
                VALUE   (LST)  VALUE       VALUE  FROM      YEAR
                                                  NORMAL
..................................................................
TEMPERATURE (F)
 YESTERDAY
  MAXIMUM         76    332 PM  98    1983  76      0       73
                                      1913
  MINIMUM         58    634 AM  34    1946  54      4       51
  AVERAGE         67                        65      2       62

PRECIPITATION (IN)
  YESTERDAY        T             2.87 2006   0.10  -0.10     0.00
  MONTH TO DATE    T                         0.10  -0.10     0.00
  SINCE SEP 1      T                         0.10  -0.10     0.00
  SINCE JAN 1     13.62                     16.33  -2.71    16.82

DEGREE DAYS
 HEATING
  YESTERDAY        0                         3     -3        3
  MONTH TO DATE    0                         3     -3        3
  SINCE SEP 1      0                         3     -3        3
  SINCE JUL 1     54                        60     -6       54

 COOLING
  YESTERDAY        2                         3     -1        0
  MONTH TO DATE    2                         3     -1        0
  SINCE SEP 1      2                         3     -1        0
  SINCE JAN 1    335                       477   -142      514
..................................................................


WIND (MPH)
  HIGHEST WIND SPEED    25   HIGHEST WIND DIRECTION    SW (240)
  HIGHEST GUST SPEED    35   HIGHEST GUST DIRECTION    SW (220)
  AVERAGE WIND SPEED     8.2


SKY COVER
  POSSIBLE SUNSHINE  MM
  AVERAGE SKY COVER 0.3


WEATHER CONDITIONS
 THE FOLLOWING WEATHER WAS RECORDED YESTERDAY.
  THUNDERSTORM
  LIGHT RAIN
  FOG
  FOG W/VISIBILITY <= 1/4 MILE


RELATIVE HUMIDITY (PERCENT)
 HIGHEST   100           300 AM
 LOWEST     46           200 PM
 AVERAGE    73

..........................................................


THE WATERTOWN SD CLIMATE NORMALS FOR TODAY
                         NORMAL    RECORD    YEAR
 MAXIMUM TEMPERATURE (F)   76        98      1929
 MINIMUM TEMPERATURE (F)   53        36      1974


SUNRISE AND SUNSET
SEPTEMBER  2 2014.....SUNRISE   652 AM CDT   SUNSET   804 PM CDT
SEPTEMBER  3 2014.....SUNRISE   653 AM CDT   SUNSET   802 PM CDT


-  INDICATES NEGATIVE NUMBERS.
R  INDICATES RECORD WAS SET OR TIED.
MM INDICATES DATA IS MISSING.
T  INDICATES TRACE AMOUNT.




$$
