000
CDUS43 KABR 191043
CLIATY


CLIMATE REPORT
NATIONAL WEATHER SERVICE ABERDEEN SD
443 AM CST FRI DEC 19 2014


...................................

...THE WATERTOWN SD CLIMATE SUMMARY FOR DECEMBER 18 2014...

CLIMATE NORMAL PERIOD 1981 TO 2010
CLIMATE RECORD PERIOD 1898 TO 2014


WEATHER ITEM   OBSERVED TIME   RECORD YEAR NORMAL DEPARTURE LAST
                VALUE   (LST)  VALUE       VALUE  FROM      YEAR
                                                  NORMAL
..................................................................
TEMPERATURE (F)
 YESTERDAY
  MAXIMUM         25   1159 PM  56    1923  24      1       37
  MINIMUM          5   1201 AM -24    1983   6     -1       17
                                      1955
  AVERAGE         15                        15      0       27

PRECIPITATION (IN)
  YESTERDAY        0.00          0.21 1996   0.02  -0.02     0.00
  MONTH TO DATE    0.25                      0.32  -0.07     0.29
  SINCE DEC 1      0.25                      0.32  -0.07     0.29
  SINCE JAN 1     16.04                     21.87  -5.83    24.44

SNOWFALL (IN)
  YESTERDAY        0.0
  MONTH TO DATE    1.0
  SINCE OCT 1     11.4
  SINCE JUL 1     11.4
  SNOW DEPTH       1

DEGREE DAYS
 HEATING
  YESTERDAY       50                        50      0       38
  MONTH TO DATE  734                       852   -118      983
  SINCE DEC 1    734                       852   -118      983
  SINCE JUL 1   2815                      2792     23     2821

 COOLING
  YESTERDAY        0                         0      0        0
  MONTH TO DATE    0                         0      0        0
  SINCE DEC 1      0                         0      0        0
  SINCE JAN 1    369                       515   -146      618
..................................................................


WIND (MPH)
  HIGHEST WIND SPEED    12   HIGHEST WIND DIRECTION     S (170)
  HIGHEST GUST SPEED    15   HIGHEST GUST DIRECTION     S (200)
  AVERAGE WIND SPEED     7.6


SKY COVER
  POSSIBLE SUNSHINE  MM
  AVERAGE SKY COVER 1.0


WEATHER CONDITIONS
 THE FOLLOWING WEATHER WAS RECORDED YESTERDAY.
  FOG


RELATIVE HUMIDITY (PERCENT)
 HIGHEST    96           700 PM
 LOWEST     74           700 AM
 AVERAGE    85

..........................................................


THE WATERTOWN SD CLIMATE NORMALS FOR TODAY
                         NORMAL    RECORD    YEAR
 MAXIMUM TEMPERATURE (F)   24        51      1923
 MINIMUM TEMPERATURE (F)    6       -28      1955


SUNRISE AND SUNSET
DECEMBER 19 2014......SUNRISE   802 AM CST   SUNSET   449 PM CST
DECEMBER 20 2014......SUNRISE   803 AM CST   SUNSET   450 PM CST


-  INDICATES NEGATIVE NUMBERS.
R  INDICATES RECORD WAS SET OR TIED.
MM INDICATES DATA IS MISSING.
T  INDICATES TRACE AMOUNT.




$$
