440
CDUS43 KABR 242231
CLIATY


CLIMATE REPORT
NATIONAL WEATHER SERVICE ABERDEEN SD
530 PM CDT FRI MAR 24 2017


...................................

...THE WATERTOWN SD CLIMATE SUMMARY FOR MARCH 24 2017...
VALID TODAY AS OF 0500 PM LOCAL TIME.

CLIMATE NORMAL PERIOD 1981 TO 2010
CLIMATE RECORD PERIOD 1898 TO 2017


WEATHER ITEM   OBSERVED TIME   RECORD YEAR NORMAL DEPARTURE LAST
                VALUE   (LST)  VALUE       VALUE  FROM      YEAR
                                                  NORMAL
..................................................................
TEMPERATURE (F)
 TODAY
  MAXIMUM         38    359 PM  78    1939  43     -5       49
  MINIMUM         33    608 AM  -9    1974  23     10       16
  AVERAGE         36                        33      3       33

PRECIPITATION (IN)
  TODAY            0.00          1.17 1937   0.04  -0.04     0.00
  MONTH TO DATE    0.33                      0.80  -0.47     0.08
  SINCE MAR 1      0.33                      0.80  -0.47     0.08
  SINCE JAN 1      1.11                      1.88  -0.77     1.11

SNOWFALL (IN)
  TODAY            0.0
  MONTH TO DATE   11.3
  SINCE OCT 1     39.1
  SINCE JUL 1     39.1
  SNOW DEPTH       0

DEGREE DAYS
 HEATING
  TODAY           29                        32     -3       32
  MONTH TO DATE  913                       892     21      625
  SINCE MAR 1    913                       892     21      625
  SINCE JUL 1   6514                      7303   -789     5944

 COOLING
  TODAY            0                         0      0        0
  MONTH TO DATE    0                         0      0        0
  SINCE MAR 1      0                         0      0        0
  SINCE JAN 1      0                         0      0        0
..................................................................


WIND (MPH)
  HIGHEST WIND SPEED    21   HIGHEST WIND DIRECTION     N (20)
  HIGHEST GUST SPEED    25   HIGHEST GUST DIRECTION     N (20)
  AVERAGE WIND SPEED    12.8


SKY COVER
  POSSIBLE SUNSHINE  MM
  AVERAGE SKY COVER 1.0


WEATHER CONDITIONS
 THE FOLLOWING WEATHER WAS RECORDED TODAY.
  FOG


RELATIVE HUMIDITY (PERCENT)
 HIGHEST   100          1200 AM
 LOWEST     85           100 PM
 AVERAGE    93

..........................................................


THE WATERTOWN SD CLIMATE NORMALS FOR TOMORROW
                         NORMAL    RECORD    YEAR
 MAXIMUM TEMPERATURE (F)   43        81      1939
 MINIMUM TEMPERATURE (F)   24        -7      1913


SUNRISE AND SUNSET
MARCH 24 2017.........SUNRISE   724 AM CDT   SUNSET   747 PM CDT
MARCH 25 2017.........SUNRISE   722 AM CDT   SUNSET   748 PM CDT


-  INDICATES NEGATIVE NUMBERS.
R  INDICATES RECORD WAS SET OR TIED.
MM INDICATES DATA IS MISSING.
T  INDICATES TRACE AMOUNT.




$$
