000
CDUS43 KABR 101033
CLIATY


CLIMATE REPORT
NATIONAL WEATHER SERVICE ABERDEEN SD
432 AM CST SAT DEC 10 2016


...................................

...THE WATERTOWN SD CLIMATE SUMMARY FOR DECEMBER 9 2016...

CLIMATE NORMAL PERIOD 1981 TO 2010
CLIMATE RECORD PERIOD 1898 TO 2016


WEATHER ITEM   OBSERVED TIME   RECORD YEAR NORMAL DEPARTURE LAST
                VALUE   (LST)  VALUE       VALUE  FROM      YEAR
                                                  NORMAL
..................................................................
TEMPERATURE (F)
 YESTERDAY
  MAXIMUM          5    252 PM  59    1939  26    -21       45
  MINIMUM         -5    720 AM -24    1927   9    -14       24
  AVERAGE          0                        18    -18       35

PRECIPITATION (IN)
  YESTERDAY        0.00          0.35 1918   0.02  -0.02     0.00
  MONTH TO DATE    0.03                      0.17  -0.14     0.09
  SINCE DEC 1      0.03                      0.17  -0.14     0.09
  SINCE JAN 1     22.19                     21.72   0.47    21.19

SNOWFALL (IN)
  YESTERDAY        0.0
  MONTH TO DATE    0.6
  SINCE OCT 1      4.7
  SINCE JUL 1      4.7
  SNOW DEPTH       1

DEGREE DAYS
 HEATING
  YESTERDAY       65                        47     18       30
  MONTH TO DATE  415                       411      4      329
  SINCE DEC 1    415                       411      4      329
  SINCE JUL 1   1786                      2351   -565     1688

 COOLING
  YESTERDAY        0                         0      0        0
  MONTH TO DATE    0                         0      0        0
  SINCE DEC 1      0                         0      0        0
  SINCE JAN 1    721                       515    206      588
..................................................................


WIND (MPH)
  HIGHEST WIND SPEED    15   HIGHEST WIND DIRECTION    NW (320)
  HIGHEST GUST SPEED    17   HIGHEST GUST DIRECTION    NW (320)
  AVERAGE WIND SPEED     6.3


SKY COVER
  POSSIBLE SUNSHINE  MM
  AVERAGE SKY COVER 0.6


WEATHER CONDITIONS
 THE FOLLOWING WEATHER WAS RECORDED YESTERDAY.
  FOG
  HAZE


RELATIVE HUMIDITY (PERCENT)
 HIGHEST    87           400 AM
 LOWEST     76           200 PM
 AVERAGE    82

..........................................................


THE WATERTOWN SD CLIMATE NORMALS FOR TODAY
                         NORMAL    RECORD    YEAR
 MAXIMUM TEMPERATURE (F)   26        53      1928
 MINIMUM TEMPERATURE (F)    9       -20      1917
                                             1972


SUNRISE AND SUNSET
DECEMBER 10 2016......SUNRISE   756 AM CST   SUNSET   447 PM CST
DECEMBER 11 2016......SUNRISE   757 AM CST   SUNSET   447 PM CST


-  INDICATES NEGATIVE NUMBERS.
R  INDICATES RECORD WAS SET OR TIED.
MM INDICATES DATA IS MISSING.
T  INDICATES TRACE AMOUNT.




$$
