928
CDUS43 KABR 270910
CLIATY


CLIMATE REPORT
NATIONAL WEATHER SERVICE ABERDEEN SD
409 AM CDT SAT AUG 27 2016


...................................

...THE WATERTOWN SD CLIMATE SUMMARY FOR AUGUST 26 2016...

CLIMATE NORMAL PERIOD 1981 TO 2010
CLIMATE RECORD PERIOD 1898 TO 2016


WEATHER ITEM   OBSERVED TIME   RECORD YEAR NORMAL DEPARTURE LAST
                VALUE   (LST)  VALUE       VALUE  FROM      YEAR
                                                  NORMAL
..................................................................
TEMPERATURE (F)
 YESTERDAY
  MAXIMUM         71    543 PM 100    1973  78     -7       74
  MINIMUM         48    605 AM  37    1914  55     -7       48
  AVERAGE         60                        67     -7       61

PRECIPITATION (IN)
  YESTERDAY        0.00          1.48 1921   0.09  -0.09     0.05
  MONTH TO DATE    6.97                      2.36   4.61     5.42
  SINCE JUN 1     10.98                      8.96   2.02    11.92
  SINCE JAN 1     16.63                     15.81   0.82    17.92

DEGREE DAYS
 HEATING
  YESTERDAY        5                         2      3        4
  MONTH TO DATE   14                        30    -16       49
  SINCE JUN 1     51                       125    -74       89
  SINCE JUL 1     26                        47    -21       62

 COOLING
  YESTERDAY        0                         4     -4        0
  MONTH TO DATE  179                       133     46      121
  SINCE JUN 1    623                       435    188      441
  SINCE JAN 1    647                       457    190      449
..................................................................


WIND (MPH)
  HIGHEST WIND SPEED    13   HIGHEST WIND DIRECTION     S (160)
  HIGHEST GUST SPEED    16   HIGHEST GUST DIRECTION     S (160)
  AVERAGE WIND SPEED     3.8


SKY COVER
  POSSIBLE SUNSHINE  MM
  AVERAGE SKY COVER 0.4


WEATHER CONDITIONS
 THE FOLLOWING WEATHER WAS RECORDED YESTERDAY.
  NO SIGNIFICANT WEATHER WAS OBSERVED.


RELATIVE HUMIDITY (PERCENT)
 HIGHEST    96           300 AM
 LOWEST     49           200 PM
 AVERAGE    73

..........................................................


THE WATERTOWN SD CLIMATE NORMALS FOR TODAY
                         NORMAL    RECORD    YEAR
 MAXIMUM TEMPERATURE (F)   78       100      1973
 MINIMUM TEMPERATURE (F)   55        38      1914


SUNRISE AND SUNSET
AUGUST 27 2016........SUNRISE   645 AM CDT   SUNSET   814 PM CDT
AUGUST 28 2016........SUNRISE   647 AM CDT   SUNSET   812 PM CDT


-  INDICATES NEGATIVE NUMBERS.
R  INDICATES RECORD WAS SET OR TIED.
MM INDICATES DATA IS MISSING.
T  INDICATES TRACE AMOUNT.




$$
