000
CDUS43 KABR 250917
CLIATY


CLIMATE REPORT
NATIONAL WEATHER SERVICE ABERDEEN SD
416 AM CDT TUE APR 25 2017


...................................

...THE WATERTOWN SD CLIMATE SUMMARY FOR APRIL 24 2017...

CLIMATE NORMAL PERIOD 1981 TO 2010
CLIMATE RECORD PERIOD 1898 TO 2017


WEATHER ITEM   OBSERVED TIME   RECORD YEAR NORMAL DEPARTURE LAST
                VALUE   (LST)  VALUE       VALUE  FROM      YEAR
                                                  NORMAL
..................................................................
TEMPERATURE (F)
 YESTERDAY
  MAXIMUM         65    225 PM  87    1962  60      5       74
  MINIMUM         37   1159 PM  18    1934  36      1       53
  AVERAGE         51                        48      3       64

PRECIPITATION (IN)
  YESTERDAY        0.00          1.52 1953   0.09  -0.09     0.12
  MONTH TO DATE    1.70                      1.53   0.17     1.46
  SINCE MAR 1      2.03                      2.64  -0.61     1.72
  SINCE JAN 1      2.81                      3.72  -0.91     2.75

SNOWFALL (IN)
  YESTERDAY        0.0
  MONTH TO DATE    0.0
  SINCE OCT 1     39.1
  SINCE JUL 1     39.1
  SNOW DEPTH       0

DEGREE DAYS
 HEATING
  YESTERDAY       14                        17     -3        1
  MONTH TO DATE  454                       541    -87      428
  SINCE MAR 1   1531                      1645   -114     1224
  SINCE JUL 1   7132                      8056   -924     6543

 COOLING
  YESTERDAY        0                         0      0        0
  MONTH TO DATE    0                         0      0        0
  SINCE MAR 1      0                         0      0        0
  SINCE JAN 1      0                         0      0        0
..................................................................


WIND (MPH)
  HIGHEST WIND SPEED    28   HIGHEST WIND DIRECTION     S (200)
  HIGHEST GUST SPEED    36   HIGHEST GUST DIRECTION     S (200)
  AVERAGE WIND SPEED    14.2


SKY COVER
  POSSIBLE SUNSHINE  MM
  AVERAGE SKY COVER 0.2


WEATHER CONDITIONS
 THE FOLLOWING WEATHER WAS RECORDED YESTERDAY.
  NO SIGNIFICANT WEATHER WAS OBSERVED.


RELATIVE HUMIDITY (PERCENT)
 HIGHEST    86           900 PM
 LOWEST     43           100 PM
 AVERAGE    65

..........................................................


THE WATERTOWN SD CLIMATE NORMALS FOR TODAY
                         NORMAL    RECORD    YEAR
 MAXIMUM TEMPERATURE (F)   61        92      1962
 MINIMUM TEMPERATURE (F)   36        17      2013


SUNRISE AND SUNSET
APRIL 25 2017.........SUNRISE   627 AM CDT   SUNSET   827 PM CDT
APRIL 26 2017.........SUNRISE   625 AM CDT   SUNSET   828 PM CDT


-  INDICATES NEGATIVE NUMBERS.
R  INDICATES RECORD WAS SET OR TIED.
MM INDICATES DATA IS MISSING.
T  INDICATES TRACE AMOUNT.




$$
