000
CDUS44 KEWX 222252
CLIAUS


CLIMATE REPORT
NATIONAL WEATHER SERVICE AUSTIN/SAN ANTONIO, TX
551 PM CDT FRI MAY 22 2015


...................................

...THE AUSTIN BERGSTROM CLIMATE SUMMARY FOR MAY 22 2015...
VALID TODAY AS OF 551 PM LOCAL TIME.

CLIMATE NORMAL PERIOD 1981 TO 2010
CLIMATE RECORD PERIOD 1943 TO 2015


WEATHER ITEM   OBSERVED TIME   RECORD YEAR NORMAL DEPARTURE LAST
                VALUE   (LST)  VALUE       VALUE  FROM      YEAR
                                                  NORMAL
..................................................................
TEMPERATURE (F)
 TODAY
  MAXIMUM         78    314 PM  97    2005  88    -10       89
  MINIMUM         62    346 AM  47    2001  66     -4       68
  AVERAGE         70                        77     -7       79

PRECIPITATION (IN)
  TODAY            0.01          0.58 1944   0.08  -0.07      T
  MONTH TO DATE    7.73                      1.84   5.89     4.35
  SINCE MAR 1     14.12                      6.93   7.19     7.19
  SINCE JAN 1     19.86                     11.44   8.42     8.28

SNOWFALL (IN)
  TODAY            0.0
  MONTH TO DATE    0.0
  SINCE MAR 1      0.0
  SINCE JUL 1      T
  SNOW DEPTH       0

DEGREE DAYS
 HEATING
  TODAY            0                         0      0        0
  MONTH TO DATE    0                         0      0       13
  SINCE MAR 1    265                       285    -20      370
  SINCE JUL 1   1979                      1900     79     2187

 COOLING
  TODAY            5                        12     -7       14
  MONTH TO DATE  186                       204    -18      170
  SINCE MAR 1    392                       376     16      341
  SINCE JAN 1    394                       392      2      358
..................................................................


WIND (MPH)
  HIGHEST WIND SPEED    16   HIGHEST WIND DIRECTION    SE (150)
  HIGHEST GUST SPEED    19   HIGHEST GUST DIRECTION     E (110)
  AVERAGE WIND SPEED     7.6


SKY COVER
  AVERAGE SKY COVER 0.9


WEATHER CONDITIONS
 THE FOLLOWING WEATHER WAS RECORDED TODAY.
  LIGHT RAIN
  FOG
  FOG W/VISIBILITY <= 1/4 MILE


RELATIVE HUMIDITY (PERCENT)
 HIGHEST   100           200 AM
 LOWEST     74           200 PM
 AVERAGE    87

..........................................................


THE AUSTIN BERGSTROM CLIMATE NORMALS FOR TOMORROW
                         NORMAL    RECORD    YEAR
 MAXIMUM TEMPERATURE (F)   88        99      2008
 MINIMUM TEMPERATURE (F)   66        50      2001


SUNRISE AND SUNSET
MAY 22 2015...........SUNRISE   633 AM CDT   SUNSET   822 PM CDT
MAY 23 2015...........SUNRISE   633 AM CDT   SUNSET   822 PM CDT


-  INDICATES NEGATIVE NUMBERS.
R  INDICATES RECORD WAS SET OR TIED.
MM INDICATES DATA IS MISSING.
T  INDICATES TRACE AMOUNT.




$$
