000
CDUS44 KEWX 280805
CLIAUS


CLIMATE REPORT
NATIONAL WEATHER SERVICE AUSTIN/SAN ANTONIO, TX
304 AM CDT WED SEP 28 2016


...................................

...THE AUSTIN BERGSTROM CLIMATE SUMMARY FOR SEPTEMBER 27 2016...

CLIMATE NORMAL PERIOD 1981 TO 2010
CLIMATE RECORD PERIOD 1943 TO 2016


WEATHER ITEM   OBSERVED TIME   RECORD YEAR NORMAL DEPARTURE LAST
                VALUE   (LST)  VALUE       VALUE  FROM      YEAR
                                                  NORMAL
..................................................................
TEMPERATURE (F)
 YESTERDAY
  MAXIMUM         80    426 PM 105    1953  87     -7       93
  MINIMUM         65   1159 PM  45    2000  62      3       63
  AVERAGE         73                        75     -2       78

PRECIPITATION (IN)
  YESTERDAY        0.00          2.03 1973   0.08  -0.08     0.00
  MONTH TO DATE    3.17                      2.31   0.86     3.65
  SINCE SEP 1      3.17                      2.31   0.86     3.65
  SINCE JAN 1     48.05                     25.02  23.03    33.18

SNOWFALL (IN)
  YESTERDAY        0.0
  MONTH TO DATE    0.0
  SINCE SEP 1      0.0
  SINCE JUL 1      0.0
  SNOW DEPTH       0

DEGREE DAYS
 HEATING
  YESTERDAY        0                         0      0        0
  MONTH TO DATE    0                         0      0        0
  SINCE SEP 1      0                         0      0        0
  SINCE JUL 1      0                         0      0        0

 COOLING
  YESTERDAY        8                        10     -2       13
  MONTH TO DATE  452                       359     93      433
  SINCE SEP 1    452                       359     93      433
  SINCE JAN 1   2709                      2499    210     2528
..................................................................


WIND (MPH)
  HIGHEST WIND SPEED    16   HIGHEST WIND DIRECTION     N (10)
  HIGHEST GUST SPEED    19   HIGHEST GUST DIRECTION    NE (30)
  AVERAGE WIND SPEED     6.7


SKY COVER
  AVERAGE SKY COVER 0.8


WEATHER CONDITIONS
 THE FOLLOWING WEATHER WAS RECORDED YESTERDAY.
  NO SIGNIFICANT WEATHER WAS OBSERVED.


RELATIVE HUMIDITY (PERCENT)
 HIGHEST    93          1000 PM
 LOWEST     58           300 PM
 AVERAGE    76

..........................................................


THE AUSTIN BERGSTROM CLIMATE NORMALS FOR TODAY
                         NORMAL    RECORD    YEAR
 MAXIMUM TEMPERATURE (F)   87       105      2005
 MINIMUM TEMPERATURE (F)   62        46      2000


SUNRISE AND SUNSET
SEPTEMBER 28 2016.....SUNRISE   723 AM CDT   SUNSET   719 PM CDT
SEPTEMBER 29 2016.....SUNRISE   723 AM CDT   SUNSET   718 PM CDT


-  INDICATES NEGATIVE NUMBERS.
R  INDICATES RECORD WAS SET OR TIED.
MM INDICATES DATA IS MISSING.
T  INDICATES TRACE AMOUNT.




$$
