000
CDUS44 KEWX 272221
CLIAUS


CLIMATE REPORT
NATIONAL WEATHER SERVICE AUSTIN/SAN ANTONIO, TX
520 PM CDT SUN JUL 27 2014

...................................

...THE AUSTIN BERGSTROM CLIMATE SUMMARY FOR JULY 27 2014...
VALID TODAY AS OF 0500 PM LOCAL TIME.

CLIMATE NORMAL PERIOD 1981 TO 2010
CLIMATE RECORD PERIOD 1943 TO 2014


WEATHER ITEM   OBSERVED TIME   RECORD YEAR NORMAL DEPARTURE LAST
                VALUE   (LST)  VALUE       VALUE  FROM      YEAR
                                                  NORMAL
..................................................................
TEMPERATURE (F)
 TODAY
  MAXIMUM         99    411 PM 104    1954  96      3       89
  MINIMUM         72    618 AM  67    2004  72      0       74
  AVERAGE         86                        84      2       82

PRECIPITATION (IN)
  TODAY            0.00          3.11 1979   0.05  -0.05     0.03
  MONTH TO DATE    2.05                      2.24  -0.19     1.44
  SINCE JUN 1      3.73                      6.87  -3.14     2.19
  SINCE JAN 1     15.55                     20.92  -5.37    17.57

SNOWFALL (IN)
  TODAY            0.0
  MONTH TO DATE    0.0
  SINCE JUN 1      0.0
  SINCE JUL 1      0.0
  SNOW DEPTH       0

DEGREE DAYS
 HEATING
  TODAY            0                         0      0        0
  MONTH TO DATE    0                         0      0        0
  SINCE JUN 1      0                         0      0        0
  SINCE JUL 1      0                         0      0        0

 COOLING
  TODAY           21                        19      2       17
  MONTH TO DATE  477                       497    -20      511
  SINCE JUN 1    984                       978      6     1080
  SINCE JAN 1   1439                      1485    -46     1594
..................................................................


WIND (MPH)
  HIGHEST WIND SPEED    18   HIGHEST WIND DIRECTION     S (200)
  HIGHEST GUST SPEED    25   HIGHEST GUST DIRECTION     S (200)
  AVERAGE WIND SPEED     9.3


SKY COVER
  AVERAGE SKY COVER 0.3


WEATHER CONDITIONS
 THE FOLLOWING WEATHER WAS RECORDED TODAY.
  FOG
  HAZE


RELATIVE HUMIDITY (PERCENT)
 HIGHEST   100           400 AM
 LOWEST     33           400 PM
 AVERAGE    67

..........................................................


THE AUSTIN BERGSTROM CLIMATE NORMALS FOR TOMORROW
                         NORMAL    RECORD    YEAR
 MAXIMUM TEMPERATURE (F)   96       104      1995
 MINIMUM TEMPERATURE (F)   72        68      2003


SUNRISE AND SUNSET
JULY 27 2014..........SUNRISE   646 AM CDT   SUNSET   828 PM CDT
JULY 28 2014..........SUNRISE   647 AM CDT   SUNSET   827 PM CDT


-  INDICATES NEGATIVE NUMBERS.
R  INDICATES RECORD WAS SET OR TIED.
MM INDICATES DATA IS MISSING.
T  INDICATES TRACE AMOUNT.


$$
