000
CDUS44 KEWX 022253
CLIAUS


CLIMATE REPORT
NATIONAL WEATHER SERVICE AUSTIN/SAN ANTONIO, TX
552 PM CDT MON MAY 2 2016


...................................

...THE AUSTIN BERGSTROM CLIMATE SUMMARY FOR MAY 2 2016...
VALID TODAY AS OF 552 PM LOCAL TIME.

CLIMATE NORMAL PERIOD 1981 TO 2010
CLIMATE RECORD PERIOD 1943 TO 2016


WEATHER ITEM   OBSERVED TIME   RECORD YEAR NORMAL DEPARTURE LAST
                VALUE   (LST)  VALUE       VALUE  FROM      YEAR
                                                  NORMAL
..................................................................
TEMPERATURE (F)
 TODAY
  MAXIMUM         66    312 PM  96    1964  84    -18       81
  MINIMUM         60   1131 AM  47    2014  60      0       50
                                      2011
  AVERAGE         63                        72     -9       66

PRECIPITATION (IN)
  TODAY            0.05          1.62 1951   0.13  -0.08     0.00
  MONTH TO DATE    0.14                      0.26  -0.12     0.00
  SINCE MAR 1     10.43                      5.31   5.12     6.39
  SINCE JAN 1     12.61                      9.82   2.79    12.13

SNOWFALL (IN)
  TODAY            0.0
  MONTH TO DATE    0.0
  SINCE MAR 1      0.0
  SINCE JUL 1      T
  SNOW DEPTH       0

DEGREE DAYS
 HEATING
  TODAY            2                         0      2        0
  MONTH TO DATE    2                         0      2        0
  SINCE MAR 1    145                       285   -140      265
  SINCE JUL 1   1379                      1900   -521     1979

 COOLING
  TODAY            0                         7     -7        1
  MONTH TO DATE    6                        14     -8        2
  SINCE MAR 1    212                       186     26      208
  SINCE JAN 1    235                       202     33      210
..................................................................


WIND (MPH)
  HIGHEST WIND SPEED    24   HIGHEST WIND DIRECTION     N (360)
  HIGHEST GUST SPEED    32   HIGHEST GUST DIRECTION     N (20)
  AVERAGE WIND SPEED    16.3


SKY COVER
  AVERAGE SKY COVER 1.0


WEATHER CONDITIONS
 THE FOLLOWING WEATHER WAS RECORDED TODAY.
  THUNDERSTORM
  LIGHT RAIN


RELATIVE HUMIDITY (PERCENT)
 HIGHEST    78           200 AM
 LOWEST     58           200 PM
 AVERAGE    68

..........................................................


THE AUSTIN BERGSTROM CLIMATE NORMALS FOR TOMORROW
                         NORMAL    RECORD    YEAR
 MAXIMUM TEMPERATURE (F)   84        94      1984
 MINIMUM TEMPERATURE (F)   60        42      2013


SUNRISE AND SUNSET
MAY  2 2016...........SUNRISE   646 AM CDT   SUNSET   809 PM CDT
MAY  3 2016...........SUNRISE   645 AM CDT   SUNSET   810 PM CDT


-  INDICATES NEGATIVE NUMBERS.
R  INDICATES RECORD WAS SET OR TIED.
MM INDICATES DATA IS MISSING.
T  INDICATES TRACE AMOUNT.




$$
