000
CDUS44 KEWX 032250
CLIAUS


CLIMATE REPORT
NATIONAL WEATHER SERVICE AUSTIN/SAN ANTONIO, TX
549 PM CDT THU SEP 3 2015


...................................

...THE AUSTIN BERGSTROM CLIMATE SUMMARY FOR SEPTEMBER 3 2015...
VALID TODAY AS OF 0549 PM LOCAL TIME.

CLIMATE NORMAL PERIOD 1981 TO 2010
CLIMATE RECORD PERIOD 1943 TO 2015


WEATHER ITEM   OBSERVED TIME   RECORD YEAR NORMAL DEPARTURE LAST
                VALUE   (LST)  VALUE       VALUE  FROM      YEAR
                                                  NORMAL
..................................................................
TEMPERATURE (F)
 TODAY
  MAXIMUM         92    347 PM 107    2000  94     -2       99
  MINIMUM         68    616 AM  61    2004  69     -1       72
  AVERAGE         80                        81     -1       86

PRECIPITATION (IN)
  TODAY            0.00          1.29 1981   0.09  -0.09     0.00
  MONTH TO DATE    0.03                      0.26  -0.23      T
  SINCE SEP 1      0.03                      0.26  -0.23      T
  SINCE JAN 1     29.56                     22.97   6.59    15.55

SNOWFALL (IN)
  TODAY            0.0
  MONTH TO DATE    0.0
  SINCE SEP 1      0.0
  SINCE JUL 1      0.0
  SNOW DEPTH       0

DEGREE DAYS
 HEATING
  TODAY            0                         0      0        0
  MONTH TO DATE    0                         0      0        0
  SINCE SEP 1      0                         0      0        0
  SINCE JUL 1      0                         0      0        0

 COOLING
  TODAY           15                        16     -1       21
  MONTH TO DATE   45                        49     -4       66
  SINCE SEP 1     45                        49     -4       66
  SINCE JAN 1   2140                      2189    -49     2226
..................................................................


WIND (MPH)
  HIGHEST WIND SPEED    13   HIGHEST WIND DIRECTION    NE (50)
  HIGHEST GUST SPEED    23   HIGHEST GUST DIRECTION     E (70)
  AVERAGE WIND SPEED     2.4


SKY COVER
  AVERAGE SKY COVER 0.5


WEATHER CONDITIONS
 THE FOLLOWING WEATHER WAS RECORDED TODAY.
  NO SIGNIFICANT WEATHER WAS OBSERVED.


RELATIVE HUMIDITY (PERCENT)
 HIGHEST    97           200 AM
 LOWEST     44           100 PM
 AVERAGE    71

..........................................................


THE AUSTIN BERGSTROM CLIMATE NORMALS FOR TOMORROW
                         NORMAL    RECORD    YEAR
 MAXIMUM TEMPERATURE (F)   93       110      2000
 MINIMUM TEMPERATURE (F)   69        58      1974


SUNRISE AND SUNSET
SEPTEMBER  3 2015.....SUNRISE   708 AM CDT   SUNSET   751 PM CDT
SEPTEMBER  4 2015.....SUNRISE   709 AM CDT   SUNSET   750 PM CDT


-  INDICATES NEGATIVE NUMBERS.
R  INDICATES RECORD WAS SET OR TIED.
MM INDICATES DATA IS MISSING.
T  INDICATES TRACE AMOUNT.




$$
