000
CDUS44 KEWX 192252
CLIAUS


CLIMATE REPORT
NATIONAL WEATHER SERVICE AUSTIN/SAN ANTONIO, TX
551 PM CDT SAT AUG 19 2017


...................................

...THE AUSTIN BERGSTROM CLIMATE SUMMARY FOR AUGUST 19 2017...
VALID TODAY AS OF 0545 PM LOCAL TIME.

CLIMATE NORMAL PERIOD 1981 TO 2010
CLIMATE RECORD PERIOD 1943 TO 2017


WEATHER ITEM   OBSERVED TIME   RECORD YEAR NORMAL DEPARTURE LAST
                VALUE   (LST)  VALUE       VALUE  FROM      YEAR
                                                  NORMAL
..................................................................
TEMPERATURE (F)
 TODAY
  MAXIMUM        100    359 PM 106    1984  96      4       93
  MINIMUM         72    443 AM  65    2000  71      1       74
  AVERAGE         86                        84      2       84

PRECIPITATION (IN)
  TODAY            0.00          1.18 1951   0.06  -0.06      T
  MONTH TO DATE    2.92                      1.06   1.86     5.11
  SINCE JUN 1      6.41                      8.13  -1.72    13.39
  SINCE JAN 1     21.19                     21.74  -0.55    41.68

SNOWFALL (IN)
  TODAY            0.0
  MONTH TO DATE    0.0
  SINCE JUN 1      0.0
  SINCE JUL 1      0.0
  SNOW DEPTH       0

DEGREE DAYS
 HEATING
  TODAY            0                         0      0        0
  MONTH TO DATE    0                         0      0        0
  SINCE JUN 1      0                         0      0        0
  SINCE JUL 1      0                         0      0        0

 COOLING
  TODAY           21                        19      2       19
  MONTH TO DATE  408                       361     47      361
  SINCE JUN 1   1654                      1414    240     1550
  SINCE JAN 1   2439                      1921    518     2054
..................................................................


WIND (MPH)
  HIGHEST WIND SPEED    13   HIGHEST WIND DIRECTION    SE (150)
  HIGHEST GUST SPEED    21   HIGHEST GUST DIRECTION    SE (150)
  AVERAGE WIND SPEED     4.8


SKY COVER
  AVERAGE SKY COVER 0.2


WEATHER CONDITIONS
 THE FOLLOWING WEATHER WAS RECORDED TODAY.
  FOG


RELATIVE HUMIDITY (PERCENT)
 HIGHEST    94           400 AM
 LOWEST     33           400 PM
 AVERAGE    64

..........................................................


THE AUSTIN BERGSTROM CLIMATE NORMALS FOR TOMORROW
                         NORMAL    RECORD    YEAR
 MAXIMUM TEMPERATURE (F)   96       105      2011
                                             1999
 MINIMUM TEMPERATURE (F)   71        67      2013


SUNRISE AND SUNSET
AUGUST 19 2017........SUNRISE   700 AM CDT   SUNSET   808 PM CDT
AUGUST 20 2017........SUNRISE   701 AM CDT   SUNSET   807 PM CDT


-  INDICATES NEGATIVE NUMBERS.
R  INDICATES RECORD WAS SET OR TIED.
MM INDICATES DATA IS MISSING.
T  INDICATES TRACE AMOUNT.




$$
