000
CDUS44 KEWX 232300
CLIAUS


CLIMATE REPORT
NATIONAL WEATHER SERVICE AUSTIN/SAN ANTONIO, TX
559 PM CDT TUE MAY 23 2017


...................................

...THE AUSTIN BERGSTROM CLIMATE SUMMARY FOR MAY 23 2017...
VALID TODAY AS OF 500 PM LOCAL TIME.

CLIMATE NORMAL PERIOD 1981 TO 2010
CLIMATE RECORD PERIOD 1943 TO 2017


WEATHER ITEM   OBSERVED TIME   RECORD YEAR NORMAL DEPARTURE LAST
                VALUE   (LST)  VALUE       VALUE  FROM      YEAR
                                                  NORMAL
..................................................................
TEMPERATURE (F)
 TODAY
  MAXIMUM         86    253 PM  99    2008  88     -2       85
  MINIMUM         63   1228 AM  50    2001  66     -3       71
  AVERAGE         75                        77     -2       78

PRECIPITATION (IN)
  TODAY            T             3.75 1975   0.12  -0.12     0.01
  MONTH TO DATE    1.64                      3.00  -1.36     5.63
  SINCE MAR 1      6.12                      8.05  -1.93    15.92
  SINCE JAN 1     13.43                     12.56   0.87    18.10

SNOWFALL (IN)
  TODAY            0.0
  MONTH TO DATE    0.0
  SINCE MAR 1      T
  SINCE JUL 1      T
  SNOW DEPTH       0

DEGREE DAYS
 HEATING
  TODAY            0                         0      0        0
  MONTH TO DATE    0                         0      0        3
  SINCE MAR 1     86                       285   -199      146
  SINCE JUL 1    960                      1900   -940     1380

 COOLING
  TODAY           10                        12     -2       13
  MONTH TO DATE  219                       216      3      173
  SINCE MAR 1    562                       388    174      379
  SINCE JAN 1    671                       404    267      402
..................................................................


WIND (MPH)
  HIGHEST WIND SPEED    24   HIGHEST WIND DIRECTION     N (350)
  HIGHEST GUST SPEED    28   HIGHEST GUST DIRECTION     N (360)
  AVERAGE WIND SPEED     7.0


SKY COVER
  AVERAGE SKY COVER 0.7


WEATHER CONDITIONS
 THE FOLLOWING WEATHER WAS RECORDED TODAY.
  FOG


RELATIVE HUMIDITY (PERCENT)
 HIGHEST   100           100 AM
 LOWEST     45           300 PM
 AVERAGE    73

..........................................................


THE AUSTIN BERGSTROM CLIMATE NORMALS FOR TOMORROW
                         NORMAL    RECORD    YEAR
 MAXIMUM TEMPERATURE (F)   89        99      1955
 MINIMUM TEMPERATURE (F)   66        58      2001
                                             1967


SUNRISE AND SUNSET
MAY 23 2017...........SUNRISE   632 AM CDT   SUNSET   823 PM CDT
MAY 24 2017...........SUNRISE   632 AM CDT   SUNSET   823 PM CDT


-  INDICATES NEGATIVE NUMBERS.
R  INDICATES RECORD WAS SET OR TIED.
MM INDICATES DATA IS MISSING.
T  INDICATES TRACE AMOUNT.




$$
