000
CDUS44 KEWX 100654
CLIAUS


CLIMATE REPORT
NATIONAL WEATHER SERVICE AUSTIN/SAN ANTONIO, TX
1248 AM CST SAT DEC 10 2016


...................................

...THE AUSTIN BERGSTROM CLIMATE SUMMARY FOR DECEMBER 9 2016...

CLIMATE NORMAL PERIOD 1981 TO 2010
CLIMATE RECORD PERIOD 1943 TO 2016


WEATHER ITEM   OBSERVED TIME   RECORD YEAR NORMAL DEPARTURE LAST
                VALUE   (LST)  VALUE       VALUE  FROM      YEAR
                                                  NORMAL
..................................................................
TEMPERATURE (F)
 YESTERDAY
  MAXIMUM         46    355 PM  81    2008  64    -18       75
                                      2007
                                      2004
  MINIMUM         34   1159 PM  23    2010  38     -4       43
  AVERAGE         40                        51    -11       59

PRECIPITATION (IN)
  YESTERDAY        0.00          1.60 2002   0.07  -0.07     0.00
  MONTH TO DATE    3.02                      0.66   2.36     0.00
  SINCE DEC 1      3.02                      0.66   2.36     0.00
  SINCE JAN 1     53.77                     33.09  20.68    56.00

SNOWFALL (IN)
  YESTERDAY        0.0
  MONTH TO DATE    0.0
  SINCE DEC 1      0.0
  SINCE JUL 1      0.0
  SNOW DEPTH       0

DEGREE DAYS
 HEATING
  YESTERDAY       25                        14     11        6
  MONTH TO DATE  147                       121     26      115
  SINCE DEC 1    147                       121     26      115
  SINCE JUL 1    241                       406   -165      293

 COOLING
  YESTERDAY        0                         0      0        0
  MONTH TO DATE    0                         5     -5        0
  SINCE DEC 1      0                         5     -5        0
  SINCE JAN 1   3082                      2746    336     2852
..................................................................


WIND (MPH)
  HIGHEST WIND SPEED    22   HIGHEST WIND DIRECTION     N (350)
  HIGHEST GUST SPEED    25   HIGHEST GUST DIRECTION     N (360)
  AVERAGE WIND SPEED     8.9


SKY COVER
  AVERAGE SKY COVER 0.9


WEATHER CONDITIONS
 THE FOLLOWING WEATHER WAS RECORDED YESTERDAY.
  NO SIGNIFICANT WEATHER WAS OBSERVED.


RELATIVE HUMIDITY (PERCENT)
 HIGHEST    76          1100 PM
 LOWEST     37           100 PM
 AVERAGE    57

..........................................................


THE AUSTIN BERGSTROM CLIMATE NORMALS FOR TODAY
                         NORMAL    RECORD    YEAR
 MAXIMUM TEMPERATURE (F)   64        83      1947
 MINIMUM TEMPERATURE (F)   38        18      1978


SUNRISE AND SUNSET
DECEMBER 10 2016......SUNRISE   716 AM CST   SUNSET   531 PM CST
DECEMBER 11 2016......SUNRISE   717 AM CST   SUNSET   531 PM CST


-  INDICATES NEGATIVE NUMBERS.
R  INDICATES RECORD WAS SET OR TIED.
MM INDICATES DATA IS MISSING.
T  INDICATES TRACE AMOUNT.




$$
