000
CDUS43 KGRB 240735
CLIAUW


CLIMATE REPORT
NATIONAL WEATHER SERVICE GREEN BAY
134 AM CST WED JAN 24 2018


...................................

...THE WAUSAU WI CLIMATE SUMMARY FOR JANUARY 23 2018...

CLIMATE NORMAL PERIOD 1981 TO 2010
CLIMATE RECORD PERIOD 1896 TO 2018


WEATHER ITEM   OBSERVED TIME   RECORD YEAR NORMAL DEPARTURE LAST
                VALUE   (LST)  VALUE       VALUE  FROM      YEAR
                                                  NORMAL
..................................................................
TEMPERATURE (F)
 YESTERDAY
  MAXIMUM         26   1222 AM  49    1942  23      3       36
  MINIMUM         18   1052 PM -34    1963   6     12       33
  AVERAGE         22                        14      8

PRECIPITATION (IN)
  YESTERDAY        0.10          0.60 1990   0.03   0.07     0.00
  MONTH TO DATE    1.06                      0.77   0.29     1.83
  SINCE DEC 1      2.22                      2.13   0.09     4.49
  SINCE JAN 1      1.06                      0.77   0.29     1.83

SNOWFALL (IN)
  YESTERDAY        1.2           6.5  1990   0.5    0.7      0.0
  MONTH TO DATE   10.2                      10.1    0.1     11.8
  SINCE JUL 1     28.1                      32.3   -4.2     39.0
  SNOW DEPTH       5

DEGREE DAYS
 HEATING
  YESTERDAY       43                        51     -8       30
  MONTH TO DATE 1156                      1167    -11     1128
  SINCE DEC 1   2686                      2594     92     2545
  SINCE JUL 1   4371                      4453    -82     3823

 COOLING
  YESTERDAY        0                         0      0        0
  MONTH TO DATE    0                         0      0        0
  SINCE DEC 1      0                         0      0        0
  SINCE JAN 1      0                         0      0        0
..................................................................


WIND (MPH)
  HIGHEST WIND SPEED    21   HIGHEST WIND DIRECTION     N (340)
  HIGHEST GUST SPEED    29   HIGHEST GUST DIRECTION     N (340)
  AVERAGE WIND SPEED    10.4


SKY COVER
  POSSIBLE SUNSHINE  MM
  AVERAGE SKY COVER 0.9


WEATHER CONDITIONS
 THE FOLLOWING WEATHER WAS RECORDED YESTERDAY.
  LIGHT SNOW
  FOG


RELATIVE HUMIDITY (PERCENT)
 HIGHEST    96           200 AM
 LOWEST     74           100 PM
 AVERAGE    85

..........................................................


THE WAUSAU WI CLIMATE NORMALS FOR TODAY
                         NORMAL    RECORD    YEAR
 MAXIMUM TEMPERATURE (F)   23        54      1942
 MINIMUM TEMPERATURE (F)    6       -33      1948


SUNRISE AND SUNSET
JANUARY 24 2018.......SUNRISE   726 AM CST   SUNSET   455 PM CST
JANUARY 25 2018.......SUNRISE   725 AM CST   SUNSET   457 PM CST


-  INDICATES NEGATIVE NUMBERS.
R  INDICATES RECORD WAS SET OR TIED.
MM INDICATES DATA IS MISSING.
T  INDICATES TRACE AMOUNT.




$$
