000
CDUS43 KGRB 300715
CLIAUW


CLIMATE REPORT
NATIONAL WEATHER SERVICE GREEN BAY
215 AM CDT SUN AUG 30 2015


...................................

...THE WAUSAU WI CLIMATE SUMMARY FOR AUGUST 29 2015...

CLIMATE NORMAL PERIOD 1981 TO 2010
CLIMATE RECORD PERIOD 1896 TO 2015


WEATHER ITEM   OBSERVED TIME   RECORD YEAR NORMAL DEPARTURE LAST
                VALUE   (LST)  VALUE       VALUE  FROM      YEAR
                                                  NORMAL
..................................................................
TEMPERATURE (F)
 YESTERDAY
  MAXIMUM         68    517 PM  93    1973  75     -7       80
  MINIMUM         55   1159 PM  35    1965  55      0       57
  AVERAGE         62                        65     -3

PRECIPITATION (IN)
  YESTERDAY        0.00          1.88 1962   0.13  -0.13     0.97
  MONTH TO DATE    3.62                      3.90  -0.28     6.15
  SINCE JUN 1     11.26                     12.04  -0.78    14.26
  SINCE JAN 1     21.99                     21.95   0.04    25.70

SNOWFALL (IN)
  YESTERDAY        0.0           0.0    MM   0.0    0.0      0.0
  MONTH TO DATE    0.0                       0.0    0.0      0.0
  SINCE JUL 1      0.0                       0.0    0.0      0.0
  SNOW DEPTH       0

DEGREE DAYS
 HEATING
  YESTERDAY        3                         2      1        0
  MONTH TO DATE   44                        37      7       15
  SINCE JUN 1    123                       149    -26       76
  SINCE JUL 1     62                        60      2       54

 COOLING
  YESTERDAY        0                         3     -3        4
  MONTH TO DATE  104                       112     -8       99
  SINCE JUN 1    315                       353    -38      293
  SINCE JAN 1    333                       372    -39      318
..................................................................


WIND (MPH)
  HIGHEST WIND SPEED    10   HIGHEST WIND DIRECTION    SE (150)
  HIGHEST GUST SPEED    12   HIGHEST GUST DIRECTION     S (160)
  AVERAGE WIND SPEED     2.7


SKY COVER
  POSSIBLE SUNSHINE  MM
  AVERAGE SKY COVER 0.8


WEATHER CONDITIONS
 THE FOLLOWING WEATHER WAS RECORDED YESTERDAY.
  FOG


RELATIVE HUMIDITY (PERCENT)
 HIGHEST   100          1100 PM
 LOWEST     73           400 PM
 AVERAGE    87

..........................................................


THE WAUSAU WI CLIMATE NORMALS FOR TODAY
                         NORMAL    RECORD    YEAR
 MAXIMUM TEMPERATURE (F)   75        93      2012
                                             1908
 MINIMUM TEMPERATURE (F)   55        32      1915


SUNRISE AND SUNSET
AUGUST 30 2015........SUNRISE   618 AM CDT   SUNSET   740 PM CDT
AUGUST 31 2015........SUNRISE   619 AM CDT   SUNSET   738 PM CDT


-  INDICATES NEGATIVE NUMBERS.
R  INDICATES RECORD WAS SET OR TIED.
MM INDICATES DATA IS MISSING.
T  INDICATES TRACE AMOUNT.




$$
