000
CDUS43 KGRB 020646
CLIAUW


CLIMATE REPORT
NATIONAL WEATHER SERVICE GREEN BAY
145 AM CDT THU JUL 2 2015


...................................

...THE WAUSAU WI CLIMATE SUMMARY FOR JULY 1 2015...

CLIMATE NORMAL PERIOD 1981 TO 2010
CLIMATE RECORD PERIOD 1896 TO 2015


WEATHER ITEM   OBSERVED TIME   RECORD YEAR NORMAL DEPARTURE LAST
                VALUE   (LST)  VALUE       VALUE  FROM      YEAR
                                                  NORMAL
..................................................................
TEMPERATURE (F)
 YESTERDAY
  MAXIMUM         73    443 PM  98    1910  79     -6       75
  MINIMUM         46    449 AM  38    1948  58    -12       60
  AVERAGE         60                        69     -9

PRECIPITATION (IN)
  YESTERDAY        0.00          4.68 1903   0.13  -0.13     0.40
  MONTH TO DATE    0.00                      0.13  -0.13     0.40
  SINCE JUN 1      4.56                      4.44   0.12     5.91
  SINCE JAN 1     15.29                     14.35   0.94    17.35

SNOWFALL (IN)
  YESTERDAY        0.0           0.0    MM   0.0    0.0      0.0
  MONTH TO DATE    0.0                       0.0    0.0      0.0
  SINCE JUL 1      0.0                       0.0    0.0      0.0
  SNOW DEPTH       0

DEGREE DAYS
 HEATING
  YESTERDAY        5                         1      4        0
  MONTH TO DATE    5                         1      4        0
  SINCE JUN 1     66                        90    -24       22
  SINCE JUL 1      5                         1      4        0

 COOLING
  YESTERDAY        0                         5     -5        3
  MONTH TO DATE    0                         5     -5        3
  SINCE JUN 1     47                        90    -43      113
  SINCE JAN 1     65                       109    -44      138
..................................................................


WIND (MPH)
  HIGHEST WIND SPEED    13   HIGHEST WIND DIRECTION    NE (60)
  HIGHEST GUST SPEED    17   HIGHEST GUST DIRECTION     N (340)
  AVERAGE WIND SPEED     5.3


SKY COVER
  POSSIBLE SUNSHINE  MM
  AVERAGE SKY COVER 0.0


WEATHER CONDITIONS
 THE FOLLOWING WEATHER WAS RECORDED YESTERDAY.
  NO SIGNIFICANT WEATHER WAS OBSERVED.


RELATIVE HUMIDITY (PERCENT)
 HIGHEST    93           100 AM
 LOWEST     34           600 PM
 AVERAGE    64

..........................................................


THE WAUSAU WI CLIMATE NORMALS FOR TODAY
                         NORMAL    RECORD    YEAR
 MAXIMUM TEMPERATURE (F)   80        99      1911
 MINIMUM TEMPERATURE (F)   58        40      1904


SUNRISE AND SUNSET
JULY  2 2015..........SUNRISE   516 AM CDT   SUNSET   848 PM CDT
JULY  3 2015..........SUNRISE   517 AM CDT   SUNSET   848 PM CDT


-  INDICATES NEGATIVE NUMBERS.
R  INDICATES RECORD WAS SET OR TIED.
MM INDICATES DATA IS MISSING.
T  INDICATES TRACE AMOUNT.




$$
