446
CDUS43 KGRB 180653
CLIAUW


CLIMATE REPORT
NATIONAL WEATHER SERVICE GREEN BAY
1252 AM CST SAT NOV 18 2017


...................................

...THE WAUSAU WI CLIMATE SUMMARY FOR NOVEMBER 17 2017...

CLIMATE NORMAL PERIOD 1981 TO 2010
CLIMATE RECORD PERIOD 1896 TO 2017


WEATHER ITEM   OBSERVED TIME   RECORD YEAR NORMAL DEPARTURE LAST
                VALUE   (LST)  VALUE       VALUE  FROM      YEAR
                                                  NORMAL
..................................................................
TEMPERATURE (F)
 YESTERDAY
  MAXIMUM         35   1255 PM  69    1953  39     -4       58
  MINIMUM         29    105 AM  -3    1959  24      5       43
  AVERAGE         32                        32      0

PRECIPITATION (IN)
  YESTERDAY        0.05          1.52 1958   0.06  -0.01     0.00
  MONTH TO DATE    1.18                      1.19  -0.01     0.03
  SINCE SEP 1      6.74                      8.03  -1.29     7.11
  SINCE JAN 1     36.06                     30.24   5.82    32.46

SNOWFALL (IN)
  YESTERDAY        0.0           3.1  1995   0.3   -0.3      0.0
  MONTH TO DATE    8.3                       2.7    5.6      0.0
  SINCE JUL 1      8.3                       4.1    4.2      0.0
  SNOW DEPTH       0

DEGREE DAYS
 HEATING
  YESTERDAY       33                        33      0       14
  MONTH TO DATE  594                       497     97      305
  SINCE SEP 1   1209                      1315   -106      854
  SINCE JUL 1   1267                      1381   -114      876

 COOLING
  YESTERDAY        0                         0      0        0
  MONTH TO DATE    0                         0      0        0
  SINCE SEP 1     67                        32     35       25
  SINCE JAN 1    339                       407    -68      512
..................................................................


WIND (MPH)
  HIGHEST WIND SPEED    20   HIGHEST WIND DIRECTION    SE (150)
  HIGHEST GUST SPEED    26   HIGHEST GUST DIRECTION    SE (150)
  AVERAGE WIND SPEED     8.6


SKY COVER
  POSSIBLE SUNSHINE  MM
  AVERAGE SKY COVER 1.0


WEATHER CONDITIONS
 THE FOLLOWING WEATHER WAS RECORDED YESTERDAY.
  LIGHT RAIN
  FOG
  HAZE


RELATIVE HUMIDITY (PERCENT)
 HIGHEST   100           600 PM
 LOWEST     78           100 AM
 AVERAGE    89

..........................................................


THE WAUSAU WI CLIMATE NORMALS FOR TODAY
                         NORMAL    RECORD    YEAR
 MAXIMUM TEMPERATURE (F)   39        67      1941
 MINIMUM TEMPERATURE (F)   24         5      1986
                                             1909


SUNRISE AND SUNSET
NOVEMBER 18 2017......SUNRISE   700 AM CST   SUNSET   427 PM CST
NOVEMBER 19 2017......SUNRISE   702 AM CST   SUNSET   426 PM CST


-  INDICATES NEGATIVE NUMBERS.
R  INDICATES RECORD WAS SET OR TIED.
MM INDICATES DATA IS MISSING.
T  INDICATES TRACE AMOUNT.




$$
