000
CDUS43 KGRB 240656
CLIAUW


CLIMATE REPORT
NATIONAL WEATHER SERVICE GREEN BAY
1255 AM CST FRI FEB 24 2017


...................................

...THE WAUSAU WI CLIMATE SUMMARY FOR FEBRUARY 23 2017...

CLIMATE NORMAL PERIOD 1981 TO 2010
CLIMATE RECORD PERIOD 1896 TO 2017


WEATHER ITEM   OBSERVED TIME   RECORD YEAR NORMAL DEPARTURE LAST
                VALUE   (LST)  VALUE       VALUE  FROM      YEAR
                                                  NORMAL
..................................................................
TEMPERATURE (F)
 YESTERDAY
  MAXIMUM         42    341 PM  50    2000  31     11       35
  MINIMUM         32   1159 PM -20    1910  13     19       22
  AVERAGE         37                        22     15

PRECIPITATION (IN)
  YESTERDAY        T             1.07 1922   0.03  -0.03     0.01
  MONTH TO DATE    0.88                      0.71   0.17     0.55
  SINCE DEC 1      5.88                      3.09   2.79     6.34
  SINCE JAN 1      3.22                      1.73   1.49     1.39

SNOWFALL (IN)
  YESTERDAY        T             9.2  1922   0.3   -0.3      0.1
  MONTH TO DATE    0.4                       7.8   -7.4      8.8
  SINCE JUL 1     46.5                      43.5    3.0     24.2
  SNOW DEPTH       0

DEGREE DAYS
 HEATING
  YESTERDAY       28                        43    -15       36
  MONTH TO DATE  890                      1073   -183     1010
  SINCE DEC 1   3760                      4064   -304     3518
  SINCE JUL 1   5038                      5923   -885     4924

 COOLING
  YESTERDAY        0                         0      0        0
  MONTH TO DATE    0                         0      0        0
  SINCE DEC 1      0                         0      0        0
  SINCE JAN 1      0                         0      0        0
..................................................................


WIND (MPH)
  HIGHEST WIND SPEED    16   HIGHEST WIND DIRECTION     N (350)
  HIGHEST GUST SPEED    23   HIGHEST GUST DIRECTION    NW (320)
  AVERAGE WIND SPEED     8.8


SKY COVER
  POSSIBLE SUNSHINE  MM
  AVERAGE SKY COVER 0.9


WEATHER CONDITIONS
 THE FOLLOWING WEATHER WAS RECORDED YESTERDAY.
  LIGHT SNOW


RELATIVE HUMIDITY (PERCENT)
 HIGHEST   100           100 AM
 LOWEST     46           300 PM
 AVERAGE    73

..........................................................


THE WAUSAU WI CLIMATE NORMALS FOR TODAY
                         NORMAL    RECORD    YEAR
 MAXIMUM TEMPERATURE (F)   31        54      1976
 MINIMUM TEMPERATURE (F)   13       -19      1913


SUNRISE AND SUNSET
FEBRUARY 24 2017......SUNRISE   644 AM CST   SUNSET   540 PM CST
FEBRUARY 25 2017......SUNRISE   643 AM CST   SUNSET   541 PM CST


-  INDICATES NEGATIVE NUMBERS.
R  INDICATES RECORD WAS SET OR TIED.
MM INDICATES DATA IS MISSING.
T  INDICATES TRACE AMOUNT.




$$
