000
CDUS43 KGRB 230647
CLIAUW


CLIMATE REPORT
NATIONAL WEATHER SERVICE GREEN BAY
146 AM CDT THU MAR 23 2017


...................................

...THE WAUSAU WI CLIMATE SUMMARY FOR MARCH 22 2017...

CLIMATE NORMAL PERIOD 1981 TO 2010
CLIMATE RECORD PERIOD 1896 TO 2017


WEATHER ITEM   OBSERVED TIME   RECORD YEAR NORMAL DEPARTURE LAST
                VALUE   (LST)  VALUE       VALUE  FROM      YEAR
                                                  NORMAL
..................................................................
TEMPERATURE (F)
 YESTERDAY
  MAXIMUM         35    439 PM  71    2012  42     -7       55
                                      1938
  MINIMUM         14    552 AM -10    1943  23     -9       35
  AVERAGE         25                        32     -7

PRECIPITATION (IN)
  YESTERDAY        0.00          0.89 2011   0.07  -0.07     0.00
  MONTH TO DATE    1.15                      1.19  -0.04     3.15
  SINCE MAR 1      1.15                      1.19  -0.04     3.15
  SINCE JAN 1      5.09                      3.13   1.96     4.58

SNOWFALL (IN)
  YESTERDAY        0.0           6.3  1955   0.3   -0.3      0.0
  MONTH TO DATE    5.0                       7.9   -2.9      2.6
  SINCE JUL 1     58.8                      53.2    5.6     27.0
  SNOW DEPTH       0

DEGREE DAYS
 HEATING
  YESTERDAY       40                        32      8       20
  MONTH TO DATE  843                       812     31      582
  SINCE MAR 1    843                       812     31      582
  SINCE JUL 1   6069                      6948   -879     5705

 COOLING
  YESTERDAY        0                         0      0        0
  MONTH TO DATE    0                         0      0        0
  SINCE MAR 1      0                         0      0        0
  SINCE JAN 1      0                         0      0        0
..................................................................


WIND (MPH)
  HIGHEST WIND SPEED    13   HIGHEST WIND DIRECTION     E (100)
  HIGHEST GUST SPEED    16   HIGHEST GUST DIRECTION     E (80)
  AVERAGE WIND SPEED     5.9


SKY COVER
  POSSIBLE SUNSHINE  MM
  AVERAGE SKY COVER 0.0


WEATHER CONDITIONS
 THE FOLLOWING WEATHER WAS RECORDED YESTERDAY.
  NO SIGNIFICANT WEATHER WAS OBSERVED.


RELATIVE HUMIDITY (PERCENT)
 HIGHEST    67           200 AM
 LOWEST     26           400 PM
 AVERAGE    47

..........................................................


THE WAUSAU WI CLIMATE NORMALS FOR TODAY
                         NORMAL    RECORD    YEAR
 MAXIMUM TEMPERATURE (F)   43        73      1910
 MINIMUM TEMPERATURE (F)   23        -8      1940
                                             1906


SUNRISE AND SUNSET
MARCH 23 2017.........SUNRISE   656 AM CDT   SUNSET   715 PM CDT
MARCH 24 2017.........SUNRISE   654 AM CDT   SUNSET   716 PM CDT


-  INDICATES NEGATIVE NUMBERS.
R  INDICATES RECORD WAS SET OR TIED.
MM INDICATES DATA IS MISSING.
T  INDICATES TRACE AMOUNT.




$$
