913
CDUS43 KGRB 070803
CLIAUW


CLIMATE REPORT
NATIONAL WEATHER SERVICE GREEN BAY
201 AM CST SUN FEB 7 2016


...................................

...THE WAUSAU WI CLIMATE SUMMARY FOR FEBRUARY 6 2016...

CLIMATE NORMAL PERIOD 1981 TO 2010
CLIMATE RECORD PERIOD 1896 TO 2016


WEATHER ITEM   OBSERVED TIME   RECORD YEAR NORMAL DEPARTURE LAST
                VALUE   (LST)  VALUE       VALUE  FROM      YEAR
                                                  NORMAL
..................................................................
TEMPERATURE (F)
 YESTERDAY
  MAXIMUM         33    554 PM  43    2005  26      7       27
                                      2002
                                      1998
  MINIMUM         23    522 AM -28    1899   8     15        7
  AVERAGE         28                        17     11

PRECIPITATION (IN)
  YESTERDAY        T             0.60 1951   0.03  -0.03     0.00
  MONTH TO DATE    0.42                      0.18   0.24     0.02
  SINCE DEC 1      6.21                      2.56   3.65     2.00
  SINCE JAN 1      1.26                      1.20   0.06     0.60

SNOWFALL (IN)
  YESTERDAY        T             5.9  1951   0.3   -0.3      0.0
  MONTH TO DATE    5.7                       2.2    3.5      0.6
  SINCE JUL 1     21.1                      37.9  -16.8     41.0
  SNOW DEPTH      10

DEGREE DAYS
 HEATING
  YESTERDAY       37                        48    -11       48
  MONTH TO DATE  249                       293    -44      346
  SINCE DEC 1   2757                      3284   -527     3220
  SINCE JUL 1   4163                      5143   -980     5303

 COOLING
  YESTERDAY        0                         0      0        0
  MONTH TO DATE    0                         0      0        0
  SINCE DEC 1      0                         0      0        0
  SINCE JAN 1      0                         0      0        0
..................................................................


WIND (MPH)
  HIGHEST WIND SPEED    18   HIGHEST WIND DIRECTION     S (200)
  HIGHEST GUST SPEED    23   HIGHEST GUST DIRECTION    SW (210)
  AVERAGE WIND SPEED     9.8


SKY COVER
  POSSIBLE SUNSHINE  MM
  AVERAGE SKY COVER 0.9


WEATHER CONDITIONS
 THE FOLLOWING WEATHER WAS RECORDED YESTERDAY.
  LIGHT SNOW
  FOG
  HAZE


RELATIVE HUMIDITY (PERCENT)
 HIGHEST    88           400 AM
 LOWEST     61           300 PM
 AVERAGE    75

..........................................................


THE WAUSAU WI CLIMATE NORMALS FOR TODAY
                         NORMAL    RECORD    YEAR
 MAXIMUM TEMPERATURE (F)   26        47      1987
 MINIMUM TEMPERATURE (F)    8       -36      1899


SUNRISE AND SUNSET
FEBRUARY  7 2016......SUNRISE   711 AM CST   SUNSET   515 PM CST
FEBRUARY  8 2016......SUNRISE   710 AM CST   SUNSET   516 PM CST


-  INDICATES NEGATIVE NUMBERS.
R  INDICATES RECORD WAS SET OR TIED.
MM INDICATES DATA IS MISSING.
T  INDICATES TRACE AMOUNT.

$$
