000
CDUS43 KGRB 280649
CLIAUW


CLIMATE REPORT
NATIONAL WEATHER SERVICE GREEN BAY
1248 AM CST WED JAN 28 2015


...................................

...THE WAUSAU WI CLIMATE SUMMARY FOR JANUARY 27 2015...

CLIMATE NORMAL PERIOD 1981 TO 2010
CLIMATE RECORD PERIOD 1896 TO 2015


WEATHER ITEM   OBSERVED TIME   RECORD YEAR NORMAL DEPARTURE LAST
                VALUE   (LST)  VALUE       VALUE  FROM      YEAR
                                                  NORMAL
..................................................................
TEMPERATURE (F)
 YESTERDAY
  MAXIMUM         25    501 PM  49    2002  24      1       -2
  MINIMUM         22   1041 AM -31    1950   6     16      -17
  AVERAGE         24                        15      9

PRECIPITATION (IN)
  YESTERDAY        T             0.49 1944   0.03  -0.03     0.00
  MONTH TO DATE    0.58                      0.89  -0.31     1.17
  SINCE DEC 1      1.98                      2.25  -0.27     2.74
  SINCE JAN 1      0.58                      0.89  -0.31     1.17

SNOWFALL (IN)
  YESTERDAY        T             5.3  2013   0.4   -0.4      0.0
  MONTH TO DATE    9.4                      11.8   -2.4     18.5
  SINCE JUL 1     40.4                      34.0    6.4     47.2
  SNOW DEPTH       9

DEGREE DAYS
 HEATING
  YESTERDAY       41                        50     -9       74
  MONTH TO DATE 1377                      1367     10     1581
  SINCE DEC 1   2701                      2794    -93     3244
  SINCE JUL 1   4784                      4653    131     5054

 COOLING
  YESTERDAY        0                         0      0        0
  MONTH TO DATE    0                         0      0        0
  SINCE DEC 1      0                         0      0        0
  SINCE JAN 1      0                         0      0        0
..................................................................


WIND (MPH)
  HIGHEST WIND SPEED     9   HIGHEST WIND DIRECTION     S (180)
  HIGHEST GUST SPEED    12   HIGHEST GUST DIRECTION     S (180)
  AVERAGE WIND SPEED     3.3


SKY COVER
  POSSIBLE SUNSHINE  MM
  AVERAGE SKY COVER 1.0


WEATHER CONDITIONS
 THE FOLLOWING WEATHER WAS RECORDED YESTERDAY.
  LIGHT SNOW
  FOG
  HAZE


RELATIVE HUMIDITY (PERCENT)
 HIGHEST   100           800 AM
 LOWEST     81           100 PM
 AVERAGE    91

..........................................................


THE WAUSAU WI CLIMATE NORMALS FOR TODAY
                         NORMAL    RECORD    YEAR
 MAXIMUM TEMPERATURE (F)   24        46      1906
 MINIMUM TEMPERATURE (F)    6       -31      1915


SUNRISE AND SUNSET
JANUARY 28 2015.......SUNRISE   723 AM CST   SUNSET   501 PM CST
JANUARY 29 2015.......SUNRISE   722 AM CST   SUNSET   502 PM CST


-  INDICATES NEGATIVE NUMBERS.
R  INDICATES RECORD WAS SET OR TIED.
MM INDICATES DATA IS MISSING.
T  INDICATES TRACE AMOUNT.




$$
