383
CDUS43 KGRB 050655
CLIAUW


CLIMATE REPORT
NATIONAL WEATHER SERVICE GREEN BAY
1253 AM CST MON DEC 5 2016


...................................

...THE WAUSAU WI CLIMATE SUMMARY FOR DECEMBER 4 2016...

CLIMATE NORMAL PERIOD 1981 TO 2010
CLIMATE RECORD PERIOD 1896 TO 2016


WEATHER ITEM   OBSERVED TIME   RECORD YEAR NORMAL DEPARTURE LAST
                VALUE   (LST)  VALUE       VALUE  FROM      YEAR
                                                  NORMAL
..................................................................
TEMPERATURE (F)
 YESTERDAY
  MAXIMUM         32   1159 PM  58    2001  30      2       48
  MINIMUM         27    837 AM  -7    1991  16     11       25
  AVERAGE         30                        23      7

PRECIPITATION (IN)
  YESTERDAY        0.35          0.40 1953   0.05   0.30     0.00
  MONTH TO DATE    0.35                      0.21   0.14     0.29
  SINCE DEC 1      0.35                      0.21   0.14     0.29
  SINCE JAN 1     34.67                     31.26   3.41    32.64

SNOWFALL (IN)
  YESTERDAY        3.4           4.0  1987   0.4    3.0      0.0
  MONTH TO DATE    3.4                       1.6    1.8      1.4
  SINCE JUL 1      6.5                       9.9   -3.4      1.6
  SNOW DEPTH       3

DEGREE DAYS
 HEATING
  YESTERDAY       35                        42     -7       28
  MONTH TO DATE  136                       166    -30      124
  SINCE DEC 1    136                       166    -30      124
  SINCE JUL 1   1414                      2025   -611     1530

 COOLING
  YESTERDAY        0                         0      0        0
  MONTH TO DATE    0                         0      0        0
  SINCE DEC 1      0                         0      0        0
  SINCE JAN 1    512                       407    105      435
..................................................................


WIND (MPH)
  HIGHEST WIND SPEED    14   HIGHEST WIND DIRECTION     S (160)
  HIGHEST GUST SPEED    17   HIGHEST GUST DIRECTION    SE (150)
  AVERAGE WIND SPEED     8.5


SKY COVER
  POSSIBLE SUNSHINE  MM
  AVERAGE SKY COVER 1.0


WEATHER CONDITIONS
 THE FOLLOWING WEATHER WAS RECORDED YESTERDAY.
  SNOW
  LIGHT SNOW
  FOG


RELATIVE HUMIDITY (PERCENT)
 HIGHEST   100          1200 PM
 LOWEST     75           200 AM
 AVERAGE    88

..........................................................


THE WAUSAU WI CLIMATE NORMALS FOR TODAY
                         NORMAL    RECORD    YEAR
 MAXIMUM TEMPERATURE (F)   30        61      2001
 MINIMUM TEMPERATURE (F)   15       -10      1955


SUNRISE AND SUNSET
DECEMBER  5 2016......SUNRISE   721 AM CST   SUNSET   417 PM CST
DECEMBER  6 2016......SUNRISE   722 AM CST   SUNSET   417 PM CST


-  INDICATES NEGATIVE NUMBERS.
R  INDICATES RECORD WAS SET OR TIED.
MM INDICATES DATA IS MISSING.
T  INDICATES TRACE AMOUNT.




$$
