000
CDUS43 KGRB 280735
CLIAUW


CLIMATE REPORT
NATIONAL WEATHER SERVICE GREEN BAY
232 AM CDT FRI APR 28 2017


...................................

...THE WAUSAU WI CLIMATE SUMMARY FOR APRIL 27 2017...

CLIMATE NORMAL PERIOD 1981 TO 2010
CLIMATE RECORD PERIOD 1896 TO 2017


WEATHER ITEM   OBSERVED TIME   RECORD YEAR NORMAL DEPARTURE LAST
                VALUE   (LST)  VALUE       VALUE  FROM      YEAR
                                                  NORMAL
..................................................................
TEMPERATURE (F)
 YESTERDAY
  MAXIMUM         38   1239 AM  85    1986  61    -23       57
  MINIMUM         30   1157 AM  21    1946  38     -8       33
                                      1934
  AVERAGE         34                        49    -15

PRECIPITATION (IN)
  YESTERDAY        0.59          2.10 1899   0.11   0.48     0.00
  MONTH TO DATE    5.64                      2.41   3.23     2.31
  SINCE MAR 1      7.82                      4.17   3.65     7.26
  SINCE JAN 1     11.76                      6.11   5.65     8.69

SNOWFALL (IN)
  YESTERDAY        1.3           2.4  2002   0.1    1.2      0.0
  MONTH TO DATE    1.7                       3.9   -2.2      5.8
  SINCE JUL 1     60.5                      59.2    1.3     43.4
  SNOW DEPTH       0

DEGREE DAYS
 HEATING
  YESTERDAY       31                        16     15       20
  MONTH TO DATE  486                       585    -99      561
  SINCE MAR 1   1571                      1670    -99     1369
  SINCE JUL 1   6797                      7806  -1009     6492

 COOLING
  YESTERDAY        0                         0      0        0
  MONTH TO DATE    0                         0      0        2
  SINCE MAR 1      0                         0      0        2
  SINCE JAN 1      0                         0      0        2
..................................................................


WIND (MPH)
  HIGHEST WIND SPEED    21   HIGHEST WIND DIRECTION     W (270)
  HIGHEST GUST SPEED    25   HIGHEST GUST DIRECTION    NW (300)
  AVERAGE WIND SPEED    12.0


SKY COVER
  POSSIBLE SUNSHINE  MM
  AVERAGE SKY COVER 1.0


WEATHER CONDITIONS
 THE FOLLOWING WEATHER WAS RECORDED YESTERDAY.
  RAIN
  LIGHT RAIN
  SNOW
  LIGHT SNOW
  FOG


RELATIVE HUMIDITY (PERCENT)
 HIGHEST   100           400 AM
 LOWEST     82           300 PM
 AVERAGE    91

..........................................................


THE WAUSAU WI CLIMATE NORMALS FOR TODAY
                         NORMAL    RECORD    YEAR
 MAXIMUM TEMPERATURE (F)   61        91      1952
 MINIMUM TEMPERATURE (F)   38        25      1958
                                             1953


SUNRISE AND SUNSET
APRIL 28 2017.........SUNRISE   552 AM CDT   SUNSET   801 PM CDT
APRIL 29 2017.........SUNRISE   551 AM CDT   SUNSET   802 PM CDT


-  INDICATES NEGATIVE NUMBERS.
R  INDICATES RECORD WAS SET OR TIED.
MM INDICATES DATA IS MISSING.
T  INDICATES TRACE AMOUNT.

$$
