000
CDUS43 KGRB 232155
CLIAUW


CLIMATE REPORT
NATIONAL WEATHER SERVICE GREEN BAY
454 PM CDT SAT SEP 23 2017


...................................

...THE WAUSAU WI CLIMATE SUMMARY FOR SEPTEMBER 23 2017...
VALID TODAY AS OF 0400 PM LOCAL TIME.

CLIMATE NORMAL PERIOD 1981 TO 2010
CLIMATE RECORD PERIOD 1896 TO 2017


WEATHER ITEM   OBSERVED TIME   RECORD YEAR NORMAL DEPARTURE LAST
                VALUE   (LST)  VALUE       VALUE  FROM      YEAR
                                                  NORMAL
..................................................................
TEMPERATURE (F)
 TODAY
  MAXIMUM         87    253 PM  91    1937  66     21       69
  MINIMUM         65    537 AM  25    1974  45     20       54
  AVERAGE         76                        55     21       62

PRECIPITATION (IN)
  TODAY            0.00          3.28 2010   0.13  -0.13     0.00
  MONTH TO DATE    1.69                      2.99  -1.30     4.10
  SINCE SEP 1      1.69                      2.99  -1.30     4.10
  SINCE JAN 1     31.01                     25.20   5.81    29.45

SNOWFALL (IN)
  TODAY            0.0           T    1942   0.0             0.0
                                      1928
  MONTH TO DATE    0.0                       0.0             0.0
  SINCE SEP 1      0.0                       0.0             0.0
  SINCE JUL 1      0.0                       0.0             0.0
  SNOW DEPTH       0

DEGREE DAYS
 HEATING
  TODAY            0                        10    -10        3
  MONTH TO DATE  109                       144    -35       48
  SINCE SEP 1    109                       144    -35       48
  SINCE JUL 1    167                       210    -43       70

 COOLING
  TODAY           11                         0     11        0
  MONTH TO DATE   48                        29     19       24
  SINCE JAN 1    320                       404    -84      511
..................................................................


WIND (MPH)
  HIGHEST WIND SPEED    18   HIGHEST WIND DIRECTION    SW (210)
  HIGHEST GUST SPEED    27   HIGHEST GUST DIRECTION    SW (220)
  AVERAGE WIND SPEED     6.2


SKY COVER
  POSSIBLE SUNSHINE  MM
  AVERAGE SKY COVER 0.0


WEATHER CONDITIONS
 THE FOLLOWING WEATHER WAS RECORDED TODAY.
  LIGHT RAIN


RELATIVE HUMIDITY (PERCENT)
 HIGHEST    93           500 AM
 LOWEST     55          1100 AM
 AVERAGE    74

..........................................................


THE WAUSAU WI CLIMATE NORMALS FOR TOMORROW
                         NORMAL    RECORD    YEAR
 MAXIMUM TEMPERATURE (F)   65        88      1937
 MINIMUM TEMPERATURE (F)   44        28      1989
                                             1976


SUNRISE AND SUNSET
SEPTEMBER 23 2017.....SUNRISE   647 AM CDT   SUNSET   654 PM CDT
SEPTEMBER 24 2017.....SUNRISE   648 AM CDT   SUNSET   652 PM CDT


-  INDICATES NEGATIVE NUMBERS.
R  INDICATES RECORD WAS SET OR TIED.
MM INDICATES DATA IS MISSING.
T  INDICATES TRACE AMOUNT.




$$
