000
CDUS43 KGRB 270627
CLIAUW


CLIMATE REPORT
NATIONAL WEATHER SERVICE GREEN BAY
126 AM CDT SAT AUG 27 2016


...................................

...THE WAUSAU WI CLIMATE SUMMARY FOR AUGUST 26 2016...

CLIMATE NORMAL PERIOD 1981 TO 2010
CLIMATE RECORD PERIOD 1896 TO 2016


WEATHER ITEM   OBSERVED TIME   RECORD YEAR NORMAL DEPARTURE LAST
                VALUE   (LST)  VALUE       VALUE  FROM      YEAR
                                                  NORMAL
..................................................................
TEMPERATURE (F)
 YESTERDAY
  MAXIMUM         73    141 PM  93    1953  76     -3       74
  MINIMUM         54    549 AM  36    1915  56     -2       52
  AVERAGE         64                        66     -2

PRECIPITATION (IN)
  YESTERDAY        0.00          1.69 2013   0.13  -0.13     0.00
  MONTH TO DATE    3.78                      3.53   0.25     3.60
  SINCE JUN 1     13.60                     11.67   1.93    11.24
  SINCE JAN 1     25.26                     21.58   3.68    21.97

SNOWFALL (IN)
  YESTERDAY        0.0           0.0    MM   0.0    0.0      0.0
  MONTH TO DATE    0.0                       0.0    0.0      0.0
  SINCE JUL 1      0.0                       0.0    0.0      0.0
  SNOW DEPTH       0

DEGREE DAYS
 HEATING
  YESTERDAY        1                         2     -1        2
  MONTH TO DATE    9                        31    -22       35
  SINCE JUN 1     48                       143    -95      114
  SINCE JUL 1     18                        54    -36       53

 COOLING
  YESTERDAY        0                         3     -3        0
  MONTH TO DATE  149                       103     46      104
  SINCE JUN 1    424                       344     80      315
  SINCE JAN 1    471                       363    108      333
..................................................................


WIND (MPH)
  HIGHEST WIND SPEED    12   HIGHEST WIND DIRECTION    NW (310)
  HIGHEST GUST SPEED    16   HIGHEST GUST DIRECTION     W (280)
  AVERAGE WIND SPEED     5.2


SKY COVER
  POSSIBLE SUNSHINE  MM
  AVERAGE SKY COVER 0.1


WEATHER CONDITIONS
 THE FOLLOWING WEATHER WAS RECORDED YESTERDAY.
  NO SIGNIFICANT WEATHER WAS OBSERVED.


RELATIVE HUMIDITY (PERCENT)
 HIGHEST    93           300 AM
 LOWEST     49           100 PM
 AVERAGE    71

..........................................................


THE WAUSAU WI CLIMATE NORMALS FOR TODAY
                         NORMAL    RECORD    YEAR
 MAXIMUM TEMPERATURE (F)   76        97      1973
 MINIMUM TEMPERATURE (F)   55        36      1915


SUNRISE AND SUNSET
AUGUST 27 2016........SUNRISE   615 AM CDT   SUNSET   744 PM CDT
AUGUST 28 2016........SUNRISE   616 AM CDT   SUNSET   742 PM CDT


-  INDICATES NEGATIVE NUMBERS.
R  INDICATES RECORD WAS SET OR TIED.
MM INDICATES DATA IS MISSING.
T  INDICATES TRACE AMOUNT.




$$
