000
CDUS43 KGRB 240726
CLIAUW


CLIMATE REPORT
NATIONAL WEATHER SERVICE GREEN BAY
226 AM CDT SUN JUL 24 2016


...................................

...THE WAUSAU WI CLIMATE SUMMARY FOR JULY 23 2016...

CLIMATE NORMAL PERIOD 1981 TO 2010
CLIMATE RECORD PERIOD 1896 TO 2016


WEATHER ITEM   OBSERVED TIME   RECORD YEAR NORMAL DEPARTURE LAST
                VALUE   (LST)  VALUE       VALUE  FROM      YEAR
                                                  NORMAL
..................................................................
TEMPERATURE (F)
 YESTERDAY
  MAXIMUM         85   1103 AM 101    1934  80      5       84
  MINIMUM         65    501 AM  47    1904  59      6       62
  AVERAGE         75                        69      6

PRECIPITATION (IN)
  YESTERDAY        0.03          2.00 1912   0.13  -0.10     0.00
  MONTH TO DATE    2.92                      2.81   0.11     3.08
  SINCE JUN 1      8.14                      7.12   1.02     7.64
  SINCE JAN 1     19.80                     17.03   2.77    18.37

SNOWFALL (IN)
  YESTERDAY        0.0           0.0    MM   0.0    0.0      0.0
  MONTH TO DATE    0.0                       0.0    0.0      0.0
  SINCE JUL 1      0.0                       0.0    0.0      0.0
  SNOW DEPTH       0

DEGREE DAYS
 HEATING
  YESTERDAY        0                         1     -1        0
  MONTH TO DATE    8                        23    -15       18
  SINCE JUN 1     38                       112    -74       79
  SINCE JUL 1      8                        23    -15       18

 COOLING
  YESTERDAY       10                         5      5        8
  MONTH TO DATE  128                       115     13       92
  SINCE JUN 1    232                       200     32      139
  SINCE JAN 1    279                       219     60      157
..................................................................


WIND (MPH)
  HIGHEST WIND SPEED    14   HIGHEST WIND DIRECTION     S (200)
  HIGHEST GUST SPEED    21   HIGHEST GUST DIRECTION     S (200)
  AVERAGE WIND SPEED     5.3


SKY COVER
  POSSIBLE SUNSHINE  MM
  AVERAGE SKY COVER 0.3


WEATHER CONDITIONS
 THE FOLLOWING WEATHER WAS RECORDED YESTERDAY.
  THUNDERSTORM
  LIGHT RAIN
  FOG


RELATIVE HUMIDITY (PERCENT)
 HIGHEST   100           300 AM
 LOWEST     51           900 AM
 AVERAGE    76

..........................................................


THE WAUSAU WI CLIMATE NORMALS FOR TODAY
                         NORMAL    RECORD    YEAR
 MAXIMUM TEMPERATURE (F)   80        99      1934
 MINIMUM TEMPERATURE (F)   59        44      1992


SUNRISE AND SUNSET
JULY 24 2016..........SUNRISE   536 AM CDT   SUNSET   834 PM CDT
JULY 25 2016..........SUNRISE   537 AM CDT   SUNSET   832 PM CDT


-  INDICATES NEGATIVE NUMBERS.
R  INDICATES RECORD WAS SET OR TIED.
MM INDICATES DATA IS MISSING.
T  INDICATES TRACE AMOUNT.




$$
