000
CDUS43 KGRB 030634
CLIAUW


CLIMATE REPORT
NATIONAL WEATHER SERVICE GREEN BAY
133 AM CDT MON AUG 3 2015


...................................

...THE WAUSAU WI CLIMATE SUMMARY FOR AUGUST 2 2015...

CLIMATE NORMAL PERIOD 1981 TO 2010
CLIMATE RECORD PERIOD 1896 TO 2015


WEATHER ITEM   OBSERVED TIME   RECORD YEAR NORMAL DEPARTURE LAST
                VALUE   (LST)  VALUE       VALUE  FROM      YEAR
                                                  NORMAL
..................................................................
TEMPERATURE (F)
 YESTERDAY
  MAXIMUM         85    229 PM  99    1964  79      6       83
  MINIMUM         62   1159 PM  41    1920  58      4       56
  AVERAGE         74                        69      5

PRECIPITATION (IN)
  YESTERDAY        0.16          2.45 2006   0.14   0.02      T
  MONTH TO DATE    0.16                      0.28  -0.12     0.35
  SINCE JUN 1      7.80                      8.42  -0.62     8.46
  SINCE JAN 1     18.53                     18.33   0.20    19.90

SNOWFALL (IN)
  YESTERDAY        0.0           0.0    MM   0.0    0.0      0.0
  MONTH TO DATE    0.0                       0.0    0.0      0.0
  SINCE JUL 1      0.0                       0.0    0.0      0.0
  SNOW DEPTH       0

DEGREE DAYS
 HEATING
  YESTERDAY        0                         1     -1        0
  MONTH TO DATE    0                         2     -2        0
  SINCE JUN 1     79                       114    -35       61
  SINCE JUL 1     18                        25     -7       39

 COOLING
  YESTERDAY        9                         5      4        5
  MONTH TO DATE   14                        10      4        8
  SINCE JUN 1    225                       251    -26      202
  SINCE JAN 1    243                       270    -27      227
..................................................................


WIND (MPH)
  HIGHEST WIND SPEED    24   HIGHEST WIND DIRECTION    NW (300)
  HIGHEST GUST SPEED    32   HIGHEST GUST DIRECTION     W (290)
  AVERAGE WIND SPEED     8.5


SKY COVER
  POSSIBLE SUNSHINE  MM
  AVERAGE SKY COVER 0.5


WEATHER CONDITIONS
 THE FOLLOWING WEATHER WAS RECORDED YESTERDAY.
  THUNDERSTORM
  LIGHT RAIN
  FOG


RELATIVE HUMIDITY (PERCENT)
 HIGHEST   100           400 AM
 LOWEST     54           600 PM
 AVERAGE    77

..........................................................


THE WAUSAU WI CLIMATE NORMALS FOR TODAY
                         NORMAL    RECORD    YEAR
 MAXIMUM TEMPERATURE (F)   79        94      1988
 MINIMUM TEMPERATURE (F)   58        41      1912


SUNRISE AND SUNSET
AUGUST  3 2015........SUNRISE   546 AM CDT   SUNSET   823 PM CDT
AUGUST  4 2015........SUNRISE   547 AM CDT   SUNSET   821 PM CDT


-  INDICATES NEGATIVE NUMBERS.
R  INDICATES RECORD WAS SET OR TIED.
MM INDICATES DATA IS MISSING.
T  INDICATES TRACE AMOUNT.




$$
