000
CDUS42 KGSP 010628
CLIAVL

CLIMATE REPORT
NATIONAL WEATHER SERVICE GREENVILLE-SPARTANBURG SC
228 AM EDT FRI AUG 1 2014


...................................

...THE ASHEVILLE NC CLIMATE SUMMARY FOR JULY 31 2014...

CLIMATE NORMAL PERIOD 1981 TO 2010
CLIMATE RECORD PERIOD 1869 TO 2014


WEATHER ITEM   OBSERVED TIME   RECORD YEAR NORMAL DEPARTURE LAST
                VALUE   (LST)  VALUE       VALUE  FROM      YEAR
                                                  NORMAL
..................................................................
TEMPERATURE (F)
 YESTERDAY
  MAXIMUM         69    533 PM  95    1999  84    -15       76
  MINIMUM         59    653 AM  53    1986  64     -5       66
                                      1914
  AVERAGE         64                        74    -10       71

PRECIPITATION (IN)
  YESTERDAY        0.18          2.41 1989   0.14   0.04     0.25
  MONTH TO DATE    4.93                      4.31   0.62    13.69
  SINCE JUN 1     10.32                      8.96   1.36    22.66
  SINCE JAN 1     26.83                     27.21  -0.38    51.78

SNOWFALL (IN)
  YESTERDAY        0.0           0.0    MM   0.0             0.0
  MONTH TO DATE    0.0                       0.0             0.0
  SINCE JUN 1      0.0                       0.0             0.0
  SINCE JUL 1      0.0                       0.0             0.0
  SNOW DEPTH       0

DEGREE DAYS
 HEATING
  YESTERDAY        1                         0      1        0
  MONTH TO DATE    2                         0      2        0
  SINCE JUN 1      2                        14    -12        0
  SINCE JUL 1      2                         0      2        0

 COOLING
  YESTERDAY        0                         9     -9        6
  MONTH TO DATE  208                       275    -67      270
  SINCE JUN 1    434                       452    -18      472
  SINCE JAN 1    515                       510      5      523
..................................................................


WIND (MPH)
  HIGHEST WIND SPEED    10   HIGHEST WIND DIRECTION     S (180)
  HIGHEST GUST SPEED    12   HIGHEST GUST DIRECTION     S (180)
  AVERAGE WIND SPEED     2.5


SKY COVER
  POSSIBLE SUNSHINE  MM
  AVERAGE SKY COVER 0.7


WEATHER CONDITIONS
 THE FOLLOWING WEATHER WAS RECORDED YESTERDAY.
  RAIN
  LIGHT RAIN
  FOG


RELATIVE HUMIDITY (PERCENT)
 HIGHEST    93          1100 PM
 LOWEST     73           500 PM
 AVERAGE    83

..........................................................


THE ASHEVILLE NC CLIMATE NORMALS FOR TODAY
                         NORMAL    RECORD    YEAR
 MAXIMUM TEMPERATURE (F)   84        92      1988
                                             1987
                                             1931
 MINIMUM TEMPERATURE (F)   64        49      1997
                                             1895


SUNRISE AND SUNSET
AUGUST  1 2014........SUNRISE   639 AM EDT   SUNSET   834 PM EDT
AUGUST  2 2014........SUNRISE   639 AM EDT   SUNSET   833 PM EDT


-  INDICATES NEGATIVE NUMBERS.
R  INDICATES RECORD WAS SET OR TIED.
MM INDICATES DATA IS MISSING.
T  INDICATES TRACE AMOUNT.

$$

OUTLAW
