000
CDUS42 KGSP 160641 RRA
CLIAVL

CLIMATE REPORT
NATIONAL WEATHER SERVICE GREENVILLE-SPARTANBURG SC
138 AM EST TUE JAN 16 2018


...................................

...THE ASHEVILLE NC CLIMATE SUMMARY FOR JANUARY 15 2018...

CLIMATE NORMAL PERIOD 1981 TO 2010
CLIMATE RECORD PERIOD 1869 TO 2018


WEATHER ITEM   OBSERVED TIME   RECORD YEAR NORMAL DEPARTURE LAST
                VALUE   (LST)  VALUE       VALUE  FROM      YEAR
                                                  NORMAL
..................................................................
TEMPERATURE (F)
 YESTERDAY
  MAXIMUM         40    353 PM  74    1932  47     -7       65
  MINIMUM         18    758 AM   2    1912  26     -8       46
  AVERAGE         29                        37     -8       56

PRECIPITATION (IN)
  YESTERDAY        0.00          1.50 1873   0.12  -0.12     0.01
  MONTH TO DATE    2.40                      1.72   0.68     1.43
  SINCE DEC 1      4.87                      5.31  -0.44     3.74
  SINCE JAN 1      2.40                      1.72   0.68     1.43

SNOWFALL (IN)
  YESTERDAY        0.0           7.5  1966   0.1             0.0
  MONTH TO DATE    T                         1.9             7.0
  SINCE DEC 1      8.7                       2.8             7.0
  SINCE JUL 1      8.7                       2.9             7.0
  SNOW DEPTH       0

DEGREE DAYS
 HEATING
  YESTERDAY       36                        28      8        9
  MONTH TO DATE  532                       420    112      353
  SINCE DEC 1   1290                      1214     76     1060
  SINCE JUL 1   2008                      2081    -73     1631

 COOLING
  YESTERDAY        0                         0      0        0
  MONTH TO DATE    0                         0      0        0
  SINCE DEC 1      0                         0      0        0
  SINCE JAN 1      0                         0      0        0
..................................................................


WIND (MPH)
  HIGHEST WIND SPEED    10   HIGHEST WIND DIRECTION    SE (150)
  HIGHEST GUST SPEED    14   HIGHEST GUST DIRECTION     S (160)
  AVERAGE WIND SPEED     4.4


SKY COVER
  POSSIBLE SUNSHINE  MM
  AVERAGE SKY COVER 0.1


WEATHER CONDITIONS
 THE FOLLOWING WEATHER WAS RECORDED YESTERDAY.
  NO SIGNIFICANT WEATHER WAS OBSERVED.


RELATIVE HUMIDITY (PERCENT)
 HIGHEST    80           500 AM
 LOWEST     40           300 PM
 AVERAGE    60

..........................................................


THE ASHEVILLE NC CLIMATE NORMALS FOR TODAY
                         NORMAL    RECORD    YEAR
 MAXIMUM TEMPERATURE (F)   47        73      1974
 MINIMUM TEMPERATURE (F)   26        -9      1893


SUNRISE AND SUNSET
JANUARY 16 2018.......SUNRISE   738 AM EST   SUNSET   542 PM EST
JANUARY 17 2018.......SUNRISE   738 AM EST   SUNSET   543 PM EST


-  INDICATES NEGATIVE NUMBERS.
R  INDICATES RECORD WAS SET OR TIED.
MM INDICATES DATA IS MISSING.
T  INDICATES TRACE AMOUNT.




$$
