000
CDUS42 KGSP 010631 RRB
CLIAVL

CLIMATE REPORT
NATIONAL WEATHER SERVICE GREENVILLE-SPARTANBURG SC
227 AM EDT WED JUN 1 2016


...................................

...THE ASHEVILLE NC CLIMATE SUMMARY FOR MAY 31 2016...

CLIMATE NORMAL PERIOD 1981 TO 2010
CLIMATE RECORD PERIOD 1869 TO 2016


WEATHER ITEM   OBSERVED TIME   RECORD YEAR NORMAL DEPARTURE LAST
                VALUE   (LST)  VALUE       VALUE  FROM      YEAR
                                                  NORMAL
..................................................................
TEMPERATURE (F)
 YESTERDAY
  MAXIMUM         83   1240 PM  91    1895  78      5       82
  MINIMUM         61    604 AM  34    1984  56      5       60
  AVERAGE         72                        67      5       71

PRECIPITATION (IN)
  YESTERDAY        0.00          1.79 1975   0.13  -0.13      T
  MONTH TO DATE    1.84                      3.66  -1.82     1.35
  SINCE MAR 1      5.90                     10.82  -4.92     8.41
  SINCE JAN 1     14.88                     18.25  -3.37    14.25

SNOWFALL (IN)
  YESTERDAY        0.0           0.0    MM   0.0             0.0
  MONTH TO DATE    0.0                       0.0             0.0
  SINCE MAR 1      T                         2.6              T
  SINCE JUL 1     13.9                       9.9            13.3
  SNOW DEPTH       0

DEGREE DAYS
 HEATING
  YESTERDAY        0                         1     -1        0
  MONTH TO DATE   93                       109    -16       43
  SINCE MAR 1    709                       964   -255      674
  SINCE JUL 1   3456                      4181   -725     3983

 COOLING
  YESTERDAY        7                         3      4        6
  MONTH TO DATE   57                        50      7      103
  SINCE MAR 1     73                        58     15      122
  SINCE JAN 1     73                        58     15      122
..................................................................


WIND (MPH)
  HIGHEST WIND SPEED    21   HIGHEST WIND DIRECTION    SW (210)
  HIGHEST GUST SPEED    28   HIGHEST GUST DIRECTION     S (190)
  AVERAGE WIND SPEED     3.6


SKY COVER
  POSSIBLE SUNSHINE  MM
  AVERAGE SKY COVER 0.2


WEATHER CONDITIONS
 THE FOLLOWING WEATHER WAS RECORDED YESTERDAY.
  THUNDERSTORM
  FOG


RELATIVE HUMIDITY (PERCENT)
 HIGHEST    93           100 AM
 LOWEST     42          1200 PM
 AVERAGE    68

..........................................................


THE ASHEVILLE NC CLIMATE NORMALS FOR TODAY
                         NORMAL    RECORD    YEAR
 MAXIMUM TEMPERATURE (F)   78        93      1945
                                             1895
 MINIMUM TEMPERATURE (F)   56        37      1984
                                             1889


SUNRISE AND SUNSET
JUNE  1 2016..........SUNRISE   616 AM EDT   SUNSET   840 PM EDT
JUNE  2 2016..........SUNRISE   616 AM EDT   SUNSET   841 PM EDT


-  INDICATES NEGATIVE NUMBERS.
R  INDICATES RECORD WAS SET OR TIED.
MM INDICATES DATA IS MISSING.
T  INDICATES TRACE AMOUNT.




$$
