000
CDUS42 KGSP 072041
CLIAVL

CLIMATE REPORT
NATIONAL WEATHER SERVICE GREENVILLE-SPARTANBURG SC
441 PM EDT TUE JUL 7 2015


...................................

...THE ASHEVILLE NC CLIMATE SUMMARY FOR JULY 7 2015...
VALID TODAY AS OF 0440 PM LOCAL TIME.

CLIMATE NORMAL PERIOD 1981 TO 2010
CLIMATE RECORD PERIOD 1869 TO 2015


WEATHER ITEM   OBSERVED TIME   RECORD YEAR NORMAL DEPARTURE LAST
                VALUE   (LST)  VALUE       VALUE  FROM      YEAR
                                                  NORMAL
..................................................................
TEMPERATURE (F)
 TODAY
  MAXIMUM         86    328 PM  95    1993  84      2       85
  MINIMUM         60    624 AM  50    1972  63     -3       58
  AVERAGE         73                        74     -1       72

PRECIPITATION (IN)
  TODAY            0.00          2.53 1967   0.15  -0.15     0.00
  MONTH TO DATE    0.37                      1.00  -0.63      T
  SINCE JUN 1      6.79                      5.65   1.14     5.39
  SINCE JAN 1     21.04                     23.90  -2.86    21.90

SNOWFALL (IN)
  TODAY            0.0           0.0    MM   0.0    0.0      0.0
  MONTH TO DATE    0.0                       0.0    0.0      0.0
  SINCE JUN 1      0.0                       0.0    0.0      0.0
  SINCE JUL 1      0.0                       0.0    0.0      0.0
  SNOW DEPTH       0

DEGREE DAYS
 HEATING
  TODAY            0                         0      0        0
  MONTH TO DATE    0                         0      0        0
  SINCE JUN 1      0                        14    -14        0
  SINCE JUL 1      0                         0      0        0

 COOLING
  TODAY            8                         9     -1        7
  MONTH TO DATE   51                        59     -8       48
  SINCE JUN 1    314                       236     78      274
  SINCE JAN 1    436                       294    142      355
..................................................................


WIND (MPH)
  HIGHEST WIND SPEED    13   HIGHEST WIND DIRECTION     S (180)
  HIGHEST GUST SPEED    16   HIGHEST GUST DIRECTION     S (180)
  AVERAGE WIND SPEED     2.8


SKY COVER
  POSSIBLE SUNSHINE  MM
  AVERAGE SKY COVER 0.0


WEATHER CONDITIONS
 THE FOLLOWING WEATHER WAS RECORDED TODAY.
  FOG
  FOG W/VISIBILITY <= 1/4 MILE


RELATIVE HUMIDITY (PERCENT)
 HIGHEST    97           500 AM
 LOWEST     48           200 PM
 AVERAGE    73

..........................................................


THE ASHEVILLE NC CLIMATE NORMALS FOR TOMORROW
                         NORMAL    RECORD    YEAR
 MAXIMUM TEMPERATURE (F)   84        96      1988
 MINIMUM TEMPERATURE (F)   63        50      1972


SUNRISE AND SUNSET
JULY  7 2015..........SUNRISE   622 AM EDT   SUNSET   848 PM EDT
JULY  8 2015..........SUNRISE   622 AM EDT   SUNSET   848 PM EDT


-  INDICATES NEGATIVE NUMBERS.
R  INDICATES RECORD WAS SET OR TIED.
MM INDICATES DATA IS MISSING.
T  INDICATES TRACE AMOUNT.

$$

OUTLAW
