971
CDUS42 KGSP 050631
CLIAVL

CLIMATE REPORT
NATIONAL WEATHER SERVICE GREENVILLE-SPARTANBURG SC
131 AM EST MON DEC 5 2016


...................................

...THE ASHEVILLE NC CLIMATE SUMMARY FOR DECEMBER 4 2016...

CLIMATE NORMAL PERIOD 1981 TO 2010
CLIMATE RECORD PERIOD 1869 TO 2016


WEATHER ITEM   OBSERVED TIME   RECORD YEAR NORMAL DEPARTURE LAST
                VALUE   (LST)  VALUE       VALUE  FROM      YEAR
                                                  NORMAL
..................................................................
TEMPERATURE (F)
 YESTERDAY
  MAXIMUM         43   1242 AM  71    1956  52     -9       53
  MINIMUM         38    909 PM  15    1966  31      7       26
                                      1944
                                      1929
  AVERAGE         41                        42     -1       40

PRECIPITATION (IN)
  YESTERDAY        1.11          1.99 1994   0.13   0.98     0.00
  MONTH TO DATE    1.11                      0.53   0.58     1.78
  SINCE DEC 1      1.11                      0.53   0.58     1.78
  SINCE JAN 1     32.20                     42.51 -10.31    47.37

SNOWFALL (IN)
  YESTERDAY        0.0           4.0  2002   0.0             0.0
  MONTH TO DATE    0.0                       0.0             0.0
  SINCE DEC 1      0.0                       0.0             0.0
  SINCE JUL 1      0.0                       0.1             0.0
  SNOW DEPTH       0

DEGREE DAYS
 HEATING
  YESTERDAY       24                        23      1       25
  MONTH TO DATE   86                        91     -5       79
  SINCE DEC 1     86                        91     -5       79
  SINCE JUL 1    657                       958   -301      754

 COOLING
  YESTERDAY        0                         0      0        0
  MONTH TO DATE    0                         0      0        0
  SINCE DEC 1      0                         0      0        0
  SINCE JAN 1   1317                       863    454     1156
..................................................................


WIND (MPH)
  HIGHEST WIND SPEED    13   HIGHEST WIND DIRECTION     S (170)
  HIGHEST GUST SPEED    17   HIGHEST GUST DIRECTION     S (160)
  AVERAGE WIND SPEED     5.4


SKY COVER
  POSSIBLE SUNSHINE  MM
  AVERAGE SKY COVER 1.0


WEATHER CONDITIONS
 THE FOLLOWING WEATHER WAS RECORDED YESTERDAY.
  HEAVY RAIN
  RAIN
  LIGHT RAIN
  FOG


RELATIVE HUMIDITY (PERCENT)
 HIGHEST    92           500 AM
 LOWEST     70          1200 AM
 AVERAGE    81

..........................................................


THE ASHEVILLE NC CLIMATE NORMALS FOR TODAY
                         NORMAL    RECORD    YEAR
 MAXIMUM TEMPERATURE (F)   52        72      1998
 MINIMUM TEMPERATURE (F)   31        13      1893


SUNRISE AND SUNSET
DECEMBER  5 2016......SUNRISE   725 AM EST   SUNSET   517 PM EST
DECEMBER  6 2016......SUNRISE   726 AM EST   SUNSET   517 PM EST


-  INDICATES NEGATIVE NUMBERS.
R  INDICATES RECORD WAS SET OR TIED.
MM INDICATES DATA IS MISSING.
T  INDICATES TRACE AMOUNT.

$$

OUTLAW
