000
CDUS42 KGSP 240633
CLIAVL

CLIMATE REPORT
NATIONAL WEATHER SERVICE GREENVILLE-SPARTANBURG SC
232 AM EDT MON APR 24 2017


...................................

...THE ASHEVILLE NC CLIMATE SUMMARY FOR APRIL 23 2017...

CLIMATE NORMAL PERIOD 1981 TO 2010
CLIMATE RECORD PERIOD 1869 TO 2017


WEATHER ITEM   OBSERVED TIME   RECORD YEAR NORMAL DEPARTURE LAST
                VALUE   (LST)  VALUE       VALUE  FROM      YEAR
                                                  NORMAL
..................................................................
TEMPERATURE (F)
 YESTERDAY
  MAXIMUM         56    556 AM  88    1960  70    -14       69
  MINIMUM         47   1159 PM  29    1986  45      2       51
  AVERAGE         52                        57     -5       60

PRECIPITATION (IN)
  YESTERDAY        1.98R         1.07 1983   0.12   1.86     0.00
  MONTH TO DATE    6.28                      2.54   3.74     1.26
  SINCE MAR 1     10.20                      6.37   3.83     2.82
  SINCE JAN 1     14.62                     13.80   0.82    11.80

SNOWFALL (IN)
  YESTERDAY        0.0           0.0    MM   0.0             0.0
  MONTH TO DATE    0.0                       0.7             0.0
  SINCE MAR 1      2.1                       2.6              T
  SINCE JUL 1      9.4                       9.9            13.9
  SNOW DEPTH       0

DEGREE DAYS
 HEATING
  YESTERDAY       13                         8      5        5
  MONTH TO DATE  132                       251   -119      247
  SINCE MAR 1    639                       806   -167      608
  SINCE JUL 1   3033                      4023   -990     3355

 COOLING
  YESTERDAY        0                         0      0        0
  MONTH TO DATE   11                         0     11        0
  SINCE MAR 1     11                         1     10        0
  SINCE JAN 1     11                         1     10        0
..................................................................


WIND (MPH)
  HIGHEST WIND SPEED    12   HIGHEST WIND DIRECTION     N (10)
  HIGHEST GUST SPEED    16   HIGHEST GUST DIRECTION     E (70)
  AVERAGE WIND SPEED     2.7


SKY COVER
  POSSIBLE SUNSHINE  MM
  AVERAGE SKY COVER 1.0


WEATHER CONDITIONS
 THE FOLLOWING WEATHER WAS RECORDED YESTERDAY.
  HEAVY RAIN
  RAIN
  LIGHT RAIN
  FOG


RELATIVE HUMIDITY (PERCENT)
 HIGHEST    93          1200 AM
 LOWEST     80           700 PM
 AVERAGE    87

..........................................................


THE ASHEVILLE NC CLIMATE NORMALS FOR TODAY
                         NORMAL    RECORD    YEAR
 MAXIMUM TEMPERATURE (F)   70        89      1925
 MINIMUM TEMPERATURE (F)   45        26      1893


SUNRISE AND SUNSET
APRIL 24 2017.........SUNRISE   646 AM EDT   SUNSET   811 PM EDT
APRIL 25 2017.........SUNRISE   645 AM EDT   SUNSET   812 PM EDT


-  INDICATES NEGATIVE NUMBERS.
R  INDICATES RECORD WAS SET OR TIED.
MM INDICATES DATA IS MISSING.
T  INDICATES TRACE AMOUNT.




$$
