000
CDUS42 KGSP 180635
CLIAVL

CLIMATE REPORT
NATIONAL WEATHER SERVICE GREENVILLE-SPARTANBURG SC
133 AM EST SAT NOV 18 2017


...................................

...THE ASHEVILLE NC CLIMATE SUMMARY FOR NOVEMBER 17 2017...

CLIMATE NORMAL PERIOD 1981 TO 2010
CLIMATE RECORD PERIOD 1869 TO 2017


WEATHER ITEM   OBSERVED TIME   RECORD YEAR NORMAL DEPARTURE LAST
                VALUE   (LST)  VALUE       VALUE  FROM      YEAR
                                                  NORMAL
..................................................................
TEMPERATURE (F)
 YESTERDAY
  MAXIMUM         64    226 PM  78    1958  58      6       73
  MINIMUM         31    743 AM  15    1933  35     -4       31
  AVERAGE         48                        47      1       52

PRECIPITATION (IN)
  YESTERDAY        0.00          1.50 1927   0.13  -0.13     0.00
                                      1873
  MONTH TO DATE    1.45                      1.89  -0.44      T
  SINCE SEP 1     14.88                      8.61   6.27     1.10
  SINCE JAN 1     51.49                     40.22  11.27    29.55

SNOWFALL (IN)
  YESTERDAY        0.0           0.1  1923   0.0             0.0
  MONTH TO DATE    0.0                       0.0             0.0
  SINCE SEP 1      T                         0.0             0.0
  SINCE JUL 1      T                         0.0             0.0
  SNOW DEPTH       0

DEGREE DAYS
 HEATING
  YESTERDAY       17                        18     -1       13
  MONTH TO DATE  202                       268    -66      200
  SINCE SEP 1    471                       601   -130      346
  SINCE JUL 1    471                       603   -132      346

 COOLING
  YESTERDAY        0                         0      0        0
  MONTH TO DATE    0                         0      0        2
  SINCE SEP 1    176                       105     71      234
  SINCE JAN 1   1042                       862    180     1317
..................................................................


WIND (MPH)
  HIGHEST WIND SPEED    12   HIGHEST WIND DIRECTION     S (180)
  HIGHEST GUST SPEED    16   HIGHEST GUST DIRECTION     S (190)
  AVERAGE WIND SPEED     4.4


SKY COVER
  POSSIBLE SUNSHINE  MM
  AVERAGE SKY COVER 0.0


WEATHER CONDITIONS
 THE FOLLOWING WEATHER WAS RECORDED YESTERDAY.
  NO SIGNIFICANT WEATHER WAS OBSERVED.


RELATIVE HUMIDITY (PERCENT)
 HIGHEST    92           700 AM
 LOWEST     27           200 PM
 AVERAGE    60

..........................................................


THE ASHEVILLE NC CLIMATE NORMALS FOR TODAY
                         NORMAL    RECORD    YEAR
 MAXIMUM TEMPERATURE (F)   58        79      1894
 MINIMUM TEMPERATURE (F)   35        13      1891


SUNRISE AND SUNSET
NOVEMBER 18 2017......SUNRISE   709 AM EST   SUNSET   522 PM EST
NOVEMBER 19 2017......SUNRISE   710 AM EST   SUNSET   521 PM EST


-  INDICATES NEGATIVE NUMBERS.
R  INDICATES RECORD WAS SET OR TIED.
MM INDICATES DATA IS MISSING.
T  INDICATES TRACE AMOUNT.




$$

LEC
