000
CDUS42 KGSP 290630
CLIAVL

CLIMATE REPORT
NATIONAL WEATHER SERVICE GREENVILLE-SPARTANBURG SC
228 AM EDT WED JUL 29 2015


...................................

...THE ASHEVILLE NC CLIMATE SUMMARY FOR JULY 28 2015...

CLIMATE NORMAL PERIOD 1981 TO 2010
CLIMATE RECORD PERIOD 1869 TO 2015


WEATHER ITEM   OBSERVED TIME   RECORD YEAR NORMAL DEPARTURE LAST
                VALUE   (LST)  VALUE       VALUE  FROM      YEAR
                                                  NORMAL
..................................................................
TEMPERATURE (F)
 YESTERDAY
  MAXIMUM         90    139 PM  98    1952  84      6       81
  MINIMUM         69    529 AM  53    1895  64      5       63
  AVERAGE         80                        74      6       72

PRECIPITATION (IN)
  YESTERDAY        0.00          2.60 1874   0.14  -0.14     0.60
  MONTH TO DATE    2.65                      3.90  -1.25     4.75
  SINCE JUN 1      9.07                      8.55   0.52    10.14
  SINCE JAN 1     23.32                     26.80  -3.48    26.65

SNOWFALL (IN)
  YESTERDAY        0.0           0.0    MM   0.0             0.0
  MONTH TO DATE    0.0                       0.0             0.0
  SINCE JUN 1      0.0                       0.0             0.0
  SINCE JUL 1      0.0                       0.0             0.0
  SNOW DEPTH       0

DEGREE DAYS
 HEATING
  YESTERDAY        0                         0      0        0
  MONTH TO DATE    0                         0      0        1
  SINCE JUN 1      0                        14    -14        1
  SINCE JUL 1      0                         0      0        1

 COOLING
  YESTERDAY       15                         9      6        7
  MONTH TO DATE  299                       248     51      205
  SINCE JUN 1    562                       425    137      431
  SINCE JAN 1    684                       483    201      512
..................................................................


WIND (MPH)
  HIGHEST WIND SPEED    13   HIGHEST WIND DIRECTION     S (180)
  HIGHEST GUST SPEED    15   HIGHEST GUST DIRECTION     N (340)
  AVERAGE WIND SPEED     4.2


SKY COVER
  POSSIBLE SUNSHINE  MM
  AVERAGE SKY COVER 0.3


WEATHER CONDITIONS
 THE FOLLOWING WEATHER WAS RECORDED YESTERDAY.
  FOG


RELATIVE HUMIDITY (PERCENT)
 HIGHEST    97           700 AM
 LOWEST     50           100 PM
 AVERAGE    74

..........................................................


THE ASHEVILLE NC CLIMATE NORMALS FOR TODAY
                         NORMAL    RECORD    YEAR
 MAXIMUM TEMPERATURE (F)   84        98      1952
 MINIMUM TEMPERATURE (F)   64        55      1911
                                             1895


SUNRISE AND SUNSET
JULY 29 2015..........SUNRISE   636 AM EDT   SUNSET   837 PM EDT
JULY 30 2015..........SUNRISE   637 AM EDT   SUNSET   836 PM EDT


-  INDICATES NEGATIVE NUMBERS.
R  INDICATES RECORD WAS SET OR TIED.
MM INDICATES DATA IS MISSING.
T  INDICATES TRACE AMOUNT.




$$
