000
CDUS41 KBGM 060555
CLIAVP


CLIMATE REPORT
NATIONAL WEATHER SERVICE BINGHAMTON NY
1255 AM EST SAT FEB 6 2016


...................................

...THE AVOCA PA CLIMATE SUMMARY FOR FEBRUARY 5 2016...

CLIMATE NORMAL PERIOD 1981 TO 2010
CLIMATE RECORD PERIOD 1901 TO 2016


WEATHER ITEM   OBSERVED TIME   RECORD YEAR NORMAL DEPARTURE LAST
                VALUE   (LST)  VALUE       VALUE  FROM      YEAR
                                                  NORMAL
..................................................................
TEMPERATURE (F)
 YESTERDAY
  MAXIMUM         37   1258 PM  59    1991  35      2       35
  MINIMUM         23   1159 PM -10    1918  19      4        7
  AVERAGE         30                        27      3       21

PRECIPITATION (IN)
  YESTERDAY        T             1.54 1920   0.07  -0.07     0.06
  MONTH TO DATE    0.49                      0.39   0.10     0.56
  SINCE DEC 1      4.83                      5.44  -0.61     5.21
  SINCE JAN 1      2.28                      2.76  -0.48     2.43

SNOWFALL (IN)
  YESTERDAY       MM             6.8  2014   0.3   MM        2.0
  MONTH TO DATE    0.0                       1.8   -1.8      6.7
  SINCE DEC 1      5.3                      23.4  -18.1     26.6
  SINCE JUL 1      5.3                      26.4  -21.1     35.5

DEGREE DAYS
 HEATING
  YESTERDAY       35                        38     -3       44
  MONTH TO DATE  123                       191    -68      219
  SINCE DEC 1   1886                      2469   -583     2402
  SINCE JUL 1   2794                      3782   -988     3592

 COOLING
  YESTERDAY        0                         0      0        0
  MONTH TO DATE    0                         0      0        0
  SINCE DEC 1      0                         0      0        0
  SINCE JAN 1      0                         0      0        0
..................................................................


WIND (MPH)
  HIGHEST WIND SPEED    23   HIGHEST WIND DIRECTION    NW (310)
  HIGHEST GUST SPEED    32   HIGHEST GUST DIRECTION    NW (320)
  AVERAGE WIND SPEED     9.2


SKY COVER
  AVERAGE SKY COVER 0.7



RELATIVE HUMIDITY (PERCENT)
 HIGHEST    70           100 AM
 LOWEST     47          1200 PM
 AVERAGE    59

..........................................................


THE AVOCA PA CLIMATE NORMALS FOR TODAY
                         NORMAL    RECORD    YEAR
 MAXIMUM TEMPERATURE (F)   35        57      1938
 MINIMUM TEMPERATURE (F)   19        -9      1906


SUNRISE AND SUNSET
FEBRUARY  6 2016......SUNRISE   709 AM EST   SUNSET   525 PM EST
FEBRUARY  7 2016......SUNRISE   708 AM EST   SUNSET   526 PM EST


-  INDICATES NEGATIVE NUMBERS.
R  INDICATES RECORD WAS SET OR TIED.
MM INDICATES DATA IS MISSING.
T  INDICATES TRACE AMOUNT.




$$
