000
CDUS41 KBGM 230536
CLIAVP


CLIMATE REPORT
NATIONAL WEATHER SERVICE BINGHAMTON NY
135 AM EDT THU OCT 23 2014


...................................

...THE AVOCA PA CLIMATE SUMMARY FOR OCTOBER 22 2014...

CLIMATE NORMAL PERIOD 1981 TO 2010
CLIMATE RECORD PERIOD 1901 TO 2014


WEATHER ITEM   OBSERVED TIME   RECORD YEAR NORMAL DEPARTURE LAST
                VALUE   (LST)  VALUE       VALUE  FROM      YEAR
                                                  NORMAL
..................................................................
TEMPERATURE (F)
 YESTERDAY
  MAXIMUM         54    137 PM  83    1979  59     -5       61
  MINIMUM         48   1159 PM  22    1940  39      9       38
  AVERAGE         51                        49      2       50

PRECIPITATION (IN)
  YESTERDAY        0.11          1.12 1984   0.10   0.01      T
  MONTH TO DATE    3.53                      2.45   1.08     1.29
  SINCE SEP 1      4.22                      6.52  -2.30     2.86
  SINCE JAN 1     25.78                     31.55  -5.77    21.21

SNOWFALL (IN)
  YESTERDAY        0.0           T    2010   0.0    0.0      0.0
                                      1988
                                      1969
  MONTH TO DATE    0.0                       0.0    0.0      0.0
  SINCE SEP 1      0.0                       0.0    0.0      0.0
  SINCE JUL 1      0.0                       0.0    0.0      0.0

DEGREE DAYS
 HEATING
  YESTERDAY       14                        16     -2       15
  MONTH TO DATE  190                       282    -92      132
  SINCE SEP 1    292                       418   -126      285
  SINCE JUL 1    303                       444   -141      294

 COOLING
  YESTERDAY        0                         0      0        0
  MONTH TO DATE   11                         0     11       24
  SINCE SEP 1    100                        52     48       93
  SINCE JAN 1    686                       576    110      795
..................................................................


WIND (MPH)
  HIGHEST WIND SPEED    20   HIGHEST WIND DIRECTION     N (360)
  HIGHEST GUST SPEED    28   HIGHEST GUST DIRECTION     N (10)
  AVERAGE WIND SPEED    10.0


SKY COVER
  AVERAGE SKY COVER 1.0



RELATIVE HUMIDITY (PERCENT)
 HIGHEST    89          1200 AM
 LOWEST     77           900 AM
 AVERAGE    83

..........................................................


THE AVOCA PA CLIMATE NORMALS FOR TODAY
                         NORMAL    RECORD    YEAR
 MAXIMUM TEMPERATURE (F)   58        82      1947
 MINIMUM TEMPERATURE (F)   39        25      1969


SUNRISE AND SUNSET
OCTOBER 23 2014.......SUNRISE   724 AM EDT   SUNSET   610 PM EDT
OCTOBER 24 2014.......SUNRISE   725 AM EDT   SUNSET   609 PM EDT


-  INDICATES NEGATIVE NUMBERS.
R  INDICATES RECORD WAS SET OR TIED.
MM INDICATES DATA IS MISSING.
T  INDICATES TRACE AMOUNT.




$$
