000
CDUS41 KBGM 240529
CLIAVP


CLIMATE REPORT
NATIONAL WEATHER SERVICE BINGHAMTON NY
129 AM EDT TUE OCT 24 2017


...................................

...THE AVOCA PA CLIMATE SUMMARY FOR OCTOBER 23 2017...

CLIMATE NORMAL PERIOD 1981 TO 2010
CLIMATE RECORD PERIOD 1901 TO 2017


WEATHER ITEM   OBSERVED TIME   RECORD YEAR NORMAL DEPARTURE LAST
                VALUE   (LST)  VALUE       VALUE  FROM      YEAR
                                                  NORMAL
..................................................................
TEMPERATURE (F)
 YESTERDAY
  MAXIMUM         72    255 PM  82    1947  58     14       60
  MINIMUM         52    438 AM  25    1969  39     13       41
  AVERAGE         62                        49     13       51

PRECIPITATION (IN)
  YESTERDAY        T             2.20 1937   0.10  -0.10     0.11
  MONTH TO DATE    1.49                      2.55  -1.06     1.30
  SINCE SEP 1      3.21                      6.62  -3.41     4.30
  SINCE JAN 1     33.33                     31.65   1.68    25.86

SNOWFALL (IN)
  YESTERDAY        0.0           0.5  2003   0.0    0.0      0.0
  MONTH TO DATE    0.0                       0.0    0.0      0.0
  SINCE SEP 1      0.0                       0.0    0.0      0.0
  SINCE JUL 1      0.0                       0.0    0.0      0.0

DEGREE DAYS
 HEATING
  YESTERDAY        3                        16    -13       14
  MONTH TO DATE  123                       298   -175      172
  SINCE SEP 1    215                       434   -219      231
  SINCE JUL 1    232                       460   -228      232

 COOLING
  YESTERDAY        0                         0      0        0
  MONTH TO DATE   37                         0     37        5
  SINCE SEP 1    165                        52    113      132
  SINCE JAN 1    804                       576    228      998
..................................................................


WIND (MPH)
  HIGHEST WIND SPEED    15   HIGHEST WIND DIRECTION     S (170)
  HIGHEST GUST SPEED    28   HIGHEST GUST DIRECTION     S (160)
  AVERAGE WIND SPEED     5.6


SKY COVER
  AVERAGE SKY COVER 0.6



RELATIVE HUMIDITY (PERCENT)
 HIGHEST    93           600 AM
 LOWEST     51          1200 AM
 AVERAGE    72

..........................................................


THE AVOCA PA CLIMATE NORMALS FOR TODAY
                         NORMAL    RECORD    YEAR
 MAXIMUM TEMPERATURE (F)   58        77      2001
 MINIMUM TEMPERATURE (F)   39        21      1969


SUNRISE AND SUNSET
OCTOBER 24 2017.......SUNRISE   725 AM EDT   SUNSET   608 PM EDT
OCTOBER 25 2017.......SUNRISE   726 AM EDT   SUNSET   607 PM EDT


-  INDICATES NEGATIVE NUMBERS.
R  INDICATES RECORD WAS SET OR TIED.
MM INDICATES DATA IS MISSING.
T  INDICATES TRACE AMOUNT.




$$
