000
CDUS41 KBGM 050553
CLIAVP


CLIMATE REPORT
NATIONAL WEATHER SERVICE BINGHAMTON NY
152 AM EDT SAT SEP 5 2015


...................................

...THE AVOCA PA CLIMATE SUMMARY FOR SEPTEMBER 4 2015...

CLIMATE NORMAL PERIOD 1981 TO 2010
CLIMATE RECORD PERIOD 1901 TO 2015


WEATHER ITEM   OBSERVED TIME   RECORD YEAR NORMAL DEPARTURE LAST
                VALUE   (LST)  VALUE       VALUE  FROM      YEAR
                                                  NORMAL
..................................................................
TEMPERATURE (F)
 YESTERDAY
  MAXIMUM         86    202 PM  92    1929  76     10       85
  MINIMUM         67    624 AM  40    1997  56     11       59
  AVERAGE         77                        66     11       72

PRECIPITATION (IN)
  YESTERDAY        0.00          1.33 1905   0.13  -0.13      T
  MONTH TO DATE    0.07                      0.50  -0.43     0.03
  SINCE SEP 1      0.07                      0.50  -0.43     0.03
  SINCE JAN 1     21.22                     25.53  -4.31    21.59

SNOWFALL (IN)
  YESTERDAY        0.0           0.0    MM   0.0    0.0      0.0
  MONTH TO DATE    0.0                       0.0    0.0      0.0
  SINCE SEP 1      0.0                       0.0    0.0      0.0
  SINCE JUL 1      0.0                       0.0    0.0      0.0

DEGREE DAYS
 HEATING
  YESTERDAY        0                         2     -2        0
  MONTH TO DATE    0                         7     -7        0
  SINCE SEP 1      0                         7     -7        0
  SINCE JUL 1      0                        33    -33       11

 COOLING
  YESTERDAY       12                         3      9        7
  MONTH TO DATE   46                        13     33       42
  SINCE SEP 1     46                        13     33       42
  SINCE JAN 1    822                       537    285      628
..................................................................


WIND (MPH)
  HIGHEST WIND SPEED    12   HIGHEST WIND DIRECTION    NE (40)
  HIGHEST GUST SPEED    17   HIGHEST GUST DIRECTION    SE (130)
  AVERAGE WIND SPEED     4.8


SKY COVER
  AVERAGE SKY COVER 0.2



RELATIVE HUMIDITY (PERCENT)
 HIGHEST    93           500 AM
 LOWEST     55          1200 PM
 AVERAGE    74

..........................................................


THE AVOCA PA CLIMATE NORMALS FOR TODAY
                         NORMAL    RECORD    YEAR
 MAXIMUM TEMPERATURE (F)   76        90      1983
 MINIMUM TEMPERATURE (F)   56        43      1997
                                             1994
                                             1906


SUNRISE AND SUNSET
SEPTEMBER  5 2015.....SUNRISE   633 AM EDT   SUNSET   730 PM EDT
SEPTEMBER  6 2015.....SUNRISE   634 AM EDT   SUNSET   728 PM EDT


-  INDICATES NEGATIVE NUMBERS.
R  INDICATES RECORD WAS SET OR TIED.
MM INDICATES DATA IS MISSING.
T  INDICATES TRACE AMOUNT.




$$
