000
CDUS41 KBGM 300602
CLIAVP


CLIMATE REPORT
NATIONAL WEATHER SERVICE BINGHAMTON NY
201 AM EDT FRI SEP 30 2016


...................................

...THE AVOCA PA CLIMATE SUMMARY FOR SEPTEMBER 29 2016...

CLIMATE NORMAL PERIOD 1981 TO 2010
CLIMATE RECORD PERIOD 1901 TO 2016


WEATHER ITEM   OBSERVED TIME   RECORD YEAR NORMAL DEPARTURE LAST
                VALUE   (LST)  VALUE       VALUE  FROM      YEAR
                                                  NORMAL
..................................................................
TEMPERATURE (F)
 YESTERDAY
  MAXIMUM         61    127 PM  85    1921  67     -6       72
  MINIMUM         55   1159 PM  29    2000  47      8       68
  AVERAGE         58                        57      1       70

PRECIPITATION (IN)
  YESTERDAY        0.13          2.00 1924   0.14  -0.01     0.47
  MONTH TO DATE    2.20                      3.93  -1.73     1.14
  SINCE SEP 1      2.20                      3.93  -1.73     1.14
  SINCE JAN 1     23.76                     28.96  -5.20    22.29

SNOWFALL (IN)
  YESTERDAY        0.0           T    1993   0.0    0.0      0.0
  MONTH TO DATE    0.0                       0.0    0.0      0.0
  SINCE SEP 1      0.0                       0.0    0.0      0.0
  SINCE JUL 1      0.0                       0.0    0.0      0.0

DEGREE DAYS
 HEATING
  YESTERDAY        7                         9     -2        0
  MONTH TO DATE   48                       127    -79       25
  SINCE SEP 1     48                       127    -79       25
  SINCE JUL 1     49                       153   -104       25

 COOLING
  YESTERDAY        0                         1     -1        5
  MONTH TO DATE  127                        53     74      151
  SINCE SEP 1    127                        53     74      151
  SINCE JAN 1    993                       577    416      927
..................................................................


WIND (MPH)
  HIGHEST WIND SPEED    15   HIGHEST WIND DIRECTION    NE (60)
  HIGHEST GUST SPEED    25   HIGHEST GUST DIRECTION    NE (60)
  AVERAGE WIND SPEED     9.7


SKY COVER
  AVERAGE SKY COVER 0.9



RELATIVE HUMIDITY (PERCENT)
 HIGHEST    86           100 AM
 LOWEST     69           500 PM
 AVERAGE    78

..........................................................


THE AVOCA PA CLIMATE NORMALS FOR TODAY
                         NORMAL    RECORD    YEAR
 MAXIMUM TEMPERATURE (F)   67        87      1953
 MINIMUM TEMPERATURE (F)   47        32      1991
                                             1951
                                             1932


SUNRISE AND SUNSET
SEPTEMBER 30 2016.....SUNRISE   659 AM EDT   SUNSET   646 PM EDT
OCTOBER  1 2016.......SUNRISE   700 AM EDT   SUNSET   644 PM EDT


-  INDICATES NEGATIVE NUMBERS.
R  INDICATES RECORD WAS SET OR TIED.
MM INDICATES DATA IS MISSING.
T  INDICATES TRACE AMOUNT.




$$
