000
CDUS41 KBGM 290608
CLIAVP


CLIMATE REPORT
NATIONAL WEATHER SERVICE BINGHAMTON NY
207 AM EDT FRI JUL 29 2016


...................................

...THE AVOCA PA CLIMATE SUMMARY FOR JULY 28 2016...

CLIMATE NORMAL PERIOD 1981 TO 2010
CLIMATE RECORD PERIOD 1901 TO 2016


WEATHER ITEM   OBSERVED TIME   RECORD YEAR NORMAL DEPARTURE LAST
                VALUE   (LST)  VALUE       VALUE  FROM      YEAR
                                                  NORMAL
..................................................................
TEMPERATURE (F)
 YESTERDAY
  MAXIMUM         92    241 PM  95    1931  82     10       91
  MINIMUM         65    532 AM  44    1903  61      4       64
  AVERAGE         79                        71      8       78

PRECIPITATION (IN)
  YESTERDAY        0.02          2.40 1945   0.13  -0.11     0.00
  MONTH TO DATE    1.44                      3.39  -1.95     2.17
  SINCE JUN 1      3.03                      7.42  -4.39     8.69
  SINCE JAN 1     15.85                     21.22  -5.37    18.25

SNOWFALL (IN)
  YESTERDAY        0.0           0.0  1995   0.0    0.0      0.0
  MONTH TO DATE    0.0                       0.0    0.0      0.0
  SINCE JUN 1      0.0                       0.0    0.0      0.0
  SINCE JUL 1      0.0                       0.0    0.0      0.0

DEGREE DAYS
 HEATING
  YESTERDAY        0                         0      0        0
  MONTH TO DATE    0                         0      0        0
  SINCE JUN 1     24                        54    -30       24
  SINCE JUL 1      0                         0      0        0

 COOLING
  YESTERDAY       14                         7      7       13
  MONTH TO DATE  313                       191    122      217
  SINCE JUN 1    456                       308    148      372
  SINCE JAN 1    528                       345    183      520
..................................................................


WIND (MPH)
  HIGHEST WIND SPEED    14   HIGHEST WIND DIRECTION    SW (240)
  HIGHEST GUST SPEED    20   HIGHEST GUST DIRECTION     S (180)
  AVERAGE WIND SPEED     4.2


SKY COVER
  AVERAGE SKY COVER 0.4



RELATIVE HUMIDITY (PERCENT)
 HIGHEST    84           500 AM
 LOWEST     41           300 PM
 AVERAGE    63

..........................................................


THE AVOCA PA CLIMATE NORMALS FOR TODAY
                         NORMAL    RECORD    YEAR
 MAXIMUM TEMPERATURE (F)   82        96      1949
                                             1940
 MINIMUM TEMPERATURE (F)   61        51      1989


SUNRISE AND SUNSET
JULY 29 2016..........SUNRISE   556 AM EDT   SUNSET   823 PM EDT
JULY 30 2016..........SUNRISE   557 AM EDT   SUNSET   821 PM EDT


-  INDICATES NEGATIVE NUMBERS.
R  INDICATES RECORD WAS SET OR TIED.
MM INDICATES DATA IS MISSING.
T  INDICATES TRACE AMOUNT.




$$
