000
CDUS41 KBGM 010606
CLIAVP


CLIMATE REPORT
NATIONAL WEATHER SERVICE BINGHAMTON NY
205 AM EDT WED JUL 1 2015


...................................

...THE AVOCA PA CLIMATE SUMMARY FOR JUNE 30 2015...

CLIMATE NORMAL PERIOD 1981 TO 2010
CLIMATE RECORD PERIOD 1901 TO 2015


WEATHER ITEM   OBSERVED TIME   RECORD YEAR NORMAL DEPARTURE LAST
                VALUE   (LST)  VALUE       VALUE  FROM      YEAR
                                                  NORMAL
..................................................................
TEMPERATURE (F)
 YESTERDAY
  MAXIMUM         74    510 PM  97    1964  81     -7       85
  MINIMUM         65   1159 PM  44    1923  60      5       66
  AVERAGE         70                        70      0       76

PRECIPITATION (IN)
  YESTERDAY        0.73          1.92 1990   0.13   0.60     0.17
  MONTH TO DATE    6.52                      4.03   2.49     2.16
  SINCE JUN 1      6.52                      4.03   2.49     2.16
  SINCE JAN 1     16.08                     17.83  -1.75    14.87

SNOWFALL (IN)
  YESTERDAY        0.0           0.0  1995   0.0    0.0      0.0
  MONTH TO DATE    0.0                       0.0    0.0      0.0
  SINCE JUN 1      0.0                       0.0    0.0      0.0
  SINCE JUL 1     51.4                      46.2    5.2     58.9

DEGREE DAYS
 HEATING
  YESTERDAY        0                         0      0        0
  MONTH TO DATE   24                        55    -31       11
  SINCE JUN 1     24                        54    -30       11
  SINCE JUL 1   6268                      6255     13     6522

 COOLING
  YESTERDAY        5                         6     -1       11
  MONTH TO DATE  155                       117     38      159
  SINCE JUN 1    155                       117     38      159
  SINCE JAN 1    303                       154    149      200
..................................................................


WIND (MPH)
  HIGHEST WIND SPEED    21   HIGHEST WIND DIRECTION     W (270)
  HIGHEST GUST SPEED    26   HIGHEST GUST DIRECTION     W (270)
  AVERAGE WIND SPEED     4.6


SKY COVER
  AVERAGE SKY COVER 0.9



RELATIVE HUMIDITY (PERCENT)
 HIGHEST    84           200 PM
 LOWEST     73           300 AM
 AVERAGE    79

..........................................................


THE AVOCA PA CLIMATE NORMALS FOR TODAY
                         NORMAL    RECORD    YEAR
 MAXIMUM TEMPERATURE (F)   81        97      1931
                                             1901
 MINIMUM TEMPERATURE (F)   60        44      1988


SUNRISE AND SUNSET
JULY  1 2015..........SUNRISE   533 AM EDT   SUNSET   840 PM EDT
JULY  2 2015..........SUNRISE   534 AM EDT   SUNSET   840 PM EDT


-  INDICATES NEGATIVE NUMBERS.
R  INDICATES RECORD WAS SET OR TIED.
MM INDICATES DATA IS MISSING.
T  INDICATES TRACE AMOUNT.




$$

HEDEN
