000
CDUS41 KBGM 300550
CLIAVP


CLIMATE REPORT
NATIONAL WEATHER SERVICE BINGHAMTON NY
150 AM EDT MON MAY 30 2016


...................................

...THE AVOCA PA CLIMATE SUMMARY FOR MAY 29 2016...

CLIMATE NORMAL PERIOD 1981 TO 2010
CLIMATE RECORD PERIOD 1901 TO 2016


WEATHER ITEM   OBSERVED TIME   RECORD YEAR NORMAL DEPARTURE LAST
                VALUE   (LST)  VALUE       VALUE  FROM      YEAR
                                                  NORMAL
..................................................................
TEMPERATURE (F)
 YESTERDAY
  MAXIMUM         88    220 PM  91    1969  73     15       85
                                      1931
  MINIMUM         68    533 AM  36    2008  51     17       54
  AVERAGE         78                        62     16       70

PRECIPITATION (IN)
  YESTERDAY        T             1.62 1990   0.12  -0.12     0.00
  MONTH TO DATE    2.33                      3.27  -0.94     1.25
  SINCE MAR 1      6.80                      9.15  -2.35     6.09
  SINCE JAN 1     12.60                     13.55  -0.95     9.09

SNOWFALL (IN)
  YESTERDAY        0.0           0.0    MM   0.0    0.0      0.0
  MONTH TO DATE    0.0                       0.3   -0.3      0.0
  SINCE MAR 1      3.5                      12.6   -9.1      9.0
  SINCE JUL 1     15.5                      46.5  -31.0     51.4

DEGREE DAYS
 HEATING
  YESTERDAY        0                         4     -4        0
  MONTH TO DATE  231                       220     11      100
  SINCE MAR 1   1372                      1587   -215     1547
  SINCE JUL 1   4942                      6193  -1251     6244

 COOLING
  YESTERDAY       13                         2     11        5
  MONTH TO DATE   53                        27     26      130
  SINCE MAR 1     54                        33     21      130
  SINCE JAN 1     54                        33     21      130
..................................................................


WIND (MPH)
  HIGHEST WIND SPEED    14   HIGHEST WIND DIRECTION    SW (210)
  HIGHEST GUST SPEED    26   HIGHEST GUST DIRECTION     W (250)
  AVERAGE WIND SPEED     5.1


SKY COVER
  AVERAGE SKY COVER 0.1



RELATIVE HUMIDITY (PERCENT)
 HIGHEST    87           400 AM
 LOWEST     39           700 PM
 AVERAGE    63

..........................................................


THE AVOCA PA CLIMATE NORMALS FOR TODAY
                         NORMAL    RECORD    YEAR
 MAXIMUM TEMPERATURE (F)   73        93      2006
 MINIMUM TEMPERATURE (F)   52        37      1996


SUNRISE AND SUNSET
MAY 30 2016...........SUNRISE   533 AM EDT   SUNSET   829 PM EDT
MAY 31 2016...........SUNRISE   532 AM EDT   SUNSET   830 PM EDT


-  INDICATES NEGATIVE NUMBERS.
R  INDICATES RECORD WAS SET OR TIED.
MM INDICATES DATA IS MISSING.
T  INDICATES TRACE AMOUNT.




$$
