000
CDUS43 KGRR 032127
CLIAZO


CLIMATE REPORT
NATIONAL WEATHER SERVICE GRAND RAPIDS, MI
527 PM EDT WED JUN 3 2015


...................................

...THE KALAMAZOO MI CLIMATE SUMMARY FOR JUNE 3 2015...
VALID TODAY AS OF 0500 PM LOCAL TIME.

CLIMATE NORMAL PERIOD 1981 TO 2010
CLIMATE RECORD PERIOD 1998 TO 2015


WEATHER ITEM   OBSERVED TIME   NORMAL DEPARTURE LAST
                VALUE   (LST)  VALUE  FROM      YEAR
                                      NORMAL
......................................................
TEMPERATURE (F)
 TODAY
  MAXIMUM         74    357 PM  76     -2       73
  MINIMUM         46    517 AM  54     -8       57
  AVERAGE         60            64     -4       65

PRECIPITATION (IN)
  TODAY            0.00          0.14  -0.14     0.00
  MONTH TO DATE    0.00          0.43  -0.43     0.53
  SINCE JUN 1      0.00          0.43  -0.43     0.53
  SINCE JAN 1      9.71         12.87  -3.16     8.95

DEGREE DAYS
 HEATING
  TODAY            5             4      1        0
  MONTH TO DATE   20            12      8        0
  SINCE JUN 1     20            12      8        0
  SINCE JUL 1   6867          6380    487     7048

 COOLING
  TODAY            0             3     -3        0
  MONTH TO DATE    0             9     -9       16
  SINCE JUN 1      0             9     -9       16
  SINCE JAN 1     67            50     17       70
......................................................


WIND (MPH)
  RESULTANT WIND SPEED   5   RESULTANT WIND DIRECTION   S (160)
  HIGHEST WIND SPEED    15   HIGHEST WIND DIRECTION     S (190)
  HIGHEST GUST SPEED    20   HIGHEST GUST DIRECTION     S (190)
  AVERAGE WIND SPEED     4.9


SKY COVER
  AVERAGE SKY COVER 0.2


WEATHER CONDITIONS
 THE FOLLOWING WEATHER WAS RECORDED TODAY.
  NO SIGNIFICANT WEATHER WAS OBSERVED.


RELATIVE HUMIDITY (PERCENT)
 HIGHEST    86           500 AM
 LOWEST     53           200 PM
 AVERAGE    70

..........................................................


THE KALAMAZOO MI CLIMATE NORMALS FOR TOMORROW
                         NORMAL
 MAXIMUM TEMPERATURE (F)   76
 MINIMUM TEMPERATURE (F)   54


SUNRISE AND SUNSET
JUNE  3 2015..........SUNRISE   608 AM EDT   SUNSET   913 PM EDT
JUNE  4 2015..........SUNRISE   607 AM EDT   SUNSET   914 PM EDT


-  INDICATES NEGATIVE NUMBERS.
R  INDICATES RECORD WAS SET OR TIED.
MM INDICATES DATA IS MISSING.
T  INDICATES TRACE AMOUNT.




$$
