000
CDUS43 KGRR 010518
CLIAZO


CLIMATE REPORT
NATIONAL WEATHER SERVICE GRAND RAPIDS, MI
118 AM EDT WED JUL 1 2015


...................................

...THE KALAMAZOO MI CLIMATE SUMMARY FOR JUNE 30 2015...

CLIMATE NORMAL PERIOD 1981 TO 2010
CLIMATE RECORD PERIOD 1998 TO 2015


WEATHER ITEM   OBSERVED TIME   NORMAL DEPARTURE LAST
                VALUE   (LST)  VALUE  FROM      YEAR
                                      NORMAL
......................................................
TEMPERATURE (F)
 YESTERDAY
  MAXIMUM         75    230 PM  83     -8       84
  MINIMUM         59   1159 PM  61     -2       68
  AVERAGE         67            72     -5       76

PRECIPITATION (IN)
  YESTERDAY        T             0.09  -0.09     0.10
  MONTH TO DATE    3.75          3.58   0.17     3.87
  SINCE JUN 1      3.75          3.58   0.17     3.87
  SINCE JAN 1     13.46         16.02  -2.56    12.29

DEGREE DAYS
 HEATING
  YESTERDAY        0             0      0        0
  MONTH TO DATE   21            47    -26       19
  SINCE JUN 1     21            48    -27       19
  SINCE JUL 1   6868          6416    452     7067

 COOLING
  YESTERDAY        2             7     -5       11
  MONTH TO DATE   80           145    -65      180
  SINCE JUN 1     80           145    -65      180
  SINCE JAN 1    147           186    -39      234
......................................................


WIND (MPH)
  RESULTANT WIND SPEED   4   RESULTANT WIND DIRECTION   W (260)
  HIGHEST WIND SPEED    18   HIGHEST WIND DIRECTION    NW (300)
  HIGHEST GUST SPEED    23   HIGHEST GUST DIRECTION     W (290)
  AVERAGE WIND SPEED     6.9


SKY COVER
  AVERAGE SKY COVER 0.7


WEATHER CONDITIONS
 THE FOLLOWING WEATHER WAS RECORDED YESTERDAY.
  LIGHT RAIN
  FOG


RELATIVE HUMIDITY (PERCENT)
 HIGHEST    90           200 AM
 LOWEST     57           300 PM
 AVERAGE    74

..........................................................


THE KALAMAZOO MI CLIMATE NORMALS FOR TODAY
                         NORMAL
 MAXIMUM TEMPERATURE (F)   83
 MINIMUM TEMPERATURE (F)   61


SUNRISE AND SUNSET
JULY  1 2015..........SUNRISE   609 AM EDT   SUNSET   922 PM EDT
JULY  2 2015..........SUNRISE   610 AM EDT   SUNSET   922 PM EDT


-  INDICATES NEGATIVE NUMBERS.
R  INDICATES RECORD WAS SET OR TIED.
MM INDICATES DATA IS MISSING.
T  INDICATES TRACE AMOUNT.




$$
