000
CDUS43 KGRR 251411
CLIAZO


CLIMATE REPORT
NATIONAL WEATHER SERVICE GRAND RAPIDS, MI
1007 AM EDT THU MAY 25 2017


...................................

...THE KALAMAZOO MI CLIMATE SUMMARY FOR MAY 25 2017...
VALID AS OF 0900 AM LOCAL TIME.

CLIMATE NORMAL PERIOD 1981 TO 2010
CLIMATE RECORD PERIOD 1998 TO 2017


WEATHER ITEM   OBSERVED TIME   NORMAL DEPARTURE LAST
                VALUE   (LST)  VALUE  FROM      YEAR
                                      NORMAL
......................................................
TEMPERATURE (F)
 TODAY
  MAXIMUM         59   1219 AM  73    -14       85
  MINIMUM         57    759 AM  51      6       63
  AVERAGE         58            62     -4       74

PRECIPITATION (IN)
  TODAY            T             0.12  -0.12     0.19
  MONTH TO DATE    3.58          3.16   0.42     3.03
  SINCE MAR 1     10.37          8.49   1.88     9.12
  SINCE JAN 1     15.09         11.73   3.36    10.68

DEGREE DAYS
 HEATING
  TODAY            7             5      2        0
  MONTH TO DATE  224           198     26      229
  SINCE MAR 1   1462          1568   -106     1439
  SINCE JUL 1   5358          6341   -983     5487

 COOLING
  TODAY            0             2     -2        9
  MONTH TO DATE   23            24     -1       11
  SINCE MAR 1     34            28      6       13
  SINCE JAN 1     34            28      6       13
......................................................


WIND (MPH)
  RESULTANT WIND SPEED   9   RESULTANT WIND DIRECTION   N (20)
  HIGHEST WIND SPEED    14   HIGHEST WIND DIRECTION     N (20)
  HIGHEST GUST SPEED    19   HIGHEST GUST DIRECTION    NE (30)
  AVERAGE WIND SPEED     8.9


SKY COVER
  AVERAGE SKY COVER 1.0


WEATHER CONDITIONS
 THE FOLLOWING WEATHER WAS RECORDED TODAY.
  LIGHT RAIN
  FOG


RELATIVE HUMIDITY (PERCENT)
 HIGHEST    87          1200 AM
 LOWEST     86           200 AM
 AVERAGE    87

..........................................................


THE KALAMAZOO MI CLIMATE NORMALS FOR TOMORROW
                         NORMAL
 MAXIMUM TEMPERATURE (F)   73
 MINIMUM TEMPERATURE (F)   51


SUNRISE AND SUNSET
MAY 25 2017...........SUNRISE   612 AM EDT   SUNSET   906 PM EDT
MAY 26 2017...........SUNRISE   612 AM EDT   SUNSET   907 PM EDT


-  INDICATES NEGATIVE NUMBERS.
R  INDICATES RECORD WAS SET OR TIED.
MM INDICATES DATA IS MISSING.
T  INDICATES TRACE AMOUNT.




$$

jam
