000
CDUS43 KGRR 261335
CLIAZO


CLIMATE REPORT
NATIONAL WEATHER SERVICE GRAND RAPIDS, MI
934 AM EDT SAT JUL 26 2014


...................................

...THE KALAMAZOO MI CLIMATE SUMMARY FOR JULY 26 2014...
VALID AS OF 0900 AM LOCAL TIME.

CLIMATE NORMAL PERIOD 1981 TO 2010
CLIMATE RECORD PERIOD 9999 TO 9999


WEATHER ITEM   OBSERVED TIME   RECORD YEAR NORMAL DEPARTURE LAST
                VALUE   (LST)  VALUE       VALUE  FROM      YEAR
                                                  NORMAL
..................................................................
TEMPERATURE (F)
 TODAY
  MAXIMUM         67    759 AM  MM      MM  83    -16       77
  MINIMUM         61    227 AM  MM      MM  62     -1       60
  AVERAGE         64                        72     -8       69

PRECIPITATION (IN)
  TODAY            0.00         MM      MM   0.13  -0.13      T
  MONTH TO DATE    2.83                      3.10  -0.27     3.08
  SINCE JUN 1      6.70                      6.68   0.02     9.37
  SINCE JAN 1     15.12                     19.12  -4.00    24.43

DEGREE DAYS
 HEATING
  TODAY            1                         0      1        0
  MONTH TO DATE   16                         0     16        5
  SINCE JUN 1     35                        48    -13       44

 COOLING
  TODAY            0                         8     -8        4
  MONTH TO DATE   94                       205   -111      231
  SINCE JUN 1    274                       350    -76      377
..................................................................


WIND (MPH)
  HIGHEST WIND SPEED     8   HIGHEST WIND DIRECTION     S (180)
  HIGHEST GUST SPEED    11   HIGHEST GUST DIRECTION     S (170)



WEATHER CONDITIONS
 THE FOLLOWING WEATHER WAS RECORDED TODAY.
  NO SIGNIFICANT WEATHER WAS OBSERVED.


..........................................................




SUNRISE AND SUNSET
JULY 26 2014..........SUNRISE   629 AM EDT   SUNSET   908 PM EDT
JULY 27 2014..........SUNRISE   630 AM EDT   SUNSET   907 PM EDT


-  INDICATES NEGATIVE NUMBERS.
R  INDICATES RECORD WAS SET OR TIED.
MM INDICATES DATA IS MISSING.
T  INDICATES TRACE AMOUNT.




$$

JAM
