000
CDUS43 KGRR 210518
CLIAZO


CLIMATE REPORT
NATIONAL WEATHER SERVICE GRAND RAPIDS, MI
1217 AM EST WED FEB 21 2018


...................................

...THE KALAMAZOO MI CLIMATE SUMMARY FOR FEBRUARY 20 2018...

CLIMATE NORMAL PERIOD 1981 TO 2010
CLIMATE RECORD PERIOD 1998 TO 2018


WEATHER ITEM   OBSERVED TIME   NORMAL DEPARTURE LAST
                VALUE   (LST)  VALUE  FROM      YEAR
                                      NORMAL
......................................................
TEMPERATURE (F)
 YESTERDAY
  MAXIMUM         63    536 PM  35     28       64
  MINIMUM         42   1159 PM  21     21       31
  AVERAGE         53            28     25       48

PRECIPITATION (IN)
  YESTERDAY        2.93          0.05   2.88     0.00
  MONTH TO DATE    4.30          0.97   3.33     0.75
  SINCE DEC 1      6.01          4.74   1.27     4.49
  SINCE JAN 1      5.32          2.76   2.56     3.44

DEGREE DAYS
 HEATING
  YESTERDAY       12            37    -25       17
  MONTH TO DATE  788           779      9      627
  SINCE DEC 1   3215          3160     55     2843
  SINCE JUL 1   4378          4487   -109     3743

 COOLING
  YESTERDAY        0             0      0        0
  MONTH TO DATE    0             0      0        0
  SINCE DEC 1      0             0      0        0
  SINCE JAN 1      0             0      0        0
......................................................


WIND (MPH)
  RESULTANT WIND SPEED   9   RESULTANT WIND DIRECTION  SW (210)
  HIGHEST WIND SPEED    23   HIGHEST WIND DIRECTION     W (260)
  HIGHEST GUST SPEED    33   HIGHEST GUST DIRECTION     W (280)
  AVERAGE WIND SPEED    12.1


SKY COVER
  AVERAGE SKY COVER 1.0


WEATHER CONDITIONS
 THE FOLLOWING WEATHER WAS RECORDED YESTERDAY.
  HEAVY RAIN
  RAIN
  LIGHT RAIN
  FOG


RELATIVE HUMIDITY (PERCENT)
 HIGHEST   100           500 AM
 LOWEST     86           100 AM
 AVERAGE    93

..........................................................


THE KALAMAZOO MI CLIMATE NORMALS FOR TODAY
                         NORMAL
 MAXIMUM TEMPERATURE (F)   36
 MINIMUM TEMPERATURE (F)   21


SUNRISE AND SUNSET
FEBRUARY 21 2018......SUNRISE   730 AM EST   SUNSET   622 PM EST
FEBRUARY 22 2018......SUNRISE   728 AM EST   SUNSET   624 PM EST


-  INDICATES NEGATIVE NUMBERS.
R  INDICATES RECORD WAS SET OR TIED.
MM INDICATES DATA IS MISSING.
T  INDICATES TRACE AMOUNT.




$$
