000
CDUS43 KGRR 242144
CLIAZO


CLIMATE REPORT
NATIONAL WEATHER SERVICE GRAND RAPIDS, MI
542 PM EDT SUN JUL 24 2016


...................................

...THE KALAMAZOO MI CLIMATE SUMMARY FOR JULY 24 2016...
VALID TODAY AS OF 0500 PM LOCAL TIME.

CLIMATE NORMAL PERIOD 1981 TO 2010
CLIMATE RECORD PERIOD 1998 TO 2016


WEATHER ITEM   OBSERVED TIME   NORMAL DEPARTURE LAST
                VALUE   (LST)  VALUE  FROM      YEAR
                                      NORMAL
......................................................
TEMPERATURE (F)
 TODAY
  MAXIMUM         88    359 PM  83      5       86
  MINIMUM         71   1138 AM  62      9       59
  AVERAGE         80            73      7       73

PRECIPITATION (IN)
  TODAY            1.37          0.12   1.25     0.00
  MONTH TO DATE    4.75          2.85   1.90     4.11
  SINCE JUN 1      6.65          6.43   0.22     7.86
  SINCE JAN 1     17.63         18.87  -1.24    17.57

DEGREE DAYS
 HEATING
  TODAY            0             0      0        0
  MONTH TO DATE    1             0      1        9
  SINCE JUN 1     29            48    -19       30
  SINCE JUL 1      1             0      1        9

 COOLING
  TODAY           15             8      7        8
  MONTH TO DATE  217           189     28      116
  SINCE JUN 1    386           334     52      196
  SINCE JAN 1    453           375     78      263
......................................................


WIND (MPH)
  RESULTANT WIND SPEED   3   RESULTANT WIND DIRECTION   S (180)
  HIGHEST WIND SPEED    20   HIGHEST WIND DIRECTION     N (350)
  HIGHEST GUST SPEED    26   HIGHEST GUST DIRECTION     N (350)
  AVERAGE WIND SPEED     6.4


SKY COVER
  AVERAGE SKY COVER 0.7


WEATHER CONDITIONS
 THE FOLLOWING WEATHER WAS RECORDED TODAY.
  THUNDERSTORM
  HEAVY RAIN
  RAIN
  LIGHT RAIN
  FOG
  HAZE


RELATIVE HUMIDITY (PERCENT)
 HIGHEST    93           500 AM
 LOWEST     68           400 PM
 AVERAGE    81

..........................................................


THE KALAMAZOO MI CLIMATE NORMALS FOR TOMORROW
                         NORMAL
 MAXIMUM TEMPERATURE (F)   83
 MINIMUM TEMPERATURE (F)   62


SUNRISE AND SUNSET
JULY 24 2016..........SUNRISE   628 AM EDT   SUNSET   909 PM EDT
JULY 25 2016..........SUNRISE   629 AM EDT   SUNSET   908 PM EDT


-  INDICATES NEGATIVE NUMBERS.
R  INDICATES RECORD WAS SET OR TIED.
MM INDICATES DATA IS MISSING.
T  INDICATES TRACE AMOUNT.




$$

jam
