000
CDUS43 KGRR 260522
CLIAZO


CLIMATE REPORT
NATIONAL WEATHER SERVICE GRAND RAPIDS, MI
122 AM EDT FRI AUG 26 2016


...................................

...THE KALAMAZOO MI CLIMATE SUMMARY FOR AUGUST 25 2016...

CLIMATE NORMAL PERIOD 1981 TO 2010
CLIMATE RECORD PERIOD 1998 TO 2016


WEATHER ITEM   OBSERVED TIME   NORMAL DEPARTURE LAST
                VALUE   (LST)  VALUE  FROM      YEAR
                                      NORMAL
......................................................
TEMPERATURE (F)
 YESTERDAY
  MAXIMUM         82    408 PM  80      2       64
  MINIMUM         65   1022 PM  59      6       56
  AVERAGE         74            70      4       60

PRECIPITATION (IN)
  YESTERDAY        0.05          0.13  -0.08     0.03
  MONTH TO DATE    6.60          3.02   3.58     2.57
  SINCE JUN 1     15.95         10.30   5.65    10.43
  SINCE JAN 1     26.93         22.74   4.19    20.14

DEGREE DAYS
 HEATING
  YESTERDAY        0             1     -1        5
  MONTH TO DATE    0             1     -1        7
  SINCE JUN 1     29            54    -25       37
  SINCE JUL 1      1             6     -5       16

 COOLING
  YESTERDAY        9             5      4        0
  MONTH TO DATE  222           158     64      161
  SINCE JUN 1    671           543    128      433
  SINCE JAN 1    738           584    154      500
......................................................


WIND (MPH)
  RESULTANT WIND SPEED   7   RESULTANT WIND DIRECTION   W (250)
  HIGHEST WIND SPEED    18   HIGHEST WIND DIRECTION     W (270)
  HIGHEST GUST SPEED    24   HIGHEST GUST DIRECTION     W (270)
  AVERAGE WIND SPEED     7.3


SKY COVER
  AVERAGE SKY COVER 0.4


WEATHER CONDITIONS
 THE FOLLOWING WEATHER WAS RECORDED YESTERDAY.
  LIGHT RAIN
  FOG


RELATIVE HUMIDITY (PERCENT)
 HIGHEST    93          1200 AM
 LOWEST     64           600 PM
 AVERAGE    79

..........................................................


THE KALAMAZOO MI CLIMATE NORMALS FOR TODAY
                         NORMAL
 MAXIMUM TEMPERATURE (F)   80
 MINIMUM TEMPERATURE (F)   59


SUNRISE AND SUNSET
AUGUST 26 2016........SUNRISE   702 AM EDT   SUNSET   825 PM EDT
AUGUST 27 2016........SUNRISE   703 AM EDT   SUNSET   824 PM EDT


-  INDICATES NEGATIVE NUMBERS.
R  INDICATES RECORD WAS SET OR TIED.
MM INDICATES DATA IS MISSING.
T  INDICATES TRACE AMOUNT.




$$
