000
CDUS43 KGRR 280517
CLIAZO


CLIMATE REPORT
NATIONAL WEATHER SERVICE GRAND RAPIDS, MI
116 AM EDT TUE MAR 28 2017


...................................

...THE KALAMAZOO MI CLIMATE SUMMARY FOR MARCH 27 2017...

CLIMATE NORMAL PERIOD 1981 TO 2010
CLIMATE RECORD PERIOD 1998 TO 2017


WEATHER ITEM   OBSERVED TIME   NORMAL DEPARTURE LAST
                VALUE   (LST)  VALUE  FROM      YEAR
                                      NORMAL
......................................................
TEMPERATURE (F)
 YESTERDAY
  MAXIMUM         55    350 PM  51      4       70
  MINIMUM         44   1141 PM  31     13       34
  AVERAGE         50            41      9       52

PRECIPITATION (IN)
  YESTERDAY        T             0.08  -0.08     0.24
  MONTH TO DATE    2.91          1.95   0.96     1.99
  SINCE MAR 1      2.91          1.95   0.96     1.99
  SINCE JAN 1      7.63          5.19   2.44     3.55

DEGREE DAYS
 HEATING
  YESTERDAY       15            24     -9       13
  MONTH TO DATE  790           792     -2      626
  SINCE MAR 1    790           792     -2      626
  SINCE JUL 1   4686          5565   -879     4674

 COOLING
  YESTERDAY        0             0      0        0
  MONTH TO DATE    0             0      0        0
  SINCE MAR 1      0             0      0        0
  SINCE JAN 1      0             0      0        0
......................................................


WIND (MPH)
  RESULTANT WIND SPEED   4   RESULTANT WIND DIRECTION   W (290)
  HIGHEST WIND SPEED    15   HIGHEST WIND DIRECTION     W (250)
  HIGHEST GUST SPEED    19   HIGHEST GUST DIRECTION     W (250)
  AVERAGE WIND SPEED     7.1


SKY COVER
  AVERAGE SKY COVER 1.0


WEATHER CONDITIONS
 THE FOLLOWING WEATHER WAS RECORDED YESTERDAY.
  LIGHT RAIN
  FOG


RELATIVE HUMIDITY (PERCENT)
 HIGHEST    93           700 AM
 LOWEST     76          1100 PM
 AVERAGE    85

..........................................................


THE KALAMAZOO MI CLIMATE NORMALS FOR TODAY
                         NORMAL
 MAXIMUM TEMPERATURE (F)   51
 MINIMUM TEMPERATURE (F)   32


SUNRISE AND SUNSET
MARCH 28 2017.........SUNRISE   731 AM EDT   SUNSET   804 PM EDT
MARCH 29 2017.........SUNRISE   729 AM EDT   SUNSET   805 PM EDT


-  INDICATES NEGATIVE NUMBERS.
R  INDICATES RECORD WAS SET OR TIED.
MM INDICATES DATA IS MISSING.
T  INDICATES TRACE AMOUNT.




$$
