000
CDUS41 KBOX 260539
CLIBDL


CLIMATE REPORT
NATIONAL WEATHER SERVICE TAUNTON MA
135 AM EDT FRI MAY 26 2017


...................................

...THE HARTFORD CT CLIMATE SUMMARY FOR MAY 25 2017...

CLIMATE NORMAL PERIOD 1981 TO 2010
CLIMATE RECORD PERIOD 1904 TO 2017


WEATHER ITEM   OBSERVED TIME   RECORD YEAR NORMAL DEPARTURE LAST
                VALUE   (LST)  VALUE       VALUE  FROM      YEAR
                                                  NORMAL
..................................................................
TEMPERATURE (F)
 YESTERDAY
  MAXIMUM         58   1201 AM  93    2007  74    -16       90
  MINIMUM         51   1159 PM  33    1956  50      1       52
  AVERAGE         55                        62     -7       71

PRECIPITATION (IN)
  YESTERDAY        0.56          2.55 1967   0.16   0.40     0.00
  MONTH TO DATE    3.67                      3.39   0.28     1.83
  SINCE MAR 1     11.37                     10.73   0.64     6.47
  SINCE JAN 1     17.35                     16.85   0.50    13.30

SNOWFALL (IN)
  YESTERDAY        0.0           T    1967   0.0    0.0      0.0
  MONTH TO DATE    0.0                       0.0    0.0      0.0
  SINCE MAR 1     19.6                       7.8   11.8      9.8
  SINCE JUL 1     62.3                      40.5   21.8     26.9
  SNOW DEPTH       0

DEGREE DAYS
 HEATING
  YESTERDAY       10                         5      5        0
  MONTH TO DATE  206                       181     25      208
  SINCE MAR 1   1548                      1496     52     1368
  SINCE JUL 1   5441                      5934   -493     5044

 COOLING
  YESTERDAY        0                         2     -2        6
  MONTH TO DATE   37                        20     17        6
  SINCE MAR 1     60                        26     34        8
  SINCE JAN 1     60                        26     34        8
..................................................................


WIND (MPH)
  RESULTANT WIND SPEED   9   RESULTANT WIND DIRECTION  NE (30)
  HIGHEST WIND SPEED    17   HIGHEST WIND DIRECTION     N (10)
  HIGHEST GUST SPEED    22   HIGHEST GUST DIRECTION     N (10)
  AVERAGE WIND SPEED    10.3


SKY COVER
  POSSIBLE SUNSHINE  MM
  AVERAGE SKY COVER 1.0


WEATHER CONDITIONS
 THE FOLLOWING WEATHER WAS RECORDED YESTERDAY.
  RAIN
  LIGHT RAIN
  FOG


RELATIVE HUMIDITY (PERCENT)
 HIGHEST   100           200 PM
 LOWEST     72          1200 AM
 AVERAGE    86

..........................................................


THE HARTFORD CT CLIMATE NORMALS FOR TODAY
                         NORMAL    RECORD    YEAR
 MAXIMUM TEMPERATURE (F)   74        99      2010
 MINIMUM TEMPERATURE (F)   51        36      1992
                                             1972


SUNRISE AND SUNSET
MAY 26 2017...........SUNRISE   521 AM EDT   SUNSET   815 PM EDT
MAY 27 2017...........SUNRISE   521 AM EDT   SUNSET   816 PM EDT


-  INDICATES NEGATIVE NUMBERS.
R  INDICATES RECORD WAS SET OR TIED.
MM INDICATES DATA IS MISSING.
T  INDICATES TRACE AMOUNT.




$$
