000
CDUS41 KBOX 200537
CLIBDL


CLIMATE REPORT
NATIONAL WEATHER SERVICE TAUNTON MA
135 AM EDT SUN APR 20 2014


...................................

...THE HARTFORD CT CLIMATE SUMMARY FOR APRIL 19 2014...

CLIMATE NORMAL PERIOD 1981 TO 2010
CLIMATE RECORD PERIOD 1904 TO 2014


WEATHER ITEM   OBSERVED TIME   RECORD YEAR NORMAL DEPARTURE LAST
                VALUE   (LST)  VALUE       VALUE  FROM      YEAR
                                                  NORMAL
..................................................................
TEMPERATURE (F)
 YESTERDAY
  MAXIMUM         65    238 PM  96    1976  62      3       73
  MINIMUM         34    511 AM  26    1926  40     -6       43
  AVERAGE         50                        51     -1       58

PRECIPITATION (IN)
  YESTERDAY        0.00          2.23 1983   0.12  -0.12     0.05
  MONTH TO DATE    2.44                      2.37   0.07     0.99
  SINCE MAR 1      7.16                      5.99   1.17     3.59
  SINCE JAN 1     14.53                     12.11   2.42     9.10

SNOWFALL (IN)
  YESTERDAY        0.0           0.8  1983   0.1   -0.1      0.0
  MONTH TO DATE    0.2                       1.3   -1.1      0.0
  SINCE MAR 1      1.0                       7.7   -6.7      9.8
  SINCE JUL 1     51.1                      40.4   10.7     56.9
  SNOW DEPTH       0

DEGREE DAYS
 HEATING
  YESTERDAY       15                        14      1        7
  MONTH TO DATE  312                       338    -26      331
  SINCE MAR 1   1351                      1181    170     1191
  SINCE JUL 1   6030                      5619    411     5343

 COOLING
  YESTERDAY        0                         0      0        0
  MONTH TO DATE    1                         0      1        0
  SINCE MAR 1      1                         0      1        0
  SINCE JAN 1      1                         0      1        0
..................................................................


WIND (MPH)
  RESULTANT WIND SPEED   6   RESULTANT WIND DIRECTION   N (340)
  HIGHEST WIND SPEED    22   HIGHEST WIND DIRECTION     N (10)
  HIGHEST GUST SPEED    30   HIGHEST GUST DIRECTION     N (360)
  AVERAGE WIND SPEED     9.6


SKY COVER
  POSSIBLE SUNSHINE  MM
  AVERAGE SKY COVER 0.5


WEATHER CONDITIONS
 THE FOLLOWING WEATHER WAS RECORDED YESTERDAY.
  NO SIGNIFICANT WEATHER WAS OBSERVED.


RELATIVE HUMIDITY (PERCENT)
 HIGHEST    85           600 AM
 LOWEST     23           400 PM
 AVERAGE    54

..........................................................


THE HARTFORD CT CLIMATE NORMALS FOR TODAY
                         NORMAL    RECORD    YEAR
 MAXIMUM TEMPERATURE (F)   63        89      1976
 MINIMUM TEMPERATURE (F)   40        25      1926


SUNRISE AND SUNSET
APRIL 20 2014.........SUNRISE   603 AM EDT   SUNSET   737 PM EDT
APRIL 21 2014.........SUNRISE   601 AM EDT   SUNSET   738 PM EDT


-  INDICATES NEGATIVE NUMBERS.
R  INDICATES RECORD WAS SET OR TIED.
MM INDICATES DATA IS MISSING.
T  INDICATES TRACE AMOUNT.




$$
