000
CDUS41 KBOX 170552
CLIBDL


CLIMATE REPORT
NATIONAL WEATHER SERVICE TAUNTON MA
1241 AM EST SUN DEC 17 2017


...................................

...THE HARTFORD CT CLIMATE SUMMARY FOR DECEMBER 16 2017...

CLIMATE NORMAL PERIOD 1981 TO 2010
CLIMATE RECORD PERIOD 1904 TO 2017


WEATHER ITEM   OBSERVED TIME   RECORD YEAR NORMAL DEPARTURE LAST
                VALUE   (LST)  VALUE       VALUE  FROM      YEAR
                                                  NORMAL
..................................................................
TEMPERATURE (F)
 YESTERDAY
  MAXIMUM         32    420 PM  60    1971  39     -7       22
  MINIMUM         13    641 AM  -4    1917  23    -10        5
  AVERAGE         23                        31     -8       14

PRECIPITATION (IN)
  YESTERDAY        T             1.35 1974   0.10  -0.10     0.00
  MONTH TO DATE    1.25                      1.90  -0.65     1.07
  SINCE DEC 1      1.25                      1.90  -0.65     1.07
  SINCE JAN 1     44.42                     44.31   0.11    31.06

SNOWFALL (IN)
  YESTERDAY        T             4.8  1989   0.3   -0.3      0.0
  MONTH TO DATE    6.2                       3.1    3.1      3.3
  SINCE DEC 1      6.2                       3.1    3.1      3.3
  SINCE JUL 1      6.2                       5.1    1.1      4.8
  SNOW DEPTH       2

DEGREE DAYS
 HEATING
  YESTERDAY       42                        34      8       51
  MONTH TO DATE  522                       495     27      517
  SINCE DEC 1    522                       495     27      517
  SINCE JUL 1   1513                      1702   -189     1554

 COOLING
  YESTERDAY        0                         0      0        0
  MONTH TO DATE    0                         0      0        0
  SINCE DEC 1      0                         0      0        0
  SINCE JAN 1    865                       756    109     1068
..................................................................


WIND (MPH)
  RESULTANT WIND SPEED   6   RESULTANT WIND DIRECTION   W (260)
  HIGHEST WIND SPEED    17   HIGHEST WIND DIRECTION    SW (240)
  HIGHEST GUST SPEED    21   HIGHEST GUST DIRECTION    SW (240)
  AVERAGE WIND SPEED     7.1


SKY COVER
  POSSIBLE SUNSHINE  MM
  AVERAGE SKY COVER 0.6


WEATHER CONDITIONS
 THE FOLLOWING WEATHER WAS RECORDED YESTERDAY.
  LIGHT SNOW


RELATIVE HUMIDITY (PERCENT)
 HIGHEST    96           700 AM
 LOWEST     58           100 PM
 AVERAGE    77

..........................................................


THE HARTFORD CT CLIMATE NORMALS FOR TODAY
                         NORMAL    RECORD    YEAR
 MAXIMUM TEMPERATURE (F)   39        63      2000
 MINIMUM TEMPERATURE (F)   23        -6      1942


SUNRISE AND SUNSET
DECEMBER 17 2017......SUNRISE   713 AM EST   SUNSET   421 PM EST
DECEMBER 18 2017......SUNRISE   714 AM EST   SUNSET   421 PM EST


-  INDICATES NEGATIVE NUMBERS.
R  INDICATES RECORD WAS SET OR TIED.
MM INDICATES DATA IS MISSING.
T  INDICATES TRACE AMOUNT.




$$
