617
CDUS41 KBOX 262132
CLIBDL


CLIMATE REPORT
NATIONAL WEATHER SERVICE TAUNTON MA
528 PM EDT THU MAY 26 2016


...................................

...THE HARTFORD CT CLIMATE SUMMARY FOR MAY 26 2016...
VALID AS OF 0500 PM LOCAL TIME.

CLIMATE NORMAL PERIOD 1981 TO 2010
CLIMATE RECORD PERIOD 1904 TO 2016


WEATHER ITEM   OBSERVED TIME   RECORD YEAR NORMAL DEPARTURE LAST
                VALUE   (LST)  VALUE       VALUE  FROM      YEAR
                                                  NORMAL
..................................................................
TEMPERATURE (F)
 TODAY
  MAXIMUM         90   1244 PM  99    2010  74     16       89
  MINIMUM         59    435 AM  36    1992  51      8       64
                                      1972
  AVERAGE         75                        62     13       77

PRECIPITATION (IN)
  TODAY            T             1.60 2003   0.16  -0.16     0.00
  MONTH TO DATE    1.83                      3.55  -1.72     0.60
  SINCE MAR 1      6.47                     10.89  -4.42     6.66
  SINCE JAN 1     13.30                     17.01  -3.71    12.84

SNOWFALL (IN)
  TODAY            0.0           T    1988   0.0    0.0      0.0
  MONTH TO DATE    0.0                       0.0    0.0      0.0
  SINCE MAR 1      9.8                       7.8    2.0      9.0
  SINCE JUL 1     26.9                      40.5  -13.6     63.8
  SNOW DEPTH       0

DEGREE DAYS
 HEATING
  TODAY            0                         4     -4        0
  MONTH TO DATE  208                       185     23       74
  SINCE MAR 1   1368                      1500   -132     1532
  SINCE JUL 1   5044                      5938   -894     6177

 COOLING
  TODAY           10                         2      8       12
  MONTH TO DATE   16                        22     -6       85
  SINCE MAR 1     18                        28    -10       85
  SINCE JAN 1     18                        28    -10       85
..................................................................


WIND (MPH)
  HIGHEST WIND SPEED    13   HIGHEST WIND DIRECTION     S (200)
  HIGHEST GUST SPEED    15   HIGHEST GUST DIRECTION     S (180)
  AVERAGE WIND SPEED     3.1


SKY COVER
  POSSIBLE SUNSHINE  MM
  AVERAGE SKY COVER 0.8


WEATHER CONDITIONS
 THE FOLLOWING WEATHER WAS RECORDED TODAY.
  LIGHT RAIN


RELATIVE HUMIDITY (PERCENT)
 HIGHEST    84           500 AM
 LOWEST     35           400 PM
 AVERAGE    60

..........................................................


THE HARTFORD CT CLIMATE NORMALS FOR TOMORROW
                         NORMAL    RECORD    YEAR
 MAXIMUM TEMPERATURE (F)   74        94      1965
                                             1914
 MINIMUM TEMPERATURE (F)   51        37      1969
                                             1968


SUNRISE AND SUNSET
MAY 26 2016...........SUNRISE   521 AM EDT   SUNSET   815 PM EDT
MAY 27 2016...........SUNRISE   520 AM EDT   SUNSET   816 PM EDT


-  INDICATES NEGATIVE NUMBERS.
R  INDICATES RECORD WAS SET OR TIED.
MM INDICATES DATA IS MISSING.
T  INDICATES TRACE AMOUNT.




$$
