497
CDUS41 KBOX 200539
CLIBDL


CLIMATE REPORT
NATIONAL WEATHER SERVICE TAUNTON MA
136 AM EDT WED SEP 20 2017


...................................

...THE HARTFORD CT CLIMATE SUMMARY FOR SEPTEMBER 19 2017...

CLIMATE NORMAL PERIOD 1981 TO 2010
CLIMATE RECORD PERIOD 1904 TO 2017


WEATHER ITEM   OBSERVED TIME   RECORD YEAR NORMAL DEPARTURE LAST
                VALUE   (LST)  VALUE       VALUE  FROM      YEAR
                                                  NORMAL
..................................................................
TEMPERATURE (F)
 YESTERDAY
  MAXIMUM         75    238 PM  93    1983  74      1       76
  MINIMUM         66    634 AM  33    1956  51     15       66
  AVERAGE         71                        63      8       71

PRECIPITATION (IN)
  YESTERDAY        0.01          1.80 1938   0.14  -0.13     0.26
  MONTH TO DATE    2.19                      2.27  -0.08     1.32
  SINCE SEP 1      2.19                      2.27  -0.08     1.32
  SINCE JAN 1     33.30                     32.54   0.76    23.66

SNOWFALL (IN)
  YESTERDAY        0.0           0.0  2002   0.0    0.0      0.0
                                      2001
                                      2000
  MONTH TO DATE    0.0                       0.0    0.0      0.0
  SINCE SEP 1      0.0                       0.0    0.0      0.0
  SINCE JUL 1      0.0                       0.0    0.0      0.0
  SNOW DEPTH       0

DEGREE DAYS
 HEATING
  YESTERDAY        0                         4     -4        0
  MONTH TO DATE   39                        43     -4        9
  SINCE SEP 1     39                        43     -4        9
  SINCE JUL 1     55                        55      0        9

 COOLING
  YESTERDAY        6                         2      4        6
  MONTH TO DATE   63                        63      0      107
  SINCE SEP 1     63                        63      0      107
  SINCE JAN 1    750                       738     12     1037
..................................................................


WIND (MPH)
  RESULTANT WIND SPEED  12   RESULTANT WIND DIRECTION   N (20)
  HIGHEST WIND SPEED    20   HIGHEST WIND DIRECTION    NE (30)
  HIGHEST GUST SPEED    26   HIGHEST GUST DIRECTION     N (10)
  AVERAGE WIND SPEED    13.0


SKY COVER
  POSSIBLE SUNSHINE  MM
  AVERAGE SKY COVER 1.0


WEATHER CONDITIONS
 THE FOLLOWING WEATHER WAS RECORDED YESTERDAY.
  LIGHT RAIN


RELATIVE HUMIDITY (PERCENT)
 HIGHEST    93          1200 AM
 LOWEST     69           200 PM
 AVERAGE    81

..........................................................


THE HARTFORD CT CLIMATE NORMALS FOR TODAY
                         NORMAL    RECORD    YEAR
 MAXIMUM TEMPERATURE (F)   73        95      1983
 MINIMUM TEMPERATURE (F)   51        30      1979


SUNRISE AND SUNSET
SEPTEMBER 20 2017.....SUNRISE   636 AM EDT   SUNSET   651 PM EDT
SEPTEMBER 21 2017.....SUNRISE   637 AM EDT   SUNSET   649 PM EDT


-  INDICATES NEGATIVE NUMBERS.
R  INDICATES RECORD WAS SET OR TIED.
MM INDICATES DATA IS MISSING.
T  INDICATES TRACE AMOUNT.




$$
