000
CDUS41 KOKX 200619
CLIBDR


CLIMATE REPORT
NATIONAL WEATHER SERVICE NEW YORK NY
219 AM EDT SUN APR 20 2014


...................................

...THE BRIDGEPORT CT CLIMATE SUMMARY FOR APRIL 19 2014...

CLIMATE NORMAL PERIOD 1981 TO 2010
CLIMATE RECORD PERIOD 1948 TO 2014


WEATHER ITEM   OBSERVED TIME   RECORD YEAR NORMAL DEPARTURE LAST
                VALUE   (LST)  VALUE       VALUE  FROM      YEAR
                                                  NORMAL
..................................................................
TEMPERATURE (F)
 YESTERDAY
  MAXIMUM         66    403 PM  82    1976  59      7       66
  MINIMUM         38    543 AM  31    2001  42     -4       51
                                      1990
  AVERAGE         52                        51      1       59

PRECIPITATION (IN)
  YESTERDAY        0.00          1.40 1978   0.13  -0.13     0.01
  MONTH TO DATE    2.25                      2.69  -0.44     0.83
  SINCE MAR 1      7.47                      6.74   0.73     3.37
  SINCE JAN 1     14.45                     12.63   1.82    10.39

SNOWFALL (IN)
  YESTERDAY        0.0           0.5  1983   0.0    0.0      0.0
  MONTH TO DATE    0.1                       0.8   -0.7      0.0
  SINCE OCT 1     57.4                      27.5   29.9     64.3
  SINCE JUL 1     57.4                      27.5   29.9     64.3
  SNOW DEPTH       0

DEGREE DAYS
 HEATING
  YESTERDAY       13                        14     -1        6
  MONTH TO DATE  337                       333      4      302
  SINCE MAR 1   1271                      1130    141     1097
  SINCE JUL 1   5319                      5017    302     4720

 COOLING
  YESTERDAY        0                         0      0        0
  MONTH TO DATE    0                         0      0        0
  SINCE MAR 1      0                         0      0        0
  SINCE JAN 1      0                         0      0        0
..................................................................


WIND (MPH)
  HIGHEST WIND SPEED    25   HIGHEST WIND DIRECTION     N (350)
  HIGHEST GUST SPEED    30   HIGHEST GUST DIRECTION     N (360)
  AVERAGE WIND SPEED     8.8


SKY COVER
  AVERAGE SKY COVER 0.0


WEATHER CONDITIONS
 THE FOLLOWING WEATHER WAS RECORDED YESTERDAY.
  FOG


RELATIVE HUMIDITY (PERCENT)
 HIGHEST    86           300 AM
 LOWEST     24           200 PM
 AVERAGE    55

..........................................................


THE BRIDGEPORT CT CLIMATE NORMALS FOR TODAY
                         NORMAL    RECORD    YEAR
 MAXIMUM TEMPERATURE (F)   59        84      1952
 MINIMUM TEMPERATURE (F)   43        32      1988
                                             1956


SUNRISE AND SUNSET
APRIL 20 2014.........SUNRISE   606 AM EDT   SUNSET   738 PM EDT
APRIL 21 2014.........SUNRISE   604 AM EDT   SUNSET   739 PM EDT


-  INDICATES NEGATIVE NUMBERS.
R  INDICATES RECORD WAS SET OR TIED.
MM INDICATES DATA IS MISSING.
T  INDICATES TRACE AMOUNT.




$$
