000
CDUS41 KOKX 250617
CLIBDR


CLIMATE REPORT
NATIONAL WEATHER SERVICE NEW YORK NY
117 AM EST TUE NOV 25 2014


...................................

...THE BRIDGEPORT CT CLIMATE SUMMARY FOR NOVEMBER 24 2014...

CLIMATE NORMAL PERIOD 1981 TO 2010
CLIMATE RECORD PERIOD 1948 TO 2014


WEATHER ITEM   OBSERVED TIME   RECORD YEAR NORMAL DEPARTURE LAST
                VALUE   (LST)  VALUE       VALUE  FROM      YEAR
                                                  NORMAL
..................................................................
TEMPERATURE (F)
 YESTERDAY
  MAXIMUM         62    818 PM  63    1979  50     12       31
  MINIMUM         47   1211 AM  17    1989  36     11       23
  AVERAGE         55                        43     12       27

PRECIPITATION (IN)
  YESTERDAY        0.54          1.11 1980   0.12   0.42     0.00
  MONTH TO DATE    3.12                      2.66   0.46     0.70
  SINCE SEP 1      8.20                      9.78  -1.58     3.74
  SINCE JAN 1     39.44                     38.68   0.76    30.52

SNOWFALL (IN)
  YESTERDAY        0.0           T    2012   0.1   -0.1      0.0
                                      1975
  MONTH TO DATE    T                         0.4   -0.4      0.1
  SINCE OCT 1      T                         0.4   -0.4      0.1
  SINCE JUL 1      T                         0.4   -0.4      0.1
  SNOW DEPTH       0

DEGREE DAYS
 HEATING
  YESTERDAY       10                        22    -12       38
  MONTH TO DATE  495                       443     52      462
  SINCE SEP 1    764                       829    -65      781
  SINCE JUL 1    764                       833    -69      781

 COOLING
  YESTERDAY        0                         0      0        0
  MONTH TO DATE    0                         0      0        0
  SINCE SEP 1    150                       107     43      118
  SINCE JAN 1    884                       825     59     1003
..................................................................


WIND (MPH)
  HIGHEST WIND SPEED    30   HIGHEST WIND DIRECTION     S (170)
  HIGHEST GUST SPEED    42   HIGHEST GUST DIRECTION     S (170)
  AVERAGE WIND SPEED    14.4


SKY COVER
  AVERAGE SKY COVER 0.7


WEATHER CONDITIONS
 THE FOLLOWING WEATHER WAS RECORDED YESTERDAY.
  RAIN
  LIGHT RAIN
  FOG


RELATIVE HUMIDITY (PERCENT)
 HIGHEST   100           400 AM
 LOWEST     78           800 PM
 AVERAGE    89

..........................................................


THE BRIDGEPORT CT CLIMATE NORMALS FOR TODAY
                         NORMAL    RECORD    YEAR
 MAXIMUM TEMPERATURE (F)   50        64      2004
 MINIMUM TEMPERATURE (F)   35        18      2013


SUNRISE AND SUNSET
NOVEMBER 25 2014......SUNRISE   652 AM EST   SUNSET   427 PM EST
NOVEMBER 26 2014......SUNRISE   653 AM EST   SUNSET   426 PM EST


-  INDICATES NEGATIVE NUMBERS.
R  INDICATES RECORD WAS SET OR TIED.
MM INDICATES DATA IS MISSING.
T  INDICATES TRACE AMOUNT.




$$
