000
CDUS41 KOKX 090627
CLIBDR


CLIMATE REPORT
NATIONAL WEATHER SERVICE NEW YORK NY
126 AM EST FRI DEC 9 2016


...................................

...THE BRIDGEPORT CT CLIMATE SUMMARY FOR DECEMBER 8 2016...

CLIMATE NORMAL PERIOD 1981 TO 2010
CLIMATE RECORD PERIOD 1948 TO 2016


WEATHER ITEM   OBSERVED TIME   RECORD YEAR NORMAL DEPARTURE LAST
                VALUE   (LST)  VALUE       VALUE  FROM      YEAR
                                                  NORMAL
..................................................................
TEMPERATURE (F)
 YESTERDAY
  MAXIMUM         45        MM  63    1951  45      0       50
  MINIMUM         35        MM  13    1976  31      4       42
  AVERAGE         40                        38      2       46

PRECIPITATION (IN)
  YESTERDAY        0.00          1.42 1969   0.12  -0.12     0.00
  MONTH TO DATE    0.56                      0.94  -0.38     0.73
  SINCE DEC 1      0.56                      0.94  -0.38     0.73
  SINCE JAN 1     36.53                     40.35  -3.82    30.84

SNOWFALL (IN)
  YESTERDAY        0.0           0.5  2001   0.1   -0.1      0.0
                                      1958
  MONTH TO DATE    0.0                       0.8   -0.8      0.0
  SINCE OCT 1      T                         1.5   -1.5       T
  SINCE JUL 1      T                         1.5   -1.5       T
  SNOW DEPTH       0

DEGREE DAYS
 HEATING
  YESTERDAY       25                        27     -2       19
  MONTH TO DATE  176                       207    -31      163
  SINCE DEC 1    176                       207    -31      163
  SINCE JUL 1    904                      1181   -277      907

 COOLING
  YESTERDAY        0                         0      0        0
  MONTH TO DATE    0                         0      0        0
  SINCE DEC 1      0                         0      0        0
  SINCE JAN 1   1270                       825    445     1122
..................................................................


WIND (MPH)
  HIGHEST WIND SPEED    13   HIGHEST WIND DIRECTION     W (280)
  HIGHEST GUST SPEED    21   HIGHEST GUST DIRECTION     W (260)
  AVERAGE WIND SPEED     7.3


SKY COVER
  AVERAGE SKY COVER 0.4


WEATHER CONDITIONS
 THE FOLLOWING WEATHER WAS RECORDED YESTERDAY.
  NO SIGNIFICANT WEATHER WAS OBSERVED.


RELATIVE HUMIDITY (PERCENT)
 HIGHEST    85           300 AM
 LOWEST     45           200 PM
 AVERAGE    65

..........................................................


THE BRIDGEPORT CT CLIMATE NORMALS FOR TODAY
                         NORMAL    RECORD    YEAR
 MAXIMUM TEMPERATURE (F)   44        63      1991
 MINIMUM TEMPERATURE (F)   31        10      1968


SUNRISE AND SUNSET
DECEMBER  9 2016......SUNRISE   706 AM EST   SUNSET   424 PM EST
DECEMBER 10 2016......SUNRISE   707 AM EST   SUNSET   424 PM EST


-  INDICATES NEGATIVE NUMBERS.
R  INDICATES RECORD WAS SET OR TIED.
MM INDICATES DATA IS MISSING.
T  INDICATES TRACE AMOUNT.




$$
