000
CDUS41 KOKX 280617
CLIBDR


CLIMATE REPORT
NATIONAL WEATHER SERVICE NEW YORK NY
216 AM EDT SAT MAR 28 2015


...................................

...THE BRIDGEPORT CT CLIMATE SUMMARY FOR MARCH 27 2015...

CLIMATE NORMAL PERIOD 1981 TO 2010
CLIMATE RECORD PERIOD 1948 TO 2015


WEATHER ITEM   OBSERVED TIME   RECORD YEAR NORMAL DEPARTURE LAST
                VALUE   (LST)  VALUE       VALUE  FROM      YEAR
                                                  NORMAL
..................................................................
TEMPERATURE (F)
 YESTERDAY
  MAXIMUM         47    511 PM  74    2007  51     -4       41
  MINIMUM         39   1016 PM  20    2001  35      4       22
                                      1966
  AVERAGE         43                        43      0       32

PRECIPITATION (IN)
  YESTERDAY        0.23          2.00 1978   0.14   0.09     0.00
  MONTH TO DATE    4.56                      3.51   1.05     1.33
  SINCE MAR 1      4.56                      3.51   1.05     1.33
  SINCE JAN 1     10.90                      9.40   1.50     8.31

SNOWFALL (IN)
  YESTERDAY        0.0           0.0  2002   0.1   -0.1      0.0
                                      2001
  MONTH TO DATE   17.3                       4.8   12.5      0.1
  SINCE OCT 1     58.4                      26.4   32.0     56.6
  SINCE JUL 1     58.4                      26.4   32.0     56.6
  SNOW DEPTH       0

DEGREE DAYS
 HEATING
  YESTERDAY       22                        22      0       33
  MONTH TO DATE  849                       711    138      847
  SINCE MAR 1    849                       711    138      847
  SINCE JUL 1   4955                      4598    357     4895

 COOLING
  YESTERDAY        0                         0      0        0
  MONTH TO DATE    0                         0      0        0
  SINCE MAR 1      0                         0      0        0
  SINCE JAN 1      0                         0      0        0
..................................................................


WIND (MPH)
  HIGHEST WIND SPEED    15   HIGHEST WIND DIRECTION    NW (320)
  HIGHEST GUST SPEED    20   HIGHEST GUST DIRECTION    NW (330)
  AVERAGE WIND SPEED     7.9


SKY COVER
  AVERAGE SKY COVER 0.8


WEATHER CONDITIONS
 THE FOLLOWING WEATHER WAS RECORDED YESTERDAY.
  LIGHT RAIN


RELATIVE HUMIDITY (PERCENT)
 HIGHEST    92           600 AM
 LOWEST     53           400 PM
 AVERAGE    73

..........................................................


THE BRIDGEPORT CT CLIMATE NORMALS FOR TODAY
                         NORMAL    RECORD    YEAR
 MAXIMUM TEMPERATURE (F)   51        76      1991
 MINIMUM TEMPERATURE (F)   35        17      1966


SUNRISE AND SUNSET
MARCH 28 2015.........SUNRISE   643 AM EDT   SUNSET   713 PM EDT
MARCH 29 2015.........SUNRISE   641 AM EDT   SUNSET   714 PM EDT


-  INDICATES NEGATIVE NUMBERS.
R  INDICATES RECORD WAS SET OR TIED.
MM INDICATES DATA IS MISSING.
T  INDICATES TRACE AMOUNT.




$$
