258
CDAK48 PABE 291032
CLIBET


CLIMATE REPORT
NATIONAL WEATHER SERVICE ANCHORAGE, AK
232 AM AKDT SAT JUL 29 2017


...................................

...THE BETHEL CLIMATE SUMMARY FOR JULY 28 2017...

CLIMATE NORMAL PERIOD 1981 TO 2010
CLIMATE RECORD PERIOD 1948 TO 2017


WEATHER ITEM   OBSERVED TIME   RECORD YEAR NORMAL DEPARTURE LAST
                VALUE   (LST)  VALUE       VALUE  FROM      YEAR
                                                  NORMAL
..................................................................
TEMPERATURE (F)
 YESTERDAY
  MAXIMUM         58        MM  78    1987  62     -4       65
  MINIMUM         51        MM  35    2000  49      2       54
  AVERAGE         55                        55      0       60

PRECIPITATION (IN)
  YESTERDAY        0.22          1.24 2010   0.10   0.12     0.00
  MONTH TO DATE    3.27                      2.06   1.21     2.12
  SINCE JUN 1      4.66                      3.78   0.88     3.55
  SINCE JAN 1      9.63                      7.87   1.76     6.79

SNOWFALL (IN)
  YESTERDAY        0.0          MM      MM   0.0    0.0      0.0
  MONTH TO DATE    0.0                       0.0    0.0      0.0
  SINCE JUN 1      0.0                       T      0.0      0.0
  SINCE JUL 1      0.0                       0.0    0.0      0.0
  SNOW DEPTH       0

DEGREE DAYS
 HEATING
  YESTERDAY       10                        10      0        5
  MONTH TO DATE  194                       254    -60      138
  SINCE JUN 1    469                       632   -163      411
  SINCE JUL 1    194                       254    -60      138

 COOLING
  YESTERDAY        0                         0      0        0
  MONTH TO DATE    3                         0      3       12
  SINCE JUN 1      3                         1      2       13
  SINCE JAN 1      3                         1      2       13
..................................................................


WIND (MPH)
  RESULTANT WIND SPEED  14   RESULTANT WIND DIRECTION   S (180)
  HIGHEST WIND SPEED    17   HIGHEST WIND DIRECTION    SW (210)
  HIGHEST GUST SPEED    25   HIGHEST GUST DIRECTION     S (170)
  AVERAGE WIND SPEED    14.3



WEATHER CONDITIONS
 THE FOLLOWING WEATHER WAS RECORDED YESTERDAY.
  LIGHT RAIN
  FOG


RELATIVE HUMIDITY (PERCENT)
 HIGHEST   100
 LOWEST     86
 AVERAGE    93

..........................................................


THE BETHEL CLIMATE NORMALS FOR TODAY
                         NORMAL    RECORD    YEAR
 MAXIMUM TEMPERATURE (F)   62        75      2013
                                             1963
 MINIMUM TEMPERATURE (F)   49        35      2000


SUNRISE AND SUNSET
JULY 29 2017..........SUNRISE   616 AM AKDT  SUNSET  1129 PM AKDT
JULY 30 2017..........SUNRISE   619 AM AKDT  SUNSET  1127 PM AKDT


-  INDICATES NEGATIVE NUMBERS.
R  INDICATES RECORD WAS SET OR TIED.
MM INDICATES DATA IS MISSING.
T  INDICATES TRACE AMOUNT.




$$
