000
CDAK48 PAFC 211252
CLIBET


CLIMATE REPORT
NATIONAL WEATHER SERVICE ANCHORAGE, AK
452 AM AKDT THU SEP 21 2017


...................................

...THE BETHEL CLIMATE SUMMARY FOR SEPTEMBER 20 2017...

CLIMATE NORMAL PERIOD 1981 TO 2010
CLIMATE RECORD PERIOD 1948 TO 2017


WEATHER ITEM   OBSERVED TIME   RECORD YEAR NORMAL DEPARTURE LAST
                VALUE   (LST)  VALUE       VALUE  FROM      YEAR
                                                  NORMAL
..................................................................
TEMPERATURE (F)
 YESTERDAY
  MAXIMUM         47        MM  64    1926  51     -4       55
  MINIMUM         38        MM  24    1987  37      1       37
                                      1939
  AVERAGE         43                        44     -1       46

PRECIPITATION (IN)
  YESTERDAY        0.19          0.84 1945   0.09   0.10     0.03
  MONTH TO DATE    2.10                      1.90   0.20     2.93
  SINCE SEP 1      2.10                      1.90   0.20     2.93
  SINCE JAN 1     17.03                     13.32   3.71    13.85

SNOWFALL (IN)
  YESTERDAY        0.0          MM      MM   0.0    0.0      0.0
  MONTH TO DATE    0.0                       0.2   -0.2      0.0
  SINCE SEP 1      0.0                       0.2   -0.2      0.0
  SINCE JUL 1      0.0                       0.2   -0.2      0.0
  SNOW DEPTH       0

DEGREE DAYS
 HEATING
  YESTERDAY       22                        21      1       19
  MONTH TO DATE  343                       344     -1      286
  SINCE SEP 1    343                       344     -1      286
  SINCE JUL 1    894                       980    -86      648

 COOLING
  YESTERDAY        0                         0      0        0
  MONTH TO DATE    0                         0      0        0
  SINCE SEP 1      0                         0      0        0
  SINCE JAN 1      6                         4      2       13
..................................................................


WIND (MPH)
  RESULTANT WIND SPEED   3   RESULTANT WIND DIRECTION   W (260)
  HIGHEST WIND SPEED    18   HIGHEST WIND DIRECTION     S (200)
  HIGHEST GUST SPEED    MM   HIGHEST GUST DIRECTION    MM
  AVERAGE WIND SPEED     7.1



WEATHER CONDITIONS
 THE FOLLOWING WEATHER WAS RECORDED YESTERDAY.
  RAIN
  LIGHT RAIN
  FOG


RELATIVE HUMIDITY (PERCENT)
 HIGHEST   100
 LOWEST     76
 AVERAGE    88

..........................................................


THE BETHEL CLIMATE NORMALS FOR TODAY
                         NORMAL    RECORD    YEAR
 MAXIMUM TEMPERATURE (F)   50        64      1945
 MINIMUM TEMPERATURE (F)   37        25      2003
                                             1956


SUNRISE AND SUNSET
SEPTEMBER 21 2017.....SUNRISE   830 AM AKDT  SUNSET   849 PM AKDT
SEPTEMBER 22 2017.....SUNRISE   832 AM AKDT  SUNSET   845 PM AKDT


-  INDICATES NEGATIVE NUMBERS.
R  INDICATES RECORD WAS SET OR TIED.
MM INDICATES DATA IS MISSING.
T  INDICATES TRACE AMOUNT.




$$
