044
CDAK48 PAFC 250113
CLIBET


CLIMATE REPORT
NATIONAL WEATHER SERVICE ANCHORAGE, AK
413 PM AKST FRI NOV 24 2017


...................................

...THE BETHEL CLIMATE SUMMARY FOR NOVEMBER 24 2017...
VALID TODAY AS OF 0400 PM LOCAL TIME.

CLIMATE NORMAL PERIOD 1981 TO 2010
CLIMATE RECORD PERIOD 1948 TO 2017


WEATHER ITEM   OBSERVED TIME   RECORD YEAR NORMAL DEPARTURE LAST
                VALUE   (LST)  VALUE       VALUE  FROM      YEAR
                                                  NORMAL
..................................................................
TEMPERATURE (F)
 TODAY
  MAXIMUM         24   1200 AM  41    1947  21      3       22
  MINIMUM         18    556 AM -23    1994   9      9       -3
  AVERAGE         21                        15      6       10

PRECIPITATION (IN)
  TODAY            0.02          1.12 1990   0.05  -0.03     0.19
  MONTH TO DATE    1.90                      1.31   0.59     0.44
  SINCE SEP 1      8.67                      5.71   2.96     4.35
  SINCE JAN 1     23.60                     17.13   6.47    15.27

SNOWFALL (IN)
  TODAY            0.2           9.3  1990   0.4   -0.2      2.4
  MONTH TO DATE    5.4                      10.1   -4.7      3.3
  SINCE SEP 1      6.6                      15.1   -8.5      3.3
  SINCE JUL 1      6.6                      15.1   -8.5      3.3
  SNOW DEPTH       5

DEGREE DAYS
 HEATING
  TODAY           44                        50     -6       55
  MONTH TO DATE  870                      1123   -253     1134
  SINCE SEP 1   2310                      2782   -472     2460
  SINCE JUL 1   2861                      3418   -557     2822

 COOLING
  TODAY            0                         0      0        0
  MONTH TO DATE    0                         0      0        0
  SINCE SEP 1      0                         0      0        0
  SINCE JAN 1      6                         4      2       13
..................................................................


WIND (MPH)
  RESULTANT WIND SPEED  10   RESULTANT WIND DIRECTION   W (280)
  HIGHEST WIND SPEED    18   HIGHEST WIND DIRECTION     W (290)
  HIGHEST GUST SPEED    24   HIGHEST GUST DIRECTION     W (290)
  AVERAGE WIND SPEED    10.9



WEATHER CONDITIONS
 THE FOLLOWING WEATHER WAS RECORDED TODAY.
  LIGHT SNOW
  FOG


RELATIVE HUMIDITY (PERCENT)
 HIGHEST    96
 LOWEST     77
 AVERAGE    87

..........................................................


THE BETHEL CLIMATE NORMALS FOR TOMORROW
                         NORMAL    RECORD    YEAR
 MAXIMUM TEMPERATURE (F)   21        42      1931
 MINIMUM TEMPERATURE (F)    8       -24      1939


SUNRISE AND SUNSET
NOVEMBER 24 2017......SUNRISE  1014 AM AKST  SUNSET   453 PM AKST
NOVEMBER 25 2017......SUNRISE  1017 AM AKST  SUNSET   452 PM AKST


-  INDICATES NEGATIVE NUMBERS.
R  INDICATES RECORD WAS SET OR TIED.
MM INDICATES DATA IS MISSING.
T  INDICATES TRACE AMOUNT.




$$
