000
CDAK48 PABE 291255
CLIBET

CLIMATE REPORT
NATIONAL WEATHER SERVICE BETHEL, AK
455 AM AKDT FRI APR 29 2016

...................................
...THE BETHEL AP CLIMATE SUMMARY FOR APRIL 28 2016...

CLIMATE NORMAL PERIOD  1981 TO  2010
CLIMATE RECORD PERIOD  1923 TO  2016

WEATHER ITEM   OBSERVED TIME    RECORD YEAR NORMAL DEPARTURE LAST
               VALUE    (LST)   VALUE       VALUE  FROM      YEAR
                                                   NORMAL
...................................................................
TEMPERATURE
YESTERDAY
 MAXIMUM           R60  0652 PM    60  2016     42      18     52
 MINIMUM            32  0604 AM   -16  1924     26       6     31
 AVERAGE            46                          34      12     42

PRECIPITATION
(INCHES)
 YESTERDAY        0.00           0.32  2002   0.03   -0.03   0.00
 MONTH TO DATE    0.56                        0.68   -0.12   1.05
 SINCE MAR 1      1.31                        1.39   -0.08   1.55
 SINCE JAN 1      1.70                        2.89   -1.19   2.59

SNOWFALL
(INCHES)
 YESTERDAY         0.0            1.2  1951    0.2    -0.2    0.0
 MONTH TO DATE     0.4                         5.5    -5.1    9.8
 SINCE MAR 1       2.9                        13.7   -10.8   16.6
 SINCE JUL 1      29.4                        59.5   -30.1   42.1
 SNOW DEPTH (IN)     0                                          0

DEGREE DAYS
 HEATING
  YESTERDAY         19                          31     -12     23
  MONTH TO DATE    658                        1081    -423    992
  SINCE MAR 1     2011                        2625    -614   2362
  SINCE JUL 1     9460                       11371   -1911  10148

 COOLING
  YESTERDAY          0                           0       0      0
  MONTH TO DATE      0                           0       0      0
  SINCE MAR 1        0                           0       0      0
  SINCE JAN 1        0                           0       0      0
...................................................................

WIND (MPH)
 HIGHEST WIND SPEED    24     HIGHEST WIND DIRECTION    100
 HIGHEST GUST SPEED    32     HIGHEST GUST DIRECTION    100
 AVERAGE WIND SPEED  12.8

WEATHER CONDITIONS
 THE FOLLOWING WEATHER WAS RECORDED YESTERDAY.
 NO SIGNIFICANT WEATHER WAS OBSERVED.

...................................................................

THE BETHEL CLIMATE NORMALS FOR TODAY
                           NORMAL    RECORD   YEAR
 MAXIMUM TEMPERATURE (F)     42        60     2015
 MINIMUM TEMPERATURE (F)     27        -5     1924

SUNRISE AND SUNSET
 APR 29 2016..........SUNRISE  6:45 AM      SUNSET 10:47 PM
 APR 30 2016..........SUNRISE  6:42 AM      SUNSET 10:50 PM

-  INDICATES NEGATIVE NUMBERS.
R  INDICATES RECORD HAS BEEN SET OR TIED.
MM INDICATES DATA IS MISSING.
T  INDICATES TRACE OF PRECIPITATION.

&&
-------------------------------------------------------------------

AMOUNT OF DAYLIGHT TODAY  (HOUR:MIN)........16 HOURS 2 MINUTES
GAIN SINCE YESTERDAY (HOUR:MIN:SEC)....+0:05:27

$$
CR APR 16
