075
CDAK48 PAFC 221306 RRA
CLIBET

CLIMATE REPORT
NATIONAL WEATHER SERVICE ANCHORAGE, AK
404 AM AKST SUN JAN 22 2017


...................................

...THE BETHEL CLIMATE SUMMARY FOR JANUARY 21 2017...

CLIMATE NORMAL PERIOD 1981 TO 2010
CLIMATE RECORD PERIOD 1948 TO 2017


WEATHER ITEM   OBSERVED TIME   RECORD YEAR NORMAL DEPARTURE LAST
                VALUE   (LST)  VALUE       VALUE  FROM      YEAR
                                                  NORMAL
..................................................................
TEMPERATURE (F)
 YESTERDAY
  MAXIMUM        -10    713 AM  43    1937  12    -22        7
  MINIMUM        -30   1159 PM -46    1973   1    -31        4
  AVERAGE        -20                         6    -26        6

PRECIPITATION (IN)
  YESTERDAY        0.00          0.67 1963   0.02  -0.02     0.00
  MONTH TO DATE    0.64                      0.55   0.09     0.14
  SINCE DEC 1      1.40                      1.67  -0.27     1.38
  SINCE JAN 1      0.64                      0.55   0.09     0.14

SNOWFALL (IN)
  YESTERDAY        0.0           4.6  1969   0.3   -0.3      0.0
  MONTH TO DATE    4.3                       6.9   -2.6      2.2
  SINCE DEC 1     11.8                      18.3   -6.5     15.6
  SINCE JUL 1     15.4                      36.2  -20.8     25.0
  SNOW DEPTH       4

DEGREE DAYS
 HEATING
  YESTERDAY       85                        59     26       59
  MONTH TO DATE 1252                      1234     18      924
  SINCE DEC 1   2841                      2928    -87     2422
  SINCE JUL 1   6069                      6651   -582     5634

 COOLING
  YESTERDAY        0                         0      0        0
  MONTH TO DATE    0                         0      0        0
  SINCE DEC 1      0                         0      0        0
  SINCE JAN 1      0                         0      0        0
..................................................................


WIND (MPH)
  RESULTANT WIND SPEED   4   RESULTANT WIND DIRECTION  NW (330)
  HIGHEST WIND SPEED     9   HIGHEST WIND DIRECTION     N (360)
  HIGHEST GUST SPEED    10   HIGHEST GUST DIRECTION    NW (320)
  AVERAGE WIND SPEED     4.0



WEATHER CONDITIONS
 THE FOLLOWING WEATHER WAS RECORDED YESTERDAY.
  FOG
  HAZE


RELATIVE HUMIDITY (PERCENT)
 HIGHEST    89
 LOWEST     73
 AVERAGE    81

..........................................................


THE BETHEL CLIMATE NORMALS FOR TODAY
                         NORMAL    RECORD    YEAR
 MAXIMUM TEMPERATURE (F)   12        40      1937
 MINIMUM TEMPERATURE (F)    1       -39      1973


SUNRISE AND SUNSET
JANUARY 22 2017.......SUNRISE  1027 AM AKST  SUNSET   532 PM AKST
JANUARY 23 2017.......SUNRISE  1025 AM AKST  SUNSET   534 PM AKST

CIVIL TWILIGHT
JANUARY 22 2017         START    935 AM GMT     END    625 PM GMT
JANUARY 23 2017         START    934 AM GMT     END    627 PM GMT



-  INDICATES NEGATIVE NUMBERS.
R  INDICATES RECORD WAS SET OR TIED.
MM INDICATES DATA IS MISSING.
T  INDICATES TRACE AMOUNT.




$$
&&
------------------------------------------------------
AMOUNT OF DAYLIGHT TODAY  (HOUR:MIN)........ 7:05
GAIN/LOSS SINCE YESTERDAY (HOUR:MIN:SEC)....+0:04:39

$$
