000
CDAK48 PABE 291042
CLIBET

CLIMATE REPORT
NATIONAL WEATHER SERVICE BETHEL, AK
242 AM AKDT TUE JUL 29 2014

...................................
...THE BETHEL AP CLIMATE SUMMARY FOR JULY 28 2014...

CLIMATE NORMAL PERIOD  1981 TO  2010
CLIMATE RECORD PERIOD  1948 TO  2014

WEATHER ITEM   OBSERVED TIME    RECORD YEAR NORMAL DEPARTURE LAST
               VALUE    (LST)   VALUE       VALUE  FROM      YEAR
                                                   NORMAL
...................................................................
TEMPERATURE
YESTERDAY
 MAXIMUM            61  0732 PM    78  1987     62      -1     63
 MINIMUM            49  0909 AM    35  2000     49       0     52
 AVERAGE            55                          55       0     58

PRECIPITATION
(INCHES)
 YESTERDAY        0.01           1.24  2010   0.10   -0.09   0.00
 MONTH TO DATE    2.45                        2.06    0.39   2.22
 SINCE JUN 1      3.97                        3.78    0.19   3.83
 SINCE JAN 1      7.01                        7.87   -0.86   7.13

SNOWFALL
(INCHES)
 YESTERDAY         0.0            0.0  2014    0.0     0.0    0.0
 MONTH TO DATE     0.0                         0.0     0.0    0.0
 SINCE JUN 1       0.0                         0.0     0.0    0.0
 SINCE JUL 1       0.0                         0.0     0.0    0.0
 SNOW DEPTH (IN)     0                                          0

DEGREE DAYS
 HEATING
  YESTERDAY         10                          10       0      7
  MONTH TO DATE    262                         254       8    264
  SINCE JUN 1      682                         631      51    552
  SINCE JUL 1      262                         254       8    264

 COOLING
  YESTERDAY          0                           0       0      0
  MONTH TO DATE      0                           0       0      7
  SINCE JUN 1        0                           0       0     14
  SINCE JAN 1        0                           0       0     14
...................................................................

WIND (MPH)
 HIGHEST WIND SPEED    16     HIGHEST WIND DIRECTION    340
 HIGHEST GUST SPEED    21     HIGHEST GUST DIRECTION    330
 AVERAGE WIND SPEED   9.5

SKY COVER
  POSSIBLE SUNSHINE    MM          AVERAGE SKY COVER     MM

WEATHER CONDITIONS
 THE FOLLOWING WEATHER WAS RECORDED YESTERDAY.
  FOG
DRIZZLE
RAIN


RELATIVE HUMIDITY
 HIGHEST RH     MM PERCENT       MM
 LOWEST  RH     MM PERCENT       MM
 AVERAGE RH     MM PERCENT       MM
...................................................................

THE BETHEL CLIMATE NORMALS FOR TODAY
                           NORMAL    RECORD   YEAR
 MAXIMUM TEMPERATURE (F)     62        75     2013
 MINIMUM TEMPERATURE (F)     49        35     2000

SUNRISE AND SUNSET
 JUL 29 2014..........SUNRISE  6:16 AM      SUNSET 11:30 PM
 JUL 30 2014..........SUNRISE  6:19 AM      SUNSET 11:28 PM

-  INDICATES NEGATIVE NUMBERS.
R  INDICATES RECORD HAS BEEN SET OR TIED.
MM INDICATES DATA IS MISSING.
T  INDICATES TRACE OF PRECIPITATION.

&&
-------------------------------------------------------------------

AMOUNT OF DAYLIGHT TODAY  (HOUR:MIN)........17 HOURS 14 MINUTES
GAIN/LOSS SINCE YESTERDAY (HOUR:MIN:SEC)....-0:04:56

$$
DPA JUL 14
