000
CDAK48 PABE 312350
CLIBET

CLIMATE REPORT
NATIONAL WEATHER SERVICE BETHEL, AK
250 PM AKST WED DEC 31 2014

...................................
...THE BETHEL AP CLIMATE SUMMARY FOR DECEMBER 31 2014...
VALID TODAY AS OF 2:00 PM LOCAL TIME

CLIMATE NORMAL PERIOD  1981 TO  2010
CLIMATE RECORD PERIOD  1923 TO  2014

WEATHER ITEM   OBSERVED TIME    RECORD YEAR NORMAL DEPARTURE LAST
               VALUE    (LST)   VALUE       VALUE  FROM      YEAR
                                                   NORMAL
...................................................................
TEMPERATURE
TODAY
 MAXIMUM            35  1240 AM    49  1936     13      22     17
 MINIMUM            29  1136 AM   -44  1948      1      28      8
 AVERAGE            32                           7      25     13

PRECIPITATION
(INCHES)
 TODAY               T           0.81  1949   0.03   -0.03      T
 MONTH TO DATE    1.59                        1.12    0.47   2.06
 SINCE DEC 1      1.59                        1.12    0.47   2.06
 SINCE JAN 1     15.82                       18.54   -2.72  21.77

SNOWFALL
(INCHES)
 TODAY               T            7.8  1997    0.3    -0.3      T
 MONTH TO DATE     6.5                        11.4    -4.9    7.3
 SINCE DEC 1       6.5                        11.4    -4.9    7.3
 SINCE JUL 1      18.7                        29.3   -10.6   14.2
 SNOW DEPTH (IN)     T                                          3

DEGREE DAYS
 HEATING
  TODAY             33                          58     -25     52
  MONTH TO DATE   1407                        1694    -287   1547
  SINCE DEC 1     1407                        1694    -287   1544
  SINCE JUL 1     4682                        5424    -742   4898

 COOLING
  TODAY              0                           0       0      0
  MONTH TO DATE      0                           0       0      0
  SINCE DEC 1        0                           0       0      0
  SINCE JAN 1        0                           0       0     18
...................................................................

WIND (MPH)
 HIGHEST WIND SPEED    20     HIGHEST WIND DIRECTION    200
 HIGHEST GUST SPEED    25     HIGHEST GUST DIRECTION    200
 AVERAGE WIND SPEED    MM

SKY COVER
  POSSIBLE SUNSHINE  MM            AVERAGE SKY COVER MM

WEATHER CONDITIONS
 THE FOLLOWING WEATHER WAS RECORDED TODAY.
FOG
RAIN
SNOW


RELATIVE HUMIDITY
 HIGHEST RH     MM PERCENT       MM
 LOWEST  RH     MM PERCENT       MM
 AVERAGE RH     MM PERCENT       MM
...................................................................

THE BETHEL CLIMATE NORMALS FOR TOMORROW
                        NORMAL    RECORD   YEAR
 MAXIMUM TEMPERATURE      13        41     1968
 MINIMUM TEMPERATURE       1       -44     1949

SUNRISE AND SUNSET
 DEC 31 2014..........SUNRISE 10:58 AM      SUNSET  4:44 PM
 JAN  1 2015..........SUNRISE 10:58 AM      SUNSET  4:46 PM

-  INDICATES NEGATIVE NUMBERS.
R  INDICATES RECORD HAS BEEN SET OR TIED.
MM INDICATES DATA IS MISSING.
T  INDICATES TRACE OF PRECIPITATION.

&&
-------------------------------------------------------------------

AMOUNT OF DAYLIGHT TODAY  (HOUR:MIN)........5 HOURS 46 MINUTES
GAIN/LOSS SINCE YESTERDAY (HOUR:MIN:SEC)....+0:01:49

$$
FONTENOT
