000
CDUS41 KCTP 290635
CLIBFD


CLIMATE REPORT
NATIONAL WEATHER SERVICE STATE COLLEGE PA
234 AM EDT SUN MAY 29 2016


...................................

...THE BRADFORD CLIMATE SUMMARY FOR MAY 28 2016...

CLIMATE NORMAL PERIOD 1981 TO 2010
CLIMATE RECORD PERIOD 1957 TO 2016


WEATHER ITEM   OBSERVED TIME   RECORD YEAR NORMAL DEPARTURE LAST
                VALUE   (LST)  VALUE       VALUE  FROM      YEAR
                                                  NORMAL
..................................................................
TEMPERATURE (F)
 YESTERDAY
  MAXIMUM         85    101 PM  86    2012  69     16       76
  MINIMUM         56    523 AM  27    1983  44     12       51
  AVERAGE         71                        57     14       64

PRECIPITATION (IN)
  YESTERDAY        T             2.31 1984   0.14  -0.14     0.27
  MONTH TO DATE    3.21                      3.74  -0.53     2.07
  SINCE MAR 1      9.82                     10.66  -0.84     8.64
  SINCE JAN 1     14.43                     16.30  -1.87    11.48

DEGREE DAYS
 HEATING
  YESTERDAY        0                         5     -5        1
  MONTH TO DATE  366                       228    138      200
  SINCE MAR 1   1801                      1909   -108     1989
  SINCE JUL 1   6501                      7479   -978     7888

 COOLING
  YESTERDAY        6                         0      6        0
  MONTH TO DATE   13                         0     13       38
  SINCE MAR 1     13                         2     11       38
  SINCE JAN 1     13                         2     11       38
..................................................................


WIND (MPH)
  HIGHEST WIND SPEED    10   HIGHEST WIND DIRECTION     N (340)
  HIGHEST GUST SPEED    13   HIGHEST GUST DIRECTION    NW (330)
  AVERAGE WIND SPEED     1.7


SKY COVER
  POSSIBLE SUNSHINE  MM
  AVERAGE SKY COVER 0.2


WEATHER CONDITIONS
 THE FOLLOWING WEATHER WAS RECORDED YESTERDAY.
  THUNDERSTORM
  LIGHT RAIN
  FOG


RELATIVE HUMIDITY (PERCENT)
 HIGHEST    93          1200 AM
 LOWEST     43           100 PM
 AVERAGE    68

..........................................................


THE BRADFORD CLIMATE NORMALS FOR TODAY
                         NORMAL    RECORD    YEAR
 MAXIMUM TEMPERATURE (F)   69        87      2006
 MINIMUM TEMPERATURE (F)   45        29      2008


SUNRISE AND SUNSET
MAY 29 2016...........SUNRISE   543 AM EDT   SUNSET   841 PM EDT
MAY 30 2016...........SUNRISE   543 AM EDT   SUNSET   842 PM EDT


-  INDICATES NEGATIVE NUMBERS.
R  INDICATES RECORD WAS SET OR TIED.
MM INDICATES DATA IS MISSING.
T  INDICATES TRACE AMOUNT.




$$
