000
CDUS41 KCTP 260610
CLIBFD


CLIMATE REPORT
NATIONAL WEATHER SERVICE STATE COLLEGE PA
210 AM EDT SUN OCT 26 2014


...................................

...THE BRADFORD CLIMATE SUMMARY FOR OCTOBER 25 2014...

CLIMATE NORMAL PERIOD 1981 TO 2010
CLIMATE RECORD PERIOD 1957 TO 2014


WEATHER ITEM   OBSERVED TIME   RECORD YEAR NORMAL DEPARTURE LAST
                VALUE   (LST)  VALUE       VALUE  FROM      YEAR
                                                  NORMAL
..................................................................
TEMPERATURE (F)
 YESTERDAY
  MAXIMUM         61    353 PM  78    2012  54      7       42
  MINIMUM         38   1250 AM  22    1982  34      4       33
  AVERAGE         50                        44      6       38

PRECIPITATION (IN)
  YESTERDAY        0.00          2.38 1980   0.11  -0.11     0.06
  MONTH TO DATE    3.29                      2.79   0.50     3.36
  SINCE SEP 1      5.54                      6.71  -1.17     5.89
  SINCE JAN 1     36.88                     36.66   0.22    27.30

DEGREE DAYS
 HEATING
  YESTERDAY       15                        17     -2       27
  MONTH TO DATE  369                       331     38      320
  SINCE SEP 1    586                       595     -9      560
  SINCE JUL 1    770                       748     22      696

 COOLING
  YESTERDAY        0                         0      0        0
  MONTH TO DATE    1                         0      1        9
  SINCE SEP 1     26                        15     11       39
  SINCE JAN 1    196                       192      4      334
..................................................................


WIND (MPH)
  HIGHEST WIND SPEED    25   HIGHEST WIND DIRECTION    NW (300)
  HIGHEST GUST SPEED    35   HIGHEST GUST DIRECTION    NW (310)
  AVERAGE WIND SPEED     8.6


SKY COVER
  POSSIBLE SUNSHINE  MM
  AVERAGE SKY COVER 0.7


WEATHER CONDITIONS
 THE FOLLOWING WEATHER WAS RECORDED YESTERDAY.
  NO SIGNIFICANT WEATHER WAS OBSERVED.


RELATIVE HUMIDITY (PERCENT)
 HIGHEST    85          1200 AM
 LOWEST     57           100 PM
 AVERAGE    71

..........................................................


THE BRADFORD CLIMATE NORMALS FOR TODAY
                         NORMAL    RECORD    YEAR
 MAXIMUM TEMPERATURE (F)   54        76      1991
 MINIMUM TEMPERATURE (F)   34        19      1987


SUNRISE AND SUNSET
OCTOBER 26 2014.......SUNRISE   740 AM EDT   SUNSET   617 PM EDT
OCTOBER 27 2014.......SUNRISE   741 AM EDT   SUNSET   615 PM EDT


-  INDICATES NEGATIVE NUMBERS.
R  INDICATES RECORD WAS SET OR TIED.
MM INDICATES DATA IS MISSING.
T  INDICATES TRACE AMOUNT.




$$
