000
CDUS41 KCTP 212118
CLIBFD


CLIMATE REPORT
NATIONAL WEATHER SERVICE STATE COLLEGE PA
517 PM EDT THU AUG 21 2014


...................................

...THE BRADFORD CLIMATE SUMMARY FOR AUGUST 21 2014...
VALID TODAY AS OF 0500 PM LOCAL TIME.

CLIMATE NORMAL PERIOD 1981 TO 2010
CLIMATE RECORD PERIOD 1957 TO 2014


WEATHER ITEM   OBSERVED TIME   RECORD YEAR NORMAL DEPARTURE LAST
                VALUE   (LST)  VALUE       VALUE  FROM      YEAR
                                                  NORMAL
..................................................................
TEMPERATURE (F)
 TODAY
  MAXIMUM         79    342 PM  86    1959  75      4       82
  MINIMUM         60    315 AM  34    1984  52      8       50
  AVERAGE         70                        64      6       66

PRECIPITATION (IN)
  TODAY            0.10          1.58 1964   0.15  -0.05     0.00
  MONTH TO DATE    3.68                      2.83   0.85     2.09
  SINCE JUN 1     13.30                     11.93   1.37     9.32
  SINCE JAN 1     29.25                     28.67   0.58    20.35

DEGREE DAYS
 HEATING
  TODAY            0                         1     -1        0
  MONTH TO DATE   70                        13     57       74
  SINCE JUN 1    249                       222     27      230
  SINCE JUL 1    164                        77     87      126

 COOLING
  TODAY            5                         2      3        1
  MONTH TO DATE   13                        42    -29       11
  SINCE JUN 1    132                       156    -24      209
  SINCE JAN 1    150                       166    -16      252
..................................................................


WIND (MPH)
  HIGHEST WIND SPEED    14   HIGHEST WIND DIRECTION     W (280)
  HIGHEST GUST SPEED    19   HIGHEST GUST DIRECTION     W (280)
  AVERAGE WIND SPEED     4.8


SKY COVER
  POSSIBLE SUNSHINE  MM
  AVERAGE SKY COVER 0.5


WEATHER CONDITIONS
 THE FOLLOWING WEATHER WAS RECORDED TODAY.
  THUNDERSTORM
  HEAVY RAIN
  LIGHT RAIN
  FOG


RELATIVE HUMIDITY (PERCENT)
 HIGHEST   100           700 AM
 LOWEST     58           200 PM
 AVERAGE    79

..........................................................


THE BRADFORD CLIMATE NORMALS FOR TOMORROW
                         NORMAL    RECORD    YEAR
 MAXIMUM TEMPERATURE (F)   75        83      1959
 MINIMUM TEMPERATURE (F)   52        32      1982


SUNRISE AND SUNSET
AUGUST 21 2014........SUNRISE   629 AM EDT   SUNSET   806 PM EDT
AUGUST 22 2014........SUNRISE   630 AM EDT   SUNSET   804 PM EDT


-  INDICATES NEGATIVE NUMBERS.
R  INDICATES RECORD WAS SET OR TIED.
MM INDICATES DATA IS MISSING.
T  INDICATES TRACE AMOUNT.




$$
