000
CDUS41 KCTP 220622
CLIBFD


CLIMATE REPORT
NATIONAL WEATHER SERVICE STATE COLLEGE PA
121 AM EST SUN JAN 22 2017


...................................

...THE BRADFORD CLIMATE SUMMARY FOR JANUARY 21 2017...

CLIMATE NORMAL PERIOD 1981 TO 2010
CLIMATE RECORD PERIOD 1957 TO 2017


WEATHER ITEM   OBSERVED TIME   RECORD YEAR NORMAL DEPARTURE LAST
                VALUE   (LST)  VALUE       VALUE  FROM      YEAR
                                                  NORMAL
..................................................................
TEMPERATURE (F)
 YESTERDAY
  MAXIMUM         58R   342 PM  52    1959  29     29       20
  MINIMUM         44   1145 PM -26    1984  14     30       13
  AVERAGE         51                        21     30       17

PRECIPITATION (IN)
  YESTERDAY        0.00          2.45 1959   0.10  -0.10      T
  MONTH TO DATE    3.52                      2.27   1.25     1.06
  SINCE DEC 1      6.76                      5.67   1.09     5.86
  SINCE JAN 1      3.52                      2.27   1.25     1.06

DEGREE DAYS
 HEATING
  YESTERDAY       14                        38    -24       48
  MONTH TO DATE  790                       798     -8      927
  SINCE DEC 1   1958                      2019    -61     1724
  SINCE JUL 1   3346                      3854   -508     3204

 COOLING
  YESTERDAY        0                         0      0        0
  MONTH TO DATE    0                         0      0        0
  SINCE DEC 1      0                         0      0        0
  SINCE JAN 1      0                         0      0        0
..................................................................


WIND (MPH)
  HIGHEST WIND SPEED    12   HIGHEST WIND DIRECTION    SW (210)
  HIGHEST GUST SPEED    16   HIGHEST GUST DIRECTION     S (200)
  AVERAGE WIND SPEED     4.3


SKY COVER
  POSSIBLE SUNSHINE  MM
  AVERAGE SKY COVER 0.7


WEATHER CONDITIONS
 THE FOLLOWING WEATHER WAS RECORDED YESTERDAY.
  FOG
  FOG W/VISIBILITY <= 1/4 MILE


RELATIVE HUMIDITY (PERCENT)
 HIGHEST   100          1200 AM
 LOWEST     72           400 PM
 AVERAGE    86

..........................................................


THE BRADFORD CLIMATE NORMALS FOR TODAY
                         NORMAL    RECORD    YEAR
 MAXIMUM TEMPERATURE (F)   29        51      1959
 MINIMUM TEMPERATURE (F)   14       -14      1984


SUNRISE AND SUNSET
JANUARY 22 2017.......SUNRISE   735 AM EST   SUNSET   518 PM EST
JANUARY 23 2017.......SUNRISE   735 AM EST   SUNSET   519 PM EST


-  INDICATES NEGATIVE NUMBERS.
R  INDICATES RECORD WAS SET OR TIED.
MM INDICATES DATA IS MISSING.
T  INDICATES TRACE AMOUNT.




$$
