000
CDUS41 KCTP 200619
CLIBFD


CLIMATE REPORT
NATIONAL WEATHER SERVICE STATE COLLEGE PA
219 AM EDT SUN AUG 20 2017


...................................

...THE BRADFORD CLIMATE SUMMARY FOR AUGUST 19 2017...

CLIMATE NORMAL PERIOD 1981 TO 2010
CLIMATE RECORD PERIOD 1957 TO 2017


WEATHER ITEM   OBSERVED TIME   RECORD YEAR NORMAL DEPARTURE LAST
                VALUE   (LST)  VALUE       VALUE  FROM      YEAR
                                                  NORMAL
..................................................................
TEMPERATURE (F)
 YESTERDAY
  MAXIMUM         77    250 PM  86    1978  76      1       83
  MINIMUM         55   1153 PM  37    1977  52      3       52
  AVERAGE         66                        64      2       68

PRECIPITATION (IN)
  YESTERDAY        0.18          1.58 1967   0.14   0.04     0.00
  MONTH TO DATE    0.99                      2.54  -1.55     5.44
  SINCE JUN 1     12.57                     11.64   0.93    12.97
  SINCE JAN 1     33.77                     28.38   5.39    27.40

DEGREE DAYS
 HEATING
  YESTERDAY        0                         1     -1        0
  MONTH TO DATE   25                        11     14        0
  SINCE JUN 1    181                       220    -39      123
  SINCE JUL 1     49                        75    -26       31

 COOLING
  YESTERDAY        1                         2     -1        3
  MONTH TO DATE   34                        38     -4      115
  SINCE JUN 1    195                       152     43      268
  SINCE JAN 1    214                       162     52      287
..................................................................


WIND (MPH)
  HIGHEST WIND SPEED    20   HIGHEST WIND DIRECTION     W (280)
  HIGHEST GUST SPEED    26   HIGHEST GUST DIRECTION     W (270)
  AVERAGE WIND SPEED     5.7


SKY COVER
  POSSIBLE SUNSHINE  MM
  AVERAGE SKY COVER 0.4


WEATHER CONDITIONS
 THE FOLLOWING WEATHER WAS RECORDED YESTERDAY.
  THUNDERSTORM
  HEAVY RAIN
  LIGHT RAIN
  FOG


RELATIVE HUMIDITY (PERCENT)
 HIGHEST   100           300 AM
 LOWEST     58           300 PM
 AVERAGE    79

..........................................................


THE BRADFORD CLIMATE NORMALS FOR TODAY
                         NORMAL    RECORD    YEAR
 MAXIMUM TEMPERATURE (F)   75        84      2016
                                             1959
 MINIMUM TEMPERATURE (F)   52        35      1998


SUNRISE AND SUNSET
AUGUST 20 2017........SUNRISE   628 AM EDT   SUNSET   807 PM EDT
AUGUST 21 2017........SUNRISE   629 AM EDT   SUNSET   805 PM EDT


-  INDICATES NEGATIVE NUMBERS.
R  INDICATES RECORD WAS SET OR TIED.
MM INDICATES DATA IS MISSING.
T  INDICATES TRACE AMOUNT.




$$
