786
CDUS41 KCTP 040719
CLIBFD


CLIMATE REPORT
NATIONAL WEATHER SERVICE STATE COLLEGE PA
219 AM EST SUN DEC 4 2016


...................................

...THE BRADFORD CLIMATE SUMMARY FOR DECEMBER 3 2016...

CLIMATE NORMAL PERIOD 1981 TO 2010
CLIMATE RECORD PERIOD 1957 TO 2016


WEATHER ITEM   OBSERVED TIME   RECORD YEAR NORMAL DEPARTURE LAST
                VALUE   (LST)  VALUE       VALUE  FROM      YEAR
                                                  NORMAL
..................................................................
TEMPERATURE (F)
 YESTERDAY
  MAXIMUM         35    151 PM  69    1982  37     -2       36
  MINIMUM         33   1159 PM -15    1976  23     10       31
  AVERAGE         34                        30      4       34

PRECIPITATION (IN)
  YESTERDAY        0.10          1.19 1990   0.11  -0.01     0.10
  MONTH TO DATE    0.18                      0.35  -0.17     0.62
  SINCE DEC 1      0.18                      0.35  -0.17     0.62
  SINCE JAN 1     41.44                     41.41   0.03    35.05

DEGREE DAYS
 HEATING
  YESTERDAY       31                        30      1       31
  MONTH TO DATE   91                        90      1       80
  SINCE DEC 1     91                        90      1       80
  SINCE JUL 1   1479                      1925   -446     1560

 COOLING
  YESTERDAY        0                         0      0        0
  MONTH TO DATE    0                         0      0        0
  SINCE DEC 1      0                         0      0        0
  SINCE JAN 1    370                       193    177      260
..................................................................


WIND (MPH)
  HIGHEST WIND SPEED    21   HIGHEST WIND DIRECTION    NW (310)
  HIGHEST GUST SPEED    29   HIGHEST GUST DIRECTION    NW (310)
  AVERAGE WIND SPEED    11.1


SKY COVER
  POSSIBLE SUNSHINE  MM
  AVERAGE SKY COVER 1.0


WEATHER CONDITIONS
 THE FOLLOWING WEATHER WAS RECORDED YESTERDAY.
  LIGHT SNOW
  FOG


RELATIVE HUMIDITY (PERCENT)
 HIGHEST   100           400 AM
 LOWEST     89           900 PM
 AVERAGE    95

..........................................................


THE BRADFORD CLIMATE NORMALS FOR TODAY
                         NORMAL    RECORD    YEAR
 MAXIMUM TEMPERATURE (F)   37        67      2012
 MINIMUM TEMPERATURE (F)   23        -7      1966


SUNRISE AND SUNSET
DECEMBER  4 2016......SUNRISE   726 AM EST   SUNSET   444 PM EST
DECEMBER  5 2016......SUNRISE   727 AM EST   SUNSET   444 PM EST


-  INDICATES NEGATIVE NUMBERS.
R  INDICATES RECORD WAS SET OR TIED.
MM INDICATES DATA IS MISSING.
T  INDICATES TRACE AMOUNT.




$$
