000
CDUS41 KCTP 170626
CLIBFD


CLIMATE REPORT
NATIONAL WEATHER SERVICE STATE COLLEGE PA
226 AM EDT TUE OCT 17 2017


...................................

...THE BRADFORD CLIMATE SUMMARY FOR OCTOBER 16 2017...

CLIMATE NORMAL PERIOD 1981 TO 2010
CLIMATE RECORD PERIOD 1957 TO 2017


WEATHER ITEM   OBSERVED TIME   RECORD YEAR NORMAL DEPARTURE LAST
                VALUE   (LST)  VALUE       VALUE  FROM      YEAR
                                                  NORMAL
..................................................................
TEMPERATURE (F)
 YESTERDAY
  MAXIMUM         50    230 PM  75    1962  57     -7       71
  MINIMUM         30   1159 PM  24    2006  36     -6       53
  AVERAGE         40                        46     -6       62

PRECIPITATION (IN)
  YESTERDAY        0.01          0.88 2013   0.11  -0.10     0.36
  MONTH TO DATE    2.85                      1.86   0.99     1.94
  SINCE SEP 1      5.24                      5.78  -0.54     4.49
  SINCE JAN 1     40.39                     35.73   4.66    33.49

DEGREE DAYS
 HEATING
  YESTERDAY       25                        14     11        3
  MONTH TO DATE  118                       192    -74      204
  SINCE SEP 1    294                       456   -162      344
  SINCE JUL 1    403                       609   -206      387

 COOLING
  YESTERDAY        0                         0      0        0
  MONTH TO DATE    7                         0      7        0
  SINCE SEP 1     40                        15     25       42
  SINCE JAN 1    264                       192     72      367
..................................................................


WIND (MPH)
  HIGHEST WIND SPEED    21   HIGHEST WIND DIRECTION    NW (300)
  HIGHEST GUST SPEED    27   HIGHEST GUST DIRECTION    NW (330)
  AVERAGE WIND SPEED     9.7


SKY COVER
  POSSIBLE SUNSHINE  MM
  AVERAGE SKY COVER 0.5


WEATHER CONDITIONS
 THE FOLLOWING WEATHER WAS RECORDED YESTERDAY.
  LIGHT RAIN
  FOG


RELATIVE HUMIDITY (PERCENT)
 HIGHEST   100           100 AM
 LOWEST     49           400 PM
 AVERAGE    75

..........................................................


THE BRADFORD CLIMATE NORMALS FOR TODAY
                         NORMAL    RECORD    YEAR
 MAXIMUM TEMPERATURE (F)   57        74      1968
 MINIMUM TEMPERATURE (F)   35        21      1981


SUNRISE AND SUNSET
OCTOBER 17 2017.......SUNRISE   729 AM EDT   SUNSET   630 PM EDT
OCTOBER 18 2017.......SUNRISE   730 AM EDT   SUNSET   628 PM EDT


-  INDICATES NEGATIVE NUMBERS.
R  INDICATES RECORD WAS SET OR TIED.
MM INDICATES DATA IS MISSING.
T  INDICATES TRACE AMOUNT.




$$
