000
CDUS41 KCTP 232116
CLIBFD


CLIMATE REPORT
NATIONAL WEATHER SERVICE STATE COLLEGE PA
516 PM EDT TUE MAY 23 2017


...................................

...THE BRADFORD CLIMATE SUMMARY FOR MAY 23 2017...
VALID TODAY AS OF 0500 PM LOCAL TIME.

CLIMATE NORMAL PERIOD 1981 TO 2010
CLIMATE RECORD PERIOD 1957 TO 2017


WEATHER ITEM   OBSERVED TIME   RECORD YEAR NORMAL DEPARTURE LAST
                VALUE   (LST)  VALUE       VALUE  FROM      YEAR
                                                  NORMAL
..................................................................
TEMPERATURE (F)
 TODAY
  MAXIMUM         71    221 PM  84    1991  68      3       75
  MINIMUM         37    344 AM  24    2015  43     -6       41
  AVERAGE         54                        55     -1       58

PRECIPITATION (IN)
  TODAY            0.00          1.07 1984   0.15  -0.15     0.00
  MONTH TO DATE    3.46                      3.04   0.42     3.21
  SINCE MAR 1     12.01                      9.96   2.05     9.82
  SINCE JAN 1     19.09                     15.60   3.49    14.43

DEGREE DAYS
 HEATING
  TODAY           11                         6      5        7
  MONTH TO DATE  311                       200    111      355
  SINCE MAR 1   1796                      1881    -85     1790
  SINCE JUL 1   6379                      7451  -1072     6490

 COOLING
  TODAY            0                         0      0        0
  MONTH TO DATE   18                         0     18        0
  SINCE MAR 1     19                         2     17        0
  SINCE JAN 1     19                         2     17        0
..................................................................


WIND (MPH)
  HIGHEST WIND SPEED    13   HIGHEST WIND DIRECTION     E (110)
  HIGHEST GUST SPEED    17   HIGHEST GUST DIRECTION    SE (140)
  AVERAGE WIND SPEED     1.9


SKY COVER
  POSSIBLE SUNSHINE  MM
  AVERAGE SKY COVER 0.0


WEATHER CONDITIONS
 THE FOLLOWING WEATHER WAS RECORDED TODAY.
  NO SIGNIFICANT WEATHER WAS OBSERVED.


RELATIVE HUMIDITY (PERCENT)
 HIGHEST   100          1200 AM
 LOWEST     37           400 PM
 AVERAGE    69

..........................................................


THE BRADFORD CLIMATE NORMALS FOR TOMORROW
                         NORMAL    RECORD    YEAR
 MAXIMUM TEMPERATURE (F)   68        85      1972
 MINIMUM TEMPERATURE (F)   43        22      1963


SUNRISE AND SUNSET
MAY 23 2017...........SUNRISE   547 AM EDT   SUNSET   836 PM EDT
MAY 24 2017...........SUNRISE   547 AM EDT   SUNSET   837 PM EDT


-  INDICATES NEGATIVE NUMBERS.
R  INDICATES RECORD WAS SET OR TIED.
MM INDICATES DATA IS MISSING.
T  INDICATES TRACE AMOUNT.




$$
