280
CDUS41 KCTP 260609
CLIBFD


CLIMATE REPORT
NATIONAL WEATHER SERVICE STATE COLLEGE PA
208 AM EDT TUE JUL 26 2016


...................................

...THE BRADFORD CLIMATE SUMMARY FOR JULY 25 2016...

CLIMATE NORMAL PERIOD 1981 TO 2010
CLIMATE RECORD PERIOD 1957 TO 2016


WEATHER ITEM   OBSERVED TIME   RECORD YEAR NORMAL DEPARTURE LAST
                VALUE   (LST)  VALUE       VALUE  FROM      YEAR
                                                  NORMAL
..................................................................
TEMPERATURE (F)
 YESTERDAY
  MAXIMUM         85R  1147 AM  85    1966  77      8       82
  MINIMUM         67   1040 PM  39    2014  54     13       49
                                      2013
  AVERAGE         76                        65     11       66

PRECIPITATION (IN)
  YESTERDAY        0.43          0.88 1977   0.13   0.30     0.00
  MONTH TO DATE    3.86                      3.38   0.48     2.45
  SINCE JUN 1      6.88                      8.29  -1.41     9.92
  SINCE JAN 1     21.31                     25.03  -3.72    22.35

DEGREE DAYS
 HEATING
  YESTERDAY        0                         0      0        0
  MONTH TO DATE   31                         1     30       47
  SINCE JUN 1    123                       146    -23      154
  SINCE JUL 1     31                         1     30       47

 COOLING
  YESTERDAY       11                         2      9        1
  MONTH TO DATE   96                        58     38       47
  SINCE JUN 1    128                        98     30       85
  SINCE JAN 1    147                       108     39      129
..................................................................


WIND (MPH)
  HIGHEST WIND SPEED    31   HIGHEST WIND DIRECTION    NW (330)
  HIGHEST GUST SPEED    39   HIGHEST GUST DIRECTION    NW (320)
  AVERAGE WIND SPEED     6.1


SKY COVER
  POSSIBLE SUNSHINE  MM
  AVERAGE SKY COVER 0.4


WEATHER CONDITIONS
 THE FOLLOWING WEATHER WAS RECORDED YESTERDAY.
  THUNDERSTORM
  HEAVY RAIN
  RAIN
  LIGHT RAIN
  FOG
  FOG W/VISIBILITY <= 1/4 MILE


RELATIVE HUMIDITY (PERCENT)
 HIGHEST   100           100 AM
 LOWEST     61          1200 PM
 AVERAGE    81

..........................................................


THE BRADFORD CLIMATE NORMALS FOR TODAY
                         NORMAL    RECORD    YEAR
 MAXIMUM TEMPERATURE (F)   77        86      2005
 MINIMUM TEMPERATURE (F)   54        34      1976


SUNRISE AND SUNSET
JULY 26 2016..........SUNRISE   603 AM EDT   SUNSET   838 PM EDT
JULY 27 2016..........SUNRISE   604 AM EDT   SUNSET   837 PM EDT


-  INDICATES NEGATIVE NUMBERS.
R  INDICATES RECORD WAS SET OR TIED.
MM INDICATES DATA IS MISSING.
T  INDICATES TRACE AMOUNT.




$$
