000
CDUS41 KCTP 270625
CLIBFD


CLIMATE REPORT
NATIONAL WEATHER SERVICE STATE COLLEGE PA
224 AM EDT WED MAY 27 2015


...................................

...THE BRADFORD CLIMATE SUMMARY FOR MAY 26 2015...

CLIMATE NORMAL PERIOD 1981 TO 2010
CLIMATE RECORD PERIOD 1957 TO 2015


WEATHER ITEM   OBSERVED TIME   RECORD YEAR NORMAL DEPARTURE LAST
                VALUE   (LST)  VALUE       VALUE  FROM      YEAR
                                                  NORMAL
..................................................................
TEMPERATURE (F)
 YESTERDAY
  MAXIMUM         75    349 PM  85    2012  68      7       79
  MINIMUM         64   1042 PM  29    1988  44     20       41
  AVERAGE         70                        56     14       60

PRECIPITATION (IN)
  YESTERDAY        0.07          0.71 1994   0.13  -0.06      T
  MONTH TO DATE    1.55                      3.46  -1.91     5.43
  SINCE MAR 1      8.12                     10.38  -2.26    11.69
  SINCE JAN 1     10.96                     16.02  -5.06    15.22

DEGREE DAYS
 HEATING
  YESTERDAY        0                         6     -6        5
  MONTH TO DATE  199                       218    -19      288
  SINCE MAR 1   1988                      1899     89     2073
  SINCE JUL 1   7887                      7469    418     7739

 COOLING
  YESTERDAY        5                         0      5        0
  MONTH TO DATE   35                         0     35       14
  SINCE MAR 1     35                         2     33       16
  SINCE JAN 1     35                         2     33       16
..................................................................


WIND (MPH)
  HIGHEST WIND SPEED    14   HIGHEST WIND DIRECTION     S (180)
  HIGHEST GUST SPEED    22   HIGHEST GUST DIRECTION    SW (220)
  AVERAGE WIND SPEED     5.3


SKY COVER
  POSSIBLE SUNSHINE  MM
  AVERAGE SKY COVER 0.5


WEATHER CONDITIONS
 THE FOLLOWING WEATHER WAS RECORDED YESTERDAY.
  RAIN
  LIGHT RAIN
  FOG


RELATIVE HUMIDITY (PERCENT)
 HIGHEST    87           900 AM
 LOWEST     61          1200 AM
 AVERAGE    74

..........................................................


THE BRADFORD CLIMATE NORMALS FOR TODAY
                         NORMAL    RECORD    YEAR
 MAXIMUM TEMPERATURE (F)   69        84      2010
 MINIMUM TEMPERATURE (F)   44        26      1983


SUNRISE AND SUNSET
MAY 27 2015...........SUNRISE   545 AM EDT   SUNSET   839 PM EDT
MAY 28 2015...........SUNRISE   544 AM EDT   SUNSET   840 PM EDT


-  INDICATES NEGATIVE NUMBERS.
R  INDICATES RECORD WAS SET OR TIED.
MM INDICATES DATA IS MISSING.
T  INDICATES TRACE AMOUNT.




$$
