000
CDUS41 KCTP 250613
CLIBFD


CLIMATE REPORT
NATIONAL WEATHER SERVICE STATE COLLEGE PA
112 AM EST SAT FEB 25 2017


...................................

...THE BRADFORD CLIMATE SUMMARY FOR FEBRUARY 24 2017...

CLIMATE NORMAL PERIOD 1981 TO 2010
CLIMATE RECORD PERIOD 1957 TO 2017


WEATHER ITEM   OBSERVED TIME   RECORD YEAR NORMAL DEPARTURE LAST
                VALUE   (LST)  VALUE       VALUE  FROM      YEAR
                                                  NORMAL
..................................................................
TEMPERATURE (F)
 YESTERDAY
  MAXIMUM         69R   503 PM  59    1961  35     34       49
  MINIMUM         47   1235 AM -20    2015  16     31       33
  AVERAGE         58                        25     33       41

PRECIPITATION (IN)
  YESTERDAY        0.05          0.70 1994   0.08  -0.03     0.70
                                      1994
                                      2016
  MONTH TO DATE    2.07                      1.98   0.09     3.08
  SINCE DEC 1      9.88                      8.67   1.21     9.03
  SINCE JAN 1      6.64                      5.27   1.37     4.23

DEGREE DAYS
 HEATING
  YESTERDAY        7                        34    -27       24
  MONTH TO DATE  780                       868    -88      949
  SINCE DEC 1   3082                      3444   -362     3056
  SINCE JUL 1   4470                      5279   -809     4536

 COOLING
  YESTERDAY        0                         0      0        0
  MONTH TO DATE    0                         0      0        0
  SINCE DEC 1      0                         0      0        0
  SINCE JAN 1      0                         0      0        0
..................................................................


WIND (MPH)
  HIGHEST WIND SPEED    18   HIGHEST WIND DIRECTION    SW (220)
  HIGHEST GUST SPEED    29   HIGHEST GUST DIRECTION    SW (230)
  AVERAGE WIND SPEED     6.1


SKY COVER
  POSSIBLE SUNSHINE  MM
  AVERAGE SKY COVER 0.5


WEATHER CONDITIONS
 THE FOLLOWING WEATHER WAS RECORDED YESTERDAY.
  LIGHT RAIN
  FOG
  FOG W/VISIBILITY <= 1/4 MILE


RELATIVE HUMIDITY (PERCENT)
 HIGHEST   100          1200 AM
 LOWEST     47           500 PM
 AVERAGE    74

..........................................................


THE BRADFORD CLIMATE NORMALS FOR TODAY
                         NORMAL    RECORD    YEAR
 MAXIMUM TEMPERATURE (F)   35        62      2001
 MINIMUM TEMPERATURE (F)   16        -5      1963


SUNRISE AND SUNSET
FEBRUARY 25 2017......SUNRISE   655 AM EST   SUNSET   600 PM EST
FEBRUARY 26 2017......SUNRISE   654 AM EST   SUNSET   602 PM EST


-  INDICATES NEGATIVE NUMBERS.
R  INDICATES RECORD WAS SET OR TIED.
MM INDICATES DATA IS MISSING.
T  INDICATES TRACE AMOUNT.




$$
