000
CDUS41 KCTP 210636
CLIBFD


CLIMATE REPORT
NATIONAL WEATHER SERVICE STATE COLLEGE PA
236 AM EDT MON APR 21 2014


...................................

...THE BRADFORD CLIMATE SUMMARY FOR APRIL 20 2014...

CLIMATE NORMAL PERIOD 1981 TO 2010
CLIMATE RECORD PERIOD 1957 TO 2014


WEATHER ITEM   OBSERVED TIME   RECORD YEAR NORMAL DEPARTURE LAST
                VALUE   (LST)  VALUE       VALUE  FROM      YEAR
                                                  NORMAL
..................................................................
TEMPERATURE (F)
 YESTERDAY
  MAXIMUM         67    409 PM  80    1987  57     10       39
  MINIMUM         27    441 AM  19    1974  34     -7       27
  AVERAGE         47                        45      2       33

PRECIPITATION (IN)
  YESTERDAY        0.00          0.64 1964   0.11  -0.11     0.02
  MONTH TO DATE    2.92                      2.39   0.53     2.18
  SINCE MAR 1      4.92                      5.76  -0.84     3.69
  SINCE JAN 1      8.45                     11.40  -2.95     6.48

DEGREE DAYS
 HEATING
  YESTERDAY       18                        15      3       32
  MONTH TO DATE  420                       360     60      419
  SINCE MAR 1   1597                      1397    200     1521
  SINCE JUL 1   7263                      6967    296     6429

 COOLING
  YESTERDAY        0                         0      0        0
  MONTH TO DATE    2                         0      2        0
  SINCE MAR 1      2                         0      2        0
  SINCE JAN 1      2                         0      2        0
..................................................................


WIND (MPH)
  HIGHEST WIND SPEED    14   HIGHEST WIND DIRECTION    SE (150)
  HIGHEST GUST SPEED    22   HIGHEST GUST DIRECTION    SE (140)
  AVERAGE WIND SPEED     5.7


SKY COVER
  POSSIBLE SUNSHINE  MM
  AVERAGE SKY COVER 0.0


WEATHER CONDITIONS
 THE FOLLOWING WEATHER WAS RECORDED YESTERDAY.
  NO SIGNIFICANT WEATHER WAS OBSERVED.


RELATIVE HUMIDITY (PERCENT)
 HIGHEST    75           200 AM
 LOWEST     14           300 PM
 AVERAGE    45

..........................................................


THE BRADFORD CLIMATE NORMALS FOR TODAY
                         NORMAL    RECORD    YEAR
 MAXIMUM TEMPERATURE (F)   58        82      1987
 MINIMUM TEMPERATURE (F)   34        13      1981


SUNRISE AND SUNSET
APRIL 21 2014.........SUNRISE   625 AM EDT   SUNSET   802 PM EDT
APRIL 22 2014.........SUNRISE   624 AM EDT   SUNSET   803 PM EDT


-  INDICATES NEGATIVE NUMBERS.
R  INDICATES RECORD WAS SET OR TIED.
MM INDICATES DATA IS MISSING.
T  INDICATES TRACE AMOUNT.




$$
