000
CDUS41 KCTP 222116
CLIBFD


CLIMATE REPORT
NATIONAL WEATHER SERVICE STATE COLLEGE PA
516 PM EDT TUE JUL 22 2014


...................................

...THE BRADFORD CLIMATE SUMMARY FOR JULY 22 2014...
VALID TODAY AS OF 0500 PM LOCAL TIME.

CLIMATE NORMAL PERIOD 1981 TO 2010
CLIMATE RECORD PERIOD 1957 TO 2014


WEATHER ITEM   OBSERVED TIME   RECORD YEAR NORMAL DEPARTURE LAST
                VALUE   (LST)  VALUE       VALUE  FROM      YEAR
                                                  NORMAL
..................................................................
TEMPERATURE (F)
 TODAY
  MAXIMUM         84    333 PM  97    2011  77      7       80
  MINIMUM         59    522 AM  36    1970  54      5       58
  AVERAGE         72                        66      6       69

PRECIPITATION (IN)
  TODAY            0.00          1.17 1961   0.13  -0.13     0.28
  MONTH TO DATE    2.80                      2.98  -0.18     1.87
  SINCE JUN 1      8.84                      7.89   0.95     6.48
  SINCE JAN 1     24.79                     24.63   0.16    17.51

DEGREE DAYS
 HEATING
  TODAY            0                         0      0        0
  MONTH TO DATE   51                         1     50        5
  SINCE JUN 1    136                       146    -10      109
  SINCE JUL 1     51                         1     50        5

 COOLING
  TODAY            7                         2      5        4
  MONTH TO DATE   52                        52      0      141
  SINCE JUN 1    108                        92     16      191
  SINCE JAN 1    126                       102     24      234
..................................................................


WIND (MPH)
  HIGHEST WIND SPEED    13   HIGHEST WIND DIRECTION    SW (210)
  HIGHEST GUST SPEED    17   HIGHEST GUST DIRECTION    SW (240)
  AVERAGE WIND SPEED     4.2


SKY COVER
  POSSIBLE SUNSHINE  MM
  AVERAGE SKY COVER 0.7


WEATHER CONDITIONS
 THE FOLLOWING WEATHER WAS RECORDED TODAY.
  FOG
  FOG W/VISIBILITY <= 1/4 MILE


RELATIVE HUMIDITY (PERCENT)
 HIGHEST   100           300 AM
 LOWEST     51           200 PM
 AVERAGE    76

..........................................................


THE BRADFORD CLIMATE NORMALS FOR TOMORROW
                         NORMAL    RECORD    YEAR
 MAXIMUM TEMPERATURE (F)   77        88      1987
 MINIMUM TEMPERATURE (F)   54        38      1981


SUNRISE AND SUNSET
JULY 22 2014..........SUNRISE   559 AM EDT   SUNSET   843 PM EDT
JULY 23 2014..........SUNRISE   600 AM EDT   SUNSET   842 PM EDT


-  INDICATES NEGATIVE NUMBERS.
R  INDICATES RECORD WAS SET OR TIED.
MM INDICATES DATA IS MISSING.
T  INDICATES TRACE AMOUNT.




$$
