000
CDUS41 KCTP 220623
CLIBFD


CLIMATE REPORT
NATIONAL WEATHER SERVICE STATE COLLEGE PA
222 AM EDT THU JUN 22 2017


...................................

...THE BRADFORD CLIMATE SUMMARY FOR JUNE 21 2017...

CLIMATE NORMAL PERIOD 1981 TO 2010
CLIMATE RECORD PERIOD 1957 TO 2017


WEATHER ITEM   OBSERVED TIME   RECORD YEAR NORMAL DEPARTURE LAST
                VALUE   (LST)  VALUE       VALUE  FROM      YEAR
                                                  NORMAL
..................................................................
TEMPERATURE (F)
 YESTERDAY
  MAXIMUM         72    402 PM  88    1991  75     -3       76
  MINIMUM         48   1159 PM  31    1968  51     -3       53
  AVERAGE         60                        63     -3       65

PRECIPITATION (IN)
  YESTERDAY        0.08          3.02 1972   0.16  -0.08     0.02
  MONTH TO DATE    4.47                      3.47   0.00     2.75
  SINCE JUN 1      4.47                      3.47   0.00     2.75
  SINCE JAN 1     25.67                     20.21   5.46    17.18

DEGREE DAYS
 HEATING
  YESTERDAY        5                         1      4        0
  MONTH TO DATE   89                        50     39       75
  SINCE JUN 1     89                        50     39       75
  SINCE JUL 1   6514                      7678  -1164     6578

 COOLING
  YESTERDAY        0                         2     -2        0
  MONTH TO DATE   57                        23     34       18
  SINCE JUN 1     57                        23     34       18
  SINCE JAN 1     76                        33     43       37
..................................................................


WIND (MPH)
  HIGHEST WIND SPEED    15   HIGHEST WIND DIRECTION    NW (300)
  HIGHEST GUST SPEED    22   HIGHEST GUST DIRECTION    NW (310)
  AVERAGE WIND SPEED     4.9


SKY COVER
  POSSIBLE SUNSHINE  MM
  AVERAGE SKY COVER 0.3


WEATHER CONDITIONS
 THE FOLLOWING WEATHER WAS RECORDED YESTERDAY.
  HEAVY RAIN
  LIGHT RAIN
  FOG
  HAZE


RELATIVE HUMIDITY (PERCENT)
 HIGHEST   100           400 AM
 LOWEST     53           200 PM
 AVERAGE    77

..........................................................


THE BRADFORD CLIMATE NORMALS FOR TODAY
                         NORMAL    RECORD    YEAR
 MAXIMUM TEMPERATURE (F)   75        86      1975
 MINIMUM TEMPERATURE (F)   51        35      1963


SUNRISE AND SUNSET
JUNE 22 2017..........SUNRISE   540 AM EDT   SUNSET   853 PM EDT
JUNE 23 2017..........SUNRISE   540 AM EDT   SUNSET   853 PM EDT


-  INDICATES NEGATIVE NUMBERS.
R  INDICATES RECORD WAS SET OR TIED.
MM INDICATES DATA IS MISSING.
T  INDICATES TRACE AMOUNT.




$$
