000
CDUS45 KCYS 040327
CLIBFF


CLIMATE REPORT
NATIONAL WEATHER SERVICE CHEYENNE WY
926 PM MDT THU SEP 3 2015


...................................

...THE SCOTTSBLUFF NE AIRPORT CLIMATE SUMMARY FOR SEPTEMBER 3 2015...
VALID TODAY AS OF 0900 PM LOCAL TIME.

CLIMATE NORMAL PERIOD 1981 TO 2010
CLIMATE RECORD PERIOD 1871 TO 2015


WEATHER ITEM   OBSERVED TIME   RECORD YEAR NORMAL DEPARTURE LAST
                VALUE   (LST)  VALUE       VALUE  FROM      YEAR
                                                  NORMAL
..................................................................
TEMPERATURE (F)
 TODAY
  MAXIMUM         91    133 PM 100    1899  84      7       98
  MINIMUM         57    559 AM  32    1974  51      6       53
  AVERAGE         74                        67      7       76

PRECIPITATION (IN)
  TODAY            T             0.90 1999   0.04  -0.04     0.00
  MONTH TO DATE    T                         0.11  -0.11      T
  SINCE SEP 1      T                         0.11  -0.11      T
  SINCE JAN 1     19.49                     12.41   7.08    12.04

SNOWFALL (IN)
  TODAY            0.0          MM      MM   0.0    0.0      0.0
  MONTH TO DATE    0.0                       0.0    0.0      0.0
  SINCE JUL 1      0.0                       0.0    0.0      0.0
  SNOW DEPTH       0

DEGREE DAYS
 HEATING
  TODAY            0                         2     -2        0
  MONTH TO DATE    0                         6     -6        0
  SINCE SEP 1      0                         6     -6        0
  SINCE JUL 1     33                        26      7       13

 COOLING
  TODAY            9                         4      5       11
  MONTH TO DATE   29                        13     16       11
  SINCE SEP 1     29                        13     16       11
  SINCE JAN 1    709                       678     31      654
..................................................................


WIND (MPH)
  HIGHEST WIND SPEED    38   HIGHEST WIND DIRECTION     S (170)
  HIGHEST GUST SPEED    56   HIGHEST GUST DIRECTION     S (160)
  AVERAGE WIND SPEED     5.6


SKY COVER
  AVERAGE SKY COVER 0.1


WEATHER CONDITIONS
 THE FOLLOWING WEATHER WAS RECORDED TODAY.
  LIGHT RAIN


RELATIVE HUMIDITY (PERCENT)
 HIGHEST    75           500 AM
 LOWEST     24          1200 PM
 AVERAGE    50

..........................................................


THE SCOTTSBLUFF NE AIRPORT CLIMATE NORMALS FOR TOMORROW
                         NORMAL    RECORD    YEAR
 MAXIMUM TEMPERATURE (F)   83       102      1998
 MINIMUM TEMPERATURE (F)   51        35      1968
                                             1935


SUNRISE AND SUNSET
SEPTEMBER  3 2015.....SUNRISE   622 AM MDT   SUNSET   725 PM MDT
SEPTEMBER  4 2015.....SUNRISE   623 AM MDT   SUNSET   723 PM MDT


-  INDICATES NEGATIVE NUMBERS.
R  INDICATES RECORD WAS SET OR TIED.
MM INDICATES DATA IS MISSING.
T  INDICATES TRACE AMOUNT.




$$
