000
CDUS45 KCYS 010732
CLIBFF


CLIMATE REPORT
NATIONAL WEATHER SERVICE CHEYENNE WY
1232 AM MST SUN FEB 1 2015


...................................

...THE SCOTTSBLUFF NEBRASKA AIRPORT CLIMATE SUMMARY FOR JANUARY 31 2015...

CLIMATE NORMAL PERIOD 1981 TO 2010
CLIMATE RECORD PERIOD 1871 TO 2015


WEATHER ITEM   OBSERVED TIME   RECORD YEAR NORMAL DEPARTURE LAST
                VALUE   (LST)  VALUE       VALUE  FROM      YEAR
                                                  NORMAL
..................................................................
TEMPERATURE (F)
 YESTERDAY
  MAXIMUM         35    117 AM  66    1989  42     -7       28
  MINIMUM         24   1124 PM -22    1979  15      9       14
  AVERAGE         30                        28      2       21

PRECIPITATION (IN)
  YESTERDAY        0.20          0.60 1981   0.02   0.18     0.03
  MONTH TO DATE    0.45                      0.41   0.04     0.46
  SINCE JAN 1      0.45                      0.41   0.04     0.46

SNOWFALL (IN)
  YESTERDAY        1.0           7.0  1981   0.2    0.8      0.5
  MONTH TO DATE    4.4                       5.4   -1.0      6.1
  SINCE JUL 1     35.3                      21.4   13.9     30.2
  SNOW DEPTH       0

DEGREE DAYS
 HEATING
  YESTERDAY       35                        37     -2       44
  MONTH TO DATE 1164                      1170     -6     1071
  SINCE DEC 1   2372                      2377     -5     2294
  SINCE JUL 1   3817                      3942   -125     3799

 COOLING
  YESTERDAY        0                         0      0        0
  MONTH TO DATE    0                         0      0        0
  SINCE DEC 1      0                         0      0        0
  SINCE JAN 1      0                         0      0        0
..................................................................


WIND (MPH)
  HIGHEST WIND SPEED    15   HIGHEST WIND DIRECTION     N (10)
  HIGHEST GUST SPEED    18   HIGHEST GUST DIRECTION     N (20)
  AVERAGE WIND SPEED     6.0


SKY COVER
  AVERAGE SKY COVER 0.8


WEATHER CONDITIONS
 THE FOLLOWING WEATHER WAS RECORDED YESTERDAY.
  SNOW
  LIGHT SNOW
  FOG
  FOG W/VISIBILITY <= 1/4 MILE


RELATIVE HUMIDITY (PERCENT)
 HIGHEST    92           600 AM
 LOWEST     70          1200 AM
 AVERAGE    81

..........................................................


THE SCOTTSBLUFF NEBRASKA AIRPORT CLIMATE NORMALS FOR TODAY
                         NORMAL    RECORD    YEAR
 MAXIMUM TEMPERATURE (F)   42        73      2003
 MINIMUM TEMPERATURE (F)   15       -21      1951


SUNRISE AND SUNSET
FEBRUARY  1 2015......SUNRISE   707 AM MST   SUNSET   509 PM MST
FEBRUARY  2 2015......SUNRISE   706 AM MST   SUNSET   511 PM MST


-  INDICATES NEGATIVE NUMBERS.
R  INDICATES RECORD WAS SET OR TIED.
MM INDICATES DATA IS MISSING.
T  INDICATES TRACE AMOUNT.




$$
