000
CDUS45 KCYS 010733
CLIBFF


CLIMATE REPORT
NATIONAL WEATHER SERVICE CHEYENNE WY
132 AM MDT MON SEP 1 2014


...................................

...THE SCOTTSBLUFF NEBRASKA AIRPORT CLIMATE SUMMARY FOR AUGUST 31 2014...

CLIMATE NORMAL PERIOD 1981 TO 2010
CLIMATE RECORD PERIOD 1871 TO 2014


WEATHER ITEM   OBSERVED TIME   RECORD YEAR NORMAL DEPARTURE LAST
                VALUE   (LST)  VALUE       VALUE  FROM      YEAR
                                                  NORMAL
..................................................................
TEMPERATURE (F)
 YESTERDAY
  MAXIMUM         79    410 PM 100    1985  85     -6       98
                                      1984
                                      1954
  MINIMUM         49   1154 PM  35    1932  52     -3       62
  AVERAGE         64                        68     -4       80

PRECIPITATION (IN)
  YESTERDAY        0.09          0.54 1951   0.04   0.05      T
                                      1946
  MONTH TO DATE    1.66                      1.30   0.36     0.79
  SINCE JAN 1     12.04                     12.30  -0.26     7.85

SNOWFALL (IN)
  YESTERDAY        0.0          MM      MM   0.0    0.0      0.0
  MONTH TO DATE    0.0                       0.0    0.0      0.0
  SINCE JUL 1      0.0                       0.0    0.0      0.0
  SNOW DEPTH       0

DEGREE DAYS
 HEATING
  YESTERDAY        1                         1      0        0
  MONTH TO DATE    6                        10     -4        0
  SINCE JUN 1     66                        80    -14       23
  SINCE JUL 1     13                        20     -7        2

 COOLING
  YESTERDAY        0                         5     -5       15
  MONTH TO DATE  239                       229     10      326
  SINCE JUN 1    616                       642    -26      838
  SINCE JAN 1    643                       665    -22      892
..................................................................


WIND (MPH)
  HIGHEST WIND SPEED    37   HIGHEST WIND DIRECTION    NW (320)
  HIGHEST GUST SPEED    45   HIGHEST GUST DIRECTION    NW (320)
  AVERAGE WIND SPEED     8.0


SKY COVER
  AVERAGE SKY COVER 0.2


WEATHER CONDITIONS
 THE FOLLOWING WEATHER WAS RECORDED YESTERDAY.
  THUNDERSTORM
  LIGHT RAIN
  FOG


RELATIVE HUMIDITY (PERCENT)
 HIGHEST   100           700 AM
 LOWEST     30           300 PM
 AVERAGE    65

..........................................................


THE SCOTTSBLUFF NEBRASKA AIRPORT CLIMATE NORMALS FOR TODAY
                         NORMAL    RECORD    YEAR
 MAXIMUM TEMPERATURE (F)   84       100      1929
 MINIMUM TEMPERATURE (F)   52        35      1908


SUNRISE AND SUNSET
SEPTEMBER  1 2014.....SUNRISE   620 AM MDT   SUNSET   728 PM MDT
SEPTEMBER  2 2014.....SUNRISE   621 AM MDT   SUNSET   726 PM MDT


-  INDICATES NEGATIVE NUMBERS.
R  INDICATES RECORD WAS SET OR TIED.
MM INDICATES DATA IS MISSING.
T  INDICATES TRACE AMOUNT.




$$
