000
CDUS45 KCYS 260728
CLIBFF


CLIMATE REPORT
NATIONAL WEATHER SERVICE CHEYENNE WY
127 AM MDT SUN OCT 26 2014


...................................

...THE SCOTTSBLUFF NEBRASKA AIRPORT CLIMATE SUMMARY FOR OCTOBER 25 2014...

CLIMATE NORMAL PERIOD 1981 TO 2010
CLIMATE RECORD PERIOD 1871 TO 2014


WEATHER ITEM   OBSERVED TIME   RECORD YEAR NORMAL DEPARTURE LAST
                VALUE   (LST)  VALUE       VALUE  FROM      YEAR
                                                  NORMAL
..................................................................
TEMPERATURE (F)
 YESTERDAY
  MAXIMUM         77    258 PM  83    1927  61     16       71
                                      1922
  MINIMUM         36    632 AM   6    1997  30      6       29
  AVERAGE         57                        45     12       50

PRECIPITATION (IN)
  YESTERDAY        0.00          1.14 1921   0.03  -0.03     0.00
  MONTH TO DATE    0.16                      0.97  -0.81     1.56
  SINCE JAN 1     16.46                     14.45   2.01    11.78

SNOWFALL (IN)
  YESTERDAY        0.0           2.1  1923   0.1   -0.1      0.0
  MONTH TO DATE    0.0                       1.9   -1.9      6.3
  SINCE JUL 1      T                         2.4   -2.4      6.3
  SNOW DEPTH       0

DEGREE DAYS
 HEATING
  YESTERDAY        8                        20    -12       15
  MONTH TO DATE  247                       386   -139      436
  SINCE SEP 1    358                       545   -187      522
  SINCE JUL 1    371                       565   -194      524

 COOLING
  YESTERDAY        0                         0      0        0
  MONTH TO DATE    0                         0      0        0
  SINCE SEP 1     76                        58     18      155
  SINCE JAN 1    719                       723     -4     1047
..................................................................


WIND (MPH)
  HIGHEST WIND SPEED    16   HIGHEST WIND DIRECTION    SE (120)
  HIGHEST GUST SPEED    21   HIGHEST GUST DIRECTION     W (260)
  AVERAGE WIND SPEED     6.3


SKY COVER
  AVERAGE SKY COVER 0.0


WEATHER CONDITIONS
 THE FOLLOWING WEATHER WAS RECORDED YESTERDAY.
  NO SIGNIFICANT WEATHER WAS OBSERVED.


RELATIVE HUMIDITY (PERCENT)
 HIGHEST    66           800 PM
 LOWEST     22           300 PM
 AVERAGE    44

..........................................................


THE SCOTTSBLUFF NEBRASKA AIRPORT CLIMATE NORMALS FOR TODAY
                         NORMAL    RECORD    YEAR
 MAXIMUM TEMPERATURE (F)   60        87      1922
 MINIMUM TEMPERATURE (F)   30         0      1997


SUNRISE AND SUNSET
OCTOBER 26 2014.......SUNRISE   720 AM MDT   SUNSET   557 PM MDT
OCTOBER 27 2014.......SUNRISE   721 AM MDT   SUNSET   555 PM MDT


-  INDICATES NEGATIVE NUMBERS.
R  INDICATES RECORD WAS SET OR TIED.
MM INDICATES DATA IS MISSING.
T  INDICATES TRACE AMOUNT.




$$
