000
CDUS45 KCYS 042226
CLIBFF


CLIMATE REPORT
NATIONAL WEATHER SERVICE CHEYENNE WY
325 PM MST SUN DEC 4 2016


...................................

...THE SCOTTSBLUFF NE AIRPORT CLIMATE SUMMARY FOR DECEMBER 4 2016...
VALID AS OF 0300 PM LOCAL TIME.

CLIMATE NORMAL PERIOD 1981 TO 2010
CLIMATE RECORD PERIOD 1871 TO 2016


WEATHER ITEM   OBSERVED TIME   RECORD YEAR NORMAL DEPARTURE LAST
                VALUE   (LST)  VALUE       VALUE  FROM      YEAR
                                                  NORMAL
..................................................................
TEMPERATURE (F)
 TODAY
  MAXIMUM         51    156 PM  71    1975  41     10       57
  MINIMUM         14    655 AM -10    1992  14      0       22
  AVERAGE         33                        28      5       40

PRECIPITATION (IN)
  TODAY            0.00          0.35 1958   0.01  -0.01     0.00
  MONTH TO DATE    0.00                      0.06  -0.06      T
  SINCE DEC 1      0.00                      0.06  -0.06      T
  SINCE JAN 1     15.19                     15.34  -0.15    22.85

SNOWFALL (IN)
  TODAY            0.0           3.0  1960   0.2   -0.2      0.0
  MONTH TO DATE    0.0                       0.8   -0.8       T
  SINCE JUL 1      0.4                       9.7   -9.3      4.8
  SNOW DEPTH       0

DEGREE DAYS
 HEATING
  TODAY           32                        37     -5       25
  MONTH TO DATE  143                       147     -4      117
  SINCE DEC 1    143                       147     -4      117
  SINCE JUL 1   1220                      1712   -492     1392

 COOLING
  TODAY            0                         0      0        0
  MONTH TO DATE    0                         0      0        0
  SINCE DEC 1      0                         0      0        0
  SINCE JAN 1    898                       724    174      792
..................................................................


WIND (MPH)
  HIGHEST WIND SPEED    22   HIGHEST WIND DIRECTION     W (280)
  HIGHEST GUST SPEED    28   HIGHEST GUST DIRECTION     W (270)
  AVERAGE WIND SPEED     9.1


SKY COVER
  AVERAGE SKY COVER 0.0


WEATHER CONDITIONS
 THE FOLLOWING WEATHER WAS RECORDED TODAY.
  NO SIGNIFICANT WEATHER WAS OBSERVED.


RELATIVE HUMIDITY (PERCENT)
 HIGHEST    80           700 AM
 LOWEST     23          1200 PM
 AVERAGE    52

..........................................................


THE SCOTTSBLUFF NE AIRPORT CLIMATE NORMALS FOR TOMORROW
                         NORMAL    RECORD    YEAR
 MAXIMUM TEMPERATURE (F)   41        71      1939
 MINIMUM TEMPERATURE (F)   14       -20      1909


SUNRISE AND SUNSET
DECEMBER  4 2016......SUNRISE   706 AM MST   SUNSET   424 PM MST
DECEMBER  5 2016......SUNRISE   707 AM MST   SUNSET   423 PM MST


-  INDICATES NEGATIVE NUMBERS.
R  INDICATES RECORD WAS SET OR TIED.
MM INDICATES DATA IS MISSING.
T  INDICATES TRACE AMOUNT.




$$
