000
CDUS45 KCYS 040741
CLIBFF


CLIMATE REPORT
NATIONAL WEATHER SERVICE CHEYENNE WY
1240 AM MST WED MAR 4 2015


...................................

...THE SCOTTSBLUFF NEBRASKA AIRPORT CLIMATE SUMMARY FOR MARCH 3 2015...

CLIMATE NORMAL PERIOD 1981 TO 2010
CLIMATE RECORD PERIOD 1871 TO 2015


WEATHER ITEM   OBSERVED TIME   RECORD YEAR NORMAL DEPARTURE LAST
                VALUE   (LST)  VALUE       VALUE  FROM      YEAR
                                                  NORMAL
..................................................................
TEMPERATURE (F)
 YESTERDAY
  MAXIMUM         31    244 AM  78    1921  49    -18       45
  MINIMUM         11   1159 PM -16    1960  20     -9        2
  AVERAGE         21                        34    -13       24

PRECIPITATION (IN)
  YESTERDAY        0.03          0.45 1915   0.02   0.01     0.00
  MONTH TO DATE    0.07                      0.07   0.00     0.16
  SINCE JAN 1      0.91                      1.08  -0.17     1.76

SNOWFALL (IN)
  YESTERDAY       MM             4.9  1961   0.3   MM        0.0
  MONTH TO DATE    0.0                       0.7   -0.7      3.8
  SINCE JUL 1     42.3                      29.1   13.2     55.1
  SNOW DEPTH       0

DEGREE DAYS
 HEATING
  YESTERDAY       44                        30     14       41
  MONTH TO DATE  111                        92     19      163
  SINCE MAR 1    111                        92     19      163
  SINCE JUL 1   4826                      5004   -178     5196

 COOLING
  YESTERDAY        0                         0      0        0
  MONTH TO DATE    0                         0      0        0
  SINCE MAR 1      0                         0      0        0
  SINCE JAN 1      0                         0      0        0
..................................................................


WIND (MPH)
  HIGHEST WIND SPEED    26   HIGHEST WIND DIRECTION     N (10)
  HIGHEST GUST SPEED    33   HIGHEST GUST DIRECTION     N (10)
  AVERAGE WIND SPEED    10.7


SKY COVER
  AVERAGE SKY COVER 1.0


WEATHER CONDITIONS
 THE FOLLOWING WEATHER WAS RECORDED YESTERDAY.
  LIGHT SNOW
  FOG
  HAZE


RELATIVE HUMIDITY (PERCENT)
 HIGHEST   100          1200 AM
 LOWEST     56           400 PM
 AVERAGE    78

..........................................................


THE SCOTTSBLUFF NEBRASKA AIRPORT CLIMATE NORMALS FOR TODAY
                         NORMAL    RECORD    YEAR
 MAXIMUM TEMPERATURE (F)   49        78      1905
 MINIMUM TEMPERATURE (F)   20       -12      1989


SUNRISE AND SUNSET
MARCH  4 2015.........SUNRISE   625 AM MST   SUNSET   548 PM MST
MARCH  5 2015.........SUNRISE   623 AM MST   SUNSET   549 PM MST


-  INDICATES NEGATIVE NUMBERS.
R  INDICATES RECORD WAS SET OR TIED.
MM INDICATES DATA IS MISSING.
T  INDICATES TRACE AMOUNT.




$$
