000
CDUS45 KCYS 040745
CLIBFF


CLIMATE REPORT
NATIONAL WEATHER SERVICE CHEYENNE WY
145 AM MDT SAT JUL 4 2015


...................................

...THE SCOTTSBLUFF NE AIRPORT CLIMATE SUMMARY FOR JULY 3 2015...

CLIMATE NORMAL PERIOD 1981 TO 2010
CLIMATE RECORD PERIOD 1871 TO 2015


WEATHER ITEM   OBSERVED TIME   RECORD YEAR NORMAL DEPARTURE LAST
                VALUE   (LST)  VALUE       VALUE  FROM      YEAR
                                                  NORMAL
..................................................................
TEMPERATURE (F)
 YESTERDAY
  MAXIMUM         86    253 PM 104    1936  88     -2       90
  MINIMUM         61    431 AM  38    1897  57      4       56
  AVERAGE         74                        72      2       73

PRECIPITATION (IN)
  YESTERDAY        0.00          0.77 2005   0.06  -0.06     0.00
  MONTH TO DATE    0.18                      0.19  -0.01     0.00
  SINCE JAN 1     14.58                      9.36   5.22     8.88

SNOWFALL (IN)
  YESTERDAY        0.0          MM      MM   0.0    0.0      0.0
  MONTH TO DATE    0.0                       0.0    0.0      0.0
  SINCE JUL 1      0.0                       0.0    0.0      0.0
  SNOW DEPTH       0

DEGREE DAYS
 HEATING
  YESTERDAY        0                         0      0        0
  MONTH TO DATE    0                         1     -1        3
  SINCE JUN 1      3                        61    -58       56
  SINCE JUL 1      0                         1     -1        3

 COOLING
  YESTERDAY        9                         8      1        8
  MONTH TO DATE   31                        24      7        8
  SINCE JUN 1    217                       150     67      103
  SINCE JAN 1    217                       173     44      130
..................................................................


WIND (MPH)
  HIGHEST WIND SPEED    14   HIGHEST WIND DIRECTION    SE (130)
  HIGHEST GUST SPEED    17   HIGHEST GUST DIRECTION    SE (130)
  AVERAGE WIND SPEED     5.9


SKY COVER
  AVERAGE SKY COVER 0.1


WEATHER CONDITIONS
 THE FOLLOWING WEATHER WAS RECORDED YESTERDAY.
  FOG
  HAZE


RELATIVE HUMIDITY (PERCENT)
 HIGHEST    97           300 AM
 LOWEST     34           100 PM
 AVERAGE    66

..........................................................


THE SCOTTSBLUFF NE AIRPORT CLIMATE NORMALS FOR TODAY
                         NORMAL    RECORD    YEAR
 MAXIMUM TEMPERATURE (F)   89       107      1936
 MINIMUM TEMPERATURE (F)   57        38      1898


SUNRISE AND SUNSET
JULY  4 2015..........SUNRISE   525 AM MDT   SUNSET   833 PM MDT
JULY  5 2015..........SUNRISE   525 AM MDT   SUNSET   832 PM MDT


-  INDICATES NEGATIVE NUMBERS.
R  INDICATES RECORD WAS SET OR TIED.
MM INDICATES DATA IS MISSING.
T  INDICATES TRACE AMOUNT.




$$
