000
CDUS45 KCYS 300726
CLIBFF


CLIMATE REPORT
NATIONAL WEATHER SERVICE CHEYENNE WY
126 AM MDT THU OCT 30 2014


...................................

...THE SCOTTSBLUFF NEBRASKA AIRPORT CLIMATE SUMMARY FOR OCTOBER 29 2014...

CLIMATE NORMAL PERIOD 1981 TO 2010
CLIMATE RECORD PERIOD 1871 TO 2014


WEATHER ITEM   OBSERVED TIME   RECORD YEAR NORMAL DEPARTURE LAST
                VALUE   (LST)  VALUE       VALUE  FROM      YEAR
                                                  NORMAL
..................................................................
TEMPERATURE (F)
 YESTERDAY
  MAXIMUM         72    230 PM  87    1933  59     13       37
  MINIMUM         25    648 AM   3    1991  29     -4       32
  AVERAGE         49                        44      5       35

PRECIPITATION (IN)
  YESTERDAY        0.00          0.85 1979   0.03  -0.03     0.00
  MONTH TO DATE    0.59                      1.08  -0.49     1.63
  SINCE JAN 1     16.89                     14.56   2.33    11.85

SNOWFALL (IN)
  YESTERDAY        0.0           8.0  2009   0.1   -0.1      0.0
  MONTH TO DATE    0.0                       2.4   -2.4      6.6
  SINCE JUL 1      T                         2.9   -2.9      6.6
  SNOW DEPTH       0

DEGREE DAYS
 HEATING
  YESTERDAY       16                        21     -5       30
  MONTH TO DATE  316                       468   -152      525
  SINCE SEP 1    427                       627   -200      611
  SINCE JUL 1    440                       647   -207      613

 COOLING
  YESTERDAY        0                         0      0        0
  MONTH TO DATE    0                         0      0        0
  SINCE SEP 1     76                        58     18      155
  SINCE JAN 1    719                       723     -4     1047
..................................................................


WIND (MPH)
  HIGHEST WIND SPEED    24   HIGHEST WIND DIRECTION    NW (330)
  HIGHEST GUST SPEED    31   HIGHEST GUST DIRECTION    NW (310)
  AVERAGE WIND SPEED     7.0


SKY COVER
  AVERAGE SKY COVER 0.1


WEATHER CONDITIONS
 THE FOLLOWING WEATHER WAS RECORDED YESTERDAY.
  NO SIGNIFICANT WEATHER WAS OBSERVED.


RELATIVE HUMIDITY (PERCENT)
 HIGHEST    92           700 AM
 LOWEST     14           200 PM
 AVERAGE    53

..........................................................


THE SCOTTSBLUFF NEBRASKA AIRPORT CLIMATE NORMALS FOR TODAY
                         NORMAL    RECORD    YEAR
 MAXIMUM TEMPERATURE (F)   59        80      1968
                                             1933
 MINIMUM TEMPERATURE (F)   28        -3      1925


SUNRISE AND SUNSET
OCTOBER 30 2014.......SUNRISE   724 AM MDT   SUNSET   551 PM MDT
OCTOBER 31 2014.......SUNRISE   726 AM MDT   SUNSET   550 PM MDT


-  INDICATES NEGATIVE NUMBERS.
R  INDICATES RECORD WAS SET OR TIED.
MM INDICATES DATA IS MISSING.
T  INDICATES TRACE AMOUNT.




$$
