000
CDUS46 KHNX 260825
CLIBFL


CLIMATE REPORT
NATIONAL WEATHER SERVICE SAN JOAQUIN VALLEY, CA
1225 AM PST MON JAN 26 2015


...................................

...THE BAKERSFIELD CLIMATE SUMMARY FOR JANUARY 25 2015...

CLIMATE NORMAL PERIOD 1981 TO 2010
CLIMATE RECORD PERIOD 1889 TO 2015


WEATHER ITEM   OBSERVED TIME   RECORD YEAR NORMAL DEPARTURE
                VALUE   (LST)  VALUE       VALUE  FROM
                                                  NORMAL
...............................................................
TEMPERATURE (F)
 YESTERDAY
  MAXIMUM         56    408 PM  77    1924  58     -2
  MINIMUM         40    912 AM  22    1893  40      0
  AVERAGE         48                        49     -1

PRECIPITATION (IN)
  YESTERDAY        0.00          1.42 1999   0.03  -0.03
  MONTH TO DATE    0.64                      0.92  -0.28
  SINCE OCT 1      3.31                      2.88   0.43
  SINCE JAN 1      0.64                      0.92  -0.28

SNOWFALL (IN)
  YESTERDAY        0.0
  MONTH TO DATE    0.0
  SINCE DEC 1      0.0
  SINCE JUL 1      0.0
  SNOW DEPTH       0

DEGREE DAYS
 HEATING
  YESTERDAY       17                                1
  MONTH TO DATE  388                              -51
  SINCE DEC 1    733                             -239
  SINCE JUL 1    907                             -423

 COOLING
  YESTERDAY        0                                0
  MONTH TO DATE    0                                0
  SINCE DEC 1      0                                0
  SINCE JAN 1      0                                0
...............................................................


WIND (MPH)
  HIGHEST WIND SPEED    10   HIGHEST WIND DIRECTION    NW (330)
  HIGHEST GUST SPEED    14   HIGHEST GUST DIRECTION     W (250)
  AVERAGE WIND SPEED     2.8




RELATIVE HUMIDITY (PERCENT)
 HIGHEST   100
 LOWEST     66
 AVERAGE    83

..........................................................


THE BAKERSFIELD CLIMATE NORMALS FOR TODAY
                         NORMAL    RECORD    YEAR
 MAXIMUM TEMPERATURE (F)   58        78      1942
                                             1906
 MINIMUM TEMPERATURE (F)   40        25      1904
                                             1902
                                             1893


SUNRISE AND SUNSET
JANUARY 26 2015.......SUNRISE   700 AM PST   SUNSET   518 PM PST
JANUARY 27 2015.......SUNRISE   659 AM PST   SUNSET   519 PM PST


-  INDICATES NEGATIVE NUMBERS.
R  INDICATES RECORD WAS SET OR TIED.
MM INDICATES DATA IS MISSING.
T  INDICATES TRACE AMOUNT.




$$
