000
CDUS46 KHNX 300827
CLIBFL


CLIMATE REPORT
NATIONAL WEATHER SERVICE SAN JOAQUIN VALLEY, CA
126 AM PDT WED JUL 30 2014


...................................

...THE BAKERSFIELD CLIMATE SUMMARY FOR JULY 29 2014...

CLIMATE NORMAL PERIOD 1981 TO 2010
CLIMATE RECORD PERIOD 1889 TO 2014


WEATHER ITEM   OBSERVED TIME   RECORD YEAR NORMAL DEPARTURE
                VALUE   (LST)  VALUE       VALUE  FROM
                                                  NORMAL
...............................................................
TEMPERATURE (F)
 YESTERDAY
  MAXIMUM        102    424 PM 114    1908  98      4
  MINIMUM         77    451 AM  52    1914  71      6
  AVERAGE         90                        84      6

PRECIPITATION (IN)
  YESTERDAY        0.00          0.10 1952   0.00   0.00
  MONTH TO DATE    T                         0.00   0.00
  SINCE JUL 1      T                         0.00   0.00
  SINCE JAN 1      1.34                      4.39  -3.05

SNOWFALL (IN)
  YESTERDAY        0.0
  MONTH TO DATE    0.0
  SINCE JUN 1      0.0
  SINCE JUL 1      0.0
  SNOW DEPTH       0

DEGREE DAYS
 HEATING
  YESTERDAY        0                                0
  MONTH TO DATE    0                                0
  SINCE JUN 1      0                               -2
  SINCE JUL 1      0                                0

 COOLING
  YESTERDAY       25                                6
  MONTH TO DATE  643                               97
  SINCE JUN 1   1146                              221
  SINCE JAN 1   1598                              406
...............................................................


WIND (MPH)
  HIGHEST WIND SPEED    13   HIGHEST WIND DIRECTION    NW (310)
  HIGHEST GUST SPEED    16   HIGHEST GUST DIRECTION    NW (310)
  AVERAGE WIND SPEED     5.0




RELATIVE HUMIDITY (PERCENT)
 HIGHEST    35
 LOWEST     13
 AVERAGE    24

..........................................................


THE BAKERSFIELD CLIMATE NORMALS FOR TODAY
                         NORMAL    RECORD    YEAR
 MAXIMUM TEMPERATURE (F)   98       112      1908
 MINIMUM TEMPERATURE (F)   71        45      1955


SUNRISE AND SUNSET
JULY 30 2014..........SUNRISE   603 AM PDT   SUNSET   801 PM PDT
JULY 31 2014..........SUNRISE   604 AM PDT   SUNSET   801 PM PDT


-  INDICATES NEGATIVE NUMBERS.
R  INDICATES RECORD WAS SET OR TIED.
MM INDICATES DATA IS MISSING.
T  INDICATES TRACE AMOUNT.




$$
