000
CDUS46 KHNX 010827
CLIBFL


CLIMATE REPORT
NATIONAL WEATHER SERVICE SAN JOAQUIN VALLEY, CA
125 AM PDT SUN MAY 1 2016


...................................

...THE BAKERSFIELD CLIMATE SUMMARY FOR APRIL 30 2016...

CLIMATE NORMAL PERIOD 1981 TO 2010
CLIMATE RECORD PERIOD 1889 TO 2016


WEATHER ITEM   OBSERVED TIME   RECORD YEAR NORMAL DEPARTURE
                VALUE   (LST)  VALUE       VALUE  FROM
                                                  NORMAL
...............................................................
TEMPERATURE (F)
 YESTERDAY
  MAXIMUM         77    351 PM 101    1981  79     -2
  MINIMUM         56    711 AM  38    1915  54      2
                                      1907
  AVERAGE         67                        66      1

PRECIPITATION (IN)
  YESTERDAY        0.00          0.61 1914   0.01  -0.01
  MONTH TO DATE    0.97                      0.52   0.45
  SINCE OCT 1      4.88                      6.09  -1.21
  SINCE JAN 1      3.55                      4.13  -0.58

SNOWFALL (IN)
  YESTERDAY        0.0
  MONTH TO DATE    0.0
  SINCE MAR 1      0.0
  SINCE JUL 1      0.0
  SNOW DEPTH       0

DEGREE DAYS
 HEATING
  YESTERDAY        0                               -2
  MONTH TO DATE   28                             -101
  SINCE MAR 1    168                             -200
  SINCE JUL 1   1686                             -456

 COOLING
  YESTERDAY        2                               -2
  MONTH TO DATE   96                               39
  SINCE MAR 1    102                               36
  SINCE JAN 1    102                               36
...............................................................


WIND (MPH)
  HIGHEST WIND SPEED    13   HIGHEST WIND DIRECTION    SE (150)
  HIGHEST GUST SPEED    15   HIGHEST GUST DIRECTION    NW (300)
  AVERAGE WIND SPEED     4.8




RELATIVE HUMIDITY (PERCENT)
 HIGHEST    67
 LOWEST     21
 AVERAGE    44

..........................................................


THE BAKERSFIELD CLIMATE NORMALS FOR TODAY
                         NORMAL    RECORD    YEAR
 MAXIMUM TEMPERATURE (F)   80       102      1947
 MINIMUM TEMPERATURE (F)   54        37      1988


SUNRISE AND SUNSET
MAY  1 2016...........SUNRISE   604 AM PDT   SUNSET   743 PM PDT
MAY  2 2016...........SUNRISE   603 AM PDT   SUNSET   744 PM PDT


-  INDICATES NEGATIVE NUMBERS.
R  INDICATES RECORD WAS SET OR TIED.
MM INDICATES DATA IS MISSING.
T  INDICATES TRACE AMOUNT.




$$
