000
CDUS46 KHNX 250824
CLIBFL


CLIMATE REPORT
NATIONAL WEATHER SERVICE SAN JOAQUIN VALLEY, CA
1224 AM PST SAT FEB 25 2017


...................................

...THE BAKERSFIELD CLIMATE SUMMARY FOR FEBRUARY 24 2017...

CLIMATE NORMAL PERIOD 1981 TO 2010
CLIMATE RECORD PERIOD 1889 TO 2017


WEATHER ITEM   OBSERVED TIME   RECORD YEAR NORMAL DEPARTURE
                VALUE   (LST)  VALUE       VALUE  FROM
                                                  NORMAL
...............................................................
TEMPERATURE (F)
 YESTERDAY
  MAXIMUM         57    421 PM  82    2016  65     -8
  MINIMUM         34    427 AM  29    1908  44    -10
  AVERAGE         46                        55     -9

PRECIPITATION (IN)
  YESTERDAY        0.00          0.68 1969   0.05  -0.05
  MONTH TO DATE    1.46                      1.07   0.39
  SINCE OCT 1      7.25                      4.19   3.06
  SINCE JAN 1      4.22                      2.23   1.99

SNOWFALL (IN)
  YESTERDAY        0.0
  MONTH TO DATE    0.0
  SINCE DEC 1      0.0
  SINCE JUL 1      0.0
  SNOW DEPTH       0

DEGREE DAYS
 HEATING
  YESTERDAY       19                                9
  MONTH TO DATE  178                             -130
  SINCE DEC 1   1093                             -283
  SINCE JUL 1   1298                             -436

 COOLING
  YESTERDAY        0                                0
  MONTH TO DATE    0                                0
  SINCE DEC 1      2                                2
  SINCE JAN 1      2                                2
...............................................................


WIND (MPH)
  HIGHEST WIND SPEED     9   HIGHEST WIND DIRECTION     N (10)
  HIGHEST GUST SPEED    12   HIGHEST GUST DIRECTION     E (110)
  AVERAGE WIND SPEED     2.8




RELATIVE HUMIDITY (PERCENT)
 HIGHEST    92
 LOWEST     36
 AVERAGE    64

..........................................................


THE BAKERSFIELD CLIMATE NORMALS FOR TODAY
                         NORMAL    RECORD    YEAR
 MAXIMUM TEMPERATURE (F)   65        82      1991
 MINIMUM TEMPERATURE (F)   44        30      1908


SUNRISE AND SUNSET
FEBRUARY 25 2017......SUNRISE   631 AM PST   SUNSET   548 PM PST
FEBRUARY 26 2017......SUNRISE   629 AM PST   SUNSET   549 PM PST


-  INDICATES NEGATIVE NUMBERS.
R  INDICATES RECORD WAS SET OR TIED.
MM INDICATES DATA IS MISSING.
T  INDICATES TRACE AMOUNT.




$$
