000
CDUS46 KHNX 070823
CLIBFL


CLIMATE REPORT
NATIONAL WEATHER SERVICE SAN JOAQUIN VALLEY, CA
1223 AM PST WED DEC 7 2016


...................................

...THE BAKERSFIELD CLIMATE SUMMARY FOR DECEMBER 6 2016...

CLIMATE NORMAL PERIOD 1981 TO 2010
CLIMATE RECORD PERIOD 1889 TO 2016


WEATHER ITEM   OBSERVED TIME   RECORD YEAR NORMAL DEPARTURE
                VALUE   (LST)  VALUE       VALUE  FROM
                                                  NORMAL
...............................................................
TEMPERATURE (F)
 YESTERDAY
  MAXIMUM         54    259 PM  77    1916  58     -4
                                      1907
  MINIMUM         41   1019 PM  22    1903  40      1
  AVERAGE         48                        49     -1

PRECIPITATION (IN)
  YESTERDAY        0.00          0.82 1946   0.03  -0.03
  MONTH TO DATE    0.00                      0.16  -0.16
  SINCE OCT 1      0.62                      1.10  -0.48
  SINCE JAN 1      4.72                      5.61  -0.89

SNOWFALL (IN)
  YESTERDAY        0.0
  MONTH TO DATE    0.0
  SINCE DEC 1      0.0
  SINCE JUL 1      0.0
  SNOW DEPTH       0

DEGREE DAYS
 HEATING
  YESTERDAY       17                                1
  MONTH TO DATE  102                                9
  SINCE DEC 1    102                                9
  SINCE JUL 1    307                             -144

 COOLING
  YESTERDAY        0                                0
  MONTH TO DATE    0                                0
  SINCE DEC 1      0                                0
  SINCE JAN 1   2738                              480
...............................................................


WIND (MPH)
  HIGHEST WIND SPEED    12   HIGHEST WIND DIRECTION    NW (320)
  HIGHEST GUST SPEED    14   HIGHEST GUST DIRECTION    NW (310)
  AVERAGE WIND SPEED     3.8




RELATIVE HUMIDITY (PERCENT)
 HIGHEST    82
 LOWEST     66
 AVERAGE    74

..........................................................


THE BAKERSFIELD CLIMATE NORMALS FOR TODAY
                         NORMAL    RECORD    YEAR
 MAXIMUM TEMPERATURE (F)   58        76      1907
 MINIMUM TEMPERATURE (F)   39        24      1912


SUNRISE AND SUNSET
DECEMBER  7 2016......SUNRISE   652 AM PST   SUNSET   443 PM PST
DECEMBER  8 2016......SUNRISE   653 AM PST   SUNSET   443 PM PST


-  INDICATES NEGATIVE NUMBERS.
R  INDICATES RECORD WAS SET OR TIED.
MM INDICATES DATA IS MISSING.
T  INDICATES TRACE AMOUNT.




$$
