000
CDUS46 KHNX 260821
CLIBFL


CLIMATE REPORT
NATIONAL WEATHER SERVICE SAN JOAQUIN VALLEY, CA
120 AM PDT TUE MAY 26 2015


...................................

...THE BAKERSFIELD CLIMATE SUMMARY FOR MAY 25 2015...

CLIMATE NORMAL PERIOD 1981 TO 2010
CLIMATE RECORD PERIOD 1889 TO 2015


WEATHER ITEM   OBSERVED TIME   RECORD YEAR NORMAL DEPARTURE
                VALUE   (LST)  VALUE       VALUE  FROM
                                                  NORMAL
...............................................................
TEMPERATURE (F)
 YESTERDAY
  MAXIMUM         87    527 PM 106    1982  86      1
  MINIMUM         60    503 AM  39    1893  59      1
  AVERAGE         74                        73      1

PRECIPITATION (IN)
  YESTERDAY        0.00          0.60 1902   0.01  -0.01
  MONTH TO DATE    0.68                      0.16   0.52
  SINCE OCT 1      5.29                      6.25  -0.96
  SINCE JAN 1      2.62                      4.29  -1.67

SNOWFALL (IN)
  YESTERDAY        0.0
  MONTH TO DATE    0.0
  SINCE MAR 1      0.0
  SINCE JUL 1      0.0
  SNOW DEPTH       0

DEGREE DAYS
 HEATING
  YESTERDAY        0                                0
  MONTH TO DATE   19                              -11
  SINCE MAR 1    172                             -226
  SINCE JUL 1   1307                             -865

 COOLING
  YESTERDAY        9                                1
  MONTH TO DATE   99                              -51
  SINCE MAR 1    261                               45
  SINCE JAN 1    265                               49
...............................................................


WIND (MPH)
  HIGHEST WIND SPEED    18   HIGHEST WIND DIRECTION    NW (300)
  HIGHEST GUST SPEED    21   HIGHEST GUST DIRECTION    NW (300)
  AVERAGE WIND SPEED     6.5




RELATIVE HUMIDITY (PERCENT)
 HIGHEST    67
 LOWEST     23
 AVERAGE    45

..........................................................


THE BAKERSFIELD CLIMATE NORMALS FOR TODAY
                         NORMAL    RECORD    YEAR
 MAXIMUM TEMPERATURE (F)   86       107      1951
 MINIMUM TEMPERATURE (F)   60        40      1918


SUNRISE AND SUNSET
MAY 26 2015...........SUNRISE   545 AM PDT   SUNSET   802 PM PDT
MAY 27 2015...........SUNRISE   544 AM PDT   SUNSET   803 PM PDT


-  INDICATES NEGATIVE NUMBERS.
R  INDICATES RECORD WAS SET OR TIED.
MM INDICATES DATA IS MISSING.
T  INDICATES TRACE AMOUNT.




$$
