876
CDUS44 KAMA 180734
CLIBGD


CLIMATE REPORT
NATIONAL WEATHER SERVICE AMARILLO TX
134 AM CST SAT NOV 18 2017


...................................

...THE BORGER CLIMATE SUMMARY FOR NOVEMBER 17 2017...

CLIMATE NORMAL PERIOD 1981 TO 2010
CLIMATE RECORD PERIOD 1949 TO 2017


WEATHER ITEM   OBSERVED TIME   RECORD YEAR NORMAL DEPARTURE LAST
                VALUE   (LST)  VALUE       VALUE  FROM      YEAR
                                                  NORMAL
..................................................................
TEMPERATURE (F)
 YESTERDAY
  MAXIMUM         85R   356 PM  82    2016  61     24       82
  MINIMUM         54    438 AM   8    1959  35     19       45
  AVERAGE         70                        48     22       64

PRECIPITATION (IN)
  YESTERDAY        0.00          1.03 1971   0.03  -0.03     0.00
  MONTH TO DATE    0.06                      0.54  -0.48     0.12
  SINCE SEP 1      5.10                      4.64   0.46     1.19
  SINCE JAN 1     26.10                     20.65   5.45    15.53

SNOWFALL (IN)
  YESTERDAY        0.0           6.8  1962                   0.0
  MONTH TO DATE    0.8                                       0.0
  SINCE SEP 1      0.8                                       0.0
  SINCE JUL 1      0.8                                       0.0
  SNOW DEPTH       0

DEGREE DAYS
 HEATING
  YESTERDAY        0                        17    -17        1
  MONTH TO DATE  174                       236    -62      116
  SINCE SEP 1    373                       456    -83      170
  SINCE JUL 1    373                       457    -84      170

 COOLING
  YESTERDAY        5                         0      5        0
  MONTH TO DATE    9                         0      9        4
  SINCE SEP 1    338                       285     53      462
  SINCE JAN 1   2001                      1835    166     2180
..................................................................


WIND (MPH)
  RESULTANT WIND SPEED  15   RESULTANT WIND DIRECTION  SW (240)
  HIGHEST WIND SPEED    32   HIGHEST WIND DIRECTION    SW (240)
  HIGHEST GUST SPEED    41   HIGHEST GUST DIRECTION     W (250)
  AVERAGE WIND SPEED    14.7


SKY COVER
  AVERAGE SKY COVER 0.0


WEATHER CONDITIONS
 THE FOLLOWING WEATHER WAS RECORDED YESTERDAY.
  NO SIGNIFICANT WEATHER WAS OBSERVED.


RELATIVE HUMIDITY (PERCENT)
 HIGHEST    47           300 AM
 LOWEST     13           300 PM
 AVERAGE    30

..........................................................


THE BORGER CLIMATE NORMALS FOR TODAY
                         NORMAL    RECORD    YEAR
 MAXIMUM TEMPERATURE (F)   60        79      2007
 MINIMUM TEMPERATURE (F)   35        16      1980


SUNRISE AND SUNSET
NOVEMBER 18 2017......SUNRISE   725 AM CST   SUNSET   537 PM CST
NOVEMBER 19 2017......SUNRISE   726 AM CST   SUNSET   536 PM CST


-  INDICATES NEGATIVE NUMBERS.
R  INDICATES RECORD WAS SET OR TIED.
MM INDICATES DATA IS MISSING.
T  INDICATES TRACE AMOUNT.




$$
