000
CDUS44 KAMA 080728
CLIBGD


CLIMATE REPORT
NATIONAL WEATHER SERVICE AMARILLO TX
127 AM CST MON FEB 8 2016


...................................

...THE BORGER CLIMATE SUMMARY FOR FEBRUARY 7 2016...

CLIMATE NORMAL PERIOD 1981 TO 2010
CLIMATE RECORD PERIOD 1949 TO 2016


WEATHER ITEM   OBSERVED TIME   RECORD YEAR NORMAL DEPARTURE LAST
                VALUE   (LST)  VALUE       VALUE  FROM      YEAR
                                                  NORMAL
..................................................................
TEMPERATURE (F)
 YESTERDAY
  MAXIMUM         58    339 PM  83    2015  54      4       83
  MINIMUM         27    553 AM   2    1989  28     -1       43
  AVERAGE         43                        41      2       63

PRECIPITATION (IN)
  YESTERDAY        0.00          1.12 1986   0.02  -0.02     0.00
  MONTH TO DATE    0.23                      0.17   0.06      T
  SINCE DEC 1      1.35                      1.53  -0.18     1.37
  SINCE JAN 1      0.51                      0.76  -0.25     1.23

SNOWFALL (IN)
  YESTERDAY        0.0          14.0  1986                   0.0
  MONTH TO DATE    0.0                                        T
  SINCE DEC 1      6.7                                       9.1
  SINCE JUL 1      7.5                                      11.0
  SNOW DEPTH       0

DEGREE DAYS
 HEATING
  YESTERDAY       22                        24     -2        2
  MONTH TO DATE  195                       171     24      138
  SINCE DEC 1   1636                      1806   -170     1674
  SINCE JUL 1   2208                      2523   -315     2359

 COOLING
  YESTERDAY        0                         0      0        0
  MONTH TO DATE    0                         0      0        0
  SINCE DEC 1      0                         0      0        0
  SINCE JAN 1      0                         0      0        0
..................................................................


WIND (MPH)
  RESULTANT WIND SPEED   7   RESULTANT WIND DIRECTION   N (10)
  HIGHEST WIND SPEED    24   HIGHEST WIND DIRECTION     N (10)
  HIGHEST GUST SPEED    29   HIGHEST GUST DIRECTION     N (10)
  AVERAGE WIND SPEED    11.7


SKY COVER
  AVERAGE SKY COVER 0.0


WEATHER CONDITIONS
 THE FOLLOWING WEATHER WAS RECORDED YESTERDAY.
  NO SIGNIFICANT WEATHER WAS OBSERVED.


RELATIVE HUMIDITY (PERCENT)
 HIGHEST    63           600 AM
 LOWEST     23           200 PM
 AVERAGE    43

..........................................................


THE BORGER CLIMATE NORMALS FOR TODAY
                         NORMAL    RECORD    YEAR
 MAXIMUM TEMPERATURE (F)   54        81      1957
 MINIMUM TEMPERATURE (F)   28         0      2011


SUNRISE AND SUNSET
FEBRUARY  8 2016......SUNRISE   740 AM CST   SUNSET   620 PM CST
FEBRUARY  9 2016......SUNRISE   739 AM CST   SUNSET   621 PM CST


-  INDICATES NEGATIVE NUMBERS.
R  INDICATES RECORD WAS SET OR TIED.
MM INDICATES DATA IS MISSING.
T  INDICATES TRACE AMOUNT.




$$
