000
CDUS44 KAMA 270630
CLIBGD


CLIMATE REPORT
NATIONAL WEATHER SERVICE AMARILLO TX
129 AM CDT WED MAY 27 2015


...................................

...THE BORGER CLIMATE SUMMARY FOR MAY 26 2015...

CLIMATE NORMAL PERIOD 1981 TO 2013
CLIMATE RECORD PERIOD 1949 TO 2015


WEATHER ITEM   OBSERVED TIME   RECORD YEAR NORMAL DEPARTURE LAST
                VALUE   (LST)  VALUE       VALUE  FROM      YEAR
                                                  NORMAL
..................................................................
TEMPERATURE (F)
 YESTERDAY
  MAXIMUM         80    528 PM 101    1953  84     -4       76
  MINIMUM         53    606 AM  40    1950  59     -6       59
  AVERAGE         67                        71     -4       68

PRECIPITATION (IN)
  YESTERDAY        0.00          1.53 1987   0.12  -0.12     0.09
  MONTH TO DATE    8.70                      2.22   6.48     1.49
  SINCE MAR 1     13.37                      5.17   8.20     1.69
  SINCE JAN 1     15.22                      6.38   8.84     2.07

SNOWFALL (IN)
  YESTERDAY        0.0           T    1982                   0.0
  MONTH TO DATE    0.0                                       0.0
  SINCE MAR 1      T                                         2.1
  SINCE JUL 1     17.5                                      14.7
  SNOW DEPTH       0

DEGREE DAYS
 HEATING
  YESTERDAY        0                         1     -1        0
  MONTH TO DATE   77                        59     18       56
  SINCE MAR 1    578                       769   -191      760
  SINCE JUL 1   3450                      3762   -312     3838

 COOLING
  YESTERDAY        2                         7     -5        3
  MONTH TO DATE   50                       116    -66      196
  SINCE MAR 1    106                       160    -54      261
  SINCE JAN 1    106                       160    -54      261
..................................................................


WIND (MPH)
  RESULTANT WIND SPEED   2   RESULTANT WIND DIRECTION   E (80)
  HIGHEST WIND SPEED    12   HIGHEST WIND DIRECTION     N (360)
  HIGHEST GUST SPEED    14   HIGHEST GUST DIRECTION     S (190)
  AVERAGE WIND SPEED     3.8


SKY COVER
  AVERAGE SKY COVER 0.1


WEATHER CONDITIONS
 THE FOLLOWING WEATHER WAS RECORDED YESTERDAY.
  NO SIGNIFICANT WEATHER WAS OBSERVED.


RELATIVE HUMIDITY (PERCENT)
 HIGHEST    83           500 AM
 LOWEST     39           500 PM
 AVERAGE    61

..........................................................


THE BORGER CLIMATE NORMALS FOR TODAY
                         NORMAL    RECORD    YEAR
 MAXIMUM TEMPERATURE (F)   84       100      2013
                                             2006
 MINIMUM TEMPERATURE (F)   59        41      1950


SUNRISE AND SUNSET
MAY 27 2015...........SUNRISE   633 AM CDT   SUNSET   853 PM CDT
MAY 28 2015...........SUNRISE   633 AM CDT   SUNSET   853 PM CDT


-  INDICATES NEGATIVE NUMBERS.
R  INDICATES RECORD WAS SET OR TIED.
MM INDICATES DATA IS MISSING.
T  INDICATES TRACE AMOUNT.




$$
