000
CDUS44 KAMA 300629
CLIBGD


CLIMATE REPORT
NATIONAL WEATHER SERVICE AMARILLO TX
127 AM CDT TUE JUN 30 2015


...................................

...THE BORGER CLIMATE SUMMARY FOR JUNE 29 2015...

CLIMATE NORMAL PERIOD 1981 TO 2013
CLIMATE RECORD PERIOD 1949 TO 2015


WEATHER ITEM   OBSERVED TIME   RECORD YEAR NORMAL DEPARTURE LAST
                VALUE   (LST)  VALUE       VALUE  FROM      YEAR
                                                  NORMAL
..................................................................
TEMPERATURE (F)
 YESTERDAY
  MAXIMUM         90    454 PM 105    2012  93     -3      102
                                      1968
  MINIMUM         69    515 AM  56    1983  68      1       74
  AVERAGE         80                        80      0       88

PRECIPITATION (IN)
  YESTERDAY        0.00          1.76 1950   0.08  -0.08     0.00
  MONTH TO DATE    5.15                      3.09   2.06     1.74
  SINCE JUN 1      5.15                      3.09   2.06     1.74
  SINCE JAN 1     20.67                     10.14  10.53     3.86

SNOWFALL (IN)
  YESTERDAY        0.0           T    1950                   0.0
  MONTH TO DATE    0.0                                       0.0
  SINCE JUN 1      0.0                                       0.0
  SINCE JUL 1     17.5                                      14.7
  SNOW DEPTH       0

DEGREE DAYS
 HEATING
  YESTERDAY        0                         0      0        0
  MONTH TO DATE    0                         0      0        3
  SINCE JUN 1      0                         0      0        3
  SINCE JUL 1   3452                      3763   -311     3841

 COOLING
  YESTERDAY       15                        15      0       23
  MONTH TO DATE  398                       343     55      387
  SINCE JUN 1    398                       343     55      387
  SINCE JAN 1    522                       540    -18      701
..................................................................


WIND (MPH)
  RESULTANT WIND SPEED   2   RESULTANT WIND DIRECTION   E (80)
  HIGHEST WIND SPEED    21   HIGHEST WIND DIRECTION    SW (210)
  HIGHEST GUST SPEED    29   HIGHEST GUST DIRECTION    SW (210)
  AVERAGE WIND SPEED     8.4


SKY COVER
  AVERAGE SKY COVER 0.0


WEATHER CONDITIONS
 THE FOLLOWING WEATHER WAS RECORDED YESTERDAY.
  NO SIGNIFICANT WEATHER WAS OBSERVED.


RELATIVE HUMIDITY (PERCENT)
 HIGHEST    73           500 AM
 LOWEST     38           500 PM
 AVERAGE    56

..........................................................


THE BORGER CLIMATE NORMALS FOR TODAY
                         NORMAL    RECORD    YEAR
 MAXIMUM TEMPERATURE (F)   93       106      2012
 MINIMUM TEMPERATURE (F)   68        54      1995


SUNRISE AND SUNSET
JUNE 30 2015..........SUNRISE   633 AM CDT   SUNSET   906 PM CDT
JULY  1 2015..........SUNRISE   633 AM CDT   SUNSET   905 PM CDT


-  INDICATES NEGATIVE NUMBERS.
R  INDICATES RECORD WAS SET OR TIED.
MM INDICATES DATA IS MISSING.
T  INDICATES TRACE AMOUNT.




$$
