000
CDUS44 KAMA 290737
CLIBGD


CLIMATE REPORT
NATIONAL WEATHER SERVICE AMARILLO TX
135 AM CST THU JAN 29 2015


...................................

...THE BORGER CLIMATE SUMMARY FOR JANUARY 28 2015...

CLIMATE NORMAL PERIOD 1981 TO 2013
CLIMATE RECORD PERIOD 1949 TO 2015


WEATHER ITEM   OBSERVED TIME   RECORD YEAR NORMAL DEPARTURE LAST
                VALUE   (LST)  VALUE       VALUE  FROM      YEAR
                                                  NORMAL
..................................................................
TEMPERATURE (F)
 YESTERDAY
  MAXIMUM         73    332 PM  76    2003  53     20       36
  MINIMUM         47    746 AM   6    1966  27     20       13
  AVERAGE         60                        40     20       25

PRECIPITATION (IN)
  YESTERDAY        0.00          1.07 2010   0.02  -0.02      T
  MONTH TO DATE    0.87                      0.51   0.36     0.07
  SINCE DEC 1      1.01                      1.28  -0.27     0.34
  SINCE JAN 1      0.87                      0.51   0.36     0.07

SNOWFALL (IN)
  YESTERDAY        0.0           5.5  2010                    T
  MONTH TO DATE    7.6                                       1.3
  SINCE DEC 1      8.0                                       4.7
  SINCE JUL 1      9.9                                       8.5
  SNOW DEPTH       0

DEGREE DAYS
 HEATING
  YESTERDAY        5                        25    -20       40
  MONTH TO DATE  738                       741     -3      719
  SINCE DEC 1   1469                      1561    -92     1562
  SINCE JUL 1   2154                      2278   -124     2276

 COOLING
  YESTERDAY        0                         0      0        0
  MONTH TO DATE    0                         0      0        0
  SINCE DEC 1      0                         0      0        0
  SINCE JAN 1      0                         0      0        0
..................................................................


WIND (MPH)
  RESULTANT WIND SPEED   3   RESULTANT WIND DIRECTION   W (270)
  HIGHEST WIND SPEED    20   HIGHEST WIND DIRECTION    NE (40)
  HIGHEST GUST SPEED    24   HIGHEST GUST DIRECTION    NE (40)
  AVERAGE WIND SPEED     8.4


SKY COVER
  AVERAGE SKY COVER 0.0


WEATHER CONDITIONS
 THE FOLLOWING WEATHER WAS RECORDED YESTERDAY.
  NO SIGNIFICANT WEATHER WAS OBSERVED.


RELATIVE HUMIDITY (PERCENT)
 HIGHEST    61           800 AM
 LOWEST     20           300 PM
 AVERAGE    41

..........................................................


THE BORGER CLIMATE NORMALS FOR TODAY
                         NORMAL    RECORD    YEAR
 MAXIMUM TEMPERATURE (F)   53        74      1971
 MINIMUM TEMPERATURE (F)   27        -2      1966


SUNRISE AND SUNSET
JANUARY 29 2015.......SUNRISE   748 AM CST   SUNSET   610 PM CST
JANUARY 30 2015.......SUNRISE   747 AM CST   SUNSET   611 PM CST


-  INDICATES NEGATIVE NUMBERS.
R  INDICATES RECORD WAS SET OR TIED.
MM INDICATES DATA IS MISSING.
T  INDICATES TRACE AMOUNT.




$$
