000
CDUS44 KAMA 280635
CLIBGD


CLIMATE REPORT
NATIONAL WEATHER SERVICE AMARILLO TX
134 AM CDT FRI AUG 28 2015


...................................

...THE BORGER CLIMATE SUMMARY FOR AUGUST 27 2015...

CLIMATE NORMAL PERIOD 1981 TO 2013
CLIMATE RECORD PERIOD 1949 TO 2015


WEATHER ITEM   OBSERVED TIME   RECORD YEAR NORMAL DEPARTURE LAST
                VALUE   (LST)  VALUE       VALUE  FROM      YEAR
                                                  NORMAL
..................................................................
TEMPERATURE (F)
 YESTERDAY
  MAXIMUM         95   1245 PM 103    2011  90      5       92
  MINIMUM         71    643 AM  54    1992  66      5       68
  AVERAGE         83                        78      5       80

PRECIPITATION (IN)
  YESTERDAY        0.00          1.25 1998   0.12  -0.12     0.10
  MONTH TO DATE    5.77                      2.78   2.99     0.71
  SINCE JUN 1     19.44                      8.57  10.87     5.62
  SINCE JAN 1     34.96                     15.62  19.34     7.74

SNOWFALL (IN)
  YESTERDAY        0.0           0.0  2013                   0.0
                                      2012
                                      2011
  MONTH TO DATE    0.0                                       0.0
  SINCE JUN 1      0.0                                       0.0
  SINCE JUL 1      0.0                                       0.0
  SNOW DEPTH       0

DEGREE DAYS
 HEATING
  YESTERDAY        0                         0      0        0
  MONTH TO DATE    0                         0      0        0
  SINCE JUN 1      0                         3     -3        4
  SINCE JUL 1      0                         0      0        1

 COOLING
  YESTERDAY       18                        13      5       15
  MONTH TO DATE  400                       419    -19      474
  SINCE JUN 1   1316                      1303     13     1351
  SINCE JAN 1   1440                      1500    -60     1665
..................................................................


WIND (MPH)
  RESULTANT WIND SPEED  11   RESULTANT WIND DIRECTION   S (200)
  HIGHEST WIND SPEED    23   HIGHEST WIND DIRECTION    SW (230)
  HIGHEST GUST SPEED    32   HIGHEST GUST DIRECTION    SW (240)
  AVERAGE WIND SPEED    11.4


SKY COVER
  AVERAGE SKY COVER 0.0


WEATHER CONDITIONS
 THE FOLLOWING WEATHER WAS RECORDED YESTERDAY.
  NO SIGNIFICANT WEATHER WAS OBSERVED.


RELATIVE HUMIDITY (PERCENT)
 HIGHEST    61           300 AM
 LOWEST     30           400 PM
 AVERAGE    46

..........................................................


THE BORGER CLIMATE NORMALS FOR TODAY
                         NORMAL    RECORD    YEAR
 MAXIMUM TEMPERATURE (F)   90       105      2011
 MINIMUM TEMPERATURE (F)   66        52      1987


SUNRISE AND SUNSET
AUGUST 28 2015........SUNRISE   714 AM CDT   SUNSET   819 PM CDT
AUGUST 29 2015........SUNRISE   715 AM CDT   SUNSET   817 PM CDT


-  INDICATES NEGATIVE NUMBERS.
R  INDICATES RECORD WAS SET OR TIED.
MM INDICATES DATA IS MISSING.
T  INDICATES TRACE AMOUNT.




$$
