000
CDUS44 KAMA 252129
CLIBGD


CLIMATE REPORT
NATIONAL WEATHER SERVICE AMARILLO TX
428 PM CDT SAT OCT 25 2014


...................................

...THE BORGER CLIMATE SUMMARY FOR OCTOBER 25 2014...
VALID TODAY AS OF 0400 PM LOCAL TIME.

CLIMATE NORMAL PERIOD 1981 TO 2013
CLIMATE RECORD PERIOD 1949 TO 2014


WEATHER ITEM   OBSERVED TIME   RECORD YEAR NORMAL DEPARTURE LAST
                VALUE   (LST)  VALUE       VALUE  FROM      YEAR
                                                  NORMAL
..................................................................
TEMPERATURE (F)
 TODAY
  MAXIMUM         89    251 PM  90    1959  70     19       67
  MINIMUM         53    734 AM  23    1997  44      9       37
  AVERAGE         71                        57     14       52

PRECIPITATION (IN)
  TODAY            0.00          0.42 1997   0.04  -0.04     0.00
  MONTH TO DATE    0.85                      1.46  -0.61     0.24
  SINCE SEP 1      2.67                      3.84  -1.17     2.50
  SINCE JAN 1     10.41                     19.85  -9.44    14.06

SNOWFALL (IN)
  TODAY            0.0           0.5  1997                   0.0
  MONTH TO DATE    0.0                                       0.0
  SINCE SEP 1      0.0                                       0.0
  SINCE JUL 1      0.0                                       0.0
  SNOW DEPTH       0

DEGREE DAYS
 HEATING
  TODAY            0                         8     -8       13
  MONTH TO DATE   60                       134    -74      155
  SINCE SEP 1     77                       161    -84      158
  SINCE JUL 1     78                       162    -84      158

 COOLING
  TODAY            6                         1      5        0
  MONTH TO DATE   67                        49     18       53
  SINCE SEP 1    306                       284     22      404
  SINCE JAN 1   2040                      1834    206     2215
..................................................................


WIND (MPH)
  RESULTANT WIND SPEED   5   RESULTANT WIND DIRECTION  SW (220)
  HIGHEST WIND SPEED    18   HIGHEST WIND DIRECTION     S (180)
  HIGHEST GUST SPEED    26   HIGHEST GUST DIRECTION    SW (220)
  AVERAGE WIND SPEED     5.8


SKY COVER
  AVERAGE SKY COVER 0.0


WEATHER CONDITIONS
 THE FOLLOWING WEATHER WAS RECORDED TODAY.
  NO SIGNIFICANT WEATHER WAS OBSERVED.


RELATIVE HUMIDITY (PERCENT)
 HIGHEST    66           600 AM
 LOWEST     21           300 PM
 AVERAGE    44

..........................................................


THE BORGER CLIMATE NORMALS FOR TOMORROW
                         NORMAL    RECORD    YEAR
 MAXIMUM TEMPERATURE (F)   70        91      1979
 MINIMUM TEMPERATURE (F)   44        25      1997


SUNRISE AND SUNSET
OCTOBER 25 2014.......SUNRISE   801 AM CDT   SUNSET   658 PM CDT
OCTOBER 26 2014.......SUNRISE   802 AM CDT   SUNSET   657 PM CDT


-  INDICATES NEGATIVE NUMBERS.
R  INDICATES RECORD WAS SET OR TIED.
MM INDICATES DATA IS MISSING.
T  INDICATES TRACE AMOUNT.




$$
