000
CDUS41 KBGM 180530
CLIBGM


CLIMATE REPORT
NATIONAL WEATHER SERVICE BINGHAMTON NY
1228 AM EST MON DEC 18 2017


...................................

...THE BINGHAMTON NY CLIMATE SUMMARY FOR DECEMBER 17 2017...

CLIMATE NORMAL PERIOD 1981 TO 2010
CLIMATE RECORD PERIOD 1951 TO 2017


WEATHER ITEM   OBSERVED TIME   RECORD YEAR NORMAL DEPARTURE LAST
                VALUE   (LST)  VALUE       VALUE  FROM      YEAR
                                                  NORMAL
..................................................................
TEMPERATURE (F)
 YESTERDAY
  MAXIMUM         25   1159 PM  60    1984  33     -8       41
  MINIMUM         19    854 AM  -5    1951  21     -2       13
  AVERAGE         22                        27     -5       27

PRECIPITATION (IN)
  YESTERDAY        T             0.93 2012   0.08  -0.08     0.57
  MONTH TO DATE    0.55                      1.66  -1.11     2.62
  SINCE DEC 1      0.55                      1.66  -1.11     2.62
  SINCE JAN 1     47.44                     38.13   9.31    35.14

SNOWFALL (IN)
  YESTERDAY        T             9.8  1973   0.6   -0.6      3.4
  MONTH TO DATE    5.7                       9.0   -3.3     25.0
  SINCE DEC 1      5.7                       9.0   -3.3     25.0
  SINCE JUL 1      7.5                      15.8   -8.3     53.6
  SNOW DEPTH       3

DEGREE DAYS
 HEATING
  YESTERDAY       43                        38      5       38
  MONTH TO DATE  650                       605     45      651
  SINCE DEC 1    650                       605     45      651
  SINCE JUL 1   2048                      2180   -132     2000

 COOLING
  YESTERDAY        0                         0      0        0
  MONTH TO DATE    0                         0      0        0
  SINCE DEC 1      0                         0      0        0
  SINCE JAN 1    349                       381    -32      563
..................................................................


WIND (MPH)
  HIGHEST WIND SPEED     7   HIGHEST WIND DIRECTION     S (160)
  HIGHEST GUST SPEED    11   HIGHEST GUST DIRECTION     S (160)
  AVERAGE WIND SPEED     3.0


SKY COVER
  AVERAGE SKY COVER 1.0


WEATHER CONDITIONS
 THE FOLLOWING WEATHER WAS RECORDED YESTERDAY.
  LIGHT SNOW
  FOG


RELATIVE HUMIDITY (PERCENT)
 HIGHEST    88          1000 PM
 LOWEST     71          1100 AM
 AVERAGE    80

..........................................................


THE BINGHAMTON NY CLIMATE NORMALS FOR TODAY
                         NORMAL    RECORD    YEAR
 MAXIMUM TEMPERATURE (F)   32        50      2006
 MINIMUM TEMPERATURE (F)   20        -1      1989


SUNRISE AND SUNSET
DECEMBER 18 2017......SUNRISE   728 AM EST   SUNSET   434 PM EST
DECEMBER 19 2017......SUNRISE   728 AM EST   SUNSET   434 PM EST


-  INDICATES NEGATIVE NUMBERS.
R  INDICATES RECORD WAS SET OR TIED.
MM INDICATES DATA IS MISSING.
T  INDICATES TRACE AMOUNT.

$$
