000
CDUS41 KBGM 280608
CLIBGM


CLIMATE REPORT
NATIONAL WEATHER SERVICE BINGHAMTON NY
207 AM EDT WED JUN 28 2017


...................................

...THE BINGHAMTON NY CLIMATE SUMMARY FOR JUNE 27 2017...

CLIMATE NORMAL PERIOD 1981 TO 2010
CLIMATE RECORD PERIOD 1951 TO 2017


WEATHER ITEM   OBSERVED TIME   RECORD YEAR NORMAL DEPARTURE LAST
                VALUE   (LST)  VALUE       VALUE  FROM      YEAR
                                                  NORMAL
..................................................................
TEMPERATURE (F)
 YESTERDAY
  MAXIMUM         64    531 PM  90    2007  76    -12       76
                                      1983
  MINIMUM         49    450 AM  48    2004  58     -9       65
                                      1971
                                      1970
  AVERAGE         57                        67    -10       71

PRECIPITATION (IN)
  YESTERDAY        0.32          4.05 2006   0.14   0.18      T
  MONTH TO DATE    5.59                      3.90   1.69     1.84
  SINCE JUN 1      5.59                      3.90   1.69     1.84
  SINCE JAN 1     30.04                     18.65  11.39    14.23

SNOWFALL (IN)
  YESTERDAY        0.0           0.0  2002   0.0    0.0      0.0
                                      2001
                                      2000
  MONTH TO DATE    0.0                       0.0    0.0      0.0
  SINCE JUN 1      0.0                       0.0    0.0      0.0
  SINCE JUL 1    135.2                      83.4   51.8     32.0
  SNOW DEPTH       0

DEGREE DAYS
 HEATING
  YESTERDAY        8                         1      7        0
  MONTH TO DATE   90                        87      3       69
  SINCE JUN 1     90                        87      3       69
  SINCE JUL 1   6606                      7191   -585     6198

 COOLING
  YESTERDAY        0                         3     -3        6
  MONTH TO DATE   60                        62     -2       57
  SINCE JUN 1     60                        62     -2       57
  SINCE JAN 1     81                        85     -4      103
..................................................................


WIND (MPH)
  HIGHEST WIND SPEED    25   HIGHEST WIND DIRECTION     W (290)
  HIGHEST GUST SPEED    36   HIGHEST GUST DIRECTION    NW (300)
  AVERAGE WIND SPEED     7.2


SKY COVER
  AVERAGE SKY COVER 0.6


WEATHER CONDITIONS
 THE FOLLOWING WEATHER WAS RECORDED YESTERDAY.
  THUNDERSTORM
  HEAVY RAIN
  RAIN
  LIGHT RAIN
  FOG


RELATIVE HUMIDITY (PERCENT)
 HIGHEST    96           100 AM
 LOWEST     56           400 PM
 AVERAGE    76

..........................................................


THE BINGHAMTON NY CLIMATE NORMALS FOR TODAY
                         NORMAL    RECORD    YEAR
 MAXIMUM TEMPERATURE (F)   76        92      1991
 MINIMUM TEMPERATURE (F)   58        47      1970


SUNRISE AND SUNSET
JUNE 28 2017..........SUNRISE   530 AM EDT   SUNSET   844 PM EDT
JUNE 29 2017..........SUNRISE   531 AM EDT   SUNSET   844 PM EDT


-  INDICATES NEGATIVE NUMBERS.
R  INDICATES RECORD WAS SET OR TIED.
MM INDICATES DATA IS MISSING.
T  INDICATES TRACE AMOUNT.




$$
