000
CDUS41 KBGM 050547
CLIBGM


CLIMATE REPORT
NATIONAL WEATHER SERVICE BINGHAMTON NY
1247 AM EST MON DEC 5 2016


...................................

...THE BINGHAMTON NY CLIMATE SUMMARY FOR DECEMBER 4 2016...

CLIMATE NORMAL PERIOD 1981 TO 2010
CLIMATE RECORD PERIOD 1951 TO 2016


WEATHER ITEM   OBSERVED TIME   RECORD YEAR NORMAL DEPARTURE LAST
                VALUE   (LST)  VALUE       VALUE  FROM      YEAR
                                                  NORMAL
..................................................................
TEMPERATURE (F)
 YESTERDAY
  MAXIMUM         36    159 PM  64    2012  37     -1       39
                                      1998
                                      1973
  MINIMUM         28    900 PM   1    1966  25      3       34
  AVERAGE         32                        31      1       37

PRECIPITATION (IN)
  YESTERDAY        0.00          0.78 1993   0.11  -0.11     0.00
  MONTH TO DATE    0.53                      0.42   0.11     1.00
  SINCE DEC 1      0.53                      0.42   0.11     1.00
  SINCE JAN 1     33.05                     36.89  -3.84    40.10

SNOWFALL (IN)
  YESTERDAY        0.0           2.4  2007   0.4   -0.4      0.0
  MONTH TO DATE    0.3                       1.8   -1.5       T
  SINCE DEC 1      0.3                       1.8   -1.5       T
  SINCE JUL 1     28.9                       8.6   20.3      1.1
  SNOW DEPTH       0

DEGREE DAYS
 HEATING
  YESTERDAY       33                        34     -1       28
  MONTH TO DATE  121                       133    -12      105
  SINCE DEC 1    121                       133    -12      105
  SINCE JUL 1   1470                      1708   -238     1375

 COOLING
  YESTERDAY        0                         0      0        0
  MONTH TO DATE    0                         0      0        0
  SINCE DEC 1      0                         0      0        0
  SINCE JAN 1    563                       381    182      443
..................................................................


WIND (MPH)
  HIGHEST WIND SPEED    16   HIGHEST WIND DIRECTION     N (350)
  HIGHEST GUST SPEED    19   HIGHEST GUST DIRECTION     N (350)
  AVERAGE WIND SPEED     6.7


SKY COVER
  AVERAGE SKY COVER 0.6


WEATHER CONDITIONS
 THE FOLLOWING WEATHER WAS RECORDED YESTERDAY.
  NO SIGNIFICANT WEATHER WAS OBSERVED.


RELATIVE HUMIDITY (PERCENT)
 HIGHEST    78          1200 AM
 LOWEST     59           100 PM
 AVERAGE    69

..........................................................


THE BINGHAMTON NY CLIMATE NORMALS FOR TODAY
                         NORMAL    RECORD    YEAR
 MAXIMUM TEMPERATURE (F)   37        64      1982
 MINIMUM TEMPERATURE (F)   25         5      1989
                                             1971


SUNRISE AND SUNSET
DECEMBER  5 2016......SUNRISE   718 AM EST   SUNSET   432 PM EST
DECEMBER  6 2016......SUNRISE   719 AM EST   SUNSET   432 PM EST


-  INDICATES NEGATIVE NUMBERS.
R  INDICATES RECORD WAS SET OR TIED.
MM INDICATES DATA IS MISSING.
T  INDICATES TRACE AMOUNT.




$$
