000
CDUS41 KCAR 210526
CLIBGR


CLIMATE REPORT
NATIONAL WEATHER SERVICE CARIBOU, ME
126 AM EDT TUE OCT 21 2014


...................................

...THE BANGOR ME CLIMATE SUMMARY FOR OCTOBER 20 2014...

CLIMATE NORMAL PERIOD 1981 TO 2010
CLIMATE RECORD PERIOD 1925 TO 2014


WEATHER ITEM   OBSERVED TIME   RECORD YEAR NORMAL DEPARTURE LAST
                VALUE   (LST)  VALUE       VALUE  FROM      YEAR
                                                  NORMAL
..................................................................
TEMPERATURE (F)
 YESTERDAY
  MAXIMUM         50    341 PM  76    1949  56     -6       61
  MINIMUM         35    339 AM  21    2008  35      0       41
  AVERAGE         43                        46     -3       51

PRECIPITATION (IN)
  YESTERDAY        0.00          3.05 1927   0.13  -0.13     0.01
  MONTH TO DATE    3.67                      2.71   0.96     0.69
  SINCE SEP 1      4.56                      6.54  -1.98     7.86
  SINCE JAN 1     32.30                     32.79  -0.49    33.04

SNOWFALL (IN)
  YESTERDAY        0.0           0.0  2002   0.1             0.0
                                      2001
  MONTH TO DATE    0.0                       0.1             0.0
  SINCE SEP 1      0.0                       0.1             0.0
  SINCE JUL 1      0.0                       0.1             0.0
  SNOW DEPTH       0

DEGREE DAYS
 HEATING
  YESTERDAY       22                        19      3       14
  MONTH TO DATE  217                       319   -102      203
  SINCE SEP 1    431                       528    -97      405
  SINCE JUL 1    452                       591   -139      437

 COOLING
  YESTERDAY        0                         0      0        0
  MONTH TO DATE    2                         0      2        0
  SINCE SEP 1     49                        23     26       33
  SINCE JAN 1    363                       317     46      355
..................................................................


WIND (MPH)
  RESULTANT WIND SPEED   6   RESULTANT WIND DIRECTION   W (290)
  HIGHEST WIND SPEED    20   HIGHEST WIND DIRECTION    NW (310)
  HIGHEST GUST SPEED    24   HIGHEST GUST DIRECTION    NW (310)


SKY COVER
  POSSIBLE SUNSHINE  MM
  AVERAGE SKY COVER 0.5


WEATHER CONDITIONS
 THE FOLLOWING WEATHER WAS RECORDED YESTERDAY.
  NO SIGNIFICANT WEATHER WAS OBSERVED.


RELATIVE HUMIDITY (PERCENT)
 HIGHEST    79
 LOWEST     32
 AVERAGE    56

..........................................................


THE BANGOR ME CLIMATE NORMALS FOR TODAY
                         NORMAL    RECORD    YEAR
 MAXIMUM TEMPERATURE (F)   56        72      1936
 MINIMUM TEMPERATURE (F)   35        19      1972
                                             1940


SUNRISE AND SUNSET
OCTOBER 21 2014.......SUNRISE   658 AM EDT   SUNSET   541 PM EDT
OCTOBER 22 2014.......SUNRISE   700 AM EDT   SUNSET   539 PM EDT


-  INDICATES NEGATIVE NUMBERS.
R  INDICATES RECORD WAS SET OR TIED.
MM INDICATES DATA IS MISSING.
T  INDICATES TRACE AMOUNT.




$$
