000
CDUS41 KCAR 300527
CLIBGR


CLIMATE REPORT
NATIONAL WEATHER SERVICE CARIBOU, ME
126 AM EDT THU JUL 30 2015


...................................

...THE BANGOR ME CLIMATE SUMMARY FOR JULY 29 2015...

CLIMATE NORMAL PERIOD 1981 TO 2010
CLIMATE RECORD PERIOD 1925 TO 2015


WEATHER ITEM   OBSERVED TIME   RECORD YEAR NORMAL DEPARTURE LAST
                VALUE   (LST)  VALUE       VALUE  FROM      YEAR
                                                  NORMAL
..................................................................
TEMPERATURE (F)
 YESTERDAY
  MAXIMUM         87    427 PM  98    1949  80      7       76
  MINIMUM         58    212 AM  46    1987  58      0       56
  AVERAGE         73                        69      4       66

PRECIPITATION (IN)
  YESTERDAY        0.00          2.68 1958   0.12  -0.12     0.00
  MONTH TO DATE    1.03                      3.23  -2.20     6.78
  SINCE JUN 1      5.93                      6.99  -1.06    10.37
  SINCE JAN 1     16.98                     23.04  -6.06    24.78

SNOWFALL (IN)
  YESTERDAY        0.0           0.0  2002   0.0             0.0
                                      2001
  MONTH TO DATE    0.0                       0.0             0.0
  SINCE JUN 1      0.0                       0.0             0.0
  SINCE JUL 1      0.0                       0.0             0.0
  SNOW DEPTH       0

DEGREE DAYS
 HEATING
  YESTERDAY        0                         1     -1        0
  MONTH TO DATE   29                        29      0        5
  SINCE JUN 1    205                       136     69       76
  SINCE JUL 1     29                        29      0        5

 COOLING
  YESTERDAY        8                         5      3        1
  MONTH TO DATE   84                       126    -42      166
  SINCE JUN 1    108                       178    -70      212
  SINCE JAN 1    131                       184    -53      212
..................................................................


WIND (MPH)
  RESULTANT WIND SPEED   1   RESULTANT WIND DIRECTION  SW (210)
  HIGHEST WIND SPEED    13   HIGHEST WIND DIRECTION     S (190)
  HIGHEST GUST SPEED    15   HIGHEST GUST DIRECTION     S (200)


SKY COVER
  POSSIBLE SUNSHINE  MM
  AVERAGE SKY COVER 0.5


WEATHER CONDITIONS
 THE FOLLOWING WEATHER WAS RECORDED YESTERDAY.
  FOG
  FOG W/VISIBILITY <= 1/4 MILE
  HAZE


RELATIVE HUMIDITY (PERCENT)
 HIGHEST   100
 LOWEST     45
 AVERAGE    73

..........................................................


THE BANGOR ME CLIMATE NORMALS FOR TODAY
                         NORMAL    RECORD    YEAR
 MAXIMUM TEMPERATURE (F)   80        99      1949
 MINIMUM TEMPERATURE (F)   58        46      1968


SUNRISE AND SUNSET
JULY 30 2015..........SUNRISE   519 AM EDT   SUNSET   804 PM EDT
JULY 31 2015..........SUNRISE   520 AM EDT   SUNSET   803 PM EDT


-  INDICATES NEGATIVE NUMBERS.
R  INDICATES RECORD WAS SET OR TIED.
MM INDICATES DATA IS MISSING.
T  INDICATES TRACE AMOUNT.




$$
