000
CDUS41 KCAR 270539
CLIBGR


CLIMATE REPORT
NATIONAL WEATHER SERVICE CARIBOU, ME
133 AM EDT SAT AUG 27 2016


...................................

...THE BANGOR ME CLIMATE SUMMARY FOR AUGUST 26 2016...

CLIMATE NORMAL PERIOD 1981 TO 2010
CLIMATE RECORD PERIOD 1925 TO 2016


WEATHER ITEM   OBSERVED TIME   RECORD YEAR NORMAL DEPARTURE LAST
                VALUE   (LST)  VALUE       VALUE  FROM      YEAR
                                                  NORMAL
..................................................................
TEMPERATURE (F)
 YESTERDAY
  MAXIMUM         86    429 PM  98    1948  77      9       78
  MINIMUM         66    547 AM  35    1942  54     12       62
                                      1940
  AVERAGE         76                        65     11       70

PRECIPITATION (IN)
  YESTERDAY        T             0.85 1985   0.09  -0.09     0.05
  MONTH TO DATE    2.22                      2.54  -0.32     2.63
  SINCE JUN 1      7.76                      9.76  -2.00     8.69
  SINCE JAN 1     21.97                     25.81  -3.84    19.74

SNOWFALL (IN)
  YESTERDAY        0.0           0.0  2002   0.0             0.0
                                      2001
  MONTH TO DATE    0.0                       0.0             0.0
  SINCE JUN 1      0.0                       0.0             0.0
  SINCE JUL 1      0.0                       0.0             0.0
  SNOW DEPTH       0

DEGREE DAYS
 HEATING
  YESTERDAY        0                         2     -2        0
  MONTH TO DATE    4                        31    -27        0
  SINCE JUN 1    130                       161    -31      205
  SINCE JUL 1     27                        54    -27       29

 COOLING
  YESTERDAY       11                         2      9        5
  MONTH TO DATE  145                        91     54      147
  SINCE JUN 1    365                       275     90      271
  SINCE JAN 1    375                       281     94      294
..................................................................


WIND (MPH)
  RESULTANT WIND SPEED   5   RESULTANT WIND DIRECTION  SW (220)
  HIGHEST WIND SPEED    15   HIGHEST WIND DIRECTION    NW (310)
  HIGHEST GUST SPEED    20   HIGHEST GUST DIRECTION    NW (320)


SKY COVER
  POSSIBLE SUNSHINE  MM
  AVERAGE SKY COVER 0.6


WEATHER CONDITIONS
 THE FOLLOWING WEATHER WAS RECORDED YESTERDAY.
  NO SIGNIFICANT WEATHER WAS OBSERVED.


RELATIVE HUMIDITY (PERCENT)
 HIGHEST    93
 LOWEST     45
 AVERAGE    69

..........................................................


THE BANGOR ME CLIMATE NORMALS FOR TODAY
                         NORMAL    RECORD    YEAR
 MAXIMUM TEMPERATURE (F)   76        99      1948
 MINIMUM TEMPERATURE (F)   54        32      1940


SUNRISE AND SUNSET
AUGUST 27 2016........SUNRISE   552 AM EDT   SUNSET   720 PM EDT
AUGUST 28 2016........SUNRISE   553 AM EDT   SUNSET   718 PM EDT


-  INDICATES NEGATIVE NUMBERS.
R  INDICATES RECORD WAS SET OR TIED.
MM INDICATES DATA IS MISSING.
T  INDICATES TRACE AMOUNT.




$$
