000
CDUS41 KCAR 280527
CLIBGR


CLIMATE REPORT
NATIONAL WEATHER SERVICE CARIBOU, ME
126 AM EDT FRI AUG 28 2015


...................................

...THE BANGOR ME CLIMATE SUMMARY FOR AUGUST 27 2015...

CLIMATE NORMAL PERIOD 1981 TO 2010
CLIMATE RECORD PERIOD 1925 TO 2015


WEATHER ITEM   OBSERVED TIME   RECORD YEAR NORMAL DEPARTURE LAST
                VALUE   (LST)  VALUE       VALUE  FROM      YEAR
                                                  NORMAL
..................................................................
TEMPERATURE (F)
 YESTERDAY
  MAXIMUM         77    110 PM  99    1948  76      1       86
  MINIMUM         59   1159 PM  32    1940  54      5       63
  AVERAGE         68                        65      3       75

PRECIPITATION (IN)
  YESTERDAY        0.00          0.89 1986   0.09  -0.09     0.00
  MONTH TO DATE    2.63                      2.63   0.00     2.81
  SINCE JUN 1      8.69                      9.85  -1.16    13.18
  SINCE JAN 1     19.74                     25.90  -6.16    27.59

SNOWFALL (IN)
  YESTERDAY        0.0           0.0  2002   0.0             0.0
                                      2001
  MONTH TO DATE    0.0                       0.0             0.0
  SINCE JUN 1      0.0                       0.0             0.0
  SINCE JUL 1      0.0                       0.0             0.0
  SNOW DEPTH       0

DEGREE DAYS
 HEATING
  YESTERDAY        0                         2     -2        0
  MONTH TO DATE    0                        33    -33        8
  SINCE JUN 1    205                       163     42       84
  SINCE JUL 1     29                        56    -27       13

 COOLING
  YESTERDAY        3                         2      1       10
  MONTH TO DATE  150                        93     57       88
  SINCE JUN 1    274                       277     -3      307
  SINCE JAN 1    297                       283     14      307
..................................................................


WIND (MPH)
  RESULTANT WIND SPEED   5   RESULTANT WIND DIRECTION   W (290)
  HIGHEST WIND SPEED    16   HIGHEST WIND DIRECTION    NW (330)
  HIGHEST GUST SPEED    20   HIGHEST GUST DIRECTION    NW (330)


SKY COVER
  POSSIBLE SUNSHINE  MM
  AVERAGE SKY COVER 0.5


WEATHER CONDITIONS
 THE FOLLOWING WEATHER WAS RECORDED YESTERDAY.
  FOG
  HAZE


RELATIVE HUMIDITY (PERCENT)
 HIGHEST   100
 LOWEST     50
 AVERAGE    75

..........................................................


THE BANGOR ME CLIMATE NORMALS FOR TODAY
                         NORMAL    RECORD    YEAR
 MAXIMUM TEMPERATURE (F)   76        98      1948
 MINIMUM TEMPERATURE (F)   54        32      1940


SUNRISE AND SUNSET
AUGUST 28 2015........SUNRISE   552 AM EDT   SUNSET   720 PM EDT
AUGUST 29 2015........SUNRISE   554 AM EDT   SUNSET   718 PM EDT


-  INDICATES NEGATIVE NUMBERS.
R  INDICATES RECORD WAS SET OR TIED.
MM INDICATES DATA IS MISSING.
T  INDICATES TRACE AMOUNT.




$$
