000
CDUS41 KCAR 190526
CLIBGR


CLIMATE REPORT
NATIONAL WEATHER SERVICE CARIBOU, ME
126 AM EDT FRI SEP 19 2014


...................................

...THE BANGOR ME CLIMATE SUMMARY FOR SEPTEMBER 18 2014...

CLIMATE NORMAL PERIOD 1981 TO 2010
CLIMATE RECORD PERIOD 1925 TO 2014


WEATHER ITEM   OBSERVED TIME   RECORD YEAR NORMAL DEPARTURE LAST
                VALUE   (LST)  VALUE       VALUE  FROM      YEAR
                                                  NORMAL
..................................................................
TEMPERATURE (F)
 YESTERDAY
  MAXIMUM         66    144 PM  87    1992  69     -3       71
  MINIMUM         36   1156 PM  29    1941  47    -11       40
  AVERAGE         51                        58     -7       56

PRECIPITATION (IN)
  YESTERDAY        0.00          3.61 1934   0.13  -0.13     0.00
  MONTH TO DATE    0.83                      2.13  -1.30     6.70
  SINCE SEP 1      0.83                      2.13  -1.30     6.70
  SINCE JAN 1     28.57                     28.38   0.19    31.88

SNOWFALL (IN)
  YESTERDAY        0.0           0.0  2002   0.0             0.0
                                      2001
  MONTH TO DATE    0.0                       0.0             0.0
  SINCE SEP 1      0.0                       0.0             0.0
  SINCE JUL 1      0.0                       0.0             0.0
  SNOW DEPTH       0

DEGREE DAYS
 HEATING
  YESTERDAY       14                         7      7        9
  MONTH TO DATE  113                        90     23      102
  SINCE SEP 1    113                        90     23      102
  SINCE JUL 1    134                       153    -19      134

 COOLING
  YESTERDAY        0                         0      0        0
  MONTH TO DATE   42                        21     21       33
  SINCE SEP 1     42                        21     21       33
  SINCE JAN 1    356                       315     41      355
..................................................................


WIND (MPH)
  RESULTANT WIND SPEED   6   RESULTANT WIND DIRECTION  NW (320)
  HIGHEST WIND SPEED    21   HIGHEST WIND DIRECTION    NW (330)
  HIGHEST GUST SPEED    26   HIGHEST GUST DIRECTION    NW (330)


SKY COVER
  POSSIBLE SUNSHINE  MM
  AVERAGE SKY COVER 0.5


WEATHER CONDITIONS
 THE FOLLOWING WEATHER WAS RECORDED YESTERDAY.
  FOG
  FOG W/VISIBILITY <= 1/4 MILE


RELATIVE HUMIDITY (PERCENT)
 HIGHEST   100
 LOWEST     39
 AVERAGE    70

..........................................................


THE BANGOR ME CLIMATE NORMALS FOR TODAY
                         NORMAL    RECORD    YEAR
 MAXIMUM TEMPERATURE (F)   69        87      1968
 MINIMUM TEMPERATURE (F)   47        20      1930


SUNRISE AND SUNSET
SEPTEMBER 19 2014.....SUNRISE   619 AM EDT   SUNSET   639 PM EDT
SEPTEMBER 20 2014.....SUNRISE   620 AM EDT   SUNSET   637 PM EDT


-  INDICATES NEGATIVE NUMBERS.
R  INDICATES RECORD WAS SET OR TIED.
MM INDICATES DATA IS MISSING.
T  INDICATES TRACE AMOUNT.




$$
