000
CDUS41 KCAR 260527
CLIBGR


CLIMATE REPORT
NATIONAL WEATHER SERVICE CARIBOU, ME
1227 AM EST MON JAN 26 2015


...................................

...THE BANGOR ME CLIMATE SUMMARY FOR JANUARY 25 2015...

CLIMATE NORMAL PERIOD 1981 TO 2010
CLIMATE RECORD PERIOD 1925 TO 2015


WEATHER ITEM   OBSERVED TIME   RECORD YEAR NORMAL DEPARTURE LAST
                VALUE   (LST)  VALUE       VALUE  FROM      YEAR
                                                  NORMAL
..................................................................
TEMPERATURE (F)
 YESTERDAY
  MAXIMUM         34    920 AM  51    2010  27      7       37
  MINIMUM          5    946 PM -19    2009   6     -1        1
  AVERAGE         20                        17      3       19

PRECIPITATION (IN)
  YESTERDAY        T             1.71 2010   0.09  -0.09     0.18
  MONTH TO DATE    1.19                      2.34  -1.15     3.10
  SINCE DEC 1      6.42                      5.82   0.60     6.03
  SINCE JAN 1      1.19                      2.34  -1.15     3.10

SNOWFALL (IN)
  YESTERDAY        T            11.0  1950   0.7             1.3
  MONTH TO DATE   13.9                      15.6             8.1
  SINCE DEC 1     20.9                      30.0            36.7
  SINCE JUL 1     46.8                      32.4            37.4
  SNOW DEPTH       4

DEGREE DAYS
 HEATING
  YESTERDAY       45                        48     -3       46
  MONTH TO DATE 1233                      1198     35     1151
  SINCE DEC 1   2344                      2450   -106     2578
  SINCE JUL 1   3928                      4119   -191     4163

 COOLING
  YESTERDAY        0                         0      0        0
  MONTH TO DATE    0                         0      0        0
  SINCE DEC 1      0                         0      0        0
  SINCE JAN 1      0                         0      0        0
..................................................................


WIND (MPH)
  RESULTANT WIND SPEED   8   RESULTANT WIND DIRECTION   W (280)
  HIGHEST WIND SPEED    24   HIGHEST WIND DIRECTION    NW (310)
  HIGHEST GUST SPEED    33   HIGHEST GUST DIRECTION    NW (310)


SKY COVER
  POSSIBLE SUNSHINE  MM
  AVERAGE SKY COVER 0.3


WEATHER CONDITIONS
 THE FOLLOWING WEATHER WAS RECORDED YESTERDAY.
  LIGHT SNOW
  FOG
  BLOWING SNOW


RELATIVE HUMIDITY (PERCENT)
 HIGHEST    81
 LOWEST     39
 AVERAGE    60

..........................................................


THE BANGOR ME CLIMATE NORMALS FOR TODAY
                         NORMAL    RECORD    YEAR
 MAXIMUM TEMPERATURE (F)   27        57      1947
 MINIMUM TEMPERATURE (F)    6       -26      2009


SUNRISE AND SUNSET
JANUARY 26 2015.......SUNRISE   701 AM EST   SUNSET   435 PM EST
JANUARY 27 2015.......SUNRISE   700 AM EST   SUNSET   436 PM EST


-  INDICATES NEGATIVE NUMBERS.
R  INDICATES RECORD WAS SET OR TIED.
MM INDICATES DATA IS MISSING.
T  INDICATES TRACE AMOUNT.




$$
