000
CDUS41 KCAR 300527
CLIBGR


CLIMATE REPORT
NATIONAL WEATHER SERVICE CARIBOU, ME
127 AM EDT MON MAY 30 2016


...................................

...THE BANGOR ME CLIMATE SUMMARY FOR MAY 29 2016...

CLIMATE NORMAL PERIOD 1981 TO 2010
CLIMATE RECORD PERIOD 1925 TO 2016


WEATHER ITEM   OBSERVED TIME   RECORD YEAR NORMAL DEPARTURE LAST
                VALUE   (LST)  VALUE       VALUE  FROM      YEAR
                                                  NORMAL
..................................................................
TEMPERATURE (F)
 YESTERDAY
  MAXIMUM         66    234 PM  94    1931  69     -3       77
  MINIMUM         51   1159 PM  33    1970  47      4       58
  AVERAGE         59                        58      1       68

PRECIPITATION (IN)
  YESTERDAY        0.00          2.16 1984   0.13  -0.13     0.00
  MONTH TO DATE    1.97                      3.40  -1.43     2.03
  SINCE MAR 1      7.82                     10.40  -2.58     5.87
  SINCE JAN 1     14.09                     15.81  -1.72    10.76

SNOWFALL (IN)
  YESTERDAY        0.0           0.0  2002   0.0             0.0
                                      2001
  MONTH TO DATE    T                         0.1             0.0
  SINCE MAR 1      6.0                      15.5            21.9
  SINCE JUL 1     44.6                      66.2           139.0
  SNOW DEPTH       0

DEGREE DAYS
 HEATING
  YESTERDAY        6                         7     -1        0
  MONTH TO DATE  227                       341   -114      244
  SINCE MAR 1   1940                      2093   -153     2219
  SINCE JUL 1   6855                      7739   -884     8109

 COOLING
  YESTERDAY        0                         0      0        3
  MONTH TO DATE   16                         0     16       20
  SINCE MAR 1     16                         0     16       20
  SINCE JAN 1     16                         0     16       20
..................................................................


WIND (MPH)
  RESULTANT WIND SPEED   6   RESULTANT WIND DIRECTION  SE (140)
  HIGHEST WIND SPEED    13   HIGHEST WIND DIRECTION     S (160)
  HIGHEST GUST SPEED    16   HIGHEST GUST DIRECTION     S (160)


SKY COVER
  POSSIBLE SUNSHINE  MM
  AVERAGE SKY COVER 1.0


WEATHER CONDITIONS
 THE FOLLOWING WEATHER WAS RECORDED YESTERDAY.
  FOG
  HAZE


RELATIVE HUMIDITY (PERCENT)
 HIGHEST    84
 LOWEST     52
 AVERAGE    68

..........................................................


THE BANGOR ME CLIMATE NORMALS FOR TODAY
                         NORMAL    RECORD    YEAR
 MAXIMUM TEMPERATURE (F)   70        93      1929
 MINIMUM TEMPERATURE (F)   47        34      1941
                                             1940


SUNRISE AND SUNSET
MAY 30 2016...........SUNRISE   453 AM EDT   SUNSET   813 PM EDT
MAY 31 2016...........SUNRISE   453 AM EDT   SUNSET   814 PM EDT


-  INDICATES NEGATIVE NUMBERS.
R  INDICATES RECORD WAS SET OR TIED.
MM INDICATES DATA IS MISSING.
T  INDICATES TRACE AMOUNT.




$$
