000
CDUS41 KCAR 260543
CLIBGR


CLIMATE REPORT
NATIONAL WEATHER SERVICE CARIBOU, ME
1239 AM EST SUN FEB 26 2017


...................................

...THE BANGOR ME CLIMATE SUMMARY FOR FEBRUARY 25 2017...

CLIMATE NORMAL PERIOD 1981 TO 2010
CLIMATE RECORD PERIOD 1925 TO 2017


WEATHER ITEM   OBSERVED TIME   RECORD YEAR NORMAL DEPARTURE LAST
                VALUE   (LST)  VALUE       VALUE  FROM      YEAR
                                                  NORMAL
..................................................................
TEMPERATURE (F)
 YESTERDAY
  MAXIMUM         54    244 PM  59    1984  34     20       54
  MINIMUM         35    756 AM -11    1929  13     22       35
  AVERAGE         45                        24     21       45

PRECIPITATION (IN)
  YESTERDAY        0.25          1.88 1969   0.10   0.15     0.61
  MONTH TO DATE    2.08                      2.23  -0.15     3.87
  SINCE DEC 1      9.48                      8.60   0.88    10.31
  SINCE JAN 1      5.71                      5.12   0.59     6.25

SNOWFALL (IN)
  YESTERDAY        0.0          16.5  1969   0.5             0.0
  MONTH TO DATE   37.4                      13.3            19.4
  SINCE DEC 1     61.8                      46.9            35.9
  SINCE JUL 1     63.3                      49.3            38.4
  SNOW DEPTH       8

DEGREE DAYS
 HEATING
  YESTERDAY       20                        41    -21       20
  MONTH TO DATE 1069                      1116    -47     1013
  SINCE DEC 1   3618                      3854   -236     3279
  SINCE JUL 1   5037                      5523   -486     4780

 COOLING
  YESTERDAY        0                         0      0        0
  MONTH TO DATE    0                         0      0        0
  SINCE DEC 1      0                         0      0        0
  SINCE JAN 1      0                         0      0        0
..................................................................


WIND (MPH)
  RESULTANT WIND SPEED   2   RESULTANT WIND DIRECTION   S (160)
  HIGHEST WIND SPEED    16   HIGHEST WIND DIRECTION     S (180)
  HIGHEST GUST SPEED    21   HIGHEST GUST DIRECTION     S (190)


SKY COVER
  POSSIBLE SUNSHINE  MM
  AVERAGE SKY COVER 1.0


WEATHER CONDITIONS
 THE FOLLOWING WEATHER WAS RECORDED YESTERDAY.
  LIGHT RAIN
  FOG
  FOG W/VISIBILITY <= 1/4 MILE


RELATIVE HUMIDITY (PERCENT)
 HIGHEST   100
 LOWEST     83
 AVERAGE    92

..........................................................


THE BANGOR ME CLIMATE NORMALS FOR TODAY
                         NORMAL    RECORD    YEAR
 MAXIMUM TEMPERATURE (F)   34        51      1931
 MINIMUM TEMPERATURE (F)   14       -15      1929


SUNRISE AND SUNSET
FEBRUARY 26 2017......SUNRISE   618 AM EST   SUNSET   519 PM EST
FEBRUARY 27 2017......SUNRISE   616 AM EST   SUNSET   521 PM EST


-  INDICATES NEGATIVE NUMBERS.
R  INDICATES RECORD WAS SET OR TIED.
MM INDICATES DATA IS MISSING.
T  INDICATES TRACE AMOUNT.




$$
