000
CDUS41 KCAR 060532
CLIBGR


CLIMATE REPORT
NATIONAL WEATHER SERVICE CARIBOU, ME
131 AM EDT MON JUL 6 2015


...................................

...THE BANGOR ME CLIMATE SUMMARY FOR JULY 5 2015...

CLIMATE NORMAL PERIOD 1981 TO 2010
CLIMATE RECORD PERIOD 1925 TO 2015


WEATHER ITEM   OBSERVED TIME   RECORD YEAR NORMAL DEPARTURE LAST
                VALUE   (LST)  VALUE       VALUE  FROM      YEAR
                                                  NORMAL
..................................................................
TEMPERATURE (F)
 YESTERDAY
  MAXIMUM         81    414 PM  95    1935  79      2       66
  MINIMUM         54    125 AM  42    1944  57     -3       54
  AVERAGE         68                        68      0       60

PRECIPITATION (IN)
  YESTERDAY        0.10          2.12 2014   0.10   0.00     2.12
                                      1973
  MONTH TO DATE    0.17                      0.52  -0.35     3.62
  SINCE JUN 1      5.07                      4.28   0.79     7.21
  SINCE JAN 1     16.12                     20.33  -4.21    21.62

SNOWFALL (IN)
  YESTERDAY        0.0           0.0  2002   0.0             0.0
                                      2001
  MONTH TO DATE    0.0                       0.0             0.0
  SINCE JUN 1      0.0                       0.0             0.0
  SINCE JUL 1      0.0                       0.0             0.0
  SNOW DEPTH       0

DEGREE DAYS
 HEATING
  YESTERDAY        0                         1     -1        5
  MONTH TO DATE    7                         5      2        5
  SINCE JUN 1    186                       112     74       76
  SINCE JUL 1      7                         5      2        5

 COOLING
  YESTERDAY        3                         4     -1        0
  MONTH TO DATE    3                        18    -15       42
  SINCE JUN 1     27                        70    -43       88
  SINCE JAN 1     50                        76    -26       88
..................................................................


WIND (MPH)
  RESULTANT WIND SPEED   4   RESULTANT WIND DIRECTION   W (290)
  HIGHEST WIND SPEED    14   HIGHEST WIND DIRECTION    NW (320)
  HIGHEST GUST SPEED    18   HIGHEST GUST DIRECTION     W (290)


SKY COVER
  POSSIBLE SUNSHINE  MM
  AVERAGE SKY COVER 0.5


WEATHER CONDITIONS
 THE FOLLOWING WEATHER WAS RECORDED YESTERDAY.
  LIGHT RAIN
  FOG
  HAZE


RELATIVE HUMIDITY (PERCENT)
 HIGHEST   100
 LOWEST     45
 AVERAGE    73

..........................................................


THE BANGOR ME CLIMATE NORMALS FOR TODAY
                         NORMAL    RECORD    YEAR
 MAXIMUM TEMPERATURE (F)   79        95      1935
 MINIMUM TEMPERATURE (F)   57        42      1940
                                             1927


SUNRISE AND SUNSET
JULY  6 2015..........SUNRISE   456 AM EDT   SUNSET   824 PM EDT
JULY  7 2015..........SUNRISE   457 AM EDT   SUNSET   823 PM EDT


-  INDICATES NEGATIVE NUMBERS.
R  INDICATES RECORD WAS SET OR TIED.
MM INDICATES DATA IS MISSING.
T  INDICATES TRACE AMOUNT.




$$
