000
CDUS41 KCAR 220527
CLIBGR


CLIMATE REPORT
NATIONAL WEATHER SERVICE CARIBOU, ME
127 AM EDT TUE AUG 22 2017


...................................

...THE BANGOR ME CLIMATE SUMMARY FOR AUGUST 21 2017...

CLIMATE NORMAL PERIOD 1981 TO 2010
CLIMATE RECORD PERIOD 1925 TO 2017


WEATHER ITEM   OBSERVED TIME   RECORD YEAR NORMAL DEPARTURE LAST
                VALUE   (LST)  VALUE       VALUE  FROM      YEAR
                                                  NORMAL
..................................................................
TEMPERATURE (F)
 YESTERDAY
  MAXIMUM         85    331 PM  95    1937  78      7       78
  MINIMUM         58    512 AM  38    1940  55      3       60
  AVERAGE         72                        66      6       69

PRECIPITATION (IN)
  YESTERDAY        0.00          1.11 1962   0.09  -0.09     0.00
  MONTH TO DATE    1.63                      2.08  -0.45     1.44
  SINCE JUN 1      7.86                      9.30  -1.44     6.98
  SINCE JAN 1     26.16                     25.35   0.81    21.19

SNOWFALL (IN)
  YESTERDAY        0.0           0.0  2002   0.0             0.0
                                      2001
  MONTH TO DATE    0.0                       0.0             0.0
  SINCE JUN 1      T                         0.0             0.0
  SINCE JUL 1      0.0                       0.0             0.0
  SNOW DEPTH       0

DEGREE DAYS
 HEATING
  YESTERDAY        0                         1     -1        0
  MONTH TO DATE    6                        21    -15        3
  SINCE JUN 1    111                       151    -40      129
  SINCE JUL 1     20                        44    -24       26

 COOLING
  YESTERDAY        7                         3      4        4
  MONTH TO DATE   97                        77     20      119
  SINCE JUN 1    261                       261      0      339
  SINCE JAN 1    268                       267      1      349
..................................................................


WIND (MPH)
  RESULTANT WIND SPEED   6   RESULTANT WIND DIRECTION  SW (230)
  HIGHEST WIND SPEED    14   HIGHEST WIND DIRECTION    SW (240)
  HIGHEST GUST SPEED    20   HIGHEST GUST DIRECTION    SW (240)


SKY COVER
  POSSIBLE SUNSHINE  MM
  AVERAGE SKY COVER 0.2


WEATHER CONDITIONS
 THE FOLLOWING WEATHER WAS RECORDED YESTERDAY.
  NO SIGNIFICANT WEATHER WAS OBSERVED.


RELATIVE HUMIDITY (PERCENT)
 HIGHEST    87
 LOWEST     43
 AVERAGE    65

..........................................................


THE BANGOR ME CLIMATE NORMALS FOR TODAY
                         NORMAL    RECORD    YEAR
 MAXIMUM TEMPERATURE (F)   78       103      1948
 MINIMUM TEMPERATURE (F)   55        39      1940


SUNRISE AND SUNSET
AUGUST 22 2017........SUNRISE   546 AM EDT   SUNSET   729 PM EDT
AUGUST 23 2017........SUNRISE   547 AM EDT   SUNSET   728 PM EDT


-  INDICATES NEGATIVE NUMBERS.
R  INDICATES RECORD WAS SET OR TIED.
MM INDICATES DATA IS MISSING.
T  INDICATES TRACE AMOUNT.




$$
