000
CDUS41 KCAR 142128
CLIBGR


CLIMATE REPORT
NATIONAL WEATHER SERVICE CARIBOU, ME
428 PM EST SUN FEB 14 2016


...................................

...THE BANGOR ME CLIMATE SUMMARY FOR FEBRUARY 14 2016...
VALID TODAY AS OF 0400 PM LOCAL TIME.

CLIMATE NORMAL PERIOD 1981 TO 2010
CLIMATE RECORD PERIOD 1925 TO 2016


WEATHER ITEM   OBSERVED TIME   RECORD YEAR NORMAL DEPARTURE LAST
                VALUE   (LST)  VALUE       VALUE  FROM      YEAR
                                                  NORMAL
..................................................................
TEMPERATURE (F)
 TODAY
  MAXIMUM          5    312 PM  51    1937  31    -26       12
  MINIMUM         -9    720 AM -23    2015  10    -19      -23
  AVERAGE         -2                        20    -22       -5

PRECIPITATION (IN)
  TODAY            T             1.46 2007   0.09  -0.09     0.03
  MONTH TO DATE    1.26                      1.23   0.03     1.25
  SINCE DEC 1      7.70                      7.60   0.10     9.17
  SINCE JAN 1      3.64                      4.12  -0.48     3.94

SNOWFALL (IN)
  TODAY            T             5.7  2007   0.5   -0.5      0.4
  MONTH TO DATE   14.8                       7.5    7.3     22.3
  SINCE DEC 1     31.3                      41.1   -9.8     71.1
  SINCE JUL 1     33.8                      43.5   -9.7     97.0
  SNOW DEPTH      10

DEGREE DAYS
 HEATING
  TODAY           67                        45     22       70
  MONTH TO DATE  616                       645    -29      843
  SINCE DEC 1   2882                      3383   -501     3509
  SINCE JUL 1   4383                      5052   -669     5093

 COOLING
  TODAY            0                         0      0        0
  MONTH TO DATE    0                         0      0        0
  SINCE DEC 1      0                         0      0        0
  SINCE JAN 1      0                         0      0        0
..................................................................


WIND (MPH)
  HIGHEST WIND SPEED    28   HIGHEST WIND DIRECTION    NW (330)
  HIGHEST GUST SPEED    34   HIGHEST GUST DIRECTION    NW (320)
  AVERAGE WIND SPEED    15.6


SKY COVER
  POSSIBLE SUNSHINE  MM
  AVERAGE SKY COVER 0.5


WEATHER CONDITIONS
 THE FOLLOWING WEATHER WAS RECORDED TODAY.
  LIGHT SNOW
  HAZE
  BLOWING SNOW


RELATIVE HUMIDITY (PERCENT)
 HIGHEST    75          1200 AM
 LOWEST     39          1200 PM
 AVERAGE    57

..........................................................


THE BANGOR ME CLIMATE NORMALS FOR TOMORROW
                         NORMAL    RECORD    YEAR
 MAXIMUM TEMPERATURE (F)   31        48      1972
 MINIMUM TEMPERATURE (F)   10       -25      1943


SUNRISE AND SUNSET
FEBRUARY 14 2016......SUNRISE   638 AM EST   SUNSET   501 PM EST
FEBRUARY 15 2016......SUNRISE   637 AM EST   SUNSET   503 PM EST


-  INDICATES NEGATIVE NUMBERS.
R  INDICATES RECORD WAS SET OR TIED.
MM INDICATES DATA IS MISSING.
T  INDICATES TRACE AMOUNT.




$$
