258
CDUS41 KCAR 282037
CLIBGR


CLIMATE REPORT
NATIONAL WEATHER SERVICE CARIBOU, ME
436 PM EDT FRI APR 28 2017


...................................

...THE BANGOR ME CLIMATE SUMMARY FOR APRIL 28 2017...
VALID TODAY AS OF 0400 PM LOCAL TIME.

CLIMATE NORMAL PERIOD 1981 TO 2010
CLIMATE RECORD PERIOD 1925 TO 2017


WEATHER ITEM   OBSERVED TIME   RECORD YEAR NORMAL DEPARTURE LAST
                VALUE   (LST)  VALUE       VALUE  FROM      YEAR
                                                  NORMAL
..................................................................
TEMPERATURE (F)
 TODAY
  MAXIMUM         67    259 PM  90    2009  59      8       48
  MINIMUM         48    504 AM  23    1947  37     11       24
  AVERAGE         58                        48     10       36

PRECIPITATION (IN)
  TODAY            T             2.35 2005   0.12  -0.12     0.00
  MONTH TO DATE    3.98                      3.38   0.60     2.58
  SINCE MAR 1      6.05                      6.76  -0.71     5.85
  SINCE JAN 1     11.94                     12.17  -0.23    12.12

SNOWFALL (IN)
  TODAY            0.0           3.0  1958   0.1   -0.1      0.0
  MONTH TO DATE    2.3                       3.7   -1.4       T
  SINCE MAR 1     19.3                      15.4    3.9      6.0
  SINCE JUL 1     82.6                      66.1   16.5     44.6
  SNOW DEPTH       0

DEGREE DAYS
 HEATING
  TODAY            7                        18    -11       29
  MONTH TO DATE  549                       642    -93      689
  SINCE MAR 1   1763                      1719     44     1674
  SINCE JUL 1   6891                      7365   -474     6589

 COOLING
  TODAY            0                         0      0        0
  MONTH TO DATE    0                         0      0        0
  SINCE MAR 1      0                         0      0        0
  SINCE JAN 1      0                         0      0        0
..................................................................


WIND (MPH)
  HIGHEST WIND SPEED    14   HIGHEST WIND DIRECTION     S (180)
  HIGHEST GUST SPEED    17   HIGHEST GUST DIRECTION     S (190)
  AVERAGE WIND SPEED     7.4


SKY COVER
  POSSIBLE SUNSHINE  MM
  AVERAGE SKY COVER 1.0


WEATHER CONDITIONS
 THE FOLLOWING WEATHER WAS RECORDED TODAY.
  LIGHT RAIN
  FOG
  FOG W/VISIBILITY <= 1/4 MILE


RELATIVE HUMIDITY (PERCENT)
 HIGHEST   100          1200 AM
 LOWEST     73           300 PM
 AVERAGE    87

..........................................................


THE BANGOR ME CLIMATE NORMALS FOR TOMORROW
                         NORMAL    RECORD    YEAR
 MAXIMUM TEMPERATURE (F)   59        85      1935
 MINIMUM TEMPERATURE (F)   37        18      1947


SUNRISE AND SUNSET
APRIL 28 2017.........SUNRISE   529 AM EDT   SUNSET   737 PM EDT
APRIL 29 2017.........SUNRISE   528 AM EDT   SUNSET   738 PM EDT


-  INDICATES NEGATIVE NUMBERS.
R  INDICATES RECORD WAS SET OR TIED.
MM INDICATES DATA IS MISSING.
T  INDICATES TRACE AMOUNT.




$$
