389
CDUS41 KCAR 270532
CLIBGR


CLIMATE REPORT
NATIONAL WEATHER SERVICE CARIBOU, ME
132 AM EDT MON MAR 27 2017


...................................

...THE BANGOR ME CLIMATE SUMMARY FOR MARCH 26 2017...

CLIMATE NORMAL PERIOD 1981 TO 2010
CLIMATE RECORD PERIOD 1925 TO 2017


WEATHER ITEM   OBSERVED TIME   RECORD YEAR NORMAL DEPARTURE LAST
                VALUE   (LST)  VALUE       VALUE  FROM      YEAR
                                                  NORMAL
..................................................................
TEMPERATURE (F)
 YESTERDAY
  MAXIMUM         39    450 PM  65    1946  44     -5       40
                                      1945
  MINIMUM         20    605 AM   2    1960  25     -5       25
  AVERAGE         30                        34     -4       33

PRECIPITATION (IN)
  YESTERDAY        0.00          1.14 1930   0.12  -0.12     0.00
  MONTH TO DATE    1.53                      2.79  -1.26     2.08
  SINCE MAR 1      1.53                      2.79  -1.26     2.08
  SINCE JAN 1      7.42                      8.20  -0.78     8.35

SNOWFALL (IN)
  YESTERDAY        0.0           4.0  2002   0.3             0.0
  MONTH TO DATE   16.3                      10.3             6.0
  SINCE MAR 1     16.3                      10.3             6.0
  SINCE JUL 1     79.6                      61.0            44.6
  SNOW DEPTH       5

DEGREE DAYS
 HEATING
  YESTERDAY       35                        31      4       32
  MONTH TO DATE 1059                       927    132      857
  SINCE MAR 1   1059                       927    132      857
  SINCE JUL 1   6187                      6573   -386     5772

 COOLING
  YESTERDAY        0                         0      0        0
  MONTH TO DATE    0                         0      0        0
  SINCE MAR 1      0                         0      0        0
  SINCE JAN 1      0                         0      0        0
..................................................................


WIND (MPH)
  RESULTANT WIND SPEED   3   RESULTANT WIND DIRECTION   N (20)
  HIGHEST WIND SPEED    15   HIGHEST WIND DIRECTION     N (10)
  HIGHEST GUST SPEED    18   HIGHEST GUST DIRECTION    NE (30)


SKY COVER
  POSSIBLE SUNSHINE  MM
  AVERAGE SKY COVER 0.3


WEATHER CONDITIONS
 THE FOLLOWING WEATHER WAS RECORDED YESTERDAY.
  NO SIGNIFICANT WEATHER WAS OBSERVED.


RELATIVE HUMIDITY (PERCENT)
 HIGHEST    63
 LOWEST     17
 AVERAGE    40

..........................................................


THE BANGOR ME CLIMATE NORMALS FOR TODAY
                         NORMAL    RECORD    YEAR
 MAXIMUM TEMPERATURE (F)   44        70      1993
 MINIMUM TEMPERATURE (F)   25         9      1990
                                             1975
                                             1947


SUNRISE AND SUNSET
MARCH 27 2017.........SUNRISE   625 AM EDT   SUNSET   657 PM EDT
MARCH 28 2017.........SUNRISE   623 AM EDT   SUNSET   658 PM EDT


-  INDICATES NEGATIVE NUMBERS.
R  INDICATES RECORD WAS SET OR TIED.
MM INDICATES DATA IS MISSING.
T  INDICATES TRACE AMOUNT.




$$
