000
CDUS44 KBMX 250750
CLIBHM


CLIMATE REPORT
NATIONAL WEATHER SERVICE BIRMINGHAM, AL
248 AM CDT SUN SEP 25 2016


...................................

...THE BIRMINGHAM CLIMATE SUMMARY FOR SEPTEMBER 24 2016...

CLIMATE NORMAL PERIOD 1981 TO 2010
CLIMATE RECORD PERIOD 1895 TO 2016


WEATHER ITEM   OBSERVED TIME   RECORD YEAR NORMAL DEPARTURE LAST
                VALUE   (LST)  VALUE       VALUE  FROM      YEAR
                                                  NORMAL
..................................................................
TEMPERATURE (F)
 YESTERDAY
  MAXIMUM         98    238 PM  99    1931  83     15       86
  MINIMUM         72    539 AM  41    1990  61     11       68
  AVERAGE         85                        72     13       77

PRECIPITATION (IN)
  YESTERDAY        0.00          3.02 1951   0.13  -0.13     0.00
  MONTH TO DATE    0.68                      3.10  -2.42     1.26
  SINCE SEP 1      0.68                      3.10  -2.42     1.26
  SINCE JAN 1     35.85                     40.18  -4.33    43.33

DEGREE DAYS
 HEATING
  YESTERDAY        0                         1     -1        0
  MONTH TO DATE    0                         2     -2        1
  SINCE SEP 1      0                         2     -2        1
  SINCE JUL 1      0                         2     -2        1

 COOLING
  YESTERDAY       20                         7     13       12
  MONTH TO DATE  409                       262    147      262
  SINCE SEP 1    409                       262    147      262
  SINCE JAN 1   2375                      1912    463     2076
..................................................................


WIND (MPH)
  HIGHEST WIND SPEED    14   HIGHEST WIND DIRECTION     N (350)
  HIGHEST GUST SPEED    18   HIGHEST GUST DIRECTION    NW (330)
  AVERAGE WIND SPEED     3.1


SKY COVER
  AVERAGE SKY COVER 0.1


WEATHER CONDITIONS
 THE FOLLOWING WEATHER WAS RECORDED YESTERDAY.
  NO SIGNIFICANT WEATHER WAS OBSERVED.


RELATIVE HUMIDITY (PERCENT)
 HIGHEST    73           300 AM
 LOWEST     24           400 PM
 AVERAGE    49

..........................................................


THE BIRMINGHAM CLIMATE NORMALS FOR TODAY
                         NORMAL    RECORD    YEAR
 MAXIMUM TEMPERATURE (F)   82        97      1921
 MINIMUM TEMPERATURE (F)   61        43      1990
                                             1965


SUNRISE AND SUNSET
SEPTEMBER 25 2016.....SUNRISE   637 AM CDT   SUNSET   639 PM CDT
SEPTEMBER 26 2016.....SUNRISE   638 AM CDT   SUNSET   637 PM CDT


-  INDICATES NEGATIVE NUMBERS.
R  INDICATES RECORD WAS SET OR TIED.
MM INDICATES DATA IS MISSING.
T  INDICATES TRACE AMOUNT.




$$
