032
CDUS44 KBMX 310747
CLIBHM


CLIMATE REPORT
NATIONAL WEATHER SERVICE BIRMINGHAM, AL
246 AM CDT SUN JUL 31 2016


...................................

...THE BIRMINGHAM CLIMATE SUMMARY FOR JULY 30 2016...

CLIMATE NORMAL PERIOD 1981 TO 2010
CLIMATE RECORD PERIOD 1895 TO 2016


WEATHER ITEM   OBSERVED TIME   RECORD YEAR NORMAL DEPARTURE LAST
                VALUE   (LST)  VALUE       VALUE  FROM      YEAR
                                                  NORMAL
..................................................................
TEMPERATURE (F)
 YESTERDAY
  MAXIMUM         89   1114 AM 101    1986  91     -2       95
  MINIMUM         73   1206 PM  57    2014  72      1       74
  AVERAGE         81                        81      0       85

PRECIPITATION (IN)
  YESTERDAY        1.33          2.33 1984   0.14   1.19     0.00
  MONTH TO DATE    7.08                      4.65   2.43     7.41
  SINCE JUN 1     11.04                      9.03   2.01     9.11
  SINCE JAN 1     32.65                     33.00  -0.35    34.84

DEGREE DAYS
 COOLING
  YESTERDAY       16                        16      0       20
  MONTH TO DATE  572                       477     95      542
  SINCE JUN 1   1051                       859    192     1008
  SINCE JAN 1   1374                      1141    233     1343
..................................................................


WIND (MPH)
  HIGHEST WIND SPEED    36   HIGHEST WIND DIRECTION    NW (300)
  HIGHEST GUST SPEED    42   HIGHEST GUST DIRECTION     W (290)
  AVERAGE WIND SPEED     4.8


SKY COVER
  AVERAGE SKY COVER 0.5


WEATHER CONDITIONS
 THE FOLLOWING WEATHER WAS RECORDED YESTERDAY.
  THUNDERSTORM
  HEAVY RAIN
  RAIN
  LIGHT RAIN
  FOG


RELATIVE HUMIDITY (PERCENT)
 HIGHEST    91           800 PM
 LOWEST     63          1000 AM
 AVERAGE    77

..........................................................


THE BIRMINGHAM CLIMATE NORMALS FOR TODAY
                         NORMAL    RECORD    YEAR
 MAXIMUM TEMPERATURE (F)   91       101      1987
                                             1986
                                             1896
 MINIMUM TEMPERATURE (F)   72        59      1965


SUNRISE AND SUNSET
JULY 31 2016..........SUNRISE   559 AM CDT   SUNSET   747 PM CDT
AUGUST  1 2016........SUNRISE   600 AM CDT   SUNSET   746 PM CDT


-  INDICATES NEGATIVE NUMBERS.
R  INDICATES RECORD WAS SET OR TIED.
MM INDICATES DATA IS MISSING.
T  INDICATES TRACE AMOUNT.




$$
