000
CDUS44 KBMX 270735
CLIBHM


CLIMATE REPORT
NATIONAL WEATHER SERVICE BIRMINGHAM, AL
234 AM CDT WED JUL 27 2016


...................................

...THE BIRMINGHAM CLIMATE SUMMARY FOR JULY 26 2016...

CLIMATE NORMAL PERIOD 1981 TO 2010
CLIMATE RECORD PERIOD 1895 TO 2016


WEATHER ITEM   OBSERVED TIME   RECORD YEAR NORMAL DEPARTURE LAST
                VALUE   (LST)  VALUE       VALUE  FROM      YEAR
                                                  NORMAL
..................................................................
TEMPERATURE (F)
 YESTERDAY
  MAXIMUM         95    253 PM 101    1952  91      4       94
  MINIMUM         74    453 AM  58    1911  72      2       75
  AVERAGE         85                        81      4       85

PRECIPITATION (IN)
  YESTERDAY        0.00          4.00 1900   0.15  -0.15     0.00
  MONTH TO DATE    5.75                      4.08   1.67     5.98
  SINCE JUN 1      9.71                      8.46   1.25     7.68
  SINCE JAN 1     31.32                     32.43  -1.11    33.41

DEGREE DAYS
 COOLING
  YESTERDAY       20                        16      4       20
  MONTH TO DATE  503                       413     90      464
  SINCE JUN 1    982                       795    187      930
  SINCE JAN 1   1305                      1077    228     1265
..................................................................


WIND (MPH)
  HIGHEST WIND SPEED    17   HIGHEST WIND DIRECTION     S (200)
  HIGHEST GUST SPEED    20   HIGHEST GUST DIRECTION     S (180)
  AVERAGE WIND SPEED     5.1


SKY COVER
  AVERAGE SKY COVER 0.2


WEATHER CONDITIONS
 THE FOLLOWING WEATHER WAS RECORDED YESTERDAY.
  NO SIGNIFICANT WEATHER WAS OBSERVED.


RELATIVE HUMIDITY (PERCENT)
 HIGHEST    94          1200 AM
 LOWEST     39           300 PM
 AVERAGE    67

..........................................................


THE BIRMINGHAM CLIMATE NORMALS FOR TODAY
                         NORMAL    RECORD    YEAR
 MAXIMUM TEMPERATURE (F)   91       102      1952
 MINIMUM TEMPERATURE (F)   72        59      1911


SUNRISE AND SUNSET
JULY 27 2016..........SUNRISE   556 AM CDT   SUNSET   750 PM CDT
JULY 28 2016..........SUNRISE   557 AM CDT   SUNSET   750 PM CDT


-  INDICATES NEGATIVE NUMBERS.
R  INDICATES RECORD WAS SET OR TIED.
MM INDICATES DATA IS MISSING.
T  INDICATES TRACE AMOUNT.




$$
