000
CDUS44 KBMX 061157
CLIBHM


CLIMATE REPORT
NATIONAL WEATHER SERVICE BIRMINGHAM, AL
557 AM CST SAT FEB 6 2016


...................................

...THE BIRMINGHAM CLIMATE SUMMARY FOR FEBRUARY 5 2016...

CLIMATE NORMAL PERIOD 1981 TO 2010
CLIMATE RECORD PERIOD 1895 TO 2016


WEATHER ITEM   OBSERVED TIME   RECORD YEAR NORMAL DEPARTURE LAST
                VALUE   (LST)  VALUE       VALUE  FROM      YEAR
                                                  NORMAL
..................................................................
TEMPERATURE (F)
 YESTERDAY
  MAXIMUM         51    323 PM  76    1927  56     -5       47
  MINIMUM         26    641 AM   6    1996  35     -9       25
  AVERAGE         39                        46     -7       36

PRECIPITATION (IN)
  YESTERDAY        0.00          3.01 1940   0.16  -0.16     0.00
  MONTH TO DATE    3.05                      0.81   2.24     0.29
  SINCE DEC 1     16.86                     10.10   6.76    11.82
  SINCE JAN 1      6.33                      5.65   0.68     4.67

SNOWFALL (IN)
  YESTERDAY        0.0                       0.0    0.0      0.0
  MONTH TO DATE    0.0                       0.0    0.0      0.0
  SINCE DEC 1      T                         0.7   -0.7       T
  SINCE JUL 1      T                         0.7   -0.7       T
  SNOW DEPTH       0

DEGREE DAYS
 HEATING
  YESTERDAY       26                        20      6       29
  MONTH TO DATE   58                       100    -42      120
  SINCE DEC 1   1028                      1347   -319     1315
  SINCE JUL 1   1299                      1805   -506     1877
..................................................................


WIND (MPH)
  HIGHEST WIND SPEED    16   HIGHEST WIND DIRECTION     N (350)
  HIGHEST GUST SPEED    20   HIGHEST GUST DIRECTION    NE (30)
  AVERAGE WIND SPEED     5.8


SKY COVER
  AVERAGE SKY COVER 0.1


WEATHER CONDITIONS
 THE FOLLOWING WEATHER WAS RECORDED YESTERDAY.
  NO SIGNIFICANT WEATHER WAS OBSERVED.


RELATIVE HUMIDITY (PERCENT)
 HIGHEST    75           600 AM
 LOWEST     24           300 PM
 AVERAGE    50

..........................................................


THE BIRMINGHAM CLIMATE NORMALS FOR TODAY
                         NORMAL    RECORD    YEAR
 MAXIMUM TEMPERATURE (F)   56        76      1999
 MINIMUM TEMPERATURE (F)   35        15      1988


SUNRISE AND SUNSET
FEBRUARY  6 2016......SUNRISE   640 AM CST   SUNSET   523 PM CST
FEBRUARY  7 2016......SUNRISE   639 AM CST   SUNSET   524 PM CST


-  INDICATES NEGATIVE NUMBERS.
R  INDICATES RECORD WAS SET OR TIED.
MM INDICATES DATA IS MISSING.
T  INDICATES TRACE AMOUNT.




$$
