000
CDUS44 KBMX 302235
CLIBHM


CLIMATE REPORT
NATIONAL WEATHER SERVICE BIRMINGHAM, AL
432 PM CST FRI JAN 30 2015


...................................

...THE BIRMINGHAM CLIMATE SUMMARY FOR JANUARY 30 2015...
VALID AS OF 0400 PM LOCAL TIME.

CLIMATE NORMAL PERIOD 1981 TO 2010
CLIMATE RECORD PERIOD 2014 TO 2015


WEATHER ITEM   OBSERVED TIME   RECORD YEAR NORMAL DEPARTURE LAST
                VALUE   (LST)  VALUE       VALUE  FROM      YEAR
                                                  NORMAL
..................................................................
TEMPERATURE (F)
 TODAY
  MAXIMUM         51    257 PM  78    1950  55     -4       44
  MINIMUM         38    547 AM  -4    1966  34      4        9
  AVERAGE         45                        45      0       27

PRECIPITATION (IN)
  TODAY            0.00          1.82 2013   0.16  -0.16     0.00
  MONTH TO DATE    4.38                      4.67  -0.29     1.56
  SINCE DEC 1     11.53                      9.12   2.41     8.62
  SINCE JAN 1      4.38                      4.67  -0.29     1.56

SNOWFALL (IN)
  TODAY            0.0                       0.0    0.0      0.0
  MONTH TO DATE    T                         0.6   -0.6      2.0
  SINCE DEC 1      T                         0.7   -0.7      2.0
  SINCE JUL 1      T                         0.7   -0.7      2.0
  SNOW DEPTH       0

..................................................................


WIND (MPH)
  HIGHEST WIND SPEED    23   HIGHEST WIND DIRECTION     N (350)
  HIGHEST GUST SPEED    29   HIGHEST GUST DIRECTION    NW (330)
  AVERAGE WIND SPEED    13.5


SKY COVER
  AVERAGE SKY COVER 0.6


WEATHER CONDITIONS
 THE FOLLOWING WEATHER WAS RECORDED TODAY.
  NO SIGNIFICANT WEATHER WAS OBSERVED.


RELATIVE HUMIDITY (PERCENT)
 HIGHEST    64           600 AM
 LOWEST     30           300 PM
 AVERAGE    47

..........................................................


THE BIRMINGHAM CLIMATE NORMALS FOR TOMORROW
                         NORMAL    RECORD    YEAR
 MAXIMUM TEMPERATURE (F)   55        75      1957
                                             1950
 MINIMUM TEMPERATURE (F)   34         5      1966


SUNRISE AND SUNSET
JANUARY 30 2015.......SUNRISE   645 AM CST   SUNSET   516 PM CST
JANUARY 31 2015.......SUNRISE   644 AM CST   SUNSET   517 PM CST


-  INDICATES NEGATIVE NUMBERS.
R  INDICATES RECORD WAS SET OR TIED.
MM INDICATES DATA IS MISSING.
T  INDICATES TRACE AMOUNT.




$$
