000
CDUS44 KBMX 240019
CLIBHM


CLIMATE REPORT
NATIONAL WEATHER SERVICE BIRMINGHAM, AL
719 PM CDT SAT MAY 23 2015


...................................

...THE BIRMINGHAM CLIMATE SUMMARY FOR MAY 23 2015...
VALID TODAY AS OF 0700 PM LOCAL TIME.

CLIMATE NORMAL PERIOD 1981 TO 2010
CLIMATE RECORD PERIOD 2014 TO 2015


WEATHER ITEM   OBSERVED TIME   RECORD YEAR NORMAL DEPARTURE LAST
                VALUE   (LST)  VALUE       VALUE  FROM      YEAR
                                                  NORMAL
..................................................................
TEMPERATURE (F)
 TODAY
  MAXIMUM         84    331 PM  95    1996  83      1       89
                                      1970
  MINIMUM         59    422 AM  47    1954  62     -3       66
  AVERAGE         72                        72      0       78

PRECIPITATION (IN)
  TODAY            0.00          2.32 1976   0.16  -0.16     0.00
  MONTH TO DATE    0.32                      3.75  -3.43     1.58
  SINCE MAR 1     14.79                     13.36   1.43    15.19
  SINCE JAN 1     23.49                     22.73   0.76    22.12

DEGREE DAYS
 COOLING
  TODAY            7                         8     -1       13
  MONTH TO DATE  174                       129     45      138
  SINCE MAR 1    256                       209     47      194
  SINCE JAN 1    256                       213     43      197
..................................................................


WIND (MPH)
  HIGHEST WIND SPEED    15   HIGHEST WIND DIRECTION    SE (150)
  HIGHEST GUST SPEED    19   HIGHEST GUST DIRECTION     E (100)
  AVERAGE WIND SPEED     7.3


SKY COVER
  AVERAGE SKY COVER 0.2


WEATHER CONDITIONS
 THE FOLLOWING WEATHER WAS RECORDED TODAY.
  HAZE


RELATIVE HUMIDITY (PERCENT)
 HIGHEST    64           400 AM
 LOWEST     37           300 PM
 AVERAGE    51

..........................................................


THE BIRMINGHAM CLIMATE NORMALS FOR TOMORROW
                         NORMAL    RECORD    YEAR
 MAXIMUM TEMPERATURE (F)   83        96      1996
 MINIMUM TEMPERATURE (F)   62        46      1917


SUNRISE AND SUNSET
MAY 23 2015...........SUNRISE   542 AM CDT   SUNSET   746 PM CDT
MAY 24 2015...........SUNRISE   541 AM CDT   SUNSET   747 PM CDT


-  INDICATES NEGATIVE NUMBERS.
R  INDICATES RECORD WAS SET OR TIED.
MM INDICATES DATA IS MISSING.
T  INDICATES TRACE AMOUNT.




$$
