833
CDUS44 KBMX 122236
CLIBHM


CLIMATE REPORT
NATIONAL WEATHER SERVICE BIRMINGHAM, AL
436 PM CST TUE DEC 12 2017


...................................

...THE BIRMINGHAM CLIMATE SUMMARY FOR DECEMBER 12 2017...
VALID TODAY AS OF 0400 PM LOCAL TIME.

CLIMATE NORMAL PERIOD 1981 TO 2010
CLIMATE RECORD PERIOD 1895 TO 2017


WEATHER ITEM   OBSERVED TIME   RECORD YEAR NORMAL DEPARTURE LAST
                VALUE   (LST)  VALUE       VALUE  FROM      YEAR
                                                  NORMAL
..................................................................
TEMPERATURE (F)
 TODAY
  MAXIMUM         54   1255 PM  78    1971  56     -2       62
  MINIMUM         43    700 AM   4    1962  37      6       46
  AVERAGE         49                        47      2       54

PRECIPITATION (IN)
  TODAY            0.00          2.06 1935   0.15  -0.15     0.15
  MONTH TO DATE    0.99                      1.92  -0.93     1.55
  SINCE DEC 1      0.99                      1.92  -0.93     1.55
  SINCE JAN 1     66.02                     51.19  14.83    39.47

SNOWFALL (IN)
  TODAY            0.0                       0.0    0.0      0.0
  MONTH TO DATE    4.0                       0.0    4.0      0.0
  SINCE DEC 1      4.0                       0.0    4.0      0.0
  SINCE JUL 1      4.0                       0.0    4.0      0.0
  SNOW DEPTH       0

..................................................................


WIND (MPH)
  HIGHEST WIND SPEED    23   HIGHEST WIND DIRECTION    NW (320)
  HIGHEST GUST SPEED    29   HIGHEST GUST DIRECTION    NW (330)
  AVERAGE WIND SPEED    10.8


SKY COVER
  AVERAGE SKY COVER 0.2


WEATHER CONDITIONS
 THE FOLLOWING WEATHER WAS RECORDED TODAY.
  NO SIGNIFICANT WEATHER WAS OBSERVED.


RELATIVE HUMIDITY (PERCENT)
 HIGHEST    70           200 AM
 LOWEST     35           200 PM
 AVERAGE    53

..........................................................


THE BIRMINGHAM CLIMATE NORMALS FOR TOMORROW
                         NORMAL    RECORD    YEAR
 MAXIMUM TEMPERATURE (F)   56        79      1931
 MINIMUM TEMPERATURE (F)   37         1      1962


SUNRISE AND SUNSET
DECEMBER 12 2017......SUNRISE   642 AM CST   SUNSET   440 PM CST
DECEMBER 13 2017......SUNRISE   643 AM CST   SUNSET   440 PM CST


-  INDICATES NEGATIVE NUMBERS.
R  INDICATES RECORD WAS SET OR TIED.
MM INDICATES DATA IS MISSING.
T  INDICATES TRACE AMOUNT.




$$
