000
CDUS44 KBMX 300945
CLIBHM


CLIMATE REPORT
NATIONAL WEATHER SERVICE BIRMINGHAM, AL
444 AM CDT WED JUL 30 2014


...................................

...THE BIRMINGHAM CLIMATE SUMMARY FOR JULY 29 2014...

CLIMATE NORMAL PERIOD 1981 TO 2010
CLIMATE RECORD PERIOD 1895 TO 2014


WEATHER ITEM   OBSERVED TIME   RECORD YEAR NORMAL DEPARTURE LAST
                VALUE   (LST)  VALUE       VALUE  FROM      YEAR
                                                  NORMAL
..................................................................
TEMPERATURE (F)
 YESTERDAY
  MAXIMUM         84    218 PM 107    1930  91     -7       87
  MINIMUM         61   1156 PM  60    1994  72    -11       68
  AVERAGE         73                        81     -8       78

PRECIPITATION (IN)
  YESTERDAY        0.00          2.16 2005   0.14  -0.14     0.00
  MONTH TO DATE    0.92                      4.51  -3.59     7.84
  SINCE JUN 1      5.73                      8.89  -3.16    16.50
  SINCE JAN 1     28.59                     32.86  -4.27    47.01

DEGREE DAYS
 COOLING
  YESTERDAY        8                        16     -8       13
  MONTH TO DATE  414                       461    -47      386
  SINCE JUN 1    820                       843    -23      807
  SINCE JAN 1   1113                      1125    -12     1072
..................................................................


WIND (MPH)
  HIGHEST WIND SPEED    21   HIGHEST WIND DIRECTION    NW (320)
  HIGHEST GUST SPEED    25   HIGHEST GUST DIRECTION    NW (330)
  AVERAGE WIND SPEED     6.5


SKY COVER
  AVERAGE SKY COVER 0.2


WEATHER CONDITIONS
 THE FOLLOWING WEATHER WAS RECORDED YESTERDAY.
  NO SIGNIFICANT WEATHER WAS OBSERVED.


RELATIVE HUMIDITY (PERCENT)
 HIGHEST    93           400 AM
 LOWEST     33           500 PM
 AVERAGE    63

..........................................................


THE BIRMINGHAM CLIMATE NORMALS FOR TODAY
                         NORMAL    RECORD    YEAR
 MAXIMUM TEMPERATURE (F)   91       101      1986
 MINIMUM TEMPERATURE (F)   72        61      1994


SUNRISE AND SUNSET
JULY 30 2014..........SUNRISE   558 AM CDT   SUNSET   749 PM CDT
JULY 31 2014..........SUNRISE   559 AM CDT   SUNSET   748 PM CDT


-  INDICATES NEGATIVE NUMBERS.
R  INDICATES RECORD WAS SET OR TIED.
MM INDICATES DATA IS MISSING.
T  INDICATES TRACE AMOUNT.




$$
