000
CDUS44 KBMX 230734
CLIBHM


CLIMATE REPORT
NATIONAL WEATHER SERVICE BIRMINGHAM, AL
234 AM CDT SAT SEP 23 2017


...................................

...THE BIRMINGHAM CLIMATE SUMMARY FOR SEPTEMBER 22 2017...

CLIMATE NORMAL PERIOD 1981 TO 2010
CLIMATE RECORD PERIOD 1895 TO 2017


WEATHER ITEM   OBSERVED TIME   RECORD YEAR NORMAL DEPARTURE LAST
                VALUE   (LST)  VALUE       VALUE  FROM      YEAR
                                                  NORMAL
..................................................................
TEMPERATURE (F)
 YESTERDAY
  MAXIMUM         90    241 PM 100    1925  83      7       95
  MINIMUM         69    516 AM  39    1983  62      7       71
  AVERAGE         80                        73      7       83

PRECIPITATION (IN)
  YESTERDAY        0.00          3.20 2002   0.13  -0.13     0.00
  MONTH TO DATE    2.48                      2.84  -0.36     0.68
  SINCE SEP 1      2.48                      2.84  -0.36     0.68
  SINCE JAN 1     58.04                     39.92  18.12    35.85

DEGREE DAYS
 HEATING
  YESTERDAY        0                         0      0        0
  MONTH TO DATE    9                         0      9        0
  SINCE SEP 1      9                         0      9        0
  SINCE JUL 1      9                         0      9        0

 COOLING
  YESTERDAY       15                         8      7       18
  MONTH TO DATE  183                       247    -64      371
  SINCE SEP 1    183                       247    -64      371
  SINCE JAN 1   1996                      1897     99     2337
..................................................................


WIND (MPH)
  HIGHEST WIND SPEED     8   HIGHEST WIND DIRECTION     E (90)
  HIGHEST GUST SPEED    10   HIGHEST GUST DIRECTION     E (90)
  AVERAGE WIND SPEED     1.7


SKY COVER
  AVERAGE SKY COVER 0.2


WEATHER CONDITIONS
 THE FOLLOWING WEATHER WAS RECORDED YESTERDAY.
  FOG


RELATIVE HUMIDITY (PERCENT)
 HIGHEST    97           300 AM
 LOWEST     46           200 PM
 AVERAGE    72

..........................................................


THE BIRMINGHAM CLIMATE NORMALS FOR TODAY
                         NORMAL    RECORD    YEAR
 MAXIMUM TEMPERATURE (F)   83        99      1931
 MINIMUM TEMPERATURE (F)   62        42      1999


SUNRISE AND SUNSET
SEPTEMBER 23 2017.....SUNRISE   636 AM CDT   SUNSET   642 PM CDT
SEPTEMBER 24 2017.....SUNRISE   637 AM CDT   SUNSET   641 PM CDT


-  INDICATES NEGATIVE NUMBERS.
R  INDICATES RECORD WAS SET OR TIED.
MM INDICATES DATA IS MISSING.
T  INDICATES TRACE AMOUNT.




$$
