000
CDUS44 KBMX 310936
CLIBHM


CLIMATE REPORT
NATIONAL WEATHER SERVICE BIRMINGHAM, AL
436 AM CDT FRI OCT 31 2014


...................................

...THE BIRMINGHAM CLIMATE SUMMARY FOR OCTOBER 30 2014...

CLIMATE NORMAL PERIOD 1981 TO 2010
CLIMATE RECORD PERIOD 1895 TO 2014


WEATHER ITEM   OBSERVED TIME   RECORD YEAR NORMAL DEPARTURE LAST
                VALUE   (LST)  VALUE       VALUE  FROM      YEAR
                                                  NORMAL
..................................................................
TEMPERATURE (F)
 YESTERDAY
  MAXIMUM         68    223 PM  86    1984  71     -3       78
  MINIMUM         41    611 AM  28    1952  48     -7       58
  AVERAGE         55                        60     -5       68

PRECIPITATION (IN)
  YESTERDAY        0.00          1.39 1949   0.12  -0.12     0.00
  MONTH TO DATE    3.66                      3.32   0.34     1.52
  SINCE SEP 1      5.30                      7.22  -1.92     3.99
  SINCE JAN 1     38.16                     44.30  -6.14    56.25

SNOWFALL (IN)
  YESTERDAY        0.0                       0.0    0.0      0.0
  MONTH TO DATE    0.0                       0.0    0.0      0.0
  SINCE SEP 1      0.0                       0.0    0.0      0.0
  SINCE JUL 1      0.0                       0.0    0.0      0.0
  SNOW DEPTH       0

DEGREE DAYS
 HEATING
  YESTERDAY       10                         7      3        0
  MONTH TO DATE   75                       111    -36       97
  SINCE SEP 1     75                       120    -45       97
  SINCE JUL 1     75                       120    -45       97

 COOLING
  YESTERDAY        0                         1     -1        3
  MONTH TO DATE  127                        87     40      104
  SINCE SEP 1    503                       387    116      422
  SINCE JAN 1   2143                      2037    106     1947
..................................................................


WIND (MPH)
  HIGHEST WIND SPEED    13   HIGHEST WIND DIRECTION    NW (320)
  HIGHEST GUST SPEED    18   HIGHEST GUST DIRECTION     N (340)
  AVERAGE WIND SPEED     2.7


SKY COVER
  AVERAGE SKY COVER 0.0


WEATHER CONDITIONS
 THE FOLLOWING WEATHER WAS RECORDED YESTERDAY.
  NO SIGNIFICANT WEATHER WAS OBSERVED.


RELATIVE HUMIDITY (PERCENT)
 HIGHEST    96           400 AM
 LOWEST     30           400 PM
 AVERAGE    63

..........................................................


THE BIRMINGHAM CLIMATE NORMALS FOR TODAY
                         NORMAL    RECORD    YEAR
 MAXIMUM TEMPERATURE (F)   71        87      1984
 MINIMUM TEMPERATURE (F)   48        29      1917


SUNRISE AND SUNSET
OCTOBER 31 2014.......SUNRISE   705 AM CDT   SUNSET   556 PM CDT
NOVEMBER  1 2014......SUNRISE   706 AM CDT   SUNSET   555 PM CDT


-  INDICATES NEGATIVE NUMBERS.
R  INDICATES RECORD WAS SET OR TIED.
MM INDICATES DATA IS MISSING.
T  INDICATES TRACE AMOUNT.




$$
