000
CDUS44 KBMX 020110
CLIBHM


CLIMATE REPORT
NATIONAL WEATHER SERVICE BIRMINGHAM, AL
810 PM CDT FRI JUL 1 2016


...................................

...THE BIRMINGHAM CLIMATE SUMMARY FOR JULY 1 2016...
VALID TODAY AS OF 0700 PM LOCAL TIME.

CLIMATE NORMAL PERIOD 1981 TO 2010
CLIMATE RECORD PERIOD 1895 TO 2016


WEATHER ITEM   OBSERVED TIME   RECORD YEAR NORMAL DEPARTURE LAST
                VALUE   (LST)  VALUE       VALUE  FROM      YEAR
                                                  NORMAL
..................................................................
TEMPERATURE (F)
 TODAY
  MAXIMUM         95    454 PM 104    2012  90      5       88
  MINIMUM         64    518 AM  54    1950  71     -7       70
  AVERAGE         80                        80      0       79

PRECIPITATION (IN)
  TODAY            0.00          2.67 2003   0.16  -0.16     0.26
  MONTH TO DATE    0.00                      0.16  -0.16     0.26
  SINCE JUN 1      3.96                      4.54  -0.58     1.96
  SINCE JAN 1     25.57                     28.51  -2.94    27.69

DEGREE DAYS
 COOLING
  TODAY           15                        15      0       14
  MONTH TO DATE   15                        15      0       14
  SINCE JUN 1    494                       397     97      480
  SINCE JAN 1    817                       679    138      815
..................................................................


WIND (MPH)
  HIGHEST WIND SPEED    13   HIGHEST WIND DIRECTION     W (280)
  HIGHEST GUST SPEED    19   HIGHEST GUST DIRECTION    NW (310)
  AVERAGE WIND SPEED     3.9


SKY COVER
  AVERAGE SKY COVER 0.1


WEATHER CONDITIONS
 THE FOLLOWING WEATHER WAS RECORDED TODAY.
  NO SIGNIFICANT WEATHER WAS OBSERVED.


RELATIVE HUMIDITY (PERCENT)
 HIGHEST    84           400 AM
 LOWEST     31           500 PM
 AVERAGE    58

..........................................................


THE BIRMINGHAM CLIMATE NORMALS FOR TOMORROW
                         NORMAL    RECORD    YEAR
 MAXIMUM TEMPERATURE (F)   90       101      1954
 MINIMUM TEMPERATURE (F)   71        57      1924


SUNRISE AND SUNSET
JULY  1 2016..........SUNRISE   541 AM CDT   SUNSET   801 PM CDT
JULY  2 2016..........SUNRISE   541 AM CDT   SUNSET   801 PM CDT


-  INDICATES NEGATIVE NUMBERS.
R  INDICATES RECORD WAS SET OR TIED.
MM INDICATES DATA IS MISSING.
T  INDICATES TRACE AMOUNT.




$$
