000
CDUS44 KBMX 222126
CLIBHM


CLIMATE REPORT
NATIONAL WEATHER SERVICE BIRMINGHAM, AL
426 PM CDT FRI AUG 22 2014


...................................

...THE BIRMINGHAM CLIMATE SUMMARY FOR AUGUST 22 2014...
VALID AS OF 0400 PM LOCAL TIME.

CLIMATE NORMAL PERIOD 1981 TO 2010
CLIMATE RECORD PERIOD 1895 TO 2014


WEATHER ITEM   OBSERVED TIME   RECORD YEAR NORMAL DEPARTURE LAST
                VALUE   (LST)  VALUE       VALUE  FROM      YEAR
                                                  NORMAL
..................................................................
TEMPERATURE (F)
 TODAY
  MAXIMUM         95    259 PM 104    2007  90      5       88
  MINIMUM         75    539 AM  53    1956  71      4       72
  AVERAGE         85                        80      5       80

PRECIPITATION (IN)
  TODAY            0.00          2.37 1934   0.13  -0.13      T
  MONTH TO DATE    3.05                      2.87   0.18     4.23
  SINCE JUN 1      8.78                     12.05  -3.27    21.69
  SINCE JAN 1     31.64                     36.02  -4.38    52.20

DEGREE DAYS
 COOLING
  TODAY           20                        15      5       15
  MONTH TO DATE  364                       351     13      292
  SINCE JUN 1   1202                      1232    -30     1129
  SINCE JAN 1   1495                      1514    -19     1394
..................................................................


WIND (MPH)
  HIGHEST WIND SPEED    12   HIGHEST WIND DIRECTION     N (360)
  HIGHEST GUST SPEED    16   HIGHEST GUST DIRECTION     N (350)
  AVERAGE WIND SPEED     4.4


SKY COVER
  AVERAGE SKY COVER 0.2


WEATHER CONDITIONS
 THE FOLLOWING WEATHER WAS RECORDED TODAY.
  NO SIGNIFICANT WEATHER WAS OBSERVED.


RELATIVE HUMIDITY (PERCENT)
 HIGHEST    87           200 AM
 LOWEST     43           300 PM
 AVERAGE    65

..........................................................


THE BIRMINGHAM CLIMATE NORMALS FOR TOMORROW
                         NORMAL    RECORD    YEAR
 MAXIMUM TEMPERATURE (F)   90       105      2007
 MINIMUM TEMPERATURE (F)   70        54      1950


SUNRISE AND SUNSET
AUGUST 22 2014........SUNRISE   614 AM CDT   SUNSET   725 PM CDT
AUGUST 23 2014........SUNRISE   615 AM CDT   SUNSET   724 PM CDT


-  INDICATES NEGATIVE NUMBERS.
R  INDICATES RECORD WAS SET OR TIED.
MM INDICATES DATA IS MISSING.
T  INDICATES TRACE AMOUNT.




$$
