000
CDUS44 KBMX 250838
CLIBHM


CLIMATE REPORT
NATIONAL WEATHER SERVICE BIRMINGHAM, AL
238 AM CST SUN FEB 25 2018


...................................

...THE BIRMINGHAM CLIMATE SUMMARY FOR FEBRUARY 24 2018...

CLIMATE NORMAL PERIOD 1981 TO 2010
CLIMATE RECORD PERIOD 1895 TO 2018


WEATHER ITEM   OBSERVED TIME   RECORD YEAR NORMAL DEPARTURE LAST
                VALUE   (LST)  VALUE       VALUE  FROM      YEAR
                                                  NORMAL
..................................................................
TEMPERATURE (F)
 YESTERDAY
  MAXIMUM         76    143 PM  81    2017  61     15       81
  MINIMUM         67    414 PM  16    1989  39     28       57
  AVERAGE         72                        50     22       69

PRECIPITATION (IN)
  YESTERDAY        0.10          1.81 1979   0.18  -0.08     0.00
  MONTH TO DATE    6.34                      3.85   2.49     2.50
  SINCE DEC 1     11.70                     13.14  -1.44    11.60
  SINCE JAN 1      7.69                      8.69  -1.00     9.21

SNOWFALL (IN)
  YESTERDAY        0.0                       0.0    0.0      0.0
  MONTH TO DATE    0.0                       0.1   -0.1      0.0
  SINCE DEC 1      4.0                       0.8    3.2      0.3
  SINCE JUL 1      4.0                       0.8    3.2      0.3
  SNOW DEPTH       0

DEGREE DAYS
 HEATING
  YESTERDAY        0                        15    -15        0
  MONTH TO DATE  222                       429   -207      224
  SINCE DEC 1   1582                      1676    -94     1097
  SINCE JUL 1   1984                      2134   -150     1329
..................................................................


WIND (MPH)
  HIGHEST WIND SPEED    28   HIGHEST WIND DIRECTION     S (200)
  HIGHEST GUST SPEED    35   HIGHEST GUST DIRECTION    SW (220)
  AVERAGE WIND SPEED    11.6


SKY COVER
  AVERAGE SKY COVER 0.9


WEATHER CONDITIONS
 THE FOLLOWING WEATHER WAS RECORDED YESTERDAY.
  LIGHT RAIN
  FOG


RELATIVE HUMIDITY (PERCENT)
 HIGHEST    81           900 PM
 LOWEST     60           100 PM
 AVERAGE    71

..........................................................


THE BIRMINGHAM CLIMATE NORMALS FOR TODAY
                         NORMAL    RECORD    YEAR
 MAXIMUM TEMPERATURE (F)   61        82      1918
 MINIMUM TEMPERATURE (F)   40        12      1967


SUNRISE AND SUNSET
FEBRUARY 25 2018......SUNRISE   620 AM CST   SUNSET   540 PM CST
FEBRUARY 26 2018......SUNRISE   619 AM CST   SUNSET   541 PM CST


-  INDICATES NEGATIVE NUMBERS.
R  INDICATES RECORD WAS SET OR TIED.
MM INDICATES DATA IS MISSING.
T  INDICATES TRACE AMOUNT.




$$
