000
CDUS44 KBMX 030740
CLIBHM


CLIMATE REPORT
NATIONAL WEATHER SERVICE BIRMINGHAM, AL
240 AM CDT MON AUG 3 2015


...................................

...THE BIRMINGHAM CLIMATE SUMMARY FOR AUGUST 2 2015...

CLIMATE NORMAL PERIOD 1981 TO 2010
CLIMATE RECORD PERIOD 2014 TO 2015


WEATHER ITEM   OBSERVED TIME   RECORD YEAR NORMAL DEPARTURE LAST
                VALUE   (LST)  VALUE       VALUE  FROM      YEAR
                                                  NORMAL
..................................................................
TEMPERATURE (F)
 YESTERDAY
  MAXIMUM         96    145 PM 101    2010  91      5       91
  MINIMUM         67    529 AM  60    1992  72     -5       72
                                      1965
  AVERAGE         82                        81      1       82

PRECIPITATION (IN)
  YESTERDAY        0.00          4.15 1941   0.14  -0.14      T
  MONTH TO DATE    0.00                      0.28  -0.28      T
  SINCE JUN 1      9.11                      9.46  -0.35     5.73
  SINCE JAN 1     34.84                     33.43   1.41    28.59

DEGREE DAYS
 COOLING
  YESTERDAY       17                        16      1       17
  MONTH TO DATE   33                        32      1       30
  SINCE JUN 1   1057                       913    144      868
  SINCE JAN 1   1392                      1195    197     1161
..................................................................


WIND (MPH)
  HIGHEST WIND SPEED    16   HIGHEST WIND DIRECTION     N (10)
  HIGHEST GUST SPEED    22   HIGHEST GUST DIRECTION     N (360)
  AVERAGE WIND SPEED     3.9


SKY COVER
  AVERAGE SKY COVER 0.1


WEATHER CONDITIONS
 THE FOLLOWING WEATHER WAS RECORDED YESTERDAY.
  NO SIGNIFICANT WEATHER WAS OBSERVED.


RELATIVE HUMIDITY (PERCENT)
 HIGHEST    87           400 AM
 LOWEST     28           400 PM
 AVERAGE    58

..........................................................


THE BIRMINGHAM CLIMATE NORMALS FOR TODAY
                         NORMAL    RECORD    YEAR
 MAXIMUM TEMPERATURE (F)   91       101      2010
 MINIMUM TEMPERATURE (F)   72        63      1976
                                             1973
                                             1965


SUNRISE AND SUNSET
AUGUST  3 2015........SUNRISE   601 AM CDT   SUNSET   745 PM CDT
AUGUST  4 2015........SUNRISE   601 AM CDT   SUNSET   744 PM CDT


-  INDICATES NEGATIVE NUMBERS.
R  INDICATES RECORD WAS SET OR TIED.
MM INDICATES DATA IS MISSING.
T  INDICATES TRACE AMOUNT.




$$
