000
CDUS44 KBMX 040939
CLIBHM


CLIMATE REPORT
NATIONAL WEATHER SERVICE BIRMINGHAM, AL
436 AM CDT MON MAY 4 2015


...................................

...THE BIRMINGHAM CLIMATE SUMMARY FOR MAY 3 2015...

CLIMATE NORMAL PERIOD 1981 TO 2010
CLIMATE RECORD PERIOD 2014 TO 2015


WEATHER ITEM   OBSERVED TIME   RECORD YEAR NORMAL DEPARTURE LAST
                VALUE   (LST)  VALUE       VALUE  FROM      YEAR
                                                  NORMAL
..................................................................
TEMPERATURE (F)
 YESTERDAY
  MAXIMUM         81    335 PM  93    1902  79      2       79
  MINIMUM         51    512 AM  40    1971  56     -5       46
                                      1967
  AVERAGE         66                        67     -1       63

PRECIPITATION (IN)
  YESTERDAY        0.00          2.46 1917   0.17  -0.17     0.00
  MONTH TO DATE    0.00                      0.49  -0.49     0.00
  SINCE MAR 1     14.47                     10.10   4.37    13.61
  SINCE JAN 1     23.17                     19.47   3.70    20.54

DEGREE DAYS
 COOLING
  YESTERDAY        1                         4     -3        0
  MONTH TO DATE    1                        12    -11        0
  SINCE MAR 1     83                        92     -9       56
  SINCE JAN 1     83                        96    -13       59
..................................................................


WIND (MPH)
  HIGHEST WIND SPEED    14   HIGHEST WIND DIRECTION     S (180)
  HIGHEST GUST SPEED    18   HIGHEST GUST DIRECTION     S (180)
  AVERAGE WIND SPEED     2.5


SKY COVER
  AVERAGE SKY COVER 0.2


WEATHER CONDITIONS
 THE FOLLOWING WEATHER WAS RECORDED YESTERDAY.
  NO SIGNIFICANT WEATHER WAS OBSERVED.


RELATIVE HUMIDITY (PERCENT)
 HIGHEST    96           400 AM
 LOWEST     30          1200 PM
 AVERAGE    63

..........................................................


THE BIRMINGHAM CLIMATE NORMALS FOR TODAY
                         NORMAL    RECORD    YEAR
 MAXIMUM TEMPERATURE (F)   79        92      1902
 MINIMUM TEMPERATURE (F)   56        36      1971


SUNRISE AND SUNSET
MAY  4 2015...........SUNRISE   556 AM CDT   SUNSET   732 PM CDT
MAY  5 2015...........SUNRISE   555 AM CDT   SUNSET   733 PM CDT


-  INDICATES NEGATIVE NUMBERS.
R  INDICATES RECORD WAS SET OR TIED.
MM INDICATES DATA IS MISSING.
T  INDICATES TRACE AMOUNT.




$$
