000
CDUS44 KBMX 230938
CLIBHM


CLIMATE REPORT
NATIONAL WEATHER SERVICE BIRMINGHAM, AL
438 AM CDT THU OCT 23 2014


...................................

...THE BIRMINGHAM CLIMATE SUMMARY FOR OCTOBER 22 2014...

CLIMATE NORMAL PERIOD 1981 TO 2010
CLIMATE RECORD PERIOD 1895 TO 2014


WEATHER ITEM   OBSERVED TIME   RECORD YEAR NORMAL DEPARTURE LAST
                VALUE   (LST)  VALUE       VALUE  FROM      YEAR
                                                  NORMAL
..................................................................
TEMPERATURE (F)
 YESTERDAY
  MAXIMUM         70    300 PM  89    1941  74     -4       74
  MINIMUM         46   1159 PM  28    1987  51     -5       52
  AVERAGE         58                        62     -4       63

PRECIPITATION (IN)
  YESTERDAY        0.00          3.73 1900   0.11  -0.11     0.00
  MONTH TO DATE    3.30                      2.42   0.88     1.38
  SINCE SEP 1      4.94                      6.32  -1.38     3.85
  SINCE JAN 1     37.80                     43.40  -5.60    56.11

SNOWFALL (IN)
  YESTERDAY        0.0                       0.0    0.0      0.0
  MONTH TO DATE    0.0                       0.0    0.0      0.0
  SINCE SEP 1      0.0                       0.0    0.0      0.0
  SINCE JUL 1      0.0                       0.0    0.0      0.0
  SNOW DEPTH       0

DEGREE DAYS
 HEATING
  YESTERDAY        7                         5      2        2
  MONTH TO DATE   40                        64    -24       34
  SINCE SEP 1     40                        73    -33       34
  SINCE JUL 1     40                        73    -33       34

 COOLING
  YESTERDAY        0                         2     -2        0
  MONTH TO DATE  111                        74     37       97
  SINCE SEP 1    487                       374    113      415
  SINCE JAN 1   2127                      2024    103     1940
..................................................................


WIND (MPH)
  HIGHEST WIND SPEED    18   HIGHEST WIND DIRECTION     N (360)
  HIGHEST GUST SPEED    22   HIGHEST GUST DIRECTION     N (10)
  AVERAGE WIND SPEED     4.8


SKY COVER
  AVERAGE SKY COVER 0.0


WEATHER CONDITIONS
 THE FOLLOWING WEATHER WAS RECORDED YESTERDAY.
  NO SIGNIFICANT WEATHER WAS OBSERVED.


RELATIVE HUMIDITY (PERCENT)
 HIGHEST    93           200 AM
 LOWEST     28           200 PM
 AVERAGE    61

..........................................................


THE BIRMINGHAM CLIMATE NORMALS FOR TODAY
                         NORMAL    RECORD    YEAR
 MAXIMUM TEMPERATURE (F)   73        89      1941
 MINIMUM TEMPERATURE (F)   51        32      1937


SUNRISE AND SUNSET
OCTOBER 23 2014.......SUNRISE   658 AM CDT   SUNSET   604 PM CDT
OCTOBER 24 2014.......SUNRISE   659 AM CDT   SUNSET   603 PM CDT


-  INDICATES NEGATIVE NUMBERS.
R  INDICATES RECORD WAS SET OR TIED.
MM INDICATES DATA IS MISSING.
T  INDICATES TRACE AMOUNT.




$$
