000
CDUS45 KVEF 220825
CLIBIH


CLIMATE REPORT
NATIONAL WEATHER SERVICE LAS VEGAS, NV
1225 AM PST WED FEB 22 2017


...................................

...THE BISHOP CA CLIMATE SUMMARY FOR FEBRUARY 21 2017...

CLIMATE NORMAL PERIOD 1981 TO 2010
CLIMATE RECORD PERIOD 1943 TO 2017


WEATHER ITEM   OBSERVED TIME   RECORD YEAR NORMAL DEPARTURE LAST
                VALUE   (LST)  VALUE       VALUE  FROM      YEAR
                                                  NORMAL
..................................................................
TEMPERATURE (F)
 YESTERDAY
  MAXIMUM         61    206 PM  75    1948  59      2       74
  MINIMUM         35   1146 PM  16    1987  28      7       29
  AVERAGE         48                        43      5       52

PRECIPITATION (IN)
  YESTERDAY        T             0.97 1980   0.03  -0.03     0.00
  MONTH TO DATE    2.21                      0.63   1.58     0.06
  SINCE OCT 1      7.80                      3.30   4.50     1.93
  SINCE JAN 1      7.44                      1.68   5.76     1.12

SNOWFALL (IN)
  YESTERDAY       MM             6.0  1944   0.0   MM        0.0
  MONTH TO DATE    0.0                       0.6   -0.6      0.0
  SINCE DEC 1      8.6                       7.0    1.6      2.0
  SINCE JUL 1      8.6                       7.3    1.3      2.0
  SNOW DEPTH       0

DEGREE DAYS
 HEATING
  YESTERDAY       17                        22     -5       13
  MONTH TO DATE  407                       494    -87      411
  SINCE DEC 1   2071                      2162    -91     2137
  SINCE JUL 1   2814                      3063   -249     2951

 COOLING
  YESTERDAY        0                         0      0        0
  MONTH TO DATE    0                         0      0        0
  SINCE DEC 1      0                         0      0        0
  SINCE JAN 1      0                         0      0        0
..................................................................


WIND (MPH)
  RESULTANT WIND SPEED   8   RESULTANT WIND DIRECTION   S (160)
  HIGHEST WIND SPEED    22   HIGHEST WIND DIRECTION    SE (150)
  HIGHEST GUST SPEED    28   HIGHEST GUST DIRECTION     W (260)
  AVERAGE WIND SPEED    11.7


SKY COVER
  POSSIBLE SUNSHINE  MM
  AVERAGE SKY COVER 0.4


WEATHER CONDITIONS
 THE FOLLOWING WEATHER WAS RECORDED YESTERDAY.
  LIGHT RAIN


RELATIVE HUMIDITY (PERCENT)
 HIGHEST    71           700 AM
 LOWEST     29           200 PM
 AVERAGE    50

..........................................................


THE BISHOP CA CLIMATE NORMALS FOR TODAY
                         NORMAL    RECORD    YEAR
 MAXIMUM TEMPERATURE (F)   60        75      2012
 MINIMUM TEMPERATURE (F)   28        14      1953


SUNRISE AND SUNSET
FEBRUARY 22 2017......SUNRISE   634 AM PST   SUNSET   541 PM PST
FEBRUARY 23 2017......SUNRISE   632 AM PST   SUNSET   542 PM PST


-  INDICATES NEGATIVE NUMBERS.
R  INDICATES RECORD WAS SET OR TIED.
MM INDICATES DATA IS MISSING.
T  INDICATES TRACE AMOUNT.




$$
