000
CDUS45 KVEF 300828
CLIBIH


CLIMATE REPORT
NATIONAL WEATHER SERVICE LAS VEGAS, NV
1228 AM PST FRI JAN 30 2015


...................................

...THE BISHOP CA CLIMATE SUMMARY FOR JANUARY 29 2015...

CLIMATE NORMAL PERIOD 1981 TO 2010
CLIMATE RECORD PERIOD 1943 TO 2015


WEATHER ITEM   OBSERVED TIME   RECORD YEAR NORMAL DEPARTURE LAST
                VALUE   (LST)  VALUE       VALUE  FROM      YEAR
                                                  NORMAL
..................................................................
TEMPERATURE (F)
 YESTERDAY
  MAXIMUM         62    326 PM  73    1971  55      7       68
  MINIMUM         33    530 AM   4    1949  24      9       30
  AVERAGE         48                        40      8       49

PRECIPITATION (IN)
  YESTERDAY        0.00          0.29 1981   0.03  -0.03     0.00
  MONTH TO DATE    0.09                      1.00  -0.91     0.00
  SINCE OCT 1      0.55                      2.62  -2.07     0.22
  SINCE JAN 1      0.09                      1.00  -0.91     0.00

SNOWFALL (IN)
  YESTERDAY        0.0           6.0  1981   0.1   -0.1      0.0
  MONTH TO DATE    0.0                       3.9   -3.9      0.0
  SINCE DEC 1      0.0                       5.2   -5.2      0.5
  SINCE JUL 1      0.0                       5.6   -5.6      0.5
  SNOW DEPTH       0

DEGREE DAYS
 HEATING
  YESTERDAY       17                        25     -8       16
  MONTH TO DATE  595                       771   -176      577
  SINCE DEC 1   1356                      1617   -261     1382
  SINCE JUL 1   2007                      2518   -511     2385

 COOLING
  YESTERDAY        0                         0      0        0
  MONTH TO DATE    0                         0      0        0
  SINCE DEC 1      0                         0      0        0
  SINCE JAN 1      0                         0      0        0
..................................................................


WIND (MPH)
  RESULTANT WIND SPEED   1   RESULTANT WIND DIRECTION  NW (310)
  HIGHEST WIND SPEED    10   HIGHEST WIND DIRECTION     S (190)
  HIGHEST GUST SPEED    14   HIGHEST GUST DIRECTION     S (180)
  AVERAGE WIND SPEED     4.7


SKY COVER
  POSSIBLE SUNSHINE  MM
  AVERAGE SKY COVER 0.2


WEATHER CONDITIONS
 THE FOLLOWING WEATHER WAS RECORDED YESTERDAY.
  NO SIGNIFICANT WEATHER WAS OBSERVED.


RELATIVE HUMIDITY (PERCENT)
 HIGHEST    75           300 AM
 LOWEST     32           200 PM
 AVERAGE    54

..........................................................


THE BISHOP CA CLIMATE NORMALS FOR TODAY
                         NORMAL    RECORD    YEAR
 MAXIMUM TEMPERATURE (F)   55        74      1971
 MINIMUM TEMPERATURE (F)   24         2      1969


SUNRISE AND SUNSET
JANUARY 30 2015.......SUNRISE   658 AM PST   SUNSET   516 PM PST
JANUARY 31 2015.......SUNRISE   658 AM PST   SUNSET   517 PM PST


-  INDICATES NEGATIVE NUMBERS.
R  INDICATES RECORD WAS SET OR TIED.
MM INDICATES DATA IS MISSING.
T  INDICATES TRACE AMOUNT.




$$
