000
CDUS45 KVEF 290826
CLIBIH


CLIMATE REPORT
NATIONAL WEATHER SERVICE LAS VEGAS, NV
126 AM PDT WED MAR 29 2017


...................................

...THE BISHOP CA CLIMATE SUMMARY FOR MARCH 28 2017...

CLIMATE NORMAL PERIOD 1981 TO 2010
CLIMATE RECORD PERIOD 1943 TO 2017


WEATHER ITEM   OBSERVED TIME   RECORD YEAR NORMAL DEPARTURE LAST
                VALUE   (LST)  VALUE       VALUE  FROM      YEAR
                                                  NORMAL
..................................................................
TEMPERATURE (F)
 YESTERDAY
  MAXIMUM         68    507 PM  85    2015  68      0       63
  MINIMUM         40    551 AM  15    1972  33      7       35
  AVERAGE         54                        50      4       49

PRECIPITATION (IN)
  YESTERDAY        0.00          0.39 1963   0.01  -0.01      T
  MONTH TO DATE    0.09                      0.49  -0.40     0.07
  SINCE OCT 1      7.89                      4.01   3.88     2.00
  SINCE JAN 1      7.53                      2.39   5.14     1.19

SNOWFALL (IN)
  YESTERDAY        0.0           1.4  1998   0.1   -0.1       T
  MONTH TO DATE    T                         0.5   -0.5       T
  SINCE MAR 1      T                         0.5   -0.5       T
  SINCE JUL 1      8.6                       7.9    0.7      2.0
  SNOW DEPTH       0

DEGREE DAYS
 HEATING
  YESTERDAY       11                        15     -4       16
  MONTH TO DATE  371                       474   -103      346
  SINCE MAR 1    371                       474   -103      346
  SINCE JUL 1   3371                      3681   -310     3402

 COOLING
  YESTERDAY        0                         0      0        0
  MONTH TO DATE    0                         0      0        0
  SINCE MAR 1      0                         0      0        0
  SINCE JAN 1      0                         0      0        0
..................................................................


WIND (MPH)
  RESULTANT WIND SPEED  14   RESULTANT WIND DIRECTION   N (350)
  HIGHEST WIND SPEED    28   HIGHEST WIND DIRECTION     N (360)
  HIGHEST GUST SPEED    37   HIGHEST GUST DIRECTION     N (360)
  AVERAGE WIND SPEED    14.6


SKY COVER
  POSSIBLE SUNSHINE  MM
  AVERAGE SKY COVER 0.0


WEATHER CONDITIONS
 THE FOLLOWING WEATHER WAS RECORDED YESTERDAY.
  NO SIGNIFICANT WEATHER WAS OBSERVED.


RELATIVE HUMIDITY (PERCENT)
 HIGHEST    43           700 AM
 LOWEST     13           400 PM
 AVERAGE    28

..........................................................


THE BISHOP CA CLIMATE NORMALS FOR TODAY
                         NORMAL    RECORD    YEAR
 MAXIMUM TEMPERATURE (F)   68        84      2015
 MINIMUM TEMPERATURE (F)   33        19      1998


SUNRISE AND SUNSET
MARCH 29 2017.........SUNRISE   643 AM PDT   SUNSET   714 PM PDT
MARCH 30 2017.........SUNRISE   642 AM PDT   SUNSET   715 PM PDT


-  INDICATES NEGATIVE NUMBERS.
R  INDICATES RECORD WAS SET OR TIED.
MM INDICATES DATA IS MISSING.
T  INDICATES TRACE AMOUNT.




$$
