000
CDUS45 KVEF 060830
CLIBIH


CLIMATE REPORT
NATIONAL WEATHER SERVICE LAS VEGAS, NV
128 AM PDT MON JUL 6 2015


...................................

...THE BISHOP CA CLIMATE SUMMARY FOR JULY 5 2015...

CLIMATE NORMAL PERIOD 1981 TO 2010
CLIMATE RECORD PERIOD 1943 TO 2015


WEATHER ITEM   OBSERVED TIME   RECORD YEAR NORMAL DEPARTURE LAST
                VALUE   (LST)  VALUE       VALUE  FROM      YEAR
                                                  NORMAL
..................................................................
TEMPERATURE (F)
 YESTERDAY
  MAXIMUM         98    106 PM 108    2007  97      1      103
  MINIMUM         59    408 AM  42    1948  55      4       57
  AVERAGE         79                        76      3       80

PRECIPITATION (IN)
  YESTERDAY        0.01          0.08 2011   0.00   0.01      T
  MONTH TO DATE    0.24                      0.02   0.22      T
  SINCE OCT 1      2.76                      4.71  -1.95     2.48
  SINCE JAN 1      2.30                      3.09  -0.79     2.26

SNOWFALL (IN)
  YESTERDAY        0.0          MM      MM   0.0    0.0      0.0
  MONTH TO DATE    0.0                       0.0    0.0      0.0
  SINCE JUN 1      0.0                       0.0    0.0      0.0
  SINCE JUL 1      0.0                       0.0    0.0      0.0
  SNOW DEPTH       0

DEGREE DAYS
 HEATING
  YESTERDAY        0                         0      0        0
  MONTH TO DATE    0                         0      0        0
  SINCE JUN 1      0                        19    -19        0
  SINCE JUL 1      0                         0      0        0

 COOLING
  YESTERDAY       14                        11      3       15
  MONTH TO DATE   83                        55     28       74
  SINCE JUN 1    417                       269    148      370
  SINCE JAN 1    468                       337    131      455
..................................................................


WIND (MPH)
  RESULTANT WIND SPEED   1   RESULTANT WIND DIRECTION   W (250)
  HIGHEST WIND SPEED    35   HIGHEST WIND DIRECTION     S (180)
  HIGHEST GUST SPEED    52   HIGHEST GUST DIRECTION     S (180)
  AVERAGE WIND SPEED     8.5


SKY COVER
  POSSIBLE SUNSHINE  MM
  AVERAGE SKY COVER 0.1


WEATHER CONDITIONS
 THE FOLLOWING WEATHER WAS RECORDED YESTERDAY.
  THUNDERSTORM


RELATIVE HUMIDITY (PERCENT)
 HIGHEST    67           400 AM
 LOWEST     15           300 PM
 AVERAGE    41

..........................................................


THE BISHOP CA CLIMATE NORMALS FOR TODAY
                         NORMAL    RECORD    YEAR
 MAXIMUM TEMPERATURE (F)   98       105      1989
                                             1953
                                             1945
 MINIMUM TEMPERATURE (F)   56        40      1955


SUNRISE AND SUNSET
JULY  6 2015..........SUNRISE   539 AM PDT   SUNSET   817 PM PDT
JULY  7 2015..........SUNRISE   539 AM PDT   SUNSET   817 PM PDT


-  INDICATES NEGATIVE NUMBERS.
R  INDICATES RECORD WAS SET OR TIED.
MM INDICATES DATA IS MISSING.
T  INDICATES TRACE AMOUNT.




$$
