344
CDUS45 KBYZ 302223
CLIBIL


CLIMATE REPORT
NATIONAL WEATHER SERVICE BILLINGS MT
421 PM MDT THU MAR 30 2017


...................................

...THE BILLINGS MT CLIMATE SUMMARY FOR MARCH 30 2017...
VALID TODAY AS OF 0400 PM LOCAL TIME.

CLIMATE NORMAL PERIOD 1981 TO 2010
CLIMATE RECORD PERIOD 1934 TO 2017


WEATHER ITEM   OBSERVED TIME   RECORD YEAR NORMAL DEPARTURE LAST
                VALUE   (LST)  VALUE       VALUE  FROM      YEAR
                                                  NORMAL
..................................................................
TEMPERATURE (F)
 TODAY
  MAXIMUM         51    115 AM  79    1978  53     -2       54
  MINIMUM         45   1000 AM  -8    1936  31     14       34
  AVERAGE         48                        42      6       44

PRECIPITATION (IN)
  TODAY            0.28          0.75 2006   0.04   0.24     0.06
  MONTH TO DATE    2.15                      1.01   1.14     1.45
  SINCE OCT 1      9.17                      4.28   4.89     4.83
  SINCE JAN 1      3.61                      1.97   1.64     1.98

SNOWFALL (IN)
  TODAY            0.0           8.3  2007   0.3   -0.3      0.0
  MONTH TO DATE   10.4                       9.8    0.6      1.9
  SINCE MAR 1     10.4                       9.8    0.6      1.9
  SINCE JUL 1     70.7                      44.3   26.4     26.3
  SNOW DEPTH       0

DEGREE DAYS
 HEATING
  TODAY           17                        24     -7       21
  MONTH TO DATE  699                       822   -123      649
  SINCE MAR 1    699                       822   -123      649
  SINCE JUL 1   5784                      5787     -3     4910

 COOLING
  TODAY            0                         0      0        0
  MONTH TO DATE    0                         0      0        0
  SINCE MAR 1      0                         0      0        0
  SINCE JAN 1      0                         0      0        0
..................................................................


WIND (MPH)
  HIGHEST WIND SPEED    17   HIGHEST WIND DIRECTION     W (280)
  HIGHEST GUST SPEED    22   HIGHEST GUST DIRECTION     W (280)
  AVERAGE WIND SPEED     8.3


SKY COVER
  POSSIBLE SUNSHINE  MM
  AVERAGE SKY COVER 0.9


WEATHER CONDITIONS
 THE FOLLOWING WEATHER WAS RECORDED TODAY.
  RAIN
  LIGHT RAIN
  FOG
  FOG W/VISIBILITY <= 1/4 MILE


RELATIVE HUMIDITY (PERCENT)
 HIGHEST   100          1000 AM
 LOWEST     59          1200 AM
 AVERAGE    80

..........................................................


THE BILLINGS MT CLIMATE NORMALS FOR TOMORROW
                         NORMAL    RECORD    YEAR
 MAXIMUM TEMPERATURE (F)   53        80      2012
                                             2004
 MINIMUM TEMPERATURE (F)   31         1      1936


SUNRISE AND SUNSET
MARCH 30 2017.........SUNRISE   657 AM MDT   SUNSET   740 PM MDT
MARCH 31 2017.........SUNRISE   655 AM MDT   SUNSET   742 PM MDT


-  INDICATES NEGATIVE NUMBERS.
R  INDICATES RECORD WAS SET OR TIED.
MM INDICATES DATA IS MISSING.
T  INDICATES TRACE AMOUNT.




$$
