000
CDUS45 KBYZ 240723
CLIBIL


CLIMATE REPORT
NATIONAL WEATHER SERVICE BILLINGS MT
123 AM MDT SAT JUN 24 2017


...................................

...THE BILLINGS MT CLIMATE SUMMARY FOR JUNE 23 2017...

CLIMATE NORMAL PERIOD 1981 TO 2010
CLIMATE RECORD PERIOD 1934 TO 2017


WEATHER ITEM   OBSERVED TIME   RECORD YEAR NORMAL DEPARTURE LAST
                VALUE   (LST)  VALUE       VALUE  FROM      YEAR
                                                  NORMAL
..................................................................
TEMPERATURE (F)
 YESTERDAY
  MAXIMUM         72    401 PM 104    1988  80     -8       96
  MINIMUM         46    445 AM  43    1960  54     -8       58
                                      1951
  AVERAGE         59                        67     -8       77

PRECIPITATION (IN)
  YESTERDAY        0.00          0.45 1967   0.07  -0.07     0.00
  MONTH TO DATE    1.95                      1.71   0.24     0.23
  SINCE OCT 1     16.14                      9.88   6.26     8.48
  SINCE JAN 1     10.58                      7.57   3.01     5.63

SNOWFALL (IN)
  YESTERDAY        0.0           T    2001   0.0    0.0      0.0
                                      2000
  MONTH TO DATE    0.0                       0.0    0.0       T
  SINCE JUN 1      0.0                       0.0    0.0       T
  SINCE JUL 1     74.1                      55.0   19.1     28.1
  SNOW DEPTH       0

DEGREE DAYS
 HEATING
  YESTERDAY        6                         2      4        0
  MONTH TO DATE   34                        85    -51       11
  SINCE JUN 1     34                        85    -51       11
  SINCE JUL 1   6599                      6771   -172     5686

 COOLING
  YESTERDAY        0                         4     -4       12
  MONTH TO DATE   81                        51     30      132
  SINCE JUN 1     81                        51     30      132
  SINCE JAN 1     96                        68     28      143
..................................................................


WIND (MPH)
  HIGHEST WIND SPEED    20   HIGHEST WIND DIRECTION     N (360)
  HIGHEST GUST SPEED    23   HIGHEST GUST DIRECTION     N (360)
  AVERAGE WIND SPEED     6.3


SKY COVER
  POSSIBLE SUNSHINE  MM
  AVERAGE SKY COVER 0.3


WEATHER CONDITIONS
 THE FOLLOWING WEATHER WAS RECORDED YESTERDAY.
  NO SIGNIFICANT WEATHER WAS OBSERVED.


RELATIVE HUMIDITY (PERCENT)
 HIGHEST    71           400 AM
 LOWEST     23           400 PM
 AVERAGE    47

..........................................................


THE BILLINGS MT CLIMATE NORMALS FOR TODAY
                         NORMAL    RECORD    YEAR
 MAXIMUM TEMPERATURE (F)   80       101      1936
 MINIMUM TEMPERATURE (F)   54        41      1953
                                             1939


SUNRISE AND SUNSET
JUNE 24 2017..........SUNRISE   525 AM MDT   SUNSET   908 PM MDT
JUNE 25 2017..........SUNRISE   525 AM MDT   SUNSET   908 PM MDT


-  INDICATES NEGATIVE NUMBERS.
R  INDICATES RECORD WAS SET OR TIED.
MM INDICATES DATA IS MISSING.
T  INDICATES TRACE AMOUNT.




$$
