000
CDUS45 KBYZ 300936
CLIBIL


CLIMATE REPORT
NATIONAL WEATHER SERVICE BILLINGS MT
335 AM MDT WED JUL 30 2014


...................................

...THE BILLINGS MT CLIMATE SUMMARY FOR JULY 29 2014...

CLIMATE NORMAL PERIOD 1981 TO 2010
CLIMATE RECORD PERIOD 1934 TO 2014


WEATHER ITEM   OBSERVED TIME   RECORD YEAR NORMAL DEPARTURE LAST
                VALUE   (LST)  VALUE       VALUE  FROM      YEAR
                                                  NORMAL
..................................................................
TEMPERATURE (F)
 YESTERDAY
  MAXIMUM         90    403 PM 102    1939  89      1       75
  MINIMUM         66    505 AM  43    1971  60      6       56
  AVERAGE         78                        74      4       66

PRECIPITATION (IN)
  YESTERDAY        0.00          0.96 1985   0.04  -0.04     0.06
  MONTH TO DATE    0.34                      1.25  -0.91     0.62
  SINCE OCT 1     14.81                     11.54   3.27     9.99
  SINCE JAN 1      9.92                      9.23   0.69     7.94

SNOWFALL (IN)
  YESTERDAY        0.0           T    1950   0.0    0.0      0.0
  MONTH TO DATE    0.0                       0.0    0.0      0.0
  SINCE JUN 1      T                         0.0    0.0      0.0
  SINCE JUL 1      0.0                       0.0    0.0      0.0
  SNOW DEPTH       0

DEGREE DAYS
 HEATING
  YESTERDAY        0                         0      0        0
  MONTH TO DATE    1                        12    -11        0
  SINCE JUN 1     90                       108    -18       73
  SINCE JUL 1      1                        12    -11        0

 COOLING
  YESTERDAY       13                        10      3        1
  MONTH TO DATE  279                       238     41      289
  SINCE JUN 1    298                       323    -25      385
  SINCE JAN 1    314                       340    -26      412
..................................................................


WIND (MPH)
  HIGHEST WIND SPEED    17   HIGHEST WIND DIRECTION     E (100)
  HIGHEST GUST SPEED    23   HIGHEST GUST DIRECTION     E (100)
  AVERAGE WIND SPEED     8.5


SKY COVER
  POSSIBLE SUNSHINE  MM
  AVERAGE SKY COVER 0.5


WEATHER CONDITIONS
 THE FOLLOWING WEATHER WAS RECORDED YESTERDAY.
  NO SIGNIFICANT WEATHER WAS OBSERVED.


RELATIVE HUMIDITY (PERCENT)
 HIGHEST    53           800 AM
 LOWEST     23           400 PM
 AVERAGE    38

..........................................................


THE BILLINGS MT CLIMATE NORMALS FOR TODAY
                         NORMAL    RECORD    YEAR
 MAXIMUM TEMPERATURE (F)   89       102      2000
 MINIMUM TEMPERATURE (F)   60        46      1971


SUNRISE AND SUNSET
JULY 30 2014..........SUNRISE   555 AM MDT   SUNSET   845 PM MDT
JULY 31 2014..........SUNRISE   556 AM MDT   SUNSET   844 PM MDT


-  INDICATES NEGATIVE NUMBERS.
R  INDICATES RECORD WAS SET OR TIED.
MM INDICATES DATA IS MISSING.
T  INDICATES TRACE AMOUNT.





&&

...THE CLIMATE SUMMARY FOR SOUTHWEST BILLINGS FOR 29 JULY 2014...

HIGH TEMPERATURE........................92
LOW TEMPERATURE.........................67

PRECIPITATION...........................0.00
MONTHLY PRECIPITATION TOTAL.............0.91
YEARLY PRECIPITATION TOTAL..............10.56

SNOWFALL................................0.0
MONTHLY SNOWFALL TOTAL..................0.0
TOTAL SNOWFALL SINCE JULY 1.............0.0

SNOW DEPTH AT MIDNIGHT..................0

$$
