000
CDUS45 KBYZ 241001
CLIBIL


CLIMATE REPORT
NATIONAL WEATHER SERVICE BILLINGS MT
357 AM MDT TUE MAY 24 2016


...................................

...THE BILLINGS MT CLIMATE SUMMARY FOR MAY 23 2016...

CLIMATE NORMAL PERIOD 1981 TO 2010
CLIMATE RECORD PERIOD 1934 TO 2016


WEATHER ITEM   OBSERVED TIME   RECORD YEAR NORMAL DEPARTURE LAST
                VALUE   (LST)  VALUE       VALUE  FROM      YEAR
                                                  NORMAL
..................................................................
TEMPERATURE (F)
 YESTERDAY
  MAXIMUM         63   1113 AM  88    1985  70     -7       65
  MINIMUM         46    420 AM  29    2002  46      0       50
  AVERAGE         55                        58     -3       58

PRECIPITATION (IN)
  YESTERDAY        T             1.33 2008   0.07  -0.07      T
  MONTH TO DATE    1.82                      1.58   0.24     1.53
  SINCE OCT 1      8.03                      7.57   0.46     6.34
  SINCE JAN 1      5.18                      5.26  -0.08     4.77

SNOWFALL (IN)
  YESTERDAY        0.0           0.1  2002   0.0    0.0      0.0
  MONTH TO DATE    T                         1.9   -1.9       T
  SINCE MAR 1      3.7                      20.4  -16.7     11.3
  SINCE JUL 1     28.1                      54.9  -26.8     55.4
  SNOW DEPTH       0

DEGREE DAYS
 HEATING
  YESTERDAY       10                         8      2        7
  MONTH TO DATE  224                       254    -30      299
  SINCE MAR 1   1357                      1666   -309     1365
  SINCE JUL 1   5618                      6631  -1013     6006

 COOLING
  YESTERDAY        0                         1     -1        0
  MONTH TO DATE    8                         5      3        0
  SINCE MAR 1     11                         6      5        0
  SINCE JAN 1     11                         6      5        0
..................................................................


WIND (MPH)
  HIGHEST WIND SPEED    28   HIGHEST WIND DIRECTION     W (290)
  HIGHEST GUST SPEED    34   HIGHEST GUST DIRECTION     W (290)
  AVERAGE WIND SPEED    13.1


SKY COVER
  POSSIBLE SUNSHINE  MM
  AVERAGE SKY COVER 0.6


WEATHER CONDITIONS
 THE FOLLOWING WEATHER WAS RECORDED YESTERDAY.
  NO SIGNIFICANT WEATHER WAS OBSERVED.


RELATIVE HUMIDITY (PERCENT)
 HIGHEST    66          1100 PM
 LOWEST     32          1000 AM
 AVERAGE    49

..........................................................


THE BILLINGS MT CLIMATE NORMALS FOR TODAY
                         NORMAL    RECORD    YEAR
 MAXIMUM TEMPERATURE (F)   70        90      1941
 MINIMUM TEMPERATURE (F)   46        34      1975


SUNRISE AND SUNSET
MAY 24 2016...........SUNRISE   533 AM MDT   SUNSET   850 PM MDT
MAY 25 2016...........SUNRISE   532 AM MDT   SUNSET   851 PM MDT


-  INDICATES NEGATIVE NUMBERS.
R  INDICATES RECORD WAS SET OR TIED.
MM INDICATES DATA IS MISSING.
T  INDICATES TRACE AMOUNT.





&&

...THE CLIMATE SUMMARY FOR SOUTHWEST BILLINGS FOR 23 MAY 2016...

HIGH TEMPERATURE........................66
LOW TEMPERATURE.........................43

PRECIPITATION...........................T
MONTHLY PRECIPITATION TOTAL.............2.65
YEARLY PRECIPITATION TOTAL..............5.65

SNOWFALL................................0.0
MONTHLY SNOWFALL TOTAL..................0.0
TOTAL SNOWFALL SINCE JULY 1.............25.8

SNOW DEPTH AT MIDNIGHT..................0

$$
