000
CDUS45 KBYZ 232223
CLIBIL


CLIMATE REPORT
NATIONAL WEATHER SERVICE BILLINGS MT
423 PM MDT WED AUG 23 2017


...................................

...THE BILLINGS MT CLIMATE SUMMARY FOR AUGUST 23 2017...
VALID TODAY AS OF 0400 PM LOCAL TIME.

CLIMATE NORMAL PERIOD 1981 TO 2010
CLIMATE RECORD PERIOD 1934 TO 2017


WEATHER ITEM   OBSERVED TIME   RECORD YEAR NORMAL DEPARTURE LAST
                VALUE   (LST)  VALUE       VALUE  FROM      YEAR
                                                  NORMAL
..................................................................
TEMPERATURE (F)
 TODAY
  MAXIMUM         93    249 PM  99    1969  84      9       81
  MINIMUM         57    431 AM  39    1992  56      1       56
  AVERAGE         75                        70      5       69

PRECIPITATION (IN)
  TODAY            0.00          0.62 2014   0.02  -0.02     0.00
  MONTH TO DATE    0.17                      0.55  -0.38     1.67
  SINCE OCT 1     16.80                     12.16   4.64    10.60
  SINCE JAN 1     11.24                      9.85   1.39     7.75

DEGREE DAYS
 HEATING
  TODAY            0                         1     -1        0
  MONTH TO DATE    2                         8     -6        9
  SINCE JUN 1     40                       119    -79       24
  SINCE JUL 1      2                        23    -21       13

 COOLING
  TODAY           10                         6      4        4
  MONTH TO DATE  113                       183    -70      159
  SINCE JUN 1    635                       524    111      630
  SINCE JAN 1    650                       541    109      641
..................................................................


WIND (MPH)
  HIGHEST WIND SPEED    17   HIGHEST WIND DIRECTION    SW (240)
  HIGHEST GUST SPEED    20   HIGHEST GUST DIRECTION    SW (240)
  AVERAGE WIND SPEED     9.1


SKY COVER
  POSSIBLE SUNSHINE  MM
  AVERAGE SKY COVER 0.1


WEATHER CONDITIONS
 THE FOLLOWING WEATHER WAS RECORDED TODAY.
  NO SIGNIFICANT WEATHER WAS OBSERVED.


RELATIVE HUMIDITY (PERCENT)
 HIGHEST    43           800 AM
 LOWEST     13           300 PM
 AVERAGE    28

..........................................................


THE BILLINGS MT CLIMATE NORMALS FOR TOMORROW
                         NORMAL    RECORD    YEAR
 MAXIMUM TEMPERATURE (F)   84       100      1969
 MINIMUM TEMPERATURE (F)   56        36      1992


SUNRISE AND SUNSET
AUGUST 23 2017........SUNRISE   624 AM MDT   SUNSET   808 PM MDT
AUGUST 24 2017........SUNRISE   626 AM MDT   SUNSET   806 PM MDT


-  INDICATES NEGATIVE NUMBERS.
R  INDICATES RECORD WAS SET OR TIED.
MM INDICATES DATA IS MISSING.
T  INDICATES TRACE AMOUNT.




$$
