000
CDUS45 KBYZ 302228
CLIBIL


CLIMATE REPORT
NATIONAL WEATHER SERVICE BILLINGS MT
427 PM MDT SAT AUG 30 2014


...................................

...THE BILLINGS MT CLIMATE SUMMARY FOR AUGUST 30 2014...
VALID TODAY AS OF 0400 PM LOCAL TIME.

CLIMATE NORMAL PERIOD 1981 TO 2010
CLIMATE RECORD PERIOD 1934 TO 2014


WEATHER ITEM   OBSERVED TIME   RECORD YEAR NORMAL DEPARTURE LAST
                VALUE   (LST)  VALUE       VALUE  FROM      YEAR
                                                  NORMAL
..................................................................
TEMPERATURE (F)
 TODAY
  MAXIMUM         69   1136 AM 100    1954  81    -12       95
  MINIMUM         59    705 AM  41    1993  54      5       63
  AVERAGE         64                        67     -3       79

PRECIPITATION (IN)
  TODAY            0.02          0.93 2010   0.03  -0.01      T
  MONTH TO DATE    1.97                      0.72   1.25     0.19
  SINCE OCT 1     16.78                     12.33   4.45    10.23
  SINCE JAN 1     11.89                     10.02   1.87     8.18

SNOWFALL (IN)
  TODAY            0.0           0.0  2002   0.0    0.0      0.0
                                      2000
  MONTH TO DATE    0.0                       0.0    0.0       T
  SINCE JUN 1      T                         0.0    0.0       T
  SINCE JUL 1      0.0                       0.0    0.0       T
  SNOW DEPTH       0

DEGREE DAYS
 HEATING
  TODAY            1                         2     -1        0
  MONTH TO DATE   46                        18     28        0
  SINCE JUN 1    136                       129      7       73
  SINCE JUL 1     47                        33     14        0

 COOLING
  TODAY            0                         4     -4       14
  MONTH TO DATE  213                       218     -5      308
  SINCE JUN 1    536                       559    -23      702
  SINCE JAN 1    552                       576    -24      729
..................................................................


WIND (MPH)
  HIGHEST WIND SPEED    20   HIGHEST WIND DIRECTION    NW (330)
  HIGHEST GUST SPEED    28   HIGHEST GUST DIRECTION     W (280)
  AVERAGE WIND SPEED     6.0


SKY COVER
  POSSIBLE SUNSHINE  MM
  AVERAGE SKY COVER 0.7


WEATHER CONDITIONS
 THE FOLLOWING WEATHER WAS RECORDED TODAY.
  LIGHT RAIN


RELATIVE HUMIDITY (PERCENT)
 HIGHEST    80           200 AM
 LOWEST     58          1100 AM
 AVERAGE    69

..........................................................


THE BILLINGS MT CLIMATE NORMALS FOR TOMORROW
                         NORMAL    RECORD    YEAR
 MAXIMUM TEMPERATURE (F)   81       101      1955
 MINIMUM TEMPERATURE (F)   53        40      1993


SUNRISE AND SUNSET
AUGUST 30 2014........SUNRISE   633 AM MDT   SUNSET   756 PM MDT
AUGUST 31 2014........SUNRISE   634 AM MDT   SUNSET   754 PM MDT


-  INDICATES NEGATIVE NUMBERS.
R  INDICATES RECORD WAS SET OR TIED.
MM INDICATES DATA IS MISSING.
T  INDICATES TRACE AMOUNT.




$$
