000
CDUS45 KBYZ 181823
CLIBIL


CLIMATE REPORT
NATIONAL WEATHER SERVICE BILLINGS MT
1123 AM MST MON DEC 18 2017


...................................

...THE BILLINGS MT CLIMATE SUMMARY FOR DECEMBER 18 2017...
VALID AS OF 1100 AM LOCAL TIME.

CLIMATE NORMAL PERIOD 1981 TO 2010
CLIMATE RECORD PERIOD 1934 TO 2017


WEATHER ITEM   OBSERVED RECORD YEAR NORMAL DEPARTURE LAST
                VALUE   VALUE       VALUE  FROM      YEAR
                                           NORMAL
...........................................................
TEMPERATURE (F)
 TODAY
  MAXIMUM         39     62    1979  34      5
  MINIMUM         32    -19    1983  17     15
  AVERAGE         36

PRECIPITATION (IN)
  TODAY            0.00   0.46 1973   0.02  -0.02     0.00
  MONTH TO DATE    0.35               0.30   0.05     1.31
  SINCE OCT 1      2.19               2.11   0.08     5.20
  SINCE JAN 1     16.17              13.46   2.71    14.53

...........................................................










-  INDICATES NEGATIVE NUMBERS.
R  INDICATES RECORD WAS SET OR TIED.
MM INDICATES DATA IS MISSING.
T  INDICATES TRACE AMOUNT.




$$
