000
CDUS45 KBYZ 051032
CLIBIL


CLIMATE REPORT
NATIONAL WEATHER SERVICE BILLINGS MT
331 AM MST THU MAR 5 2015


...................................

...THE BILLINGS MT CLIMATE SUMMARY FOR MARCH 4 2015...

CLIMATE NORMAL PERIOD 1981 TO 2010
CLIMATE RECORD PERIOD 1934 TO 2015


WEATHER ITEM   OBSERVED TIME   RECORD YEAR NORMAL DEPARTURE LAST
                VALUE   (LST)  VALUE       VALUE  FROM      YEAR
                                                  NORMAL
..................................................................
TEMPERATURE (F)
 YESTERDAY
  MAXIMUM         30    503 PM  69    1987  45    -15       46
  MINIMUM          5    706 AM -19    1989  24    -19       18
  AVERAGE         18                        34    -16       32

PRECIPITATION (IN)
  YESTERDAY        0.00          0.28 1998   0.02  -0.02      T
                                      1957
  MONTH TO DATE    0.09                      0.09   0.00     0.05
  SINCE OCT 1      2.96                      3.36  -0.40     8.02
  SINCE JAN 1      1.39                      1.05   0.34     3.13

SNOWFALL (IN)
  YESTERDAY        0.0           7.5  1998   0.3   -0.3       T
  MONTH TO DATE    3.1                       1.1    2.0      1.3
  SINCE MAR 1      3.1                       1.1    2.0      1.3
  SINCE JUL 1     47.2                      35.6   11.6     91.5
  SNOW DEPTH       2

DEGREE DAYS
 HEATING
  YESTERDAY       47                        31     16       33
  MONTH TO DATE  175                       124     51      232
  SINCE MAR 1    175                       124     51      232
  SINCE JUL 1   4816                      5089   -273     5505

 COOLING
  YESTERDAY        0                         0      0        0
  MONTH TO DATE    0                         0      0        0
  SINCE MAR 1      0                         0      0        0
  SINCE JAN 1      0                         0      0        0
..................................................................


WIND (MPH)
  HIGHEST WIND SPEED    26   HIGHEST WIND DIRECTION    SW (240)
  HIGHEST GUST SPEED    33   HIGHEST GUST DIRECTION    SW (230)
  AVERAGE WIND SPEED    13.4


SKY COVER
  POSSIBLE SUNSHINE  MM
  AVERAGE SKY COVER 0.4


WEATHER CONDITIONS
 THE FOLLOWING WEATHER WAS RECORDED YESTERDAY.
  NO SIGNIFICANT WEATHER WAS OBSERVED.


RELATIVE HUMIDITY (PERCENT)
 HIGHEST    69           500 AM
 LOWEST     39           500 PM
 AVERAGE    54

..........................................................


THE BILLINGS MT CLIMATE NORMALS FOR TODAY
                         NORMAL    RECORD    YEAR
 MAXIMUM TEMPERATURE (F)   45        71      1987
 MINIMUM TEMPERATURE (F)   24       -16      1951
                                             1945


SUNRISE AND SUNSET
MARCH  5 2015.........SUNRISE   646 AM MST   SUNSET   606 PM MST
MARCH  6 2015.........SUNRISE   644 AM MST   SUNSET   608 PM MST


-  INDICATES NEGATIVE NUMBERS.
R  INDICATES RECORD WAS SET OR TIED.
MM INDICATES DATA IS MISSING.
T  INDICATES TRACE AMOUNT.





&&

...THE CLIMATE SUMMARY FOR SOUTHWEST BILLINGS FOR 04 MARCH 2015...

HIGH TEMPERATURE........................34
LOW TEMPERATURE......................... 5

PRECIPITATION...........................0.00
MONTHLY PRECIPITATION TOTAL.............0.10
YEARLY PRECIPITATION TOTAL..............1.27

SNOWFALL................................0.0
MONTHLY SNOWFALL TOTAL..................2.0
TOTAL SNOWFALL SINCE JULY 1.............47.8

SNOW DEPTH AT MIDNIGHT..................T

$$
