000
CDUS43 KBIS 230743
CLIBIS


CLIMATE REPORT
NATIONAL WEATHER SERVICE BISMARCK ND
242 AM CDT WED AUG 23 2017


...................................

...THE BISMARCK ND CLIMATE SUMMARY FOR AUGUST 22 2017...

CLIMATE NORMAL PERIOD 1981 TO 2010
CLIMATE RECORD PERIOD 1875 TO 2017


WEATHER ITEM   OBSERVED TIME   RECORD YEAR NORMAL DEPARTURE LAST
                VALUE   (LST)  VALUE       VALUE  FROM      YEAR
                                                  NORMAL
..................................................................
TEMPERATURE (F)
 YESTERDAY
  MAXIMUM         78    429 PM 106    1960  82     -4       89
  MINIMUM         46    606 AM  35    1908  54     -8       54
  AVERAGE         62                        68     -6       72

PRECIPITATION (IN)
  YESTERDAY        0.00          1.40 1876   0.07  -0.07     0.00
  MONTH TO DATE    5.08                      1.67   3.41     1.88
  SINCE JUN 1      8.50                      7.73   0.77    11.36
  SINCE JAN 1     11.63                     13.20  -1.57    18.54

DEGREE DAYS
 HEATING
  YESTERDAY        3                         1      2        0
  MONTH TO DATE   12                        19     -7       11
  SINCE JUN 1     42                       129    -87       45
  SINCE JUL 1     12                        36    -24       19

 COOLING
  YESTERDAY        0                         5     -5        7
  MONTH TO DATE   48                       140    -92      128
  SINCE JUN 1    515                       427     88      483
  SINCE JAN 1    529                       444     85      493
..................................................................


WIND (MPH)
  HIGHEST WIND SPEED    14   HIGHEST WIND DIRECTION    NW (320)
  HIGHEST GUST SPEED    19   HIGHEST GUST DIRECTION    NW (320)
  AVERAGE WIND SPEED     5.0


SKY COVER
  POSSIBLE SUNSHINE  MM
  AVERAGE SKY COVER 0.0


WEATHER CONDITIONS
 THE FOLLOWING WEATHER WAS RECORDED YESTERDAY.
  NO SIGNIFICANT WEATHER WAS OBSERVED.


RELATIVE HUMIDITY (PERCENT)
 HIGHEST    93           600 AM
 LOWEST     23           400 PM
 AVERAGE    58

..........................................................


THE BISMARCK ND CLIMATE NORMALS FOR TODAY
                         NORMAL    RECORD    YEAR
 MAXIMUM TEMPERATURE (F)   82       102      2003
                                             1976
 MINIMUM TEMPERATURE (F)   54        35      1911


SUNRISE AND SUNSET
AUGUST 23 2017........SUNRISE   651 AM CDT   SUNSET   839 PM CDT
AUGUST 24 2017........SUNRISE   653 AM CDT   SUNSET   837 PM CDT


-  INDICATES NEGATIVE NUMBERS.
R  INDICATES RECORD WAS SET OR TIED.
MM INDICATES DATA IS MISSING.
T  INDICATES TRACE AMOUNT.




$$
