000
CDUS43 KBIS 030728
CLIBIS


CLIMATE REPORT
NATIONAL WEATHER SERVICE BISMARCK ND
228 AM CDT MON AUG 3 2015


...................................

...THE BISMARCK ND CLIMATE SUMMARY FOR AUGUST 2 2015...

CLIMATE NORMAL PERIOD 1981 TO 2010
CLIMATE RECORD PERIOD 1875 TO 2015


WEATHER ITEM   OBSERVED TIME   RECORD YEAR NORMAL DEPARTURE LAST
                VALUE   (LST)  VALUE       VALUE  FROM      YEAR
                                                  NORMAL
..................................................................
TEMPERATURE (F)
 YESTERDAY
  MAXIMUM         81    434 PM 101    1989  86     -5       88
  MINIMUM         55   1142 PM  40    1971  58     -3       58
  AVERAGE         68                        72     -4       73

PRECIPITATION (IN)
  YESTERDAY        0.00          1.25 1996   0.08  -0.08     0.00
  MONTH TO DATE    0.01                      0.16  -0.15     1.16
  SINCE JUN 1      6.50                      6.22   0.28     4.91
  SINCE JAN 1     13.77                     11.69   2.08     9.10

SNOWFALL (IN)
  YESTERDAY        0.0           0.0  2002   0.0    0.0      0.0
                                      2001
  MONTH TO DATE    0.0                       0.0    0.0      0.0
  SINCE JUN 1      0.0                       0.0    0.0      0.0
  SINCE JUL 1      0.0                       0.0    0.0      0.0
  SNOW DEPTH       0

DEGREE DAYS
 HEATING
  YESTERDAY        0                         0      0        0
  MONTH TO DATE    0                         0      0        0
  SINCE JUN 1     50                       110    -60      122
  SINCE JUL 1      7                        17    -10       28

 COOLING
  YESTERDAY        3                         7     -4        8
  MONTH TO DATE   12                        14     -2       18
  SINCE JUN 1    331                       301     30      219
  SINCE JAN 1    337                       318     19      270
..................................................................


WIND (MPH)
  HIGHEST WIND SPEED    21   HIGHEST WIND DIRECTION    NW (330)
  HIGHEST GUST SPEED    27   HIGHEST GUST DIRECTION    NW (330)
  AVERAGE WIND SPEED     9.4


SKY COVER
  POSSIBLE SUNSHINE  MM
  AVERAGE SKY COVER 0.1


WEATHER CONDITIONS
 THE FOLLOWING WEATHER WAS RECORDED YESTERDAY.
  NO SIGNIFICANT WEATHER WAS OBSERVED.


RELATIVE HUMIDITY (PERCENT)
 HIGHEST    80          1100 PM
 LOWEST     36           400 PM
 AVERAGE    58

..........................................................


THE BISMARCK ND CLIMATE NORMALS FOR TODAY
                         NORMAL    RECORD    YEAR
 MAXIMUM TEMPERATURE (F)   86       104      1947
 MINIMUM TEMPERATURE (F)   58        37      1978


SUNRISE AND SUNSET
AUGUST  3 2015........SUNRISE   625 AM CDT   SUNSET   912 PM CDT
AUGUST  4 2015........SUNRISE   627 AM CDT   SUNSET   911 PM CDT


-  INDICATES NEGATIVE NUMBERS.
R  INDICATES RECORD WAS SET OR TIED.
MM INDICATES DATA IS MISSING.
T  INDICATES TRACE AMOUNT.




$$
