000
CDUS43 KBIS 080729
CLIBIS


CLIMATE REPORT
NATIONAL WEATHER SERVICE BISMARCK ND
129 AM CST MON FEB 8 2016


...................................

...THE BISMARCK ND CLIMATE SUMMARY FOR FEBRUARY 7 2016...

CLIMATE NORMAL PERIOD 1981 TO 2010
CLIMATE RECORD PERIOD 1875 TO 2016


WEATHER ITEM   OBSERVED TIME   RECORD YEAR NORMAL DEPARTURE LAST
                VALUE   (LST)  VALUE       VALUE  FROM      YEAR
                                                  NORMAL
..................................................................
TEMPERATURE (F)
 YESTERDAY
  MAXIMUM         41   1223 AM  62    1991  26     15       48
  MINIMUM         30   1159 PM -39    1895   5     25       13
  AVERAGE         36                        16     20       31

PRECIPITATION (IN)
  YESTERDAY        T             0.28 1937   0.01  -0.01     0.04
  MONTH TO DATE    0.02                      0.09  -0.07     0.18
  SINCE DEC 1      1.14                      1.01   0.13     1.04
  SINCE JAN 1      0.23                      0.52  -0.29     0.93

SNOWFALL (IN)
  YESTERDAY        T             5.8  1939   0.3   -0.3      0.0
  MONTH TO DATE    0.4                       1.8   -1.4      2.5
  SINCE DEC 1     16.2                      20.0   -3.8     12.1
  SINCE JUL 1     18.0                      31.2  -13.2     20.0
  SNOW DEPTH       T

DEGREE DAYS
 HEATING
  YESTERDAY       29                        49    -20       34
  MONTH TO DATE  233                       350   -117      370
  SINCE DEC 1   3033                      3482   -449     3183
  SINCE JUL 1   4618                      5468   -850     5255

 COOLING
  YESTERDAY        0                         0      0        0
  MONTH TO DATE    0                         0      0        0
  SINCE DEC 1      0                         0      0        0
  SINCE JAN 1      0                         0      0        0
..................................................................


WIND (MPH)
  HIGHEST WIND SPEED    48   HIGHEST WIND DIRECTION    NW (320)
  HIGHEST GUST SPEED    62   HIGHEST GUST DIRECTION    NW (330)
  AVERAGE WIND SPEED    27.5


SKY COVER
  POSSIBLE SUNSHINE  MM
  AVERAGE SKY COVER 0.6


WEATHER CONDITIONS
 THE FOLLOWING WEATHER WAS RECORDED YESTERDAY.
  LIGHT SNOW


RELATIVE HUMIDITY (PERCENT)
 HIGHEST    75           800 AM
 LOWEST     40           500 PM
 AVERAGE    58

..........................................................


THE BISMARCK ND CLIMATE NORMALS FOR TODAY
                         NORMAL    RECORD    YEAR
 MAXIMUM TEMPERATURE (F)   26        61      2000
 MINIMUM TEMPERATURE (F)    6       -37      1971
                                             1899
                                             1895


SUNRISE AND SUNSET
FEBRUARY  8 2016......SUNRISE   758 AM CST   SUNSET   556 PM CST
FEBRUARY  9 2016......SUNRISE   757 AM CST   SUNSET   558 PM CST


-  INDICATES NEGATIVE NUMBERS.
R  INDICATES RECORD WAS SET OR TIED.
MM INDICATES DATA IS MISSING.
T  INDICATES TRACE AMOUNT.




$$
