000
CDUS43 KBIS 230809
CLIBIS


CLIMATE REPORT
NATIONAL WEATHER SERVICE BISMARCK ND
208 AM CST THU FEB 23 2017


...................................

...THE BISMARCK ND CLIMATE SUMMARY FOR FEBRUARY 22 2017...

CLIMATE NORMAL PERIOD 1981 TO 2010
CLIMATE RECORD PERIOD 1875 TO 2017


WEATHER ITEM   OBSERVED TIME   RECORD YEAR NORMAL DEPARTURE LAST
                VALUE   (LST)  VALUE       VALUE  FROM      YEAR
                                                  NORMAL
..................................................................
TEMPERATURE (F)
 YESTERDAY
  MAXIMUM         35    434 PM  60    2002  30      5       48
  MINIMUM         30   1159 PM -26    1910  11     19       23
  AVERAGE         33                        20     13       36

PRECIPITATION (IN)
  YESTERDAY        0.32          0.69 1922   0.02   0.30      T
  MONTH TO DATE    0.75                      0.36   0.39     0.39
  SINCE DEC 1      3.44                      1.28   2.16     1.51
  SINCE JAN 1      1.39                      0.79   0.60     0.60

SNOWFALL (IN)
  YESTERDAY        1.0           8.9  1979   0.3    0.7       T
  MONTH TO DATE    3.7                       6.1   -2.4      2.8
  SINCE DEC 1     43.4                      24.3   19.1     18.6
  SINCE JUL 1     62.4                      35.5   26.9     20.4
  SNOW DEPTH       5

DEGREE DAYS
 HEATING
  YESTERDAY       32                        45    -13       29
  MONTH TO DATE  916                      1055   -139      745
  SINCE DEC 1   4259                      4187     72     3545
  SINCE JUL 1   5739                      6173   -434     5130

 COOLING
  YESTERDAY        0                         0      0        0
  MONTH TO DATE    0                         0      0        0
  SINCE DEC 1      0                         0      0        0
  SINCE JAN 1      0                         0      0        0
..................................................................


WIND (MPH)
  HIGHEST WIND SPEED    18   HIGHEST WIND DIRECTION     N (10)
  HIGHEST GUST SPEED    22   HIGHEST GUST DIRECTION     N (20)
  AVERAGE WIND SPEED     7.2


SKY COVER
  POSSIBLE SUNSHINE  MM
  AVERAGE SKY COVER 0.7


WEATHER CONDITIONS
 THE FOLLOWING WEATHER WAS RECORDED YESTERDAY.
  LIGHT RAIN
  LIGHT SNOW
  FOG


RELATIVE HUMIDITY (PERCENT)
 HIGHEST   100           300 AM
 LOWEST     75           800 PM
 AVERAGE    88

..........................................................


THE BISMARCK ND CLIMATE NORMALS FOR TODAY
                         NORMAL    RECORD    YEAR
 MAXIMUM TEMPERATURE (F)   31        63      1976
 MINIMUM TEMPERATURE (F)   11       -34      1889


SUNRISE AND SUNSET
FEBRUARY 23 2017......SUNRISE   733 AM CST   SUNSET   620 PM CST
FEBRUARY 24 2017......SUNRISE   731 AM CST   SUNSET   622 PM CST


-  INDICATES NEGATIVE NUMBERS.
R  INDICATES RECORD WAS SET OR TIED.
MM INDICATES DATA IS MISSING.
T  INDICATES TRACE AMOUNT.




$$
