000
CDUS43 KBIS 220907
CLIBIS


CLIMATE REPORT
NATIONAL WEATHER SERVICE BISMARCK ND
406 AM CDT THU JUN 22 2017


...................................

...THE BISMARCK ND CLIMATE SUMMARY FOR JUNE 21 2017...

CLIMATE NORMAL PERIOD 1981 TO 2010
CLIMATE RECORD PERIOD 1875 TO 2017


WEATHER ITEM   OBSERVED TIME   RECORD YEAR NORMAL DEPARTURE LAST
                VALUE   (LST)  VALUE       VALUE  FROM      YEAR
                                                  NORMAL
..................................................................
TEMPERATURE (F)
 YESTERDAY
  MAXIMUM         91    203 PM 105    1988  79     12       86
  MINIMUM         56    537 AM  34    1902  54      2       49
  AVERAGE         74                        66      8       68

PRECIPITATION (IN)
  YESTERDAY        0.00          0.96 1899   0.11  -0.11     0.04
  MONTH TO DATE    1.20                      2.23  -1.03     3.30
  SINCE JUN 1      1.20                      2.23  -1.03     3.30
  SINCE JAN 1      4.33                      7.70  -3.37    10.48

DEGREE DAYS
 HEATING
  YESTERDAY        0                         2     -2        0
  MONTH TO DATE    3                        78    -75       21
  SINCE JUN 1      3                        78    -75       21
  SINCE JUL 1   7888                      8543   -655     6978

 COOLING
  YESTERDAY        9                         3      6        3
  MONTH TO DATE  107                        45     62       95
  SINCE JUN 1    107                        45     62       95
  SINCE JAN 1    121                        62     59      105
..................................................................


WIND (MPH)
  HIGHEST WIND SPEED    28   HIGHEST WIND DIRECTION    NW (330)
  HIGHEST GUST SPEED    35   HIGHEST GUST DIRECTION    NW (330)
  AVERAGE WIND SPEED    11.1


SKY COVER
  POSSIBLE SUNSHINE  MM
  AVERAGE SKY COVER 0.1


WEATHER CONDITIONS
 THE FOLLOWING WEATHER WAS RECORDED YESTERDAY.
  NO SIGNIFICANT WEATHER WAS OBSERVED.


RELATIVE HUMIDITY (PERCENT)
 HIGHEST    77           500 AM
 LOWEST     23           700 PM
 AVERAGE    50

..........................................................


THE BISMARCK ND CLIMATE NORMALS FOR TODAY
                         NORMAL    RECORD    YEAR
 MAXIMUM TEMPERATURE (F)   79        96      1987
 MINIMUM TEMPERATURE (F)   54        39      1885


SUNRISE AND SUNSET
JUNE 22 2017..........SUNRISE   549 AM CDT   SUNSET   941 PM CDT
JUNE 23 2017..........SUNRISE   550 AM CDT   SUNSET   941 PM CDT


-  INDICATES NEGATIVE NUMBERS.
R  INDICATES RECORD WAS SET OR TIED.
MM INDICATES DATA IS MISSING.
T  INDICATES TRACE AMOUNT.




$$
