412
CDUS43 KGRR 191335
CLIBIV


CLIMATE REPORT
NATIONAL WEATHER SERVICE GRAND RAPIDS, MI
934 AM EDT THU OCT 19 2017


...................................

...THE HOLLAND/TULIP CITY MI CLIMATE SUMMARY FOR OCTOBER 19 2017...
VALID AS OF 0900 AM LOCAL TIME.

CLIMATE NORMAL PERIOD 1981 TO 2010
CLIMATE RECORD PERIOD 1996 TO 2017


WEATHER ITEM   OBSERVED TIME   NORMAL DEPARTURE LAST
                VALUE   (LST)  VALUE  FROM      YEAR
                                      NORMAL
......................................................
TEMPERATURE (F)
 TODAY
  MAXIMUM         62   1206 AM  61      1       68
  MINIMUM         58    759 AM  43     15       48
  AVERAGE         60            52      8       58

PRECIPITATION (IN)
  TODAY            0.00          0.12  -0.12      T
  MONTH TO DATE    5.76          2.09   3.67     2.20
  SINCE SEP 1      6.39          5.99   0.40     3.57
  SINCE JAN 1     31.21         29.20   2.01    25.45

DEGREE DAYS
 HEATING
  TODAY            5            13     -8        7
  MONTH TO DATE   96           208   -112      114
  SINCE SEP 1    198           323   -125      142
  SINCE JUL 1    219           338   -119      149

 COOLING
  TODAY            0             0      0        0
  MONTH TO DATE   13            10      3       13
  SINCE SEP 1    128            74     54      106
  SINCE JAN 1    613           692    -79      785
......................................................


WIND (MPH)
  RESULTANT WIND SPEED  12   RESULTANT WIND DIRECTION  SW (240)
  HIGHEST WIND SPEED    20   HIGHEST WIND DIRECTION    SW (240)
  HIGHEST GUST SPEED    26   HIGHEST GUST DIRECTION    SW (230)
  AVERAGE WIND SPEED    12.8


SKY COVER
  AVERAGE SKY COVER 0.0


WEATHER CONDITIONS
 THE FOLLOWING WEATHER WAS RECORDED TODAY.
  NO SIGNIFICANT WEATHER WAS OBSERVED.


RELATIVE HUMIDITY (PERCENT)
 HIGHEST    72           400 AM
 LOWEST     55          1200 AM
 AVERAGE    64

..........................................................


THE HOLLAND/TULIP CITY MI CLIMATE NORMALS FOR TOMORROW
                         NORMAL
 MAXIMUM TEMPERATURE (F)   60
 MINIMUM TEMPERATURE (F)   42


SUNRISE AND SUNSET
OCTOBER 19 2017.......SUNRISE   803 AM EDT   SUNSET   655 PM EDT
OCTOBER 20 2017.......SUNRISE   804 AM EDT   SUNSET   654 PM EDT


-  INDICATES NEGATIVE NUMBERS.
R  INDICATES RECORD WAS SET OR TIED.
MM INDICATES DATA IS MISSING.
T  INDICATES TRACE AMOUNT.




$$
