000
CDUS43 KGRR 020519
CLIBIV


CLIMATE REPORT
NATIONAL WEATHER SERVICE GRAND RAPIDS, MI
118 AM EDT THU JUL 2 2015


...................................

...THE HOLLAND/TULIP CITY MI CLIMATE SUMMARY FOR JULY 1 2015...

CLIMATE NORMAL PERIOD 1981 TO 2010
CLIMATE RECORD PERIOD 1996 TO 2015


WEATHER ITEM   OBSERVED TIME   NORMAL DEPARTURE LAST
                VALUE   (LST)  VALUE  FROM      YEAR
                                      NORMAL
......................................................
TEMPERATURE (F)
 YESTERDAY
  MAXIMUM         64    232 PM  82    -18       82
  MINIMUM         54    618 AM  62     -8       66
  AVERAGE         59            72    -13       74

PRECIPITATION (IN)
  YESTERDAY        0.00          0.13  -0.13     0.10
  MONTH TO DATE    0.00          0.13  -0.13     0.10
  SINCE JUN 1      1.44          4.35  -2.91     3.83
  SINCE JAN 1     12.25         16.94  -4.69    13.36

DEGREE DAYS
 HEATING
  YESTERDAY        6             0      6        0
  MONTH TO DATE    6             0      6        0
  SINCE JUN 1     30            48    -18       23
  SINCE JUL 1      6             0      6        0

 COOLING
  YESTERDAY        0             7     -7        9
  MONTH TO DATE    0             7     -7        9
  SINCE JUN 1     84           153    -69      192
  SINCE JAN 1    133           195    -62      231
......................................................


WIND (MPH)
  RESULTANT WIND SPEED   6   RESULTANT WIND DIRECTION  NW (310)
  HIGHEST WIND SPEED    16   HIGHEST WIND DIRECTION    NW (310)
  HIGHEST GUST SPEED    22   HIGHEST GUST DIRECTION     N (340)
  AVERAGE WIND SPEED     6.8


SKY COVER
  AVERAGE SKY COVER 0.6


WEATHER CONDITIONS
 THE FOLLOWING WEATHER WAS RECORDED YESTERDAY.
  NO SIGNIFICANT WEATHER WAS OBSERVED.


RELATIVE HUMIDITY (PERCENT)
 HIGHEST    93           200 AM
 LOWEST     60          1100 AM
 AVERAGE    77

..........................................................


THE HOLLAND/TULIP CITY MI CLIMATE NORMALS FOR TODAY
                         NORMAL
 MAXIMUM TEMPERATURE (F)   82
 MINIMUM TEMPERATURE (F)   62


SUNRISE AND SUNSET
JULY  2 2015..........SUNRISE   610 AM EDT   SUNSET   927 PM EDT
JULY  3 2015..........SUNRISE   611 AM EDT   SUNSET   927 PM EDT


-  INDICATES NEGATIVE NUMBERS.
R  INDICATES RECORD WAS SET OR TIED.
MM INDICATES DATA IS MISSING.
T  INDICATES TRACE AMOUNT.




$$
