000
CDUS43 KGRR 170517
CLIBIV


CLIMATE REPORT
NATIONAL WEATHER SERVICE GRAND RAPIDS, MI
117 AM EDT THU AUG 17 2017


...................................

...THE HOLLAND/TULIP CITY MI CLIMATE SUMMARY FOR AUGUST 16 2017...

CLIMATE NORMAL PERIOD 1981 TO 2010
CLIMATE RECORD PERIOD 1996 TO 2017


WEATHER ITEM   OBSERVED TIME   NORMAL DEPARTURE LAST
                VALUE   (LST)  VALUE  FROM      YEAR
                                      NORMAL
......................................................
TEMPERATURE (F)
 YESTERDAY
  MAXIMUM         87    515 PM  81      6       81
  MINIMUM         59    549 AM  62     -3       68
  AVERAGE         73            71      2       75

PRECIPITATION (IN)
  YESTERDAY        0.03          0.12  -0.09     0.04
  MONTH TO DATE    1.78          1.69   0.09     3.24
  SINCE JUN 1      8.36          8.74  -0.38     6.90
  SINCE JAN 1     23.53         21.33   2.20    20.03

DEGREE DAYS
 HEATING
  YESTERDAY        0             0      0        0
  MONTH TO DATE    3             0      3        0
  SINCE JUN 1     24            54    -30       43
  SINCE JUL 1      4             6     -2        7

 COOLING
  YESTERDAY        8             7      1       10
  MONTH TO DATE   60           112    -52      145
  SINCE JUN 1    412           493    -81      521
  SINCE JAN 1    443           535    -92      580
......................................................


WIND (MPH)
  RESULTANT WIND SPEED   4   RESULTANT WIND DIRECTION  SE (130)
  HIGHEST WIND SPEED    12   HIGHEST WIND DIRECTION    SE (140)
  HIGHEST GUST SPEED    16   HIGHEST GUST DIRECTION    SE (130)
  AVERAGE WIND SPEED     4.7


SKY COVER
  AVERAGE SKY COVER 0.2


WEATHER CONDITIONS
 THE FOLLOWING WEATHER WAS RECORDED YESTERDAY.
  HAZE


RELATIVE HUMIDITY (PERCENT)
 HIGHEST    93           700 AM
 LOWEST     48           400 PM
 AVERAGE    71

..........................................................


THE HOLLAND/TULIP CITY MI CLIMATE NORMALS FOR TODAY
                         NORMAL
 MAXIMUM TEMPERATURE (F)   81
 MINIMUM TEMPERATURE (F)   61


SUNRISE AND SUNSET
AUGUST 17 2017........SUNRISE   653 AM EDT   SUNSET   843 PM EDT
AUGUST 18 2017........SUNRISE   654 AM EDT   SUNSET   842 PM EDT


-  INDICATES NEGATIVE NUMBERS.
R  INDICATES RECORD WAS SET OR TIED.
MM INDICATES DATA IS MISSING.
T  INDICATES TRACE AMOUNT.




$$
