000
CDUS43 KGRR 172125
CLIBIV


CLIMATE REPORT
NATIONAL WEATHER SERVICE GRAND RAPIDS, MI
524 PM EDT WED SEP 17 2014


...................................

...THE HOLLAND/TULIP CITY MI CLIMATE SUMMARY FOR SEPTEMBER 17 2014...
VALID TODAY AS OF 0500 PM LOCAL TIME.

CLIMATE NORMAL PERIOD 1981 TO 2010
CLIMATE RECORD PERIOD 1996 TO 2014


WEATHER ITEM   OBSERVED TIME   RECORD YEAR NORMAL DEPARTURE LAST
                VALUE   (LST)  VALUE       VALUE  FROM      YEAR
                                                  NORMAL
..................................................................
TEMPERATURE (F)
 TODAY
  MAXIMUM         67    234 PM  MM      MM  73     -6       71
  MINIMUM         42    145 AM  MM      MM  53    -11       38
  AVERAGE         55                        63     -8       55

PRECIPITATION (IN)
  TODAY            0.00         MM      MM   0.11  -0.11     0.00
  MONTH TO DATE    2.88                      1.90   0.98     0.17
  SINCE SEP 1      2.88                      1.90   0.98     0.17
  SINCE JAN 1     23.91                     25.11  -1.20    28.18

DEGREE DAYS
 HEATING
  TODAY           10                         4      6       10
  MONTH TO DATE   79                        37     42       54
  SINCE SEP 1     79                        37     42       54
  SINCE JUL 1    115                        52     63       73

 COOLING
  TODAY            0                         2     -2        0
  MONTH TO DATE   49                        48      1       72
  SINCE SEP 1     49                        48      1       72
  SINCE JAN 1    566                       666   -100      779
..................................................................


WIND (MPH)
  RESULTANT WIND SPEED   4   RESULTANT WIND DIRECTION  SW (230)
  HIGHEST WIND SPEED    15   HIGHEST WIND DIRECTION     W (250)
  HIGHEST GUST SPEED    19   HIGHEST GUST DIRECTION    SW (240)
  AVERAGE WIND SPEED     5.1



WEATHER CONDITIONS
 THE FOLLOWING WEATHER WAS RECORDED TODAY.
  NO SIGNIFICANT WEATHER WAS OBSERVED.


RELATIVE HUMIDITY (PERCENT)
 HIGHEST    96           200 AM
 LOWEST     52           200 PM
 AVERAGE    74

..........................................................




SUNRISE AND SUNSET
SEPTEMBER 17 2014.....SUNRISE   726 AM EDT   SUNSET   751 PM EDT
SEPTEMBER 18 2014.....SUNRISE   728 AM EDT   SUNSET   749 PM EDT


-  INDICATES NEGATIVE NUMBERS.
R  INDICATES RECORD WAS SET OR TIED.
MM INDICATES DATA IS MISSING.
T  INDICATES TRACE AMOUNT.




$$
