002
CDUS43 KGRR 172227
CLIBIV


CLIMATE REPORT
NATIONAL WEATHER SERVICE GRAND RAPIDS, MI
526 PM EST SUN DEC 17 2017


...................................

...THE HOLLAND/TULIP CITY MI CLIMATE SUMMARY FOR DECEMBER 17 2017...
VALID TODAY AS OF 0500 PM LOCAL TIME.

CLIMATE NORMAL PERIOD 1981 TO 2010
CLIMATE RECORD PERIOD 1996 TO 2017


WEATHER ITEM   OBSERVED TIME   NORMAL DEPARTURE LAST
                VALUE   (LST)  VALUE  FROM      YEAR
                                      NORMAL
......................................................
TEMPERATURE (F)
 TODAY
  MAXIMUM         33    459 PM  36     -3       25
  MINIMUM         22    402 AM  26     -4       16
  AVERAGE         28            31     -3       21

PRECIPITATION (IN)
  TODAY            0.00          0.06  -0.06     0.09
  MONTH TO DATE    0.79          1.46  -0.67     1.24
  SINCE DEC 1      0.79          1.46  -0.67     1.24
  SINCE JAN 1     39.75         35.62   4.13    31.11

DEGREE DAYS
 HEATING
  TODAY           37            34      3       44
  MONTH TO DATE  561           542     19      617
  SINCE DEC 1    561           542     19      617
  SINCE JUL 1   1728          1765    -37     1515

 COOLING
  TODAY            0             0      0        0
  MONTH TO DATE    0             0      0        0
  SINCE DEC 1      0             0      0        0
  SINCE JAN 1    613           693    -80      785
......................................................


WIND (MPH)
  RESULTANT WIND SPEED  10   RESULTANT WIND DIRECTION   E (90)
  HIGHEST WIND SPEED    15   HIGHEST WIND DIRECTION     E (110)
  HIGHEST GUST SPEED    19   HIGHEST GUST DIRECTION     E (90)
  AVERAGE WIND SPEED     9.7


SKY COVER
  AVERAGE SKY COVER 0.6


WEATHER CONDITIONS
 THE FOLLOWING WEATHER WAS RECORDED TODAY.
  FOG
  HAZE


RELATIVE HUMIDITY (PERCENT)
 HIGHEST    96           700 AM
 LOWEST     74          1200 AM
 AVERAGE    85

..........................................................


THE HOLLAND/TULIP CITY MI CLIMATE NORMALS FOR TOMORROW
                         NORMAL
 MAXIMUM TEMPERATURE (F)   36
 MINIMUM TEMPERATURE (F)   26


SUNRISE AND SUNSET
DECEMBER 17 2017......SUNRISE   810 AM EST   SUNSET   512 PM EST
DECEMBER 18 2017......SUNRISE   811 AM EST   SUNSET   512 PM EST


-  INDICATES NEGATIVE NUMBERS.
R  INDICATES RECORD WAS SET OR TIED.
MM INDICATES DATA IS MISSING.
T  INDICATES TRACE AMOUNT.




$$

63
