000
CDUS43 KGRR 022129
CLIBIV


CLIMATE REPORT
NATIONAL WEATHER SERVICE GRAND RAPIDS, MI
528 PM EDT MON MAY 2 2016


...................................

...THE HOLLAND/TULIP CITY MI CLIMATE SUMMARY FOR MAY 2 2016...
VALID TODAY AS OF 0500 PM LOCAL TIME.

CLIMATE NORMAL PERIOD 1981 TO 2010
CLIMATE RECORD PERIOD 1996 TO 2016


WEATHER ITEM   OBSERVED TIME   NORMAL DEPARTURE LAST
                VALUE   (LST)  VALUE  FROM      YEAR
                                      NORMAL
......................................................
TEMPERATURE (F)
 TODAY
  MAXIMUM         57    100 PM  64     -7       71
  MINIMUM         44   1200 AM  44      0       41
  AVERAGE         51            54     -3       56

PRECIPITATION (IN)
  TODAY            0.13          0.12   0.01     0.00
  MONTH TO DATE    0.39          0.23   0.16     0.00
  SINCE MAR 1      7.31          5.75   1.56     4.54
  SINCE JAN 1     11.17          9.64   1.53     6.02

DEGREE DAYS
 HEATING
  TODAY           14            11      3        9
  MONTH TO DATE   30            22      8       24
  SINCE MAR 1   1333          1401    -68     1494
  SINCE JUL 1   5323          5901   -578     6461

 COOLING
  TODAY            0             0      0        0
  MONTH TO DATE    0             0      0        0
  SINCE MAR 1      1             4     -3        0
  SINCE JAN 1      1             4     -3        0
......................................................


WIND (MPH)
  RESULTANT WIND SPEED   5   RESULTANT WIND DIRECTION  NE (40)
  HIGHEST WIND SPEED    10   HIGHEST WIND DIRECTION     E (70)
  HIGHEST GUST SPEED    20   HIGHEST GUST DIRECTION    NE (30)
  AVERAGE WIND SPEED     7.5


SKY COVER
  AVERAGE SKY COVER 0.7


WEATHER CONDITIONS
 THE FOLLOWING WEATHER WAS RECORDED TODAY.
  HEAVY RAIN
  RAIN
  LIGHT RAIN
  FOG


RELATIVE HUMIDITY (PERCENT)
 HIGHEST    89          1200 AM
 LOWEST     55          1100 AM
 AVERAGE    72

..........................................................


THE HOLLAND/TULIP CITY MI CLIMATE NORMALS FOR TOMORROW
                         NORMAL
 MAXIMUM TEMPERATURE (F)   65
 MINIMUM TEMPERATURE (F)   45


SUNRISE AND SUNSET
MAY  2 2016...........SUNRISE   637 AM EDT   SUNSET   847 PM EDT
MAY  3 2016...........SUNRISE   636 AM EDT   SUNSET   848 PM EDT


-  INDICATES NEGATIVE NUMBERS.
R  INDICATES RECORD WAS SET OR TIED.
MM INDICATES DATA IS MISSING.
T  INDICATES TRACE AMOUNT.




$$
