000
CDUS43 KGRR 242131
CLIBIV


CLIMATE REPORT
NATIONAL WEATHER SERVICE GRAND RAPIDS, MI
530 PM EDT WED MAY 24 2017


...................................

...THE HOLLAND/TULIP CITY MI CLIMATE SUMMARY FOR MAY 24 2017...
VALID TODAY AS OF 0500 PM LOCAL TIME.

CLIMATE NORMAL PERIOD 1981 TO 2010
CLIMATE RECORD PERIOD 1996 TO 2017


WEATHER ITEM   OBSERVED TIME   NORMAL DEPARTURE LAST
                VALUE   (LST)  VALUE  FROM      YEAR
                                      NORMAL
......................................................
TEMPERATURE (F)
 TODAY
  MAXIMUM         72    217 PM  71      1       83
  MINIMUM         57    709 AM  51      6       54
  AVERAGE         65            61      4       69

PRECIPITATION (IN)
  TODAY            T             0.10  -0.10     0.00
  MONTH TO DATE    1.51          2.57  -1.06     2.05
  SINCE MAR 1     10.39          8.09   2.30     8.97
  SINCE JAN 1     15.05         11.98   3.07    12.83

DEGREE DAYS
 HEATING
  TODAY            0             6     -6        0
  MONTH TO DATE  244           200     44      209
  SINCE MAR 1   1539          1579    -40     1512
  SINCE JUL 1   5401          6079   -678     5502

 COOLING
  TODAY            0             2     -2        4
  MONTH TO DATE   21            22     -1        4
  SINCE MAR 1     29            26      3        5
  SINCE JAN 1     29            26      3        5
......................................................


WIND (MPH)
  RESULTANT WIND SPEED   8   RESULTANT WIND DIRECTION   E (80)
  HIGHEST WIND SPEED    18   HIGHEST WIND DIRECTION     E (100)
  HIGHEST GUST SPEED    23   HIGHEST GUST DIRECTION     E (100)
  AVERAGE WIND SPEED     8.4


SKY COVER
  AVERAGE SKY COVER 0.8


WEATHER CONDITIONS
 THE FOLLOWING WEATHER WAS RECORDED TODAY.
  LIGHT RAIN


RELATIVE HUMIDITY (PERCENT)
 HIGHEST    93          1200 AM
 LOWEST     61           100 PM
 AVERAGE    77

..........................................................


THE HOLLAND/TULIP CITY MI CLIMATE NORMALS FOR TOMORROW
                         NORMAL
 MAXIMUM TEMPERATURE (F)   72
 MINIMUM TEMPERATURE (F)   52


SUNRISE AND SUNSET
MAY 24 2017...........SUNRISE   614 AM EDT   SUNSET   910 PM EDT
MAY 25 2017...........SUNRISE   613 AM EDT   SUNSET   911 PM EDT


-  INDICATES NEGATIVE NUMBERS.
R  INDICATES RECORD WAS SET OR TIED.
MM INDICATES DATA IS MISSING.
T  INDICATES TRACE AMOUNT.




$$
