000
CDUS46 KBOI 230931
CLIBKE


CLIMATE REPORT
NATIONAL WEATHER SERVICE BOISE ID
331 AM MDT TUE MAY 23 2017


...................................

...THE BAKER OR CLIMATE SUMMARY FOR MAY 22 2017...

CLIMATE NORMAL PERIOD 1981 TO 2010
CLIMATE RECORD PERIOD 1928 TO 2017


WEATHER ITEM   OBSERVED TIME   RECORD YEAR NORMAL DEPARTURE LAST
                VALUE   (LST)  VALUE       VALUE  FROM      YEAR
                                                  NORMAL
..................................................................
TEMPERATURE (F)
 YESTERDAY
  MAXIMUM         79    422 PM  89    2001  68     11       60
                                      1958
                                      1956
  MINIMUM         36    404 AM  30    2013  38     -2       34
                                      1966
  AVERAGE         58                        53      5       47

PRECIPITATION (IN)
  YESTERDAY        0.00          0.46 2006   0.06  -0.06     0.00
  MONTH TO DATE    0.33                      1.01  -0.68     1.07
  SINCE OCT 1      6.48                      6.57  -0.09     4.88
  SINCE JAN 1      3.74                      4.06  -0.32     2.34

DEGREE DAYS
 HEATING
  YESTERDAY        7                        12     -5       18
  MONTH TO DATE  363                       332     31      261
  SINCE MAR 1   1783                      1825    -42     1526
  SINCE JUL 1   7611                      7345    266     6570

 COOLING
  YESTERDAY        0                         0      0        0
  MONTH TO DATE    0                         0      0        0
  SINCE MAR 1      0                         0      0        0
  SINCE JAN 1      0                         0      0        0
..................................................................


WIND (MPH)
  RESULTANT WIND SPEED   2   RESULTANT WIND DIRECTION   W (280)
  HIGHEST WIND SPEED    10   HIGHEST WIND DIRECTION    NW (300)
  HIGHEST GUST SPEED    13   HIGHEST GUST DIRECTION    NW (310)
  AVERAGE WIND SPEED     4.3


SKY COVER
  AVERAGE SKY COVER 0.0


WEATHER CONDITIONS
 THE FOLLOWING WEATHER WAS RECORDED YESTERDAY.
  FOG


RELATIVE HUMIDITY (PERCENT)
 HIGHEST   100           400 AM
 LOWEST     23           500 PM
 AVERAGE    62

..........................................................


THE BAKER OR CLIMATE NORMALS FOR TODAY
                         NORMAL    RECORD    YEAR
 MAXIMUM TEMPERATURE (F)   68        94      2001
 MINIMUM TEMPERATURE (F)   38        22      1966


SUNRISE AND SUNSET
MAY 23 2017...........SUNRISE   514 AM PDT   SUNSET   822 PM PDT
MAY 24 2017...........SUNRISE   514 AM PDT   SUNSET   823 PM PDT


-  INDICATES NEGATIVE NUMBERS.
R  INDICATES RECORD WAS SET OR TIED.
MM INDICATES DATA IS MISSING.
T  INDICATES TRACE AMOUNT.




$$
