099
CDUS46 KBOI 280947
CLIBKE


CLIMATE REPORT
NATIONAL WEATHER SERVICE BOISE ID
347 AM MDT WED JUN 28 2017


...................................

...THE BAKER OR CLIMATE SUMMARY FOR JUNE 27 2017...

CLIMATE NORMAL PERIOD 1981 TO 2010
CLIMATE RECORD PERIOD 1928 TO 2017


WEATHER ITEM   OBSERVED TIME   RECORD YEAR NORMAL DEPARTURE LAST
                VALUE   (LST)  VALUE       VALUE  FROM      YEAR
                                                  NORMAL
..................................................................
TEMPERATURE (F)
 YESTERDAY
  MAXIMUM         81    159 PM  99    2015  78      3       91
  MINIMUM         52   1157 PM  32    1998  44      8       45
                                      1965
  AVERAGE         67                        61      6       68

PRECIPITATION (IN)
  YESTERDAY        T             0.47 1933   0.02  -0.02      T
  MONTH TO DATE    1.00                      1.09  -0.09     0.37
  SINCE OCT 1      7.53                      8.13  -0.60     5.25
  SINCE JAN 1      4.79                      5.62  -0.83     2.71

DEGREE DAYS
 HEATING
  YESTERDAY        0                         5     -5        0
  MONTH TO DATE  169                       211    -42      192
  SINCE JUN 1    169                       211    -42      192
  SINCE JUL 1   7847                      7658    189     6875

 COOLING
  YESTERDAY        2                         1      1        3
  MONTH TO DATE   21                        12      9       26
  SINCE JUN 1     21                        12      9       26
  SINCE JAN 1     21                        14      7       26
..................................................................


WIND (MPH)
  RESULTANT WIND SPEED   4   RESULTANT WIND DIRECTION  NW (300)
  HIGHEST WIND SPEED    23   HIGHEST WIND DIRECTION     N (340)
  HIGHEST GUST SPEED    29   HIGHEST GUST DIRECTION    NW (330)
  AVERAGE WIND SPEED     6.5


SKY COVER
  AVERAGE SKY COVER 0.0


WEATHER CONDITIONS
 THE FOLLOWING WEATHER WAS RECORDED YESTERDAY.
  NO SIGNIFICANT WEATHER WAS OBSERVED.


RELATIVE HUMIDITY (PERCENT)
 HIGHEST    89           100 AM
 LOWEST     33           600 PM
 AVERAGE    61

..........................................................


THE BAKER OR CLIMATE NORMALS FOR TODAY
                         NORMAL    RECORD    YEAR
 MAXIMUM TEMPERATURE (F)   78        99      2015
 MINIMUM TEMPERATURE (F)   44        35      1965
                                             1954
                                             1947


SUNRISE AND SUNSET
JUNE 28 2017..........SUNRISE   508 AM PDT   SUNSET   841 PM PDT
JUNE 29 2017..........SUNRISE   508 AM PDT   SUNSET   841 PM PDT


-  INDICATES NEGATIVE NUMBERS.
R  INDICATES RECORD WAS SET OR TIED.
MM INDICATES DATA IS MISSING.
T  INDICATES TRACE AMOUNT.




$$
