000
CDUS46 KBOI 260931
CLIBKE


CLIMATE REPORT
NATIONAL WEATHER SERVICE BOISE ID
331 AM MDT TUE MAY 26 2015


...................................

...THE BAKER OR CLIMATE SUMMARY FOR MAY 25 2015...

CLIMATE NORMAL PERIOD 1981 TO 2010
CLIMATE RECORD PERIOD 1948 TO 2015


WEATHER ITEM   OBSERVED TIME   RECORD YEAR NORMAL DEPARTURE LAST
                VALUE   (LST)  VALUE       VALUE  FROM      YEAR
                                                  NORMAL
..................................................................
TEMPERATURE (F)
 YESTERDAY
  MAXIMUM         70    344 PM  90    1961  68      2       78
  MINIMUM         41    420 AM  25    1975  39      2       37
  AVERAGE         56                        53      3       58

PRECIPITATION (IN)
  YESTERDAY        0.00          0.90 2011   0.05  -0.05     0.00
  MONTH TO DATE    1.87                      1.16   0.71     0.56
  SINCE OCT 1      6.31                      6.72  -0.41     5.00
  SINCE JAN 1      4.11                      4.21  -0.10     3.83

DEGREE DAYS
 HEATING
  YESTERDAY        9                        12     -3        7
  MONTH TO DATE  300                       368    -68      313
  SINCE MAR 1   1666                      1861   -195     1712
  SINCE JUL 1   6342                      7381  -1039     7238

 COOLING
  YESTERDAY        0                         0      0        0
  MONTH TO DATE    0                         0      0        0
  SINCE MAR 1      0                         0      0        0
  SINCE JAN 1      0                         0      0        0
..................................................................


WIND (MPH)
  RESULTANT WIND SPEED   5   RESULTANT WIND DIRECTION  NW (310)
  HIGHEST WIND SPEED    18   HIGHEST WIND DIRECTION    NW (330)
  HIGHEST GUST SPEED    24   HIGHEST GUST DIRECTION     N (340)
  AVERAGE WIND SPEED     7.2


SKY COVER
  AVERAGE SKY COVER 0.0


WEATHER CONDITIONS
 THE FOLLOWING WEATHER WAS RECORDED YESTERDAY.
  NO SIGNIFICANT WEATHER WAS OBSERVED.


RELATIVE HUMIDITY (PERCENT)
 HIGHEST    96           200 AM
 LOWEST     36           400 PM
 AVERAGE    66

..........................................................


THE BAKER OR CLIMATE NORMALS FOR TODAY
                         NORMAL    RECORD    YEAR
 MAXIMUM TEMPERATURE (F)   68        91      1966
 MINIMUM TEMPERATURE (F)   39        30      1964


SUNRISE AND SUNSET
MAY 26 2015...........SUNRISE   512 AM PDT   SUNSET   825 PM PDT
MAY 27 2015...........SUNRISE   512 AM PDT   SUNSET   826 PM PDT


-  INDICATES NEGATIVE NUMBERS.
R  INDICATES RECORD WAS SET OR TIED.
MM INDICATES DATA IS MISSING.
T  INDICATES TRACE AMOUNT.




$$
