000
CDUS46 KBOI 100932
CLIBKE


CLIMATE REPORT
NATIONAL WEATHER SERVICE BOISE ID
332 AM MDT THU JUL 10 2014


...................................

...THE BAKER OR CLIMATE SUMMARY FOR JULY 9 2014...

CLIMATE NORMAL PERIOD 1981 TO 2010
CLIMATE RECORD PERIOD 1948 TO 2014


WEATHER ITEM   OBSERVED TIME   RECORD YEAR NORMAL DEPARTURE LAST
                VALUE   (LST)  VALUE       VALUE  FROM      YEAR
                                                  NORMAL
..................................................................
TEMPERATURE (F)
 YESTERDAY
  MAXIMUM         90   1228 PM 100    1985  83      7       88
  MINIMUM         54   1159 PM  32    2011  46      8       42
  AVERAGE         72                        64      8       65

PRECIPITATION (IN)
  YESTERDAY        0.00          0.66 1997   0.03  -0.03     0.00
  MONTH TO DATE    T                         0.23  -0.23     0.00
  SINCE OCT 1      6.04                      8.45  -2.41     7.81
  SINCE JAN 1      4.87                      5.94  -1.07     5.63

DEGREE DAYS
 HEATING
  YESTERDAY        0                         3     -3        0
  MONTH TO DATE    0                        32    -32        9
  SINCE JUN 1    233                       258    -25      205
  SINCE JUL 1      0                        32    -32        9

 COOLING
  YESTERDAY        7                         2      5        0
  MONTH TO DATE   42                        14     28       39
  SINCE JUN 1     42                        30     12       66
  SINCE JAN 1     42                        32     10       70
..................................................................


WIND (MPH)
  RESULTANT WIND SPEED   3   RESULTANT WIND DIRECTION   S (170)
  HIGHEST WIND SPEED    26   HIGHEST WIND DIRECTION     S (160)
  HIGHEST GUST SPEED    32   HIGHEST GUST DIRECTION     S (160)
  AVERAGE WIND SPEED     4.5


SKY COVER
  AVERAGE SKY COVER 0.0


WEATHER CONDITIONS
 THE FOLLOWING WEATHER WAS RECORDED YESTERDAY.
  NO SIGNIFICANT WEATHER WAS OBSERVED.


RELATIVE HUMIDITY (PERCENT)
 HIGHEST    80          1000 PM
 LOWEST     24          1200 PM
 AVERAGE    52

..........................................................


THE BAKER OR CLIMATE NORMALS FOR TODAY
                         NORMAL    RECORD    YEAR
 MAXIMUM TEMPERATURE (F)   83        99      2002
 MINIMUM TEMPERATURE (F)   46        37      2011
                                             2009


SUNRISE AND SUNSET
JULY 10 2014..........SUNRISE   515 AM PDT   SUNSET   838 PM PDT
JULY 11 2014..........SUNRISE   516 AM PDT   SUNSET   837 PM PDT


-  INDICATES NEGATIVE NUMBERS.
R  INDICATES RECORD WAS SET OR TIED.
MM INDICATES DATA IS MISSING.
T  INDICATES TRACE AMOUNT.




$$
