000
CDUS46 KBOI 310933
CLIBKE


CLIMATE REPORT
NATIONAL WEATHER SERVICE BOISE ID
332 AM MDT THU JUL 31 2014


...................................

...THE BAKER OR CLIMATE SUMMARY FOR JULY 30 2014...

CLIMATE NORMAL PERIOD 1981 TO 2010
CLIMATE RECORD PERIOD 1948 TO 2014


WEATHER ITEM   OBSERVED TIME   RECORD YEAR NORMAL DEPARTURE LAST
                VALUE   (LST)  VALUE       VALUE  FROM      YEAR
                                                  NORMAL
..................................................................
TEMPERATURE (F)
 YESTERDAY
  MAXIMUM         93    146 PM 101    2003  87      6       89
  MINIMUM         58   1153 PM  38    1950  47     11       46
  AVERAGE         76                        67      9       68

PRECIPITATION (IN)
  YESTERDAY        0.00          0.75 1964   0.02  -0.02     0.00
  MONTH TO DATE    0.05                      0.63  -0.58     0.05
  SINCE OCT 1      6.09                      8.85  -2.76     7.86
  SINCE JAN 1      4.92                      6.34  -1.42     5.68

DEGREE DAYS
 HEATING
  YESTERDAY        0                         1     -1        0
  MONTH TO DATE   13                        66    -53       21
  SINCE JUN 1    246                       292    -46      217
  SINCE JUL 1     13                        66    -53       21

 COOLING
  YESTERDAY       11                         3      8        3
  MONTH TO DATE  159                        71     88      101
  SINCE JUN 1    159                        87     72      128
  SINCE JAN 1    159                        89     70      132
..................................................................


WIND (MPH)
  RESULTANT WIND SPEED   2   RESULTANT WIND DIRECTION   W (270)
  HIGHEST WIND SPEED    20   HIGHEST WIND DIRECTION     W (270)
  HIGHEST GUST SPEED    23   HIGHEST GUST DIRECTION     W (260)
  AVERAGE WIND SPEED     4.4


SKY COVER
  AVERAGE SKY COVER 0.0


WEATHER CONDITIONS
 THE FOLLOWING WEATHER WAS RECORDED YESTERDAY.
  NO SIGNIFICANT WEATHER WAS OBSERVED.


RELATIVE HUMIDITY (PERCENT)
 HIGHEST    63           200 AM
 LOWEST     15           100 PM
 AVERAGE    39

..........................................................


THE BAKER OR CLIMATE NORMALS FOR TODAY
                         NORMAL    RECORD    YEAR
 MAXIMUM TEMPERATURE (F)   87       100      1959
 MINIMUM TEMPERATURE (F)   47        38      1954


SUNRISE AND SUNSET
JULY 31 2014..........SUNRISE   536 AM PDT   SUNSET   819 PM PDT
AUGUST  1 2014........SUNRISE   537 AM PDT   SUNSET   817 PM PDT


-  INDICATES NEGATIVE NUMBERS.
R  INDICATES RECORD WAS SET OR TIED.
MM INDICATES DATA IS MISSING.
T  INDICATES TRACE AMOUNT.




$$
