000
CDUS46 KBOI 220932
CLIBKE


CLIMATE REPORT
NATIONAL WEATHER SERVICE BOISE ID
331 AM MDT WED MAR 22 2017


...................................

...THE BAKER OR CLIMATE SUMMARY FOR MARCH 21 2017...

CLIMATE NORMAL PERIOD 1981 TO 2010
CLIMATE RECORD PERIOD 1948 TO 2017


WEATHER ITEM   OBSERVED TIME   RECORD YEAR NORMAL DEPARTURE LAST
                VALUE   (LST)  VALUE       VALUE  FROM      YEAR
                                                  NORMAL
..................................................................
TEMPERATURE (F)
 YESTERDAY
  MAXIMUM         58    117 PM  71    2004  52      6       56
  MINIMUM         40   1120 PM  16    2014  26     14       29
  AVERAGE         49                        39     10       43

PRECIPITATION (IN)
  YESTERDAY        0.29          0.51 2011   0.03   0.26     0.01
  MONTH TO DATE    0.55                      0.55   0.00     0.30
  SINCE OCT 1      4.86                      4.44   0.42     3.44
  SINCE JAN 1      2.12                      1.93   0.19     0.90

DEGREE DAYS
 HEATING
  YESTERDAY       16                        26    -10       22
  MONTH TO DATE  492                       600   -108      535
  SINCE MAR 1    492                       600   -108      535
  SINCE JUL 1   6320                      6120    200     5579

 COOLING
  YESTERDAY        0                         0      0        0
  MONTH TO DATE    0                         0      0        0
  SINCE MAR 1      0                         0      0        0
  SINCE JAN 1      0                         0      0        0
..................................................................


WIND (MPH)
  RESULTANT WIND SPEED   7   RESULTANT WIND DIRECTION   E (110)
  HIGHEST WIND SPEED    23   HIGHEST WIND DIRECTION    SE (150)
  HIGHEST GUST SPEED    32   HIGHEST GUST DIRECTION     S (180)
  AVERAGE WIND SPEED     8.6


SKY COVER
  AVERAGE SKY COVER 0.7


WEATHER CONDITIONS
 THE FOLLOWING WEATHER WAS RECORDED YESTERDAY.
  THUNDERSTORM
  HEAVY RAIN
  RAIN
  LIGHT RAIN
  FOG


RELATIVE HUMIDITY (PERCENT)
 HIGHEST    86           100 AM
 LOWEST     61           100 PM
 AVERAGE    74

..........................................................


THE BAKER OR CLIMATE NORMALS FOR TODAY
                         NORMAL    RECORD    YEAR
 MAXIMUM TEMPERATURE (F)   52        70      2004
 MINIMUM TEMPERATURE (F)   26        15      1952


SUNRISE AND SUNSET
MARCH 22 2017.........SUNRISE   650 AM PDT   SUNSET   707 PM PDT
MARCH 23 2017.........SUNRISE   648 AM PDT   SUNSET   708 PM PDT


-  INDICATES NEGATIVE NUMBERS.
R  INDICATES RECORD WAS SET OR TIED.
MM INDICATES DATA IS MISSING.
T  INDICATES TRACE AMOUNT.




$$
