000
CDUS46 KBOI 220931
CLIBKE


CLIMATE REPORT
NATIONAL WEATHER SERVICE BOISE ID
330 AM MDT TUE JUL 22 2014


...................................

...THE BAKER OR CLIMATE SUMMARY FOR JULY 21 2014...

CLIMATE NORMAL PERIOD 1981 TO 2010
CLIMATE RECORD PERIOD 1948 TO 2014


WEATHER ITEM   OBSERVED TIME   RECORD YEAR NORMAL DEPARTURE LAST
                VALUE   (LST)  VALUE       VALUE  FROM      YEAR
                                                  NORMAL
..................................................................
TEMPERATURE (F)
 YESTERDAY
  MAXIMUM         83    315 PM 100    2005  86     -3       92
  MINIMUM         54    511 AM  36    1949  47      7       42
  AVERAGE         69                        66      3       67

PRECIPITATION (IN)
  YESTERDAY        T             0.26 1987   0.01  -0.01     0.00
  MONTH TO DATE    T                         0.47  -0.47     0.05
  SINCE OCT 1      6.04                      8.69  -2.65     7.86
  SINCE JAN 1      4.87                      6.18  -1.31     5.68

DEGREE DAYS
 HEATING
  YESTERDAY        0                         1     -1        0
  MONTH TO DATE    0                        57    -57       15
  SINCE JUN 1    233                       283    -50      211
  SINCE JUL 1      0                        57    -57       15

 COOLING
  YESTERDAY        4                         3      1        2
  MONTH TO DATE  112                        44     68       71
  SINCE JUN 1    112                        60     52       98
  SINCE JAN 1    112                        62     50      102
..................................................................


WIND (MPH)
  RESULTANT WIND SPEED   5   RESULTANT WIND DIRECTION   W (260)
  HIGHEST WIND SPEED    18   HIGHEST WIND DIRECTION    SW (240)
  HIGHEST GUST SPEED    24   HIGHEST GUST DIRECTION    SW (230)
  AVERAGE WIND SPEED     6.0


SKY COVER
  AVERAGE SKY COVER 0.2


WEATHER CONDITIONS
 THE FOLLOWING WEATHER WAS RECORDED YESTERDAY.
  LIGHT RAIN


RELATIVE HUMIDITY (PERCENT)
 HIGHEST    72          1200 AM
 LOWEST     22           200 PM
 AVERAGE    47

..........................................................


THE BAKER OR CLIMATE NORMALS FOR TODAY
                         NORMAL    RECORD    YEAR
 MAXIMUM TEMPERATURE (F)   86       102      1980
 MINIMUM TEMPERATURE (F)   47        34      1965


SUNRISE AND SUNSET
JULY 22 2014..........SUNRISE   526 AM PDT   SUNSET   828 PM PDT
JULY 23 2014..........SUNRISE   527 AM PDT   SUNSET   827 PM PDT


-  INDICATES NEGATIVE NUMBERS.
R  INDICATES RECORD WAS SET OR TIED.
MM INDICATES DATA IS MISSING.
T  INDICATES TRACE AMOUNT.




$$
