000
CDUS46 KBOI 180948
CLIBKE


CLIMATE REPORT
NATIONAL WEATHER SERVICE BOISE ID
248 AM MST THU JAN 18 2018


...................................

...THE BAKER OR CLIMATE SUMMARY FOR JANUARY 17 2018...

CLIMATE NORMAL PERIOD 1981 TO 2010
CLIMATE RECORD PERIOD 1928 TO 2018


WEATHER ITEM   OBSERVED TIME   RECORD YEAR NORMAL DEPARTURE LAST
                VALUE   (LST)  VALUE       VALUE  FROM      YEAR
                                                  NORMAL
..................................................................
TEMPERATURE (F)
 YESTERDAY
  MAXIMUM         43   1159 PM  51    1998  34      9       21
  MINIMUM         32    117 AM -22    1930  16     16      -11
  AVERAGE         38                        25     13        5

PRECIPITATION (IN)
  YESTERDAY        0.00          0.76 1971   0.03  -0.03      T
  MONTH TO DATE    0.56                      0.48   0.08     0.38
  SINCE OCT 1      1.82                      2.99  -1.17     3.12
  SINCE JAN 1      0.56                      0.48   0.08     0.38

DEGREE DAYS
 HEATING
  YESTERDAY       27                        40    -13       60
  MONTH TO DATE  505                       689   -184      995
  SINCE DEC 1   1744                      1937   -193     2548
  SINCE JUL 1   3374                      3974   -600     4322

 COOLING
  YESTERDAY        0                         0      0        0
  MONTH TO DATE    0                         0      0        0
  SINCE DEC 1      0                         0      0        0
  SINCE JAN 1      0                         0      0        0
..................................................................


WIND (MPH)
  RESULTANT WIND SPEED  14   RESULTANT WIND DIRECTION   E (100)
  HIGHEST WIND SPEED    25   HIGHEST WIND DIRECTION     E (100)
  HIGHEST GUST SPEED    32   HIGHEST GUST DIRECTION     E (100)
  AVERAGE WIND SPEED    14.7


SKY COVER
  AVERAGE SKY COVER 0.6


WEATHER CONDITIONS
 THE FOLLOWING WEATHER WAS RECORDED YESTERDAY.
  NO SIGNIFICANT WEATHER WAS OBSERVED.


RELATIVE HUMIDITY (PERCENT)
 HIGHEST    85           500 AM
 LOWEST     65           300 PM
 AVERAGE    75

..........................................................


THE BAKER OR CLIMATE NORMALS FOR TODAY
                         NORMAL    RECORD    YEAR
 MAXIMUM TEMPERATURE (F)   34        50      1981
 MINIMUM TEMPERATURE (F)   17       -17      1943


SUNRISE AND SUNSET
JANUARY 18 2018.......SUNRISE   723 AM PST   SUNSET   440 PM PST
JANUARY 19 2018.......SUNRISE   723 AM PST   SUNSET   442 PM PST


-  INDICATES NEGATIVE NUMBERS.
R  INDICATES RECORD WAS SET OR TIED.
MM INDICATES DATA IS MISSING.
T  INDICATES TRACE AMOUNT.




$$
