000
CDUS46 KBOI 060932
CLIBKE


CLIMATE REPORT
NATIONAL WEATHER SERVICE BOISE ID
332 AM MDT FRI MAY 6 2016


...................................

...THE BAKER OR CLIMATE SUMMARY FOR MAY 5 2016...

CLIMATE NORMAL PERIOD 1981 TO 2010
CLIMATE RECORD PERIOD 1948 TO 2016


WEATHER ITEM   OBSERVED TIME   RECORD YEAR NORMAL DEPARTURE LAST
                VALUE   (LST)  VALUE       VALUE  FROM      YEAR
                                                  NORMAL
..................................................................
TEMPERATURE (F)
 YESTERDAY
  MAXIMUM         75    301 PM  89    1966  63     12       60
  MINIMUM         43    441 AM  21    1982  33     10       34
  AVERAGE         59                        48     11       47

PRECIPITATION (IN)
  YESTERDAY        0.27          0.84 1983   0.05   0.22     0.00
  MONTH TO DATE    0.27                      0.21   0.06     0.00
  SINCE OCT 1      4.08                      5.77  -1.69     4.44
  SINCE JAN 1      1.54                      3.26  -1.72     2.24

DEGREE DAYS
 HEATING
  YESTERDAY        6                        17    -11       18
  MONTH TO DATE   46                        87    -41       69
  SINCE MAR 1   1311                      1580   -269     1435
  SINCE JUL 1   6355                      7100   -745     6111

 COOLING
  YESTERDAY        0                         0      0        0
  MONTH TO DATE    0                         0      0        0
  SINCE MAR 1      0                         0      0        0
  SINCE JAN 1      0                         0      0        0
..................................................................


WIND (MPH)
  RESULTANT WIND SPEED   8   RESULTANT WIND DIRECTION  NW (300)
  HIGHEST WIND SPEED    28   HIGHEST WIND DIRECTION    NW (300)
  HIGHEST GUST SPEED    35   HIGHEST GUST DIRECTION    NW (300)
  AVERAGE WIND SPEED    10.2


SKY COVER
  AVERAGE SKY COVER 0.5


WEATHER CONDITIONS
 THE FOLLOWING WEATHER WAS RECORDED YESTERDAY.
  HEAVY RAIN
  RAIN
  LIGHT RAIN


RELATIVE HUMIDITY (PERCENT)
 HIGHEST    89           500 AM
 LOWEST     33           200 PM
 AVERAGE    61

..........................................................


THE BAKER OR CLIMATE NORMALS FOR TODAY
                         NORMAL    RECORD    YEAR
 MAXIMUM TEMPERATURE (F)   63        88      1992
                                             1947
 MINIMUM TEMPERATURE (F)   34        22      1996


SUNRISE AND SUNSET
MAY  6 2016...........SUNRISE   533 AM PDT   SUNSET   803 PM PDT
MAY  7 2016...........SUNRISE   532 AM PDT   SUNSET   804 PM PDT


-  INDICATES NEGATIVE NUMBERS.
R  INDICATES RECORD WAS SET OR TIED.
MM INDICATES DATA IS MISSING.
T  INDICATES TRACE AMOUNT.




$$
