000
CDUS46 KBOI 280934
CLIBKE


CLIMATE REPORT
NATIONAL WEATHER SERVICE BOISE ID
334 AM MDT TUE JUL 28 2015


...................................

...THE BAKER OR CLIMATE SUMMARY FOR JULY 27 2015...

CLIMATE NORMAL PERIOD 1981 TO 2010
CLIMATE RECORD PERIOD 1948 TO 2015


WEATHER ITEM   OBSERVED TIME   RECORD YEAR NORMAL DEPARTURE LAST
                VALUE   (LST)  VALUE       VALUE  FROM      YEAR
                                                  NORMAL
..................................................................
TEMPERATURE (F)
 YESTERDAY
  MAXIMUM         70    301 PM 102    1999  87    -17       96
  MINIMUM         41   1047 PM  39    2005  47     -6       44
  AVERAGE         56                        67    -11       70

PRECIPITATION (IN)
  YESTERDAY        0.00          0.24 1956   0.02  -0.02     0.00
  MONTH TO DATE    2.72                      0.58   2.14     0.05
  SINCE OCT 1      9.46                      8.80   0.66     6.09
  SINCE JAN 1      7.26                      6.29   0.97     4.92

DEGREE DAYS
 HEATING
  YESTERDAY        9                         1      8        0
  MONTH TO DATE   29                        63    -34       13
  SINCE JUN 1    113                       289   -176      246
  SINCE JUL 1     29                        63    -34       13

 COOLING
  YESTERDAY        0                         3     -3        5
  MONTH TO DATE   71                        62      9      127
  SINCE JUN 1    139                        78     61      127
  SINCE JAN 1    140                        80     60      127
..................................................................


WIND (MPH)
  RESULTANT WIND SPEED  13   RESULTANT WIND DIRECTION  NW (330)
  HIGHEST WIND SPEED    28   HIGHEST WIND DIRECTION    NW (320)
  HIGHEST GUST SPEED    35   HIGHEST GUST DIRECTION    NW (320)
  AVERAGE WIND SPEED    13.1


SKY COVER
  AVERAGE SKY COVER 0.1


WEATHER CONDITIONS
 THE FOLLOWING WEATHER WAS RECORDED YESTERDAY.
  NO SIGNIFICANT WEATHER WAS OBSERVED.


RELATIVE HUMIDITY (PERCENT)
 HIGHEST    83           400 AM
 LOWEST     32           400 PM
 AVERAGE    58

..........................................................


THE BAKER OR CLIMATE NORMALS FOR TODAY
                         NORMAL    RECORD    YEAR
 MAXIMUM TEMPERATURE (F)   87       100      1999
 MINIMUM TEMPERATURE (F)   47        36      1959


SUNRISE AND SUNSET
JULY 28 2015..........SUNRISE   532 AM PDT   SUNSET   822 PM PDT
JULY 29 2015..........SUNRISE   533 AM PDT   SUNSET   821 PM PDT


-  INDICATES NEGATIVE NUMBERS.
R  INDICATES RECORD WAS SET OR TIED.
MM INDICATES DATA IS MISSING.
T  INDICATES TRACE AMOUNT.




$$
