000
CDUS46 KBOI 300931
CLIBKE


CLIMATE REPORT
NATIONAL WEATHER SERVICE BOISE ID
331 AM MDT SUN AUG 30 2015


...................................

...THE BAKER OR CLIMATE SUMMARY FOR AUGUST 29 2015...

CLIMATE NORMAL PERIOD 1981 TO 2010
CLIMATE RECORD PERIOD 1948 TO 2015


WEATHER ITEM   OBSERVED TIME   RECORD YEAR NORMAL DEPARTURE LAST
                VALUE   (LST)  VALUE       VALUE  FROM      YEAR
                                                  NORMAL
..................................................................
TEMPERATURE (F)
 YESTERDAY
  MAXIMUM         87   1153 AM  95    1999  81      6       87
  MINIMUM         49   1156 PM  32    1980  42      7       39
  AVERAGE         68                        62      6       63

PRECIPITATION (IN)
  YESTERDAY        T             0.45 1994   0.03  -0.03      T
  MONTH TO DATE    0.02                      0.66  -0.64     0.51
  SINCE OCT 1      9.48                      9.53  -0.05     6.60
  SINCE JAN 1      7.28                      7.02   0.26     5.43

DEGREE DAYS
 HEATING
  YESTERDAY        0                         4     -4        2
  MONTH TO DATE   39                        70    -31       48
  SINCE JUN 1    163                       366   -203      294
  SINCE JUL 1     79                       140    -61       61

 COOLING
  YESTERDAY        3                         1      2        0
  MONTH TO DATE   71                        64      7       70
  SINCE JUN 1    222                       155     67      235
  SINCE JAN 1    223                       157     66      235
..................................................................


WIND (MPH)
  RESULTANT WIND SPEED   5   RESULTANT WIND DIRECTION   S (190)
  HIGHEST WIND SPEED    35   HIGHEST WIND DIRECTION     S (160)
  HIGHEST GUST SPEED    43   HIGHEST GUST DIRECTION     S (190)
  AVERAGE WIND SPEED    13.4


SKY COVER
  AVERAGE SKY COVER 0.2


WEATHER CONDITIONS
 THE FOLLOWING WEATHER WAS RECORDED YESTERDAY.
  LIGHT RAIN


RELATIVE HUMIDITY (PERCENT)
 HIGHEST    83           200 AM
 LOWEST     20           300 PM
 AVERAGE    52

..........................................................


THE BAKER OR CLIMATE NORMALS FOR TODAY
                         NORMAL    RECORD    YEAR
 MAXIMUM TEMPERATURE (F)   81        96      1996
 MINIMUM TEMPERATURE (F)   42        30      1965


SUNRISE AND SUNSET
AUGUST 30 2015........SUNRISE   611 AM PDT   SUNSET   732 PM PDT
AUGUST 31 2015........SUNRISE   612 AM PDT   SUNSET   730 PM PDT


-  INDICATES NEGATIVE NUMBERS.
R  INDICATES RECORD WAS SET OR TIED.
MM INDICATES DATA IS MISSING.
T  INDICATES TRACE AMOUNT.




$$
