000
CDUS46 KBOI 230936
CLIBKE


CLIMATE REPORT
NATIONAL WEATHER SERVICE BOISE ID
336 AM MDT SUN APR 23 2017


...................................

...THE BAKER OR CLIMATE SUMMARY FOR APRIL 22 2017...

CLIMATE NORMAL PERIOD 1981 TO 2010
CLIMATE RECORD PERIOD 1948 TO 2017


WEATHER ITEM   OBSERVED TIME   RECORD YEAR NORMAL DEPARTURE LAST
                VALUE   (LST)  VALUE       VALUE  FROM      YEAR
                                                  NORMAL
..................................................................
TEMPERATURE (F)
 YESTERDAY
  MAXIMUM         63    128 PM  82    1977  59      4       72
  MINIMUM         34    135 AM  18    1968  30      4       47
  AVERAGE         49                        45      4       60

PRECIPITATION (IN)
  YESTERDAY        T             0.53 1979   0.03  -0.03      T
  MONTH TO DATE    0.47                      0.58  -0.11     0.31
  SINCE OCT 1      5.81                      5.29   0.52     3.77
  SINCE JAN 1      3.07                      2.78   0.29     1.23

DEGREE DAYS
 HEATING
  YESTERDAY       16                        20     -4        5
  MONTH TO DATE  514                       492     22      338
  SINCE MAR 1   1246                      1340    -94     1125
  SINCE JUL 1   7074                      6860    214     6169

 COOLING
  YESTERDAY        0                         0      0        0
  MONTH TO DATE    0                         0      0        0
  SINCE MAR 1      0                         0      0        0
  SINCE JAN 1      0                         0      0        0
..................................................................


WIND (MPH)
  RESULTANT WIND SPEED   3   RESULTANT WIND DIRECTION  SE (130)
  HIGHEST WIND SPEED    31   HIGHEST WIND DIRECTION    SE (120)
  HIGHEST GUST SPEED    37   HIGHEST GUST DIRECTION    SE (120)
  AVERAGE WIND SPEED    14.1


SKY COVER
  AVERAGE SKY COVER 0.3


WEATHER CONDITIONS
 THE FOLLOWING WEATHER WAS RECORDED YESTERDAY.
  LIGHT RAIN


RELATIVE HUMIDITY (PERCENT)
 HIGHEST    76          1000 PM
 LOWEST     29           100 PM
 AVERAGE    53

..........................................................


THE BAKER OR CLIMATE NORMALS FOR TODAY
                         NORMAL    RECORD    YEAR
 MAXIMUM TEMPERATURE (F)   60        86      1977
 MINIMUM TEMPERATURE (F)   30        12      2013


SUNRISE AND SUNSET
APRIL 23 2017.........SUNRISE   553 AM PDT   SUNSET   747 PM PDT
APRIL 24 2017.........SUNRISE   551 AM PDT   SUNSET   748 PM PDT


-  INDICATES NEGATIVE NUMBERS.
R  INDICATES RECORD WAS SET OR TIED.
MM INDICATES DATA IS MISSING.
T  INDICATES TRACE AMOUNT.




$$
