000
CDUS41 KRLX 280717
CLIBKW


CLIMATE REPORT
NATIONAL WEATHER SERVICE CHARLESTON WV
315 AM EDT THU AUG 28 2014


...................................

...THE BECKLEY WV CLIMATE SUMMARY FOR AUGUST 27 2014...

CLIMATE NORMAL PERIOD 1981 TO 2010
CLIMATE RECORD PERIOD 1963 TO 2014


WEATHER ITEM   OBSERVED TIME   RECORD YEAR NORMAL DEPARTURE LAST
                VALUE   (LST)  VALUE       VALUE  FROM      YEAR
                                                  NORMAL
..................................................................
TEMPERATURE (F)
 YESTERDAY
  MAXIMUM         83    425 PM  93    1948  78      5       79
  MINIMUM         54    521 AM  38    1923  59     -5       63
  AVERAGE         69                        69      0       71

PRECIPITATION (IN)
  YESTERDAY        0.00          0.70 1951   0.09  -0.09      T
  MONTH TO DATE    4.01                      3.13   0.88     4.80
  SINCE JAN 1     24.40                     29.32  -4.92    29.62

SNOWFALL (IN)
  YESTERDAY        0.0
  MONTH TO DATE    0.0
  SINCE SEP 1     76.3
  SNOW DEPTH       0

DEGREE DAYS
 HEATING
  YESTERDAY        0                         1     -1        0
  MONTH TO DATE    7                         3      4       15
  SINCE JUN 1     41                        50     -9       27
  SINCE JUL 1     29                        11     18       20

 COOLING
  YESTERDAY        4                         4      0        6
  MONTH TO DATE   94                       147    -53      106
  SINCE JUN 1    416                       439    -23      436
  SINCE JAN 1    491                       480     11      503
..................................................................


WIND (MPH)
  HIGHEST WIND SPEED    10   HIGHEST WIND DIRECTION     N (350)
  HIGHEST GUST SPEED    13   HIGHEST GUST DIRECTION     N (350)
  AVERAGE WIND SPEED     3.4


SKY COVER
  POSSIBLE SUNSHINE  MM
  AVERAGE SKY COVER 0.0


WEATHER CONDITIONS
 THE FOLLOWING WEATHER WAS RECORDED YESTERDAY.
  NO SIGNIFICANT WEATHER WAS OBSERVED.


RELATIVE HUMIDITY (PERCENT)
 HIGHEST    93           500 AM
 LOWEST     47           400 PM
 AVERAGE    70

..........................................................


THE BECKLEY WV CLIMATE NORMALS FOR TODAY
                         NORMAL    RECORD    YEAR
 MAXIMUM TEMPERATURE (F)   78        94      1948
 MINIMUM TEMPERATURE (F)   59        39      1923


SUNRISE AND SUNSET
AUGUST 28 2014........SUNRISE   651 AM EDT   SUNSET   800 PM EDT
AUGUST 29 2014........SUNRISE   652 AM EDT   SUNSET   758 PM EDT


-  INDICATES NEGATIVE NUMBERS.
R  INDICATES RECORD WAS SET OR TIED.
MM INDICATES DATA IS MISSING.
T  INDICATES TRACE AMOUNT.




$$
