000
CDUS41 KRLX 020749
CLIBKW


CLIMATE REPORT
NATIONAL WEATHER SERVICE CHARLESTON WV
345 AM EDT THU JUL 2 2015


...................................

...THE BECKLEY WV CLIMATE SUMMARY FOR JULY 1 2015...

CLIMATE NORMAL PERIOD 1981 TO 2010
CLIMATE RECORD PERIOD 1963 TO 2015


WEATHER ITEM   OBSERVED TIME   RECORD YEAR NORMAL DEPARTURE LAST
                VALUE   (LST)  VALUE       VALUE  FROM      YEAR
                                                  NORMAL
..................................................................
TEMPERATURE (F)
 YESTERDAY
  MAXIMUM         78    144 PM  93    1941  80     -2       85
                                      1931
                                      1911
  MINIMUM         57    502 AM  41    1988  61     -4       66
  AVERAGE         68                        70     -2       76

PRECIPITATION (IN)
  YESTERDAY        0.02          1.72 1986   0.15  -0.13     0.07
  MONTH TO DATE    0.02                      0.15  -0.13     0.07
  SINCE JAN 1     25.33                     21.31   4.02    18.05

SNOWFALL (IN)
  YESTERDAY        0.0
  MONTH TO DATE    0.0
  SINCE SEP 1     66.2
  SNOW DEPTH       0

DEGREE DAYS
 HEATING
  YESTERDAY        0                         0      0        0
  MONTH TO DATE    0                         0      0        0
  SINCE JUN 1     10                        39    -29       12
  SINCE JUL 1      0                         0      0        0

 COOLING
  YESTERDAY        3                         6     -3       11
  MONTH TO DATE    3                         6     -3       11
  SINCE JUN 1    191                       117     74      182
  SINCE JAN 1    297                       158    139      257
..................................................................


WIND (MPH)
  HIGHEST WIND SPEED    16   HIGHEST WIND DIRECTION     W (290)
  HIGHEST GUST SPEED    22   HIGHEST GUST DIRECTION     W (270)
  AVERAGE WIND SPEED     7.6


SKY COVER
  POSSIBLE SUNSHINE  MM
  AVERAGE SKY COVER 0.5


WEATHER CONDITIONS
 THE FOLLOWING WEATHER WAS RECORDED YESTERDAY.
  LIGHT RAIN
  FOG
  HAZE


RELATIVE HUMIDITY (PERCENT)
 HIGHEST    93           100 AM
 LOWEST     54           100 PM
 AVERAGE    74

..........................................................


THE BECKLEY WV CLIMATE NORMALS FOR TODAY
                         NORMAL    RECORD    YEAR
 MAXIMUM TEMPERATURE (F)   80        94      1931
 MINIMUM TEMPERATURE (F)   61        42      1937


SUNRISE AND SUNSET
JULY  2 2015..........SUNRISE   607 AM EDT   SUNSET   850 PM EDT
JULY  3 2015..........SUNRISE   607 AM EDT   SUNSET   850 PM EDT


-  INDICATES NEGATIVE NUMBERS.
R  INDICATES RECORD WAS SET OR TIED.
MM INDICATES DATA IS MISSING.
T  INDICATES TRACE AMOUNT.




$$
