000
CDUS41 KRLX 250824
CLIBKW


CLIMATE REPORT
NATIONAL WEATHER SERVICE CHARLESTON WV
323 AM EST SAT FEB 25 2017


...................................

...THE BECKLEY WV CLIMATE SUMMARY FOR FEBRUARY 24 2017...

CLIMATE NORMAL PERIOD 1981 TO 2010
CLIMATE RECORD PERIOD 1963 TO 2017


WEATHER ITEM   OBSERVED TIME   RECORD YEAR NORMAL DEPARTURE LAST
                VALUE   (LST)  VALUE       VALUE  FROM      YEAR
                                                  NORMAL
..................................................................
TEMPERATURE (F)
 YESTERDAY
  MAXIMUM         73R   411 PM  71    1985  45     28       62
                                      1961
  MINIMUM         52    148 AM  -3    1967  27     25       35
  AVERAGE         63                        36     27       49

PRECIPITATION (IN)
  YESTERDAY        0.00          1.40 1972   0.10  -0.10     0.20
  MONTH TO DATE    0.95                      2.35  -1.40     3.20
  SINCE JAN 1      5.66                      5.16   0.50     5.62

SNOWFALL (IN)
  YESTERDAY        0.0
  MONTH TO DATE    0.5
  SINCE SEP 1     18.8
  SNOW DEPTH       0

DEGREE DAYS
 HEATING
  YESTERDAY        2                        29    -27       16
  MONTH TO DATE  532                       745   -213      738
  SINCE DEC 1   2271                      2749   -478     2375
  SINCE JUL 1   3046                      3889   -843     3234

 COOLING
  YESTERDAY        0                         0      0        0
  MONTH TO DATE    0                         0      0        0
  SINCE DEC 1      0                         0      0        0
  SINCE JAN 1      0                         0      0        0
..................................................................


WIND (MPH)
  HIGHEST WIND SPEED    20   HIGHEST WIND DIRECTION     S (160)
  HIGHEST GUST SPEED    25   HIGHEST GUST DIRECTION     S (170)
  AVERAGE WIND SPEED     9.5


SKY COVER
  POSSIBLE SUNSHINE  MM
  AVERAGE SKY COVER 0.0


WEATHER CONDITIONS
 THE FOLLOWING WEATHER WAS RECORDED YESTERDAY.
  NO SIGNIFICANT WEATHER WAS OBSERVED.


RELATIVE HUMIDITY (PERCENT)
 HIGHEST    83           100 AM
 LOWEST     35           400 PM
 AVERAGE    59

..........................................................


THE BECKLEY WV CLIMATE NORMALS FOR TODAY
                         NORMAL    RECORD    YEAR
 MAXIMUM TEMPERATURE (F)   46        70      2000
 MINIMUM TEMPERATURE (F)   28        -5      1967


SUNRISE AND SUNSET
FEBRUARY 25 2017......SUNRISE   701 AM EST   SUNSET   614 PM EST
FEBRUARY 26 2017......SUNRISE   700 AM EST   SUNSET   615 PM EST


-  INDICATES NEGATIVE NUMBERS.
R  INDICATES RECORD WAS SET OR TIED.
MM INDICATES DATA IS MISSING.
T  INDICATES TRACE AMOUNT.




$$
