000
CDUS41 KRLX 160729
CLIBKW


CLIMATE REPORT
NATIONAL WEATHER SERVICE CHARLESTON WV
327 AM EDT TUE SEP 16 2014


...................................

...THE BECKLEY WV CLIMATE SUMMARY FOR SEPTEMBER 15 2014...

CLIMATE NORMAL PERIOD 1981 TO 2010
CLIMATE RECORD PERIOD 1963 TO 2014


WEATHER ITEM   OBSERVED TIME   RECORD YEAR NORMAL DEPARTURE LAST
                VALUE   (LST)  VALUE       VALUE  FROM      YEAR
                                                  NORMAL
..................................................................
TEMPERATURE (F)
 YESTERDAY
  MAXIMUM         72    320 PM  90    1931  73     -1       72
  MINIMUM         56    648 AM  33    1913  54      2       47
  AVERAGE         64                        64      0       60

PRECIPITATION (IN)
  YESTERDAY        0.00          1.04 1956   0.11  -0.11     0.00
  MONTH TO DATE    2.07                      1.52   0.55     0.74
  SINCE JAN 1     26.57                     31.18  -4.61    30.71

SNOWFALL (IN)
  YESTERDAY        0.0
  MONTH TO DATE    0.0
  SINCE SEP 1      0.0
  SNOW DEPTH       0

DEGREE DAYS
 HEATING
  YESTERDAY        1                         3     -2        5
  MONTH TO DATE   19                        29    -10       20
  SINCE SEP 1     19                        29    -10       20
  SINCE JUL 1     48                        50     -2       40

 COOLING
  YESTERDAY        0                         2     -2        0
  MONTH TO DATE   74                        42     32       53
  SINCE SEP 1     74                        42     32       53
  SINCE JAN 1    598                       535     63      596
..................................................................


WIND (MPH)
  HIGHEST WIND SPEED    15   HIGHEST WIND DIRECTION     W (260)
  HIGHEST GUST SPEED    18   HIGHEST GUST DIRECTION     W (280)
  AVERAGE WIND SPEED     5.5


SKY COVER
  POSSIBLE SUNSHINE  MM
  AVERAGE SKY COVER 0.6


WEATHER CONDITIONS
 THE FOLLOWING WEATHER WAS RECORDED YESTERDAY.
  FOG
  FOG W/VISIBILITY <= 1/4 MILE


RELATIVE HUMIDITY (PERCENT)
 HIGHEST   100           600 AM
 LOWEST     57           300 PM
 AVERAGE    79

..........................................................


THE BECKLEY WV CLIMATE NORMALS FOR TODAY
                         NORMAL    RECORD    YEAR
 MAXIMUM TEMPERATURE (F)   73        90      1955
                                             1936
                                             1931
 MINIMUM TEMPERATURE (F)   53        33      1961


SUNRISE AND SUNSET
SEPTEMBER 16 2014.....SUNRISE   707 AM EDT   SUNSET   731 PM EDT
SEPTEMBER 17 2014.....SUNRISE   708 AM EDT   SUNSET   729 PM EDT


-  INDICATES NEGATIVE NUMBERS.
R  INDICATES RECORD WAS SET OR TIED.
MM INDICATES DATA IS MISSING.
T  INDICATES TRACE AMOUNT.




$$
