000
CDUS41 KRLX 122121
CLIBKW


CLIMATE REPORT
NATIONAL WEATHER SERVICE CHARLESTON WV
516 PM EDT SAT JUL 12 2014


...................................

...THE BECKLEY WV CLIMATE SUMMARY FOR JULY 12 2014...
VALID TODAY AS OF 0500 PM LOCAL TIME.

CLIMATE NORMAL PERIOD 1981 TO 2010
CLIMATE RECORD PERIOD 1963 TO 2014


WEATHER ITEM   OBSERVED TIME   RECORD YEAR NORMAL DEPARTURE LAST
                VALUE   (LST)  VALUE       VALUE  FROM      YEAR
                                                  NORMAL
..................................................................
TEMPERATURE (F)
 TODAY
  MAXIMUM         86    316 PM  92    1936  80      6       75
  MINIMUM         65    329 AM  42    1939  62      3       60
  AVERAGE         76                        71      5       68

PRECIPITATION (IN)
  TODAY            0.00          1.42 1976   0.17  -0.17     0.34
  MONTH TO DATE    0.54                      1.84  -1.30     2.33
  SINCE JUN 1      4.40                      5.84  -1.44     7.15
  SINCE JAN 1     18.52                     23.00  -4.48    22.53

DEGREE DAYS
 HEATING
  TODAY            0                         0      0        0
  MONTH TO DATE    3                         0      3        0
  SINCE JUN 1     15                        39    -24        7
  SINCE JUL 1      3                         0      3        0

 COOLING
  TODAY           11                         6      5        3
  MONTH TO DATE   75                        72      3       87
  SINCE JUN 1    246                       183     63      212
  SINCE JAN 1    321                       224     97      279
..................................................................


WIND (MPH)
  HIGHEST WIND SPEED    14   HIGHEST WIND DIRECTION     W (270)
  HIGHEST GUST SPEED    18   HIGHEST GUST DIRECTION     W (290)
  AVERAGE WIND SPEED     6.8


SKY COVER
  POSSIBLE SUNSHINE  MM
  AVERAGE SKY COVER 0.2


WEATHER CONDITIONS
 THE FOLLOWING WEATHER WAS RECORDED TODAY.
  NO SIGNIFICANT WEATHER WAS OBSERVED.


RELATIVE HUMIDITY (PERCENT)
 HIGHEST    81           200 AM
 LOWEST     40           200 PM
 AVERAGE    61

..........................................................


THE BECKLEY WV CLIMATE NORMALS FOR TOMORROW
                         NORMAL    RECORD    YEAR
 MAXIMUM TEMPERATURE (F)   80        90      1954
                                             1936
                                             1912
 MINIMUM TEMPERATURE (F)   62        46      1953
                                             1926


SUNRISE AND SUNSET
JULY 12 2014..........SUNRISE   612 AM EDT   SUNSET   847 PM EDT
JULY 13 2014..........SUNRISE   613 AM EDT   SUNSET   847 PM EDT


-  INDICATES NEGATIVE NUMBERS.
R  INDICATES RECORD WAS SET OR TIED.
MM INDICATES DATA IS MISSING.
T  INDICATES TRACE AMOUNT.




$$
