000
CDUS41 KRLX 100907
CLIBKW


CLIMATE REPORT
NATIONAL WEATHER SERVICE CHARLESTON WV
406 AM EST WED FEB 10 2016


...................................

...THE BECKLEY WV CLIMATE SUMMARY FOR FEBRUARY 9 2016...

CLIMATE NORMAL PERIOD 1981 TO 2010
CLIMATE RECORD PERIOD 1963 TO 2016


WEATHER ITEM   OBSERVED TIME   RECORD YEAR NORMAL DEPARTURE LAST
                VALUE   (LST)  VALUE       VALUE  FROM      YEAR
                                                  NORMAL
..................................................................
TEMPERATURE (F)
 YESTERDAY
  MAXIMUM         29   1210 AM  74    1918  42    -13       51
  MINIMUM         16    831 PM  -9    1933  25     -9       30
  AVERAGE         23                        33    -10       41

PRECIPITATION (IN)
  YESTERDAY        0.01          2.11 1994   0.10  -0.09     0.25
  MONTH TO DATE    0.77                      0.86  -0.09     1.00
  SINCE JAN 1      3.19                      3.67  -0.48     3.23

SNOWFALL (IN)
  YESTERDAY        2.2
  MONTH TO DATE    3.5
  SINCE SEP 1     22.2
  SNOW DEPTH       2

DEGREE DAYS
 HEATING
  YESTERDAY       42                        32     10       24
  MONTH TO DATE  246                       292    -46      274
  SINCE DEC 1   1883                      2296   -413     2205
  SINCE JUL 1   2742                      3436   -694     3446

 COOLING
  YESTERDAY        0                         0      0        0
  MONTH TO DATE    0                         0      0        0
  SINCE DEC 1      0                         0      0        0
  SINCE JAN 1      0                         0      0        0
..................................................................


WIND (MPH)
  HIGHEST WIND SPEED    16   HIGHEST WIND DIRECTION     W (280)
  HIGHEST GUST SPEED    22   HIGHEST GUST DIRECTION     W (280)
  AVERAGE WIND SPEED    10.4


SKY COVER
  POSSIBLE SUNSHINE  MM
  AVERAGE SKY COVER 0.9


WEATHER CONDITIONS
 THE FOLLOWING WEATHER WAS RECORDED YESTERDAY.
  LIGHT SNOW
  FOG
  HAZE


RELATIVE HUMIDITY (PERCENT)
 HIGHEST    92           200 AM
 LOWEST     67           300 PM
 AVERAGE    80

..........................................................


THE BECKLEY WV CLIMATE NORMALS FOR TODAY
                         NORMAL    RECORD    YEAR
 MAXIMUM TEMPERATURE (F)   42        69      1918
 MINIMUM TEMPERATURE (F)   25       -20      1899


SUNRISE AND SUNSET
FEBRUARY 10 2016......SUNRISE   720 AM EST   SUNSET   558 PM EST
FEBRUARY 11 2016......SUNRISE   719 AM EST   SUNSET   559 PM EST


-  INDICATES NEGATIVE NUMBERS.
R  INDICATES RECORD WAS SET OR TIED.
MM INDICATES DATA IS MISSING.
T  INDICATES TRACE AMOUNT.




$$
