000
CDUS41 KRLX 300722
CLIBKW


CLIMATE REPORT
NATIONAL WEATHER SERVICE CHARLESTON WV
321 AM EDT TUE MAY 30 2017


...................................

...THE BECKLEY WV CLIMATE SUMMARY FOR MAY 29 2017...

CLIMATE NORMAL PERIOD 1981 TO 2010
CLIMATE RECORD PERIOD 1963 TO 2017


WEATHER ITEM   OBSERVED TIME   RECORD YEAR NORMAL DEPARTURE LAST
                VALUE   (LST)  VALUE       VALUE  FROM      YEAR
                                                  NORMAL
..................................................................
TEMPERATURE (F)
 YESTERDAY
  MAXIMUM         73    133 PM  88    1914  73      0       74
  MINIMUM         59   1159 PM  33    1949  53      6       60
  AVERAGE         66                        63      3       67

PRECIPITATION (IN)
  YESTERDAY        T             2.30 1924   0.16  -0.16      T
  MONTH TO DATE    6.62                      4.36   2.26     6.59
  SINCE JAN 1     20.38                     16.86   3.52    17.11

SNOWFALL (IN)
  YESTERDAY        0.0
  MONTH TO DATE    0.0
  SINCE SEP 1     26.0
  SNOW DEPTH       0

DEGREE DAYS
 HEATING
  YESTERDAY        0                         4     -4        0
  MONTH TO DATE  166                       186    -20      200
  SINCE MAR 1   1082                      1294   -212     1004
  SINCE JUL 1   4216                      5295  -1079     4379

 COOLING
  YESTERDAY        1                         2     -1        2
  MONTH TO DATE   32                        25      7       25
  SINCE MAR 1     63                        35     28       33
  SINCE JAN 1     63                        35     28       33
..................................................................


WIND (MPH)
  HIGHEST WIND SPEED    14   HIGHEST WIND DIRECTION     W (250)
  HIGHEST GUST SPEED    18   HIGHEST GUST DIRECTION    NW (330)
  AVERAGE WIND SPEED     5.8


SKY COVER
  POSSIBLE SUNSHINE  MM
  AVERAGE SKY COVER 0.4


WEATHER CONDITIONS
 THE FOLLOWING WEATHER WAS RECORDED YESTERDAY.
  LIGHT RAIN


RELATIVE HUMIDITY (PERCENT)
 HIGHEST    90           400 AM
 LOWEST     41           100 PM
 AVERAGE    66

..........................................................


THE BECKLEY WV CLIMATE NORMALS FOR TODAY
                         NORMAL    RECORD    YEAR
 MAXIMUM TEMPERATURE (F)   73        87      2011
                                             2006
                                             1931
 MINIMUM TEMPERATURE (F)   53        33      1984
                                             1949
                                             1932


SUNRISE AND SUNSET
MAY 30 2017...........SUNRISE   605 AM EDT   SUNSET   840 PM EDT
MAY 31 2017...........SUNRISE   604 AM EDT   SUNSET   840 PM EDT


-  INDICATES NEGATIVE NUMBERS.
R  INDICATES RECORD WAS SET OR TIED.
MM INDICATES DATA IS MISSING.
T  INDICATES TRACE AMOUNT.




$$
