000
CDUS41 KRLX 280731
CLIBKW


CLIMATE REPORT
NATIONAL WEATHER SERVICE CHARLESTON WV
329 AM EDT SAT MAY 28 2016


...................................

...THE BECKLEY WV CLIMATE SUMMARY FOR MAY 27 2016...

CLIMATE NORMAL PERIOD 1981 TO 2010
CLIMATE RECORD PERIOD 1963 TO 2016


WEATHER ITEM   OBSERVED TIME   RECORD YEAR NORMAL DEPARTURE LAST
                VALUE   (LST)  VALUE       VALUE  FROM      YEAR
                                                  NORMAL
..................................................................
TEMPERATURE (F)
 YESTERDAY
  MAXIMUM         85    152 PM  88    1919  72     13       81
  MINIMUM         57    539 AM  28    1897  52      5       62
  AVERAGE         71                        62      9       72

PRECIPITATION (IN)
  YESTERDAY        0.00          1.69 1968   0.15  -0.15     0.01
  MONTH TO DATE    6.59                      4.04   2.55     0.92
  SINCE JAN 1     17.11                     16.54   0.57    19.72

SNOWFALL (IN)
  YESTERDAY        0.0
  MONTH TO DATE    0.0
  SINCE SEP 1     45.5
  SNOW DEPTH       0

DEGREE DAYS
 HEATING
  YESTERDAY        0                         4     -4        0
  MONTH TO DATE  200                       178     22       88
  SINCE MAR 1   1004                      1286   -282     1111
  SINCE JUL 1   4379                      5287   -908     5444

 COOLING
  YESTERDAY        6                         1      5        7
  MONTH TO DATE   16                        21     -5       76
  SINCE MAR 1     24                        31     -7       79
  SINCE JAN 1     24                        31     -7       79
..................................................................


WIND (MPH)
  HIGHEST WIND SPEED    15   HIGHEST WIND DIRECTION    SW (230)
  HIGHEST GUST SPEED    18   HIGHEST GUST DIRECTION    SW (220)
  AVERAGE WIND SPEED     4.5


SKY COVER
  POSSIBLE SUNSHINE  MM
  AVERAGE SKY COVER 0.3


WEATHER CONDITIONS
 THE FOLLOWING WEATHER WAS RECORDED YESTERDAY.
  NO SIGNIFICANT WEATHER WAS OBSERVED.


RELATIVE HUMIDITY (PERCENT)
 HIGHEST    93           500 AM
 LOWEST     40           200 PM
 AVERAGE    67

..........................................................


THE BECKLEY WV CLIMATE NORMALS FOR TODAY
                         NORMAL    RECORD    YEAR
 MAXIMUM TEMPERATURE (F)   73        87      1955
                                             1941
 MINIMUM TEMPERATURE (F)   53        30      1902


SUNRISE AND SUNSET
MAY 28 2016...........SUNRISE   606 AM EDT   SUNSET   838 PM EDT
MAY 29 2016...........SUNRISE   605 AM EDT   SUNSET   839 PM EDT


-  INDICATES NEGATIVE NUMBERS.
R  INDICATES RECORD WAS SET OR TIED.
MM INDICATES DATA IS MISSING.
T  INDICATES TRACE AMOUNT.




$$
