000
CDUS41 KRLX 210816
CLIBKW


CLIMATE REPORT
NATIONAL WEATHER SERVICE CHARLESTON WV
316 AM EST WED FEB 21 2018


...................................

...THE BECKLEY WV CLIMATE SUMMARY FOR FEBRUARY 20 2018...

CLIMATE NORMAL PERIOD 1981 TO 2010
CLIMATE RECORD PERIOD 1963 TO 2018


WEATHER ITEM   OBSERVED TIME   RECORD YEAR NORMAL DEPARTURE LAST
                VALUE   (LST)  VALUE       VALUE  FROM      YEAR
                                                  NORMAL
..................................................................
TEMPERATURE (F)
 YESTERDAY
  MAXIMUM         76R   402 PM  69    1916  44     32       68
  MINIMUM         53    448 AM  -9    2015  27     26       30
  AVERAGE         65                        35     30       49

PRECIPITATION (IN)
  YESTERDAY        0.00          1.04 1957   0.10  -0.10     0.00
  MONTH TO DATE    6.22                      1.95   4.27     0.48
  SINCE JAN 1      8.54                      4.76   3.78     5.19

SNOWFALL (IN)
  YESTERDAY        0.0           5.7  1977   0.6   -0.6      0.0
                                      2006
  MONTH TO DATE    7.3                      12.4   -5.1      0.5
  SINCE SEP 1     29.0                      46.3  -17.3     18.8
  SNOW DEPTH       0

DEGREE DAYS
 HEATING
  YESTERDAY        0                        30    -30       16
  MONTH TO DATE  508                       629   -121      498
  SINCE DEC 1   2627                      2633     -6     2237
  SINCE JUL 1   3610                      3773   -163     3012

 COOLING
  YESTERDAY        0                         0      0        0
  MONTH TO DATE    0                         0      0        0
  SINCE DEC 1      0                         0      0        0
  SINCE JAN 1      0                         0      0        0
..................................................................


WIND (MPH)
  HIGHEST WIND SPEED    17   HIGHEST WIND DIRECTION    SW (220)
  HIGHEST GUST SPEED    23   HIGHEST GUST DIRECTION    SW (230)
  AVERAGE WIND SPEED     9.6


SKY COVER
  POSSIBLE SUNSHINE  MM
  AVERAGE SKY COVER 0.1


WEATHER CONDITIONS
 THE FOLLOWING WEATHER WAS RECORDED YESTERDAY.
  NO SIGNIFICANT WEATHER WAS OBSERVED.


RELATIVE HUMIDITY (PERCENT)
 HIGHEST    89           700 AM
 LOWEST     33           400 PM
 AVERAGE    61

..........................................................


THE BECKLEY WV CLIMATE NORMALS FOR TODAY
                         NORMAL    RECORD    YEAR
 MAXIMUM TEMPERATURE (F)   45        70      1916
 MINIMUM TEMPERATURE (F)   27        -2      1968


SUNRISE AND SUNSET
FEBRUARY 21 2018......SUNRISE   707 AM EST   SUNSET   610 PM EST
FEBRUARY 22 2018......SUNRISE   705 AM EST   SUNSET   611 PM EST


-  INDICATES NEGATIVE NUMBERS.
R  INDICATES RECORD WAS SET OR TIED.
MM INDICATES DATA IS MISSING.
T  INDICATES TRACE AMOUNT.




$$
