000
CDUS41 KRLX 280722
CLIBKW


CLIMATE REPORT
NATIONAL WEATHER SERVICE CHARLESTON WV
322 AM EDT FRI JUL 28 2017


...................................

...THE BECKLEY WV CLIMATE SUMMARY FOR JULY 27 2017...

CLIMATE NORMAL PERIOD 1981 TO 2010
CLIMATE RECORD PERIOD 1963 TO 2017


WEATHER ITEM   OBSERVED TIME   RECORD YEAR NORMAL DEPARTURE LAST
                VALUE   (LST)  VALUE       VALUE  FROM      YEAR
                                                  NORMAL
..................................................................
TEMPERATURE (F)
 YESTERDAY
  MAXIMUM         76    848 AM  95    1896  80     -4       85
  MINIMUM         65    602 AM  42    1962  61      4       66
  AVERAGE         71                        70      1       76

PRECIPITATION (IN)
  YESTERDAY        0.60          2.18 1992   0.17   0.43     0.13
  MONTH TO DATE    2.59                      4.35  -1.76     4.81
  SINCE JAN 1     30.42                     25.51   4.91    29.99

SNOWFALL (IN)
  YESTERDAY        0.0
  MONTH TO DATE    0.0
  SINCE SEP 1     26.0
  SNOW DEPTH       0

DEGREE DAYS
 HEATING
  YESTERDAY        0                         0      0        0
  MONTH TO DATE    0                         0      0        0
  SINCE JUN 1     38                        39     -1       16
  SINCE JUL 1      0                         0      0        0

 COOLING
  YESTERDAY        6                         6      0       11
  MONTH TO DATE  209                       162     47      217
  SINCE JUN 1    310                       273     37      356
  SINCE JAN 1    375                       314     61      397
..................................................................


WIND (MPH)
  HIGHEST WIND SPEED    12   HIGHEST WIND DIRECTION     W (270)
  HIGHEST GUST SPEED    18   HIGHEST GUST DIRECTION    SW (240)
  AVERAGE WIND SPEED     4.3


SKY COVER
  POSSIBLE SUNSHINE  MM
  AVERAGE SKY COVER 0.7


WEATHER CONDITIONS
 THE FOLLOWING WEATHER WAS RECORDED YESTERDAY.
  HEAVY RAIN
  RAIN
  LIGHT RAIN
  FOG


RELATIVE HUMIDITY (PERCENT)
 HIGHEST    93           300 AM
 LOWEST     73           800 AM
 AVERAGE    83

..........................................................


THE BECKLEY WV CLIMATE NORMALS FOR TODAY
                         NORMAL    RECORD    YEAR
 MAXIMUM TEMPERATURE (F)   80        93      1952
                                             1896
 MINIMUM TEMPERATURE (F)   61        42      1962
                                             1937


SUNRISE AND SUNSET
JULY 28 2017..........SUNRISE   625 AM EDT   SUNSET   837 PM EDT
JULY 29 2017..........SUNRISE   626 AM EDT   SUNSET   836 PM EDT


-  INDICATES NEGATIVE NUMBERS.
R  INDICATES RECORD WAS SET OR TIED.
MM INDICATES DATA IS MISSING.
T  INDICATES TRACE AMOUNT.




$$
