744
CDUS41 KRNK 100648
CLIBLF


CLIMATE REPORT
NATIONAL WEATHER SERVICE BLACKSBURG VA
144 AM EST WED FEB 10 2016


...................................

...THE BLUEFIELD WV CLIMATE SUMMARY FOR FEBRUARY 9 2016...

CLIMATE NORMAL PERIOD 1981 TO 2010
CLIMATE RECORD PERIOD 1959 TO 2016


WEATHER ITEM   OBSERVED TIME   RECORD YEAR NORMAL DEPARTURE LAST
                VALUE   (LST)  VALUE       VALUE  FROM      YEAR
                                                  NORMAL
..................................................................
TEMPERATURE (F)
 YESTERDAY
  MAXIMUM         27   1219 AM  66    1990  44    -17       54
  MINIMUM         15   1159 PM   1    1995  28    -13       37
  AVERAGE         21                        36    -15       46

PRECIPITATION (IN)
  YESTERDAY        0.01          1.25 1962   0.10  -0.09     0.18
  MONTH TO DATE    0.82                      0.86  -0.04     0.59
  SINCE DEC 1      6.50                      6.67  -0.17     4.46
  SINCE JAN 1      2.67                      3.76  -1.09     2.07

SNOWFALL (IN)
  YESTERDAY        1.3                                       0.0
  MONTH TO DATE    2.1                                       1.5
  SINCE DEC 1     20.8                                       4.5
  SINCE JUL 1     20.8                                       9.3
  SNOW DEPTH       0

DEGREE DAYS
 HEATING
  YESTERDAY       44                        29     15       19
  MONTH TO DATE  256                       265     -9      242
  SINCE DEC 1   1445                      2082   -637     2007
  SINCE JUL 1   2167                      2985   -818     3092

 COOLING
  YESTERDAY        0                         0      0        0
  MONTH TO DATE    0                         0      0        0
  SINCE DEC 1      3                         0      3        0
  SINCE JAN 1      0                         0      0        0
..................................................................


WIND (MPH)
  HIGHEST WIND SPEED    18   HIGHEST WIND DIRECTION     W (280)
  HIGHEST GUST SPEED    27   HIGHEST GUST DIRECTION     W (270)
  AVERAGE WIND SPEED    10.8


SKY COVER
  AVERAGE SKY COVER 1.0


WEATHER CONDITIONS
 THE FOLLOWING WEATHER WAS RECORDED YESTERDAY.
  SNOW
  LIGHT SNOW
  FOG


RELATIVE HUMIDITY (PERCENT)
 HIGHEST    92          1200 AM
 LOWEST     67           400 PM
 AVERAGE    80

..........................................................


THE BLUEFIELD WV CLIMATE NORMALS FOR TODAY
                         NORMAL    RECORD    YEAR
 MAXIMUM TEMPERATURE (F)   45        67      2009
 MINIMUM TEMPERATURE (F)   28         0      1979


SUNRISE AND SUNSET
FEBRUARY 10 2016......SUNRISE   720 AM EST   SUNSET   559 PM EST
FEBRUARY 11 2016......SUNRISE   719 AM EST   SUNSET   600 PM EST


-  INDICATES NEGATIVE NUMBERS.
R  INDICATES RECORD WAS SET OR TIED.
MM INDICATES DATA IS MISSING.
T  INDICATES TRACE AMOUNT.

REMARKS:

DUE TO AN EQUIPMENT OUTAGE AFFECTING THE TEMPERATURE ON DECEMBER 20-
21...JANUARY 19-20...AND JANUARY 22-25...ALL TEMPERATURE DATA AND
THE SEASONAL HEATING DEGREE DAY TOTAL AND DEPARTURE FROM NORMAL WILL
BE CALCULATED WITHOUT DATA FROM THESE DATES.

$$

RAB
