000
CDUS41 KRNK 270617
CLIBLF


CLIMATE REPORT
NATIONAL WEATHER SERVICE BLACKSBURG VA
217 AM EDT TUE SEP 27 2016


...................................

...THE BLUEFIELD WV CLIMATE SUMMARY FOR SEPTEMBER 26 2016...

CLIMATE NORMAL PERIOD 1981 TO 2010
CLIMATE RECORD PERIOD 1959 TO 2016


WEATHER ITEM   OBSERVED TIME   RECORD YEAR NORMAL DEPARTURE LAST
                VALUE   (LST)  VALUE       VALUE  FROM      YEAR
                                                  NORMAL
..................................................................
TEMPERATURE (F)
 YESTERDAY
  MAXIMUM         77   1251 PM  87    2007  71      6       63
  MINIMUM         62   1159 PM  37    2001  53      9       58
  AVERAGE         70                        62      8       61

PRECIPITATION (IN)
  YESTERDAY        0.05          1.91 2009   0.10  -0.05     0.05
  MONTH TO DATE    0.74                      2.71  -1.97     2.69
  SINCE SEP 1      0.74                      2.71  -1.97     2.69
  SINCE JAN 1     27.63                     31.10  -3.47    29.24

SNOWFALL (IN)
  YESTERDAY        0.0                                       0.0
  MONTH TO DATE    0.0                                       0.0
  SINCE SEP 1      0.0                                       0.0
  SINCE JUL 1      0.0                                       0.0
  SNOW DEPTH       0

DEGREE DAYS
 HEATING
  YESTERDAY        0                         5     -5        4
  MONTH TO DATE    8                        53    -45       42
  SINCE SEP 1      8                        53    -45       42
  SINCE JUL 1      8                        59    -51       43

 COOLING
  YESTERDAY        5                         2      3        0
  MONTH TO DATE  118                        93     25      115
  SINCE SEP 1    118                        93     25      115
  SINCE JAN 1    726                       827   -101     1018
..................................................................


WIND (MPH)
  HIGHEST WIND SPEED    18   HIGHEST WIND DIRECTION     W (260)
  HIGHEST GUST SPEED    26   HIGHEST GUST DIRECTION     W (290)
  AVERAGE WIND SPEED     5.5


SKY COVER
  AVERAGE SKY COVER 0.6


WEATHER CONDITIONS
 THE FOLLOWING WEATHER WAS RECORDED YESTERDAY.
  THUNDERSTORM
  LIGHT RAIN
  FOG


RELATIVE HUMIDITY (PERCENT)
 HIGHEST    93          1200 AM
 LOWEST     60          1200 PM
 AVERAGE    77

..........................................................


THE BLUEFIELD WV CLIMATE NORMALS FOR TODAY
                         NORMAL    RECORD    YEAR
 MAXIMUM TEMPERATURE (F)   71        83      2007
 MINIMUM TEMPERATURE (F)   53        37      1991


SUNRISE AND SUNSET
SEPTEMBER 27 2016.....SUNRISE   717 AM EDT   SUNSET   713 PM EDT
SEPTEMBER 28 2016.....SUNRISE   718 AM EDT   SUNSET   712 PM EDT


-  INDICATES NEGATIVE NUMBERS.
R  INDICATES RECORD WAS SET OR TIED.
MM INDICATES DATA IS MISSING.
T  INDICATES TRACE AMOUNT.




$$
