000
CDUS41 KRNK 290632
CLIBLF


CLIMATE REPORT
NATIONAL WEATHER SERVICE BLACKSBURG VA
230 AM EDT WED JUL 29 2015


...................................

...THE BLUEFIELD WV CLIMATE SUMMARY FOR JULY 28 2015...

CLIMATE NORMAL PERIOD 1981 TO 2010
CLIMATE RECORD PERIOD 1959 TO 2015


WEATHER ITEM   OBSERVED TIME   RECORD YEAR NORMAL DEPARTURE LAST
                VALUE   (LST)  VALUE       VALUE  FROM      YEAR
                                                  NORMAL
..................................................................
TEMPERATURE (F)
 YESTERDAY
  MAXIMUM         88    340 PM  90    2011  81      7       70
                                      1993
  MINIMUM         68    610 AM  54    1962  65      3       61
  AVERAGE         78                        73      5       66

PRECIPITATION (IN)
  YESTERDAY        0.00          2.23 1980   0.13  -0.13     0.12
  MONTH TO DATE    5.12                      3.81   1.31     2.82
  SINCE JUN 1      8.35                      7.95   0.40     6.42
  SINCE JAN 1     24.14                     24.77  -0.63    18.08

SNOWFALL (IN)
  YESTERDAY        0.0                                       0.0
  MONTH TO DATE    0.0                                       0.0
  SINCE JUN 1      0.0                                       0.0
  SINCE JUL 1      0.0                                       0.0
  SNOW DEPTH       0

DEGREE DAYS
 HEATING
  YESTERDAY        0                         0      0        0
  MONTH TO DATE    0                         0      0        5
  SINCE JUN 1      3                        22    -19        7
  SINCE JUL 1      0                         0      0        5

 COOLING
  YESTERDAY       13                         8      5        1
  MONTH TO DATE  249                       224     25      190
  SINCE JUN 1    489                       390     99      411
  SINCE JAN 1    646                       481    165      540
..................................................................


WIND (MPH)
  HIGHEST WIND SPEED    12   HIGHEST WIND DIRECTION    NW (300)
  HIGHEST GUST SPEED    15   HIGHEST GUST DIRECTION    NW (320)
  AVERAGE WIND SPEED     3.1


SKY COVER
  AVERAGE SKY COVER 0.4


WEATHER CONDITIONS
 THE FOLLOWING WEATHER WAS RECORDED YESTERDAY.
  FOG
  FOG W/VISIBILITY <= 1/4 MILE


RELATIVE HUMIDITY (PERCENT)
 HIGHEST    90           300 AM
 LOWEST     48           300 PM
 AVERAGE    69

..........................................................


THE BLUEFIELD WV CLIMATE NORMALS FOR TODAY
                         NORMAL    RECORD    YEAR
 MAXIMUM TEMPERATURE (F)   81        89      2011
 MINIMUM TEMPERATURE (F)   65        54      2014


SUNRISE AND SUNSET
JULY 29 2015..........SUNRISE   627 AM EDT   SUNSET   835 PM EDT
JULY 30 2015..........SUNRISE   628 AM EDT   SUNSET   834 PM EDT


-  INDICATES NEGATIVE NUMBERS.
R  INDICATES RECORD WAS SET OR TIED.
MM INDICATES DATA IS MISSING.
T  INDICATES TRACE AMOUNT.

REMARKS:

DUE TO A TIPPING BUCKET FAILURE CAUSING MISSING PRECIPITATION ON
JUNE 1...THE SEASONAL AND ANNUAL PRECIPITATION TOTALS AND DEPARTURES
FROM NORMAL WILL BE CALCULATED WITHOUT DATA FROM THIS DATE.

ALSO...DUE TO A POWER OUTAGE CAUSING A MISSING LOW TEMPERATURE ON
JUNE 7...THE SEASONAL COOLING DEGREE DAY TOTAL AND DEPARTURE FROM
NORMAL WILL BE CALCULATED WITHOUT DATA FROM THIS DATE.

$$

RAB
