000
CDUS41 KRNK 240921
CLIBLF


CLIMATE REPORT
NATIONAL WEATHER SERVICE BLACKSBURG VA
509 AM EDT WED MAY 24 2017


...................................

...THE BLUEFIELD WV CLIMATE SUMMARY FOR MAY 23 2017...

CLIMATE NORMAL PERIOD 1981 TO 2010
CLIMATE RECORD PERIOD 1959 TO 2017


WEATHER ITEM   OBSERVED TIME   RECORD YEAR NORMAL DEPARTURE LAST
                VALUE   (LST)  VALUE       VALUE  FROM      YEAR
                                                  NORMAL
..................................................................
TEMPERATURE (F)
 YESTERDAY
  MAXIMUM         58   1226 PM  83    2004  73    -15       60
                                      1988
  MINIMUM         52    428 AM  35    1963  55     -3       44
  AVERAGE         55                        64     -9       52

PRECIPITATION (IN)
  YESTERDAY        0.99          1.30 1973   0.15   0.84     0.02
  MONTH TO DATE    5.40                      3.11   2.29     6.22
  SINCE MAR 1     13.61                      9.96   3.65     9.90
  SINCE JAN 1     19.42                     15.62   3.80    14.72

SNOWFALL (IN)
  YESTERDAY        0.0                                       0.0
  MONTH TO DATE    0.0                                       0.0
  SINCE MAR 1      3.3                                       2.6
  SINCE JUL 1     20.5                                      34.8
  SNOW DEPTH       0

DEGREE DAYS
 HEATING
  YESTERDAY       10                         3      7       13
  MONTH TO DATE  159                       115     44      225
  SINCE MAR 1   1101                      1052     49     1047
  SINCE JUL 1   4233                      4545   -312     3860

 COOLING
  YESTERDAY        0                         3     -3        0
  MONTH TO DATE   28                        38    -10        4
  SINCE MAR 1     50                        66    -16        9
  SINCE JAN 1     50                        66    -16        9
..................................................................


WIND (MPH)
  HIGHEST WIND SPEED    12   HIGHEST WIND DIRECTION     E (90)
  HIGHEST GUST SPEED    19   HIGHEST GUST DIRECTION     E (100)
  AVERAGE WIND SPEED     5.5


SKY COVER
  AVERAGE SKY COVER 0.8


WEATHER CONDITIONS
 THE FOLLOWING WEATHER WAS RECORDED YESTERDAY.
  HEAVY RAIN
  RAIN
  LIGHT RAIN
  FOG


RELATIVE HUMIDITY (PERCENT)
 HIGHEST   100           700 PM
 LOWEST     86           800 AM
 AVERAGE    93

..........................................................


THE BLUEFIELD WV CLIMATE NORMALS FOR TODAY
                         NORMAL    RECORD    YEAR
 MAXIMUM TEMPERATURE (F)   74        83      1991
 MINIMUM TEMPERATURE (F)   55        40      1963


SUNRISE AND SUNSET
MAY 24 2017...........SUNRISE   610 AM EDT   SUNSET   834 PM EDT
MAY 25 2017...........SUNRISE   609 AM EDT   SUNSET   835 PM EDT


-  INDICATES NEGATIVE NUMBERS.
R  INDICATES RECORD WAS SET OR TIED.
MM INDICATES DATA IS MISSING.
T  INDICATES TRACE AMOUNT.

DUE TO A POWER OUTAGE CAUSING A MISSING HIGH TEMPERATURE ON NOVEMBER 10...
THE SEASONAL HEATING DEGREE DAY TOTAL AND DEPARTURE FROM NORMAL WILL BE
CALCULATED WITHOUT DATA FROM THIS DATE.

$$

RAB
