000
CDUS41 KRNK 300645
CLIBLF


CLIMATE REPORT
NATIONAL WEATHER SERVICE BLACKSBURG VA
243 AM EDT MON MAY 30 2016


...................................

...THE BLUEFIELD WV CLIMATE SUMMARY FOR MAY 29 2016...

CLIMATE NORMAL PERIOD 1981 TO 2010
CLIMATE RECORD PERIOD 1959 TO 2016


WEATHER ITEM   OBSERVED TIME   RECORD YEAR NORMAL DEPARTURE LAST
                VALUE   (LST)  VALUE       VALUE  FROM      YEAR
                                                  NORMAL
..................................................................
TEMPERATURE (F)
 YESTERDAY
  MAXIMUM         71    430 PM  88    2006  75     -4       83
  MINIMUM         59   1159 PM  43    1971  57      2       65
  AVERAGE         65                        66     -1       74

PRECIPITATION (IN)
  YESTERDAY        0.03          1.02 1976   0.16  -0.13     0.07
  MONTH TO DATE    6.26                      4.01   2.25     1.79
  SINCE MAR 1      9.94                     10.86  -0.92    12.20
  SINCE JAN 1     14.76                     16.52  -1.76    15.76

SNOWFALL (IN)
  YESTERDAY        0.0                                       0.0
  MONTH TO DATE    0.0                                       0.0
  SINCE MAR 1      2.6                                       3.1
  SINCE JUL 1     34.8                                      39.7
  SNOW DEPTH       0

DEGREE DAYS
 HEATING
  YESTERDAY        0                         2     -2        0
  MONTH TO DATE  231                       132     99       63
  SINCE MAR 1   1053                      1069    -16      915
  SINCE JUL 1   3866                      4562   -696     4835

 COOLING
  YESTERDAY        0                         3     -3        9
  MONTH TO DATE   15                        56    -41      128
  SINCE MAR 1     20                        84    -64      139
  SINCE JAN 1     20                        84    -64      139
..................................................................


WIND (MPH)
  HIGHEST WIND SPEED     9   HIGHEST WIND DIRECTION     W (270)
  HIGHEST GUST SPEED    12   HIGHEST GUST DIRECTION     W (270)
  AVERAGE WIND SPEED     1.8


SKY COVER
  AVERAGE SKY COVER 0.8


WEATHER CONDITIONS
 THE FOLLOWING WEATHER WAS RECORDED YESTERDAY.
  LIGHT RAIN


RELATIVE HUMIDITY (PERCENT)
 HIGHEST    90           800 AM
 LOWEST     57           500 PM
 AVERAGE    74

..........................................................


THE BLUEFIELD WV CLIMATE NORMALS FOR TODAY
                         NORMAL    RECORD    YEAR
 MAXIMUM TEMPERATURE (F)   75        89      2011
                                             2006
 MINIMUM TEMPERATURE (F)   57        38      1984


SUNRISE AND SUNSET
MAY 30 2016...........SUNRISE   606 AM EDT   SUNSET   839 PM EDT
MAY 31 2016...........SUNRISE   606 AM EDT   SUNSET   839 PM EDT


-  INDICATES NEGATIVE NUMBERS.
R  INDICATES RECORD WAS SET OR TIED.
MM INDICATES DATA IS MISSING.
T  INDICATES TRACE AMOUNT.

REMARKS:
DUE TO A SENSOR FAILURE CAUSING MISSING TEMPERATURES ON DECEMBER 20-
21...JANUARY 19-20...AND JANUARY 22-25...THE SEASONAL HEATING DEGREE
DAY TOTAL AND DEPARTURE FROM NORMAL WILL BE CALCULATED WITHOUT DATA
FROM THESE DATES.


$$
RCS
