000
CDUS41 KRNK 160831
CLIBLF


CLIMATE REPORT
NATIONAL WEATHER SERVICE BLACKSBURG VA
325 AM EST SAT DEC 16 2017


...................................

...THE BLUEFIELD WV CLIMATE SUMMARY FOR DECEMBER 15 2017...

CLIMATE NORMAL PERIOD 1981 TO 2010
CLIMATE RECORD PERIOD 1959 TO 2017


WEATHER ITEM   OBSERVED TIME   RECORD YEAR NORMAL DEPARTURE LAST
                VALUE   (LST)  VALUE       VALUE  FROM      YEAR
                                                  NORMAL
..................................................................
TEMPERATURE (F)
 YESTERDAY
  MAXIMUM         28   1032 AM  70    1984  45    -17       29
  MINIMUM         22    247 AM   6    2016  29     -7        6
                                      1989
  AVERAGE         25                        37    -12       18

PRECIPITATION (IN)
  YESTERDAY        0.00          0.72 1993   0.10  -0.10     0.01
  MONTH TO DATE    0.24                      1.47  -1.23     1.20
  SINCE DEC 1      0.24                      1.47  -1.23     1.20
  SINCE JAN 1     39.57                     38.19   1.38    32.83

SNOWFALL (IN)
  YESTERDAY        0.0                                       0.6
  MONTH TO DATE    2.7                                       1.6
  SINCE DEC 1      2.7                                       1.6
  SINCE JUL 1      3.0                                       1.6
  SNOW DEPTH       0

DEGREE DAYS
 HEATING
  YESTERDAY       40                        28     12       47
  MONTH TO DATE  450                       389     61      483
  SINCE DEC 1    450                       389     61      483
  SINCE JUL 1   1477                      1292    185     1259

 COOLING
  YESTERDAY        0                         0      0        0
  MONTH TO DATE    0                         0      0        0
  SINCE DEC 1      0                         0      0        0
  SINCE JAN 1    488                       853   -365      737
..................................................................


WIND (MPH)
  HIGHEST WIND SPEED    20   HIGHEST WIND DIRECTION     W (280)
  HIGHEST GUST SPEED    30   HIGHEST GUST DIRECTION     W (280)
  AVERAGE WIND SPEED     8.7


SKY COVER
  AVERAGE SKY COVER 0.9


WEATHER CONDITIONS
 THE FOLLOWING WEATHER WAS RECORDED YESTERDAY.
  NO SIGNIFICANT WEATHER WAS OBSERVED.


RELATIVE HUMIDITY (PERCENT)
 HIGHEST    88           100 AM
 LOWEST     68           200 PM
 AVERAGE    78

..........................................................


THE BLUEFIELD WV CLIMATE NORMALS FOR TODAY
                         NORMAL    RECORD    YEAR
 MAXIMUM TEMPERATURE (F)   44        66      1984
 MINIMUM TEMPERATURE (F)   29        -4      1989


SUNRISE AND SUNSET
DECEMBER 16 2017......SUNRISE   732 AM EST   SUNSET   509 PM EST
DECEMBER 17 2017......SUNRISE   733 AM EST   SUNSET   509 PM EST


-  INDICATES NEGATIVE NUMBERS.
R  INDICATES RECORD WAS SET OR TIED.
MM INDICATES DATA IS MISSING.
T  INDICATES TRACE AMOUNT.




$$
