000
CDUS41 KRNK 232116
CLIBLF


CLIMATE REPORT
NATIONAL WEATHER SERVICE BLACKSBURG VA
514 PM EDT TUE SEP 23 2014


...................................

...THE BLUEFIELD WV CLIMATE SUMMARY FOR SEPTEMBER 23 2014...
VALID TODAY AS OF 0500 PM LOCAL TIME.

CLIMATE NORMAL PERIOD 1981 TO 2010
CLIMATE RECORD PERIOD 1959 TO 2014


WEATHER ITEM   OBSERVED TIME   RECORD YEAR NORMAL DEPARTURE LAST
                VALUE   (LST)  VALUE       VALUE  FROM      YEAR
                                                  NORMAL
..................................................................
TEMPERATURE (F)
 TODAY
  MAXIMUM         68    240 PM  89    2010  72     -4       72
  MINIMUM         40    633 AM  33    1989  55    -15       46
  AVERAGE         54                        63     -9

PRECIPITATION (IN)
  TODAY            0.00          1.71 1975   0.10  -0.10     0.00
  MONTH TO DATE    2.30                      2.39  -0.09     1.46
  SINCE SEP 1      2.30                      2.39  -0.09     1.46
  SINCE JAN 1     26.92                     30.78  -3.86    31.68

SNOWFALL (IN)
  TODAY            0.0
  MONTH TO DATE    0.0
  SINCE SEP 1      0.0
  SINCE JUL 1      0.0
  SNOW DEPTH       0

DEGREE DAYS
 HEATING
  TODAY           11                         4      7
  MONTH TO DATE   41                        40      1
  SINCE SEP 1     41                        40      1
  SINCE JUL 1     51                        46      5

 COOLING
  TODAY            0                         2     -2
  MONTH TO DATE   98                        87     11
  SINCE SEP 1     98                        87     11
  SINCE JAN 1    811                       821    -10
..................................................................


WIND (MPH)
  HIGHEST WIND SPEED     9   HIGHEST WIND DIRECTION    SE (140)
  HIGHEST GUST SPEED    12   HIGHEST GUST DIRECTION     E (100)
  AVERAGE WIND SPEED     3.1


SKY COVER
  POSSIBLE SUNSHINE  MM
  AVERAGE SKY COVER 0.3


WEATHER CONDITIONS
 THE FOLLOWING WEATHER WAS RECORDED TODAY.
  FOG
  FOG W/VISIBILITY <= 1/4 MILE


RELATIVE HUMIDITY (PERCENT)
 HIGHEST    92           800 AM
 LOWEST     52           200 PM
 AVERAGE    72

..........................................................


THE BLUEFIELD WV CLIMATE NORMALS FOR TOMORROW
                         NORMAL    RECORD    YEAR
 MAXIMUM TEMPERATURE (F)   72        88      2007
 MINIMUM TEMPERATURE (F)   54        30      1989


SUNRISE AND SUNSET
SEPTEMBER 23 2014.....SUNRISE   713 AM EDT   SUNSET   720 PM EDT
SEPTEMBER 24 2014.....SUNRISE   714 AM EDT   SUNSET   719 PM EDT


-  INDICATES NEGATIVE NUMBERS.
R  INDICATES RECORD WAS SET OR TIED.
MM INDICATES DATA IS MISSING.
T  INDICATES TRACE AMOUNT.


REMARKS:
DUE TO A POWER FAILURE CAUSING A MISSING LOW TEMPERATURE ON
MAY 30...THE SEASONAL TOTAL AND DEPARTURE FROM NORMAL FOR CDD
WILL BE CALCULATED WITHOUT DATA FROM THAT DATE.


$$
