437
CDUS41 KRNK 090915
CLIBLF


CLIMATE REPORT
NATIONAL WEATHER SERVICE BLACKSBURG VA
414 AM EST FRI DEC 9 2016


...................................

...THE BLUEFIELD WV CLIMATE SUMMARY FOR DECEMBER 8 2016...

CLIMATE NORMAL PERIOD 1981 TO 2010
CLIMATE RECORD PERIOD 1959 TO 2016


WEATHER ITEM   OBSERVED TIME   RECORD YEAR NORMAL DEPARTURE LAST
                VALUE   (LST)  VALUE       VALUE  FROM      YEAR
                                                  NORMAL
..................................................................
TEMPERATURE (F)
 YESTERDAY
  MAXIMUM         34    159 PM  73    1978  47    -13       56
  MINIMUM         22   1159 PM   9    2006  31     -9       33
  AVERAGE         28                        39    -11       45

PRECIPITATION (IN)
  YESTERDAY        0.00          1.12 1998   0.10  -0.10     0.00
  MONTH TO DATE    0.82                      0.78   0.04     1.23
  SINCE DEC 1      0.82                      0.78   0.04     1.23
  SINCE JAN 1     32.45                     37.50  -5.05    39.40

SNOWFALL (IN)
  YESTERDAY        T                                         0.0
  MONTH TO DATE    T                                          T
  SINCE DEC 1      T                                          T
  SINCE JUL 1      T                                          T
  SNOW DEPTH       0

DEGREE DAYS
 HEATING
  YESTERDAY       37                        26     11       20
  MONTH TO DATE  234                       199     35      169
  SINCE DEC 1    234                       199     35      169
  SINCE JUL 1   1010                      1102    -92      891

 COOLING
  YESTERDAY        0                         0      0        0
  MONTH TO DATE    0                         0      0        0
  SINCE DEC 1      0                         0      0        0
  SINCE JAN 1    737                       853   -116     1041
..................................................................


WIND (MPH)
  HIGHEST WIND SPEED    23   HIGHEST WIND DIRECTION    NW (300)
  HIGHEST GUST SPEED    32   HIGHEST GUST DIRECTION     W (290)
  AVERAGE WIND SPEED    10.9


SKY COVER
  AVERAGE SKY COVER 0.5


WEATHER CONDITIONS
 THE FOLLOWING WEATHER WAS RECORDED YESTERDAY.
  LIGHT SNOW


RELATIVE HUMIDITY (PERCENT)
 HIGHEST    92           100 AM
 LOWEST     41           200 PM
 AVERAGE    67

..........................................................


THE BLUEFIELD WV CLIMATE NORMALS FOR TODAY
                         NORMAL    RECORD    YEAR
 MAXIMUM TEMPERATURE (F)   46        69      2007
 MINIMUM TEMPERATURE (F)   31         9      1962


SUNRISE AND SUNSET
DECEMBER  9 2016......SUNRISE   728 AM EST   SUNSET   507 PM EST
DECEMBER 10 2016......SUNRISE   728 AM EST   SUNSET   507 PM EST


-  INDICATES NEGATIVE NUMBERS.
R  INDICATES RECORD WAS SET OR TIED.
MM INDICATES DATA IS MISSING.
T  INDICATES TRACE AMOUNT.

REMARKS:
DUE TO A POWER OUTAGE CAUSING A MISSING HIGH TEMPERATURE ON NOVEMBER
10...THE SEASONAL HEATING DEGREE DAY TOTAL AND DEPARTURE FROM
NORMAL WILL BE CALCULATED WITHOUT DATA FROM THIS DATE.


$$
