000
CDUS46 KSEW 260827
CLIBLI


CLIMATE REPORT
NATIONAL WEATHER SERVICE SEATTLE WA
1226 AM PST MON JAN 26 2015


...................................

...THE BELLINGHAM WA AIRPORT CLIMATE SUMMARY FOR JANUARY 25 2015...

CLIMATE NORMAL PERIOD 1981 TO 2010
CLIMATE RECORD PERIOD 1949 TO 2015


WEATHER ITEM   OBSERVED TIME   RECORD YEAR NORMAL DEPARTURE LAST
                VALUE   (LST)  VALUE       VALUE  FROM      YEAR
                                                  NORMAL
..................................................................
TEMPERATURE (F)
 YESTERDAY
  MAXIMUM         59R   217 PM  58    2003  47     12       51
  MINIMUM         42   1146 PM  -2    1950  33      9       29
  AVERAGE         51                        40     11       40

PRECIPITATION (IN)
  YESTERDAY        0.00          1.11 1971   0.14  -0.14     0.00
  MONTH TO DATE    5.44                      3.83   1.61     2.24
  SINCE OCT 1     20.17                     17.53   2.64    12.55
  SINCE JAN 1      5.44                      3.83   1.61     2.24

DEGREE DAYS
 HEATING
  YESTERDAY       14                        25    -11       25
  MONTH TO DATE  571                       648    -77      582
  SINCE DEC 1   1266                      1482   -216     1474

 COOLING
  YESTERDAY        0                         0      0        0
  MONTH TO DATE    0                         0      0        0
  SINCE DEC 1      0                         0      0        0
  SINCE JAN 1      0                         0      0        0
..................................................................


WIND (MPH)
  RESULTANT WIND SPEED   0   RESULTANT WIND DIRECTION   E (70)
  HIGHEST WIND SPEED    10   HIGHEST WIND DIRECTION     S (160)
  HIGHEST GUST SPEED    14   HIGHEST GUST DIRECTION     S (170)
  AVERAGE WIND SPEED     3.7


SKY COVER
  AVERAGE SKY COVER 0.7


WEATHER CONDITIONS
 THE FOLLOWING WEATHER WAS RECORDED YESTERDAY.
  FOG
  FOG W/VISIBILITY <= 1/4 MILE


RELATIVE HUMIDITY (PERCENT)
 HIGHEST   100           700 AM
 LOWEST     80           200 PM
 AVERAGE    90

..........................................................


THE BELLINGHAM WA AIRPORT CLIMATE NORMALS FOR TODAY
                         NORMAL    RECORD    YEAR
 MAXIMUM TEMPERATURE (F)   47        59      2003
 MINIMUM TEMPERATURE (F)   33        10      1957


SUNRISE AND SUNSET
JANUARY 26 2015.......SUNRISE   748 AM PST   SUNSET   458 PM PST
JANUARY 27 2015.......SUNRISE   747 AM PST   SUNSET   500 PM PST


-  INDICATES NEGATIVE NUMBERS.
R  INDICATES RECORD WAS SET OR TIED.
MM INDICATES DATA IS MISSING.
T  INDICATES TRACE AMOUNT.




$$
