000
CDUS46 KSEW 290830
CLIBLI


CLIMATE REPORT
NATIONAL WEATHER SERVICE SEATTLE WA
130 AM PDT THU JUN 29 2017


...................................

...THE BELLINGHAM WA AIRPORT CLIMATE SUMMARY FOR JUNE 28 2017...

CLIMATE NORMAL PERIOD 1981 TO 2010
CLIMATE RECORD PERIOD 1949 TO 2017


WEATHER ITEM   OBSERVED TIME   RECORD YEAR NORMAL DEPARTURE LAST
                VALUE   (LST)  VALUE       VALUE  FROM      YEAR
                                                  NORMAL
..................................................................
TEMPERATURE (F)
 YESTERDAY
  MAXIMUM         70    535 PM  84    1995  69      1       69
  MINIMUM         56    656 AM  41    1965  52      4       56
  AVERAGE         63                        60      3       63

PRECIPITATION (IN)
  YESTERDAY        0.00          0.74 1984   0.05  -0.05     0.00
  MONTH TO DATE    0.95                      1.77  -0.82     0.92
  SINCE OCT 1     35.86                     31.55   4.31    30.99
  SINCE JAN 1     16.74                     17.85  -1.11    16.92

DEGREE DAYS
 HEATING
  YESTERDAY        2                         5     -3        2
  MONTH TO DATE  137                       185    -48      139
  SINCE JUN 1    137                       185    -48      139

 COOLING
  YESTERDAY        0                         0      0        0
  MONTH TO DATE    9                         0      9       17
  SINCE JUN 1      9                         0      9       17
  SINCE JAN 1     11                         0     11       18
..................................................................


WIND (MPH)
  RESULTANT WIND SPEED   7   RESULTANT WIND DIRECTION   S (170)
  HIGHEST WIND SPEED    13   HIGHEST WIND DIRECTION     S (160)
  HIGHEST GUST SPEED    19   HIGHEST GUST DIRECTION     S (160)
  AVERAGE WIND SPEED     7.7


SKY COVER
  AVERAGE SKY COVER 0.3


WEATHER CONDITIONS
 THE FOLLOWING WEATHER WAS RECORDED YESTERDAY.
  NO SIGNIFICANT WEATHER WAS OBSERVED.


RELATIVE HUMIDITY (PERCENT)
 HIGHEST    93           400 AM
 LOWEST     55           300 PM
 AVERAGE    74

..........................................................


THE BELLINGHAM WA AIRPORT CLIMATE NORMALS FOR TODAY
                         NORMAL    RECORD    YEAR
 MAXIMUM TEMPERATURE (F)   69        89      1995
 MINIMUM TEMPERATURE (F)   52        39      1975


SUNRISE AND SUNSET
JUNE 29 2017..........SUNRISE   510 AM PDT   SUNSET   917 PM PDT
JUNE 30 2017..........SUNRISE   511 AM PDT   SUNSET   917 PM PDT


-  INDICATES NEGATIVE NUMBERS.
R  INDICATES RECORD WAS SET OR TIED.
MM INDICATES DATA IS MISSING.
T  INDICATES TRACE AMOUNT.




$$
