000
CDUS46 KSEW 300828
CLIBLI


CLIMATE REPORT
NATIONAL WEATHER SERVICE SEATTLE WA
128 AM PDT THU JUL 30 2015


...................................

...THE BELLINGHAM WA AIRPORT CLIMATE SUMMARY FOR JULY 29 2015...

CLIMATE NORMAL PERIOD 1981 TO 2010
CLIMATE RECORD PERIOD 1949 TO 2015


WEATHER ITEM   OBSERVED TIME   RECORD YEAR NORMAL DEPARTURE LAST
                VALUE   (LST)  VALUE       VALUE  FROM      YEAR
                                                  NORMAL
..................................................................
TEMPERATURE (F)
 YESTERDAY
  MAXIMUM         88    444 PM  96    2009  73     15       78
  MINIMUM         53    505 AM  44    1969  54     -1       54
  AVERAGE         71                        63      8       66

PRECIPITATION (IN)
  YESTERDAY        0.00          0.40 1955   0.03  -0.03     0.00
  MONTH TO DATE    0.67                      1.12  -0.45     1.13
  SINCE OCT 1     30.30                     32.76  -2.46    29.40
  SINCE JAN 1     15.57                     19.06  -3.49    19.09

DEGREE DAYS
 HEATING
  YESTERDAY        0                         2     -2        0
  MONTH TO DATE   13                        81    -68       35
  SINCE JUN 1     82                       282   -200      171

 COOLING
  YESTERDAY        6                         0      6        1
  MONTH TO DATE   78                         0     78       45
  SINCE JUN 1    126                         4    122       46
  SINCE JAN 1    126                         4    122       47
..................................................................


WIND (MPH)
  RESULTANT WIND SPEED   2   RESULTANT WIND DIRECTION   W (280)
  HIGHEST WIND SPEED     9   HIGHEST WIND DIRECTION     W (270)
  HIGHEST GUST SPEED    18   HIGHEST GUST DIRECTION     S (200)
  AVERAGE WIND SPEED     3.3


SKY COVER
  AVERAGE SKY COVER 0.0


WEATHER CONDITIONS
 THE FOLLOWING WEATHER WAS RECORDED YESTERDAY.
  NO SIGNIFICANT WEATHER WAS OBSERVED.


RELATIVE HUMIDITY (PERCENT)
 HIGHEST   100           500 AM
 LOWEST     24           500 PM
 AVERAGE    62

..........................................................


THE BELLINGHAM WA AIRPORT CLIMATE NORMALS FOR TODAY
                         NORMAL    RECORD    YEAR
 MAXIMUM TEMPERATURE (F)   73        93      1965
 MINIMUM TEMPERATURE (F)   54        46      1986


SUNRISE AND SUNSET
JULY 30 2015..........SUNRISE   541 AM PDT   SUNSET   851 PM PDT
JULY 31 2015..........SUNRISE   542 AM PDT   SUNSET   850 PM PDT


-  INDICATES NEGATIVE NUMBERS.
R  INDICATES RECORD WAS SET OR TIED.
MM INDICATES DATA IS MISSING.
T  INDICATES TRACE AMOUNT.




$$
