000
CDUS46 KSEW 210838
CLIBLI


CLIMATE REPORT
NATIONAL WEATHER SERVICE SEATTLE WA
1237 AM PST SAT JAN 21 2017


...................................

...THE BELLINGHAM WA AIRPORT CLIMATE SUMMARY FOR JANUARY 20 2017...

CLIMATE NORMAL PERIOD 1981 TO 2010
CLIMATE RECORD PERIOD 1949 TO 2017


WEATHER ITEM   OBSERVED TIME   RECORD YEAR NORMAL DEPARTURE LAST
                VALUE   (LST)  VALUE       VALUE  FROM      YEAR
                                                  NORMAL
..................................................................
TEMPERATURE (F)
 YESTERDAY
  MAXIMUM         49    201 PM  61    1981  46      3       49
  MINIMUM         35    719 AM  13    1954  33      2       41
  AVERAGE         42                        40      2       45

PRECIPITATION (IN)
  YESTERDAY        T             0.78 1972   0.15  -0.15     0.13
  MONTH TO DATE    1.60                      3.09  -1.49     1.16
  SINCE OCT 1     20.72                     16.79   3.93    15.23
  SINCE JAN 1      1.60                      3.09  -1.49     1.16

DEGREE DAYS
 HEATING
  YESTERDAY       23                        25     -2       20
  MONTH TO DATE  622                       523     99      522
  SINCE DEC 1   1572                      1357    215     1230

 COOLING
  YESTERDAY        0                         0      0        0
  MONTH TO DATE    0                         0      0        0
  SINCE DEC 1      0                         0      0        0
  SINCE JAN 1      0                         0      0        0
..................................................................


WIND (MPH)
  RESULTANT WIND SPEED   6   RESULTANT WIND DIRECTION   N (20)
  HIGHEST WIND SPEED    20   HIGHEST WIND DIRECTION    SE (130)
  HIGHEST GUST SPEED    24   HIGHEST GUST DIRECTION    SE (120)
  AVERAGE WIND SPEED     7.8


SKY COVER
  AVERAGE SKY COVER 0.6


WEATHER CONDITIONS
 THE FOLLOWING WEATHER WAS RECORDED YESTERDAY.
  NO SIGNIFICANT WEATHER WAS OBSERVED.


RELATIVE HUMIDITY (PERCENT)
 HIGHEST   100           300 AM
 LOWEST     65           400 PM
 AVERAGE    83

..........................................................


THE BELLINGHAM WA AIRPORT CLIMATE NORMALS FOR TODAY
                         NORMAL    RECORD    YEAR
 MAXIMUM TEMPERATURE (F)   46        64      1981
 MINIMUM TEMPERATURE (F)   33        13      1962
                                             1957


SUNRISE AND SUNSET
JANUARY 21 2017.......SUNRISE   753 AM PST   SUNSET   451 PM PST
JANUARY 22 2017.......SUNRISE   752 AM PST   SUNSET   453 PM PST


-  INDICATES NEGATIVE NUMBERS.
R  INDICATES RECORD WAS SET OR TIED.
MM INDICATES DATA IS MISSING.
T  INDICATES TRACE AMOUNT.




$$
