000
CDUS46 KSEW 010123
CLIBLI


CLIMATE REPORT
NATIONAL WEATHER SERVICE SEATTLE WA
622 PM PDT TUE JUN 30 2015


...................................

...THE BELLINGHAM WA AIRPORT CLIMATE SUMMARY FOR JUNE 30 2015...
VALID TODAY AS OF 0600 PM LOCAL TIME.

CLIMATE NORMAL PERIOD 1981 TO 2010
CLIMATE RECORD PERIOD 1949 TO 2015


WEATHER ITEM   OBSERVED TIME   RECORD YEAR NORMAL DEPARTURE LAST
                VALUE   (LST)  VALUE       VALUE  FROM      YEAR
                                                  NORMAL
..................................................................
TEMPERATURE (F)
 TODAY
  MAXIMUM         78    322 PM  87    2013  69      9       74
  MINIMUM         60    352 AM  38    1949  52      8       49
  AVERAGE         69                        60      9       62

PRECIPITATION (IN)
  TODAY            0.00          0.57 1979   0.05  -0.05     0.00
  MONTH TO DATE    0.26                      1.86  -1.60     1.08
  SINCE OCT 1     29.63                     31.64  -2.01    28.27
  SINCE JAN 1     14.90                     17.94  -3.04    17.96

DEGREE DAYS
 HEATING
  TODAY            0                         5     -5        3
  MONTH TO DATE   69                       195   -126      136
  SINCE JUN 1     69                       201   -132      136

 COOLING
  TODAY            4                         0      4        0
  MONTH TO DATE   48                         4     44        1
  SINCE JUN 1     48                         4     44        1
  SINCE JAN 1     48                         4     44        2
..................................................................


WIND (MPH)
  RESULTANT WIND SPEED   9   RESULTANT WIND DIRECTION   S (170)
  HIGHEST WIND SPEED    15   HIGHEST WIND DIRECTION     S (160)
  HIGHEST GUST SPEED    21   HIGHEST GUST DIRECTION     S (160)
  AVERAGE WIND SPEED     9.7


SKY COVER
  AVERAGE SKY COVER 0.0


WEATHER CONDITIONS
 THE FOLLOWING WEATHER WAS RECORDED TODAY.
  NO SIGNIFICANT WEATHER WAS OBSERVED.


RELATIVE HUMIDITY (PERCENT)
 HIGHEST    84           300 AM
 LOWEST     50           300 PM
 AVERAGE    67

..........................................................


THE BELLINGHAM WA AIRPORT CLIMATE NORMALS FOR TOMORROW
                         NORMAL    RECORD    YEAR
 MAXIMUM TEMPERATURE (F)   69        84      2014
 MINIMUM TEMPERATURE (F)   52        44      2009


SUNRISE AND SUNSET
JUNE 30 2015..........SUNRISE   510 AM PDT   SUNSET   917 PM PDT
JULY  1 2015..........SUNRISE   511 AM PDT   SUNSET   917 PM PDT


-  INDICATES NEGATIVE NUMBERS.
R  INDICATES RECORD WAS SET OR TIED.
MM INDICATES DATA IS MISSING.
T  INDICATES TRACE AMOUNT.




$$
