000
CDUS46 KSEW 241749 CCA
CLIBLI

CLIMATE REPORT...CORRECTED
NATIONAL WEATHER SERVICE SEATTLE WA
1049 AM PDT SUN JUL 24 2016


...................................

...THE BELLINGHAM WA AIRPORT CLIMATE SUMMARY FOR JULY 23 2016...

CLIMATE NORMAL PERIOD 1981 TO 2010
CLIMATE RECORD PERIOD 1949 TO 2016


WEATHER ITEM   OBSERVED TIME   RECORD YEAR NORMAL DEPARTURE LAST
                VALUE   (LST)  VALUE       VALUE  FROM      YEAR
                                                  NORMAL
..................................................................
TEMPERATURE (F)
 YESTERDAY
  MAXIMUM         71    306 PM  89    1991  72     -1       72
  MINIMUM         58   1103 PM  44    1964  54      4       59
  AVERAGE         65                        63      2       66

PRECIPITATION (IN)
  YESTERDAY        0.00          0.72 2014   0.03  -0.03     0.00
  MONTH TO DATE    0.65                      0.93  -0.28     0.30
  SINCE OCT 1     31.64                     32.57  -0.93    29.93
  SINCE JAN 1     17.57                     18.87  -1.30    15.20

DEGREE DAYS
 HEATING
  YESTERDAY        0                         2     -2        0
  MONTH TO DATE   40                        69    -29        4
  SINCE JUN 1    186                       270    -84       73

 COOLING
  YESTERDAY        0                         0      0        1
  MONTH TO DATE   10                         0     10       70
  SINCE JUN 1     27                         4     23      118
  SINCE JAN 1     28                         4     24      118
..................................................................


WIND (MPH)
  RESULTANT WIND SPEED   8   RESULTANT WIND DIRECTION   S (170)
  HIGHEST WIND SPEED    15   HIGHEST WIND DIRECTION     S (170)
  HIGHEST GUST SPEED    21   HIGHEST GUST DIRECTION     S (160)
  AVERAGE WIND SPEED     8.0


SKY COVER
  AVERAGE SKY COVER 0.3


WEATHER CONDITIONS
 THE FOLLOWING WEATHER WAS RECORDED YESTERDAY.
  NO SIGNIFICANT WEATHER WAS OBSERVED.


RELATIVE HUMIDITY (PERCENT)
 HIGHEST    80           500 AM
 LOWEST     53          1200 PM
 AVERAGE    67

..........................................................


THE BELLINGHAM WA AIRPORT CLIMATE NORMALS FOR TODAY
                         NORMAL    RECORD    YEAR
 MAXIMUM TEMPERATURE (F)   72        86      2004
 MINIMUM TEMPERATURE (F)   54        43      1957


SUNRISE AND SUNSET
JULY 24 2016..........SUNRISE   534 AM PDT   SUNSET   858 PM PDT
JULY 25 2016..........SUNRISE   535 AM PDT   SUNSET   857 PM PDT


-  INDICATES NEGATIVE NUMBERS.
R  INDICATES RECORD WAS SET OR TIED.
MM INDICATES DATA IS MISSING.
T  INDICATES TRACE AMOUNT.




$$
