000
CDUS46 KSEW 170829
CLIBLI


CLIMATE REPORT
NATIONAL WEATHER SERVICE SEATTLE WA
1228 AM PST WED DEC 17 2014


...................................

...THE BELLINGHAM WA AIRPORT CLIMATE SUMMARY FOR DECEMBER 16 2014...

CLIMATE NORMAL PERIOD 1981 TO 2010
CLIMATE RECORD PERIOD 1949 TO 2014


WEATHER ITEM   OBSERVED TIME   RECORD YEAR NORMAL DEPARTURE LAST
                VALUE   (LST)  VALUE       VALUE  FROM      YEAR
                                                  NORMAL
..................................................................
TEMPERATURE (F)
 YESTERDAY
  MAXIMUM         45   1259 PM  57    1976  44      1       50
  MINIMUM         39    841 AM  -1    1964  32      7       32
  AVERAGE         42                        38      4       41

PRECIPITATION (IN)
  YESTERDAY        0.02          0.82 2002   0.13  -0.11     0.00
  MONTH TO DATE    2.47                      2.34   0.13     1.08
  SINCE OCT 1     12.41                     11.82   0.59     8.25
  SINCE JAN 1     34.50                     33.95   0.55    28.75

DEGREE DAYS
 HEATING
  YESTERDAY       23                        27     -4       24
  MONTH TO DATE  344                       422    -78      498
  SINCE DEC 1    344                       422    -78      498

 COOLING
  YESTERDAY        0                         0      0        0
  MONTH TO DATE    0                         0      0        0
  SINCE DEC 1      0                         0      0        0
  SINCE JAN 1    117                        42     75       95
..................................................................


WIND (MPH)
  RESULTANT WIND SPEED   5   RESULTANT WIND DIRECTION   N (10)
  HIGHEST WIND SPEED    10   HIGHEST WIND DIRECTION     N (20)
  HIGHEST GUST SPEED    13   HIGHEST GUST DIRECTION     N (20)
  AVERAGE WIND SPEED     5.5


SKY COVER
  AVERAGE SKY COVER 0.9


WEATHER CONDITIONS
 THE FOLLOWING WEATHER WAS RECORDED YESTERDAY.
  LIGHT RAIN


RELATIVE HUMIDITY (PERCENT)
 HIGHEST    79           800 AM
 LOWEST     53           300 AM
 AVERAGE    66

..........................................................


THE BELLINGHAM WA AIRPORT CLIMATE NORMALS FOR TODAY
                         NORMAL    RECORD    YEAR
 MAXIMUM TEMPERATURE (F)   44        57      1994
                                             1976
 MINIMUM TEMPERATURE (F)   32         6      1964


SUNRISE AND SUNSET
DECEMBER 17 2014......SUNRISE   758 AM PST   SUNSET   414 PM PST
DECEMBER 18 2014......SUNRISE   759 AM PST   SUNSET   415 PM PST


-  INDICATES NEGATIVE NUMBERS.
R  INDICATES RECORD WAS SET OR TIED.
MM INDICATES DATA IS MISSING.
T  INDICATES TRACE AMOUNT.




$$
