000
CDUS43 KIND 230531
CLIBMG


CLIMATE REPORT
NATIONAL WEATHER SERVICE INDIANAPOLIS IN
130 AM EDT TUE MAY 23 2017


...................................

...THE BLOOMINGTON IN CLIMATE SUMMARY FOR MAY 22 2017...

CLIMATE NORMAL PERIOD 1981 TO 2010
CLIMATE RECORD PERIOD 9999 TO 9999


WEATHER ITEM   OBSERVED TIME   NORMAL DEPARTURE LAST
                VALUE   (LST)  VALUE  FROM      YEAR
                                      NORMAL
......................................................
TEMPERATURE (F)
 YESTERDAY
  MAXIMUM         72    536 PM  76     -4       81
  MINIMUM         47    544 AM  53     -6       47
  AVERAGE         60            64     -4       64

PRECIPITATION (IN)
  YESTERDAY        0.00          0.16  -0.16     0.00
  MONTH TO DATE    5.78          3.78   2.00     2.37
  SINCE MAR 1     16.34         12.36   3.98    12.43
  SINCE JAN 1     21.38         18.43   2.95    17.64

DEGREE DAYS
 HEATING
  YESTERDAY        5             3      2        1
  MONTH TO DATE  125           115     10      146
  SINCE MAR 1    919          1161   -242      953
  SINCE JUL 1   4106          5229  -1123     4273

 COOLING
  YESTERDAY        0             3     -3        0
  MONTH TO DATE   60            35     25        9
  SINCE MAR 1    105            54     51       23
  SINCE JAN 1    105            54     51       23
......................................................


WIND (MPH)
  HIGHEST WIND SPEED    13   HIGHEST WIND DIRECTION    SE (140)
  HIGHEST GUST SPEED    15   HIGHEST GUST DIRECTION    SE (140)
  AVERAGE WIND SPEED     2.7


SKY COVER
  AVERAGE SKY COVER 0.0


WEATHER CONDITIONS
 THE FOLLOWING WEATHER WAS RECORDED YESTERDAY.
  NO SIGNIFICANT WEATHER WAS OBSERVED.


RELATIVE HUMIDITY (PERCENT)
 HIGHEST    93           500 AM
 LOWEST     35           600 PM
 AVERAGE    64

..........................................................


THE BLOOMINGTON IN CLIMATE NORMALS FOR TODAY
                         NORMAL
 MAXIMUM TEMPERATURE (F)   76
 MINIMUM TEMPERATURE (F)   54


SUNRISE AND SUNSET
MAY 23 2017...........SUNRISE   627 AM EDT   SUNSET   900 PM EDT
MAY 24 2017...........SUNRISE   626 AM EDT   SUNSET   901 PM EDT


-  INDICATES NEGATIVE NUMBERS.
R  INDICATES RECORD WAS SET OR TIED.
MM INDICATES DATA IS MISSING.
T  INDICATES TRACE AMOUNT.




$$
