000
CDUS43 KIND 280532
CLIBMG


CLIMATE REPORT
NATIONAL WEATHER SERVICE INDIANAPOLIS IN
1231 AM EST SUN DEC 28 2014


...................................

...THE BLOOMINGTON IN CLIMATE SUMMARY FOR DECEMBER 27 2014...

CLIMATE NORMAL PERIOD 1981 TO 2010
CLIMATE RECORD PERIOD 9999 TO 9999


WEATHER ITEM   OBSERVED TIME   NORMAL DEPARTURE LAST
                VALUE   (LST)  VALUE  FROM      YEAR
                                      NORMAL
......................................................
TEMPERATURE (F)
 YESTERDAY
  MAXIMUM         47    754 PM  38      9       48
  MINIMUM         37   1159 PM  22     15       30
  AVERAGE         42            30     12       39

PRECIPITATION (IN)
  YESTERDAY        0.48          0.13   0.35     0.00
  MONTH TO DATE    3.86          3.02   0.84     6.71
  SINCE DEC 1      3.86          3.02   0.84     6.71
  SINCE JAN 1     46.50         47.03  -0.53    47.58

DEGREE DAYS
 HEATING
  YESTERDAY       23            35    -12       26
  MONTH TO DATE  767           876   -109      882
  SINCE DEC 1    767           876   -109      882
  SINCE JUL 1   2043          1932    111     2022

 COOLING
  YESTERDAY        0             0      0        0
  MONTH TO DATE    0             0      0        0
  SINCE DEC 1      0             0      0        0
  SINCE JAN 1    904           927    -23     1006
......................................................


WIND (MPH)
  HIGHEST WIND SPEED    14   HIGHEST WIND DIRECTION    NW (310)
  HIGHEST GUST SPEED    20   HIGHEST GUST DIRECTION    NW (330)
  AVERAGE WIND SPEED     6.7


SKY COVER
  AVERAGE SKY COVER 0.9


WEATHER CONDITIONS
 THE FOLLOWING WEATHER WAS RECORDED YESTERDAY.
  RAIN
  LIGHT RAIN
  FOG


RELATIVE HUMIDITY (PERCENT)
 HIGHEST   100           700 AM
 LOWEST     70           100 AM
 AVERAGE    85

..........................................................


THE BLOOMINGTON IN CLIMATE NORMALS FOR TODAY
                         NORMAL
 MAXIMUM TEMPERATURE (F)   38
 MINIMUM TEMPERATURE (F)   21


SUNRISE AND SUNSET
DECEMBER 28 2014......SUNRISE   805 AM EST   SUNSET   531 PM EST
DECEMBER 29 2014......SUNRISE   805 AM EST   SUNSET   532 PM EST


-  INDICATES NEGATIVE NUMBERS.
R  INDICATES RECORD WAS SET OR TIED.
MM INDICATES DATA IS MISSING.
T  INDICATES TRACE AMOUNT.




$$
