000
CDUS43 KIND 300550
CLIBMG


CLIMATE REPORT
NATIONAL WEATHER SERVICE INDIANAPOLIS IN
149 AM EDT SAT APR 30 2016


...................................

...THE BLOOMINGTON IN CLIMATE SUMMARY FOR APRIL 29 2016...

CLIMATE NORMAL PERIOD 1981 TO 2010
CLIMATE RECORD PERIOD 9999 TO 9999


WEATHER ITEM   OBSERVED TIME   NORMAL DEPARTURE LAST
                VALUE   (LST)  VALUE  FROM      YEAR
                                      NORMAL
......................................................
TEMPERATURE (F)
 YESTERDAY
  MAXIMUM         67    431 PM  69     -2       68
  MINIMUM         47    622 AM  46      1       38
  AVERAGE         57            58     -1       53

PRECIPITATION (IN)
  YESTERDAY        0.00          0.17  -0.17     0.00
  MONTH TO DATE    4.93          4.52   0.41     4.80
  SINCE MAR 1      9.49          8.40   1.09     9.44
  SINCE JAN 1     14.70         14.47   0.23    13.01

DEGREE DAYS
 HEATING
  YESTERDAY        8             8      0       12
  MONTH TO DATE  332           349    -17      284
  SINCE MAR 1    801          1037   -236     1028
  SINCE JUL 1   4121          5105   -984     5599

 COOLING
  YESTERDAY        0             0      0        0
  MONTH TO DATE   14            20     -6        6
  SINCE MAR 1     14            23     -9        6
  SINCE JAN 1     14            23     -9        6
......................................................


WIND (MPH)
  HIGHEST WIND SPEED    12   HIGHEST WIND DIRECTION     E (80)
  HIGHEST GUST SPEED    16   HIGHEST GUST DIRECTION     E (70)
  AVERAGE WIND SPEED     3.5


SKY COVER
  AVERAGE SKY COVER 0.3


WEATHER CONDITIONS
 THE FOLLOWING WEATHER WAS RECORDED YESTERDAY.
  NO SIGNIFICANT WEATHER WAS OBSERVED.


RELATIVE HUMIDITY (PERCENT)
 HIGHEST    86           400 AM
 LOWEST     52          1200 PM
 AVERAGE    69

..........................................................


THE BLOOMINGTON IN CLIMATE NORMALS FOR TODAY
                         NORMAL
 MAXIMUM TEMPERATURE (F)   69
 MINIMUM TEMPERATURE (F)   47


SUNRISE AND SUNSET
APRIL 30 2016.........SUNRISE   649 AM EDT   SUNSET   839 PM EDT
MAY  1 2016...........SUNRISE   648 AM EDT   SUNSET   840 PM EDT


-  INDICATES NEGATIVE NUMBERS.
R  INDICATES RECORD WAS SET OR TIED.
MM INDICATES DATA IS MISSING.
T  INDICATES TRACE AMOUNT.




$$
