000
CDUS43 KIND 180535
CLIBMG


CLIMATE REPORT
NATIONAL WEATHER SERVICE INDIANAPOLIS IN
1234 AM EST THU JAN 18 2018


...................................

...THE BLOOMINGTON IN CLIMATE SUMMARY FOR JANUARY 17 2018...

CLIMATE NORMAL PERIOD 1981 TO 2010
CLIMATE RECORD PERIOD 9999 TO 9999


WEATHER ITEM   OBSERVED TIME   NORMAL DEPARTURE LAST
                VALUE   (LST)  VALUE  FROM      YEAR
                                      NORMAL
......................................................
TEMPERATURE (F)
 YESTERDAY
  MAXIMUM         18    425 PM  38    -20       60
  MINIMUM          1    859 AM  20    -19       40
  AVERAGE         10            29    -19       50

PRECIPITATION (IN)
  YESTERDAY        T             0.12  -0.12     0.04
  MONTH TO DATE    1.62          2.12  -0.50     2.59
  SINCE DEC 1      2.81          5.66  -2.85     5.07
  SINCE JAN 1      1.62          2.12  -0.50     2.59

DEGREE DAYS
 HEATING
  YESTERDAY       55            36     19       15
  MONTH TO DATE  786           612    174      548
  SINCE DEC 1   1822          1629    193     1574
  SINCE JUL 1   2739          2685     54     2257

 COOLING
  YESTERDAY        0             0      0        0
  MONTH TO DATE    0             0      0        0
  SINCE DEC 1      0             0      0        0
  SINCE JAN 1      0             0      0        0
......................................................


WIND (MPH)
  HIGHEST WIND SPEED    12   HIGHEST WIND DIRECTION    SW (230)
  HIGHEST GUST SPEED    16   HIGHEST GUST DIRECTION    SW (240)
  AVERAGE WIND SPEED     6.0


SKY COVER
  AVERAGE SKY COVER 0.2


WEATHER CONDITIONS
 THE FOLLOWING WEATHER WAS RECORDED YESTERDAY.
  LIGHT SNOW
  HAZE


RELATIVE HUMIDITY (PERCENT)
 HIGHEST    88           300 AM
 LOWEST     61           200 PM
 AVERAGE    75

..........................................................


THE BLOOMINGTON IN CLIMATE NORMALS FOR TODAY
                         NORMAL
 MAXIMUM TEMPERATURE (F)   38
 MINIMUM TEMPERATURE (F)   20


SUNRISE AND SUNSET
JANUARY 18 2018.......SUNRISE   803 AM EST   SUNSET   551 PM EST
JANUARY 19 2018.......SUNRISE   802 AM EST   SUNSET   552 PM EST


-  INDICATES NEGATIVE NUMBERS.
R  INDICATES RECORD WAS SET OR TIED.
MM INDICATES DATA IS MISSING.
T  INDICATES TRACE AMOUNT.




$$
