000
CDUS43 KIND 220621
CLIBMG


CLIMATE REPORT
NATIONAL WEATHER SERVICE INDIANAPOLIS IN
221 AM EDT WED OCT 22 2014


...................................

...THE BLOOMINGTON IN CLIMATE SUMMARY FOR OCTOBER 21 2014...

CLIMATE NORMAL PERIOD 1981 TO 2010
CLIMATE RECORD PERIOD 9999 TO 9999


WEATHER ITEM   OBSERVED TIME   NORMAL DEPARTURE LAST
                VALUE   (LST)  VALUE  FROM      YEAR
                                      NORMAL
......................................................
TEMPERATURE (F)
 YESTERDAY
  MAXIMUM         60    333 PM  66     -6       62
  MINIMUM         43    356 AM  41      2       41
  AVERAGE         52            53     -1       52

PRECIPITATION (IN)
  YESTERDAY        0.00          0.12  -0.12      T
  MONTH TO DATE    4.32          2.44   1.88     4.92
  SINCE SEP 1      8.43          5.79   2.64     6.78
  SINCE JAN 1     39.06         38.98   0.08    37.10

DEGREE DAYS
 HEATING
  YESTERDAY       13            12      1       13
  MONTH TO DATE  197           198     -1      152
  SINCE SEP 1    295           276     19      202
  SINCE JUL 1    301           283     18      216

 COOLING
  YESTERDAY        0             0      0        0
  MONTH TO DATE   10            11     -1       30
  SINCE SEP 1     73           107    -34      165
  SINCE JAN 1    903           924    -21     1006
......................................................


WIND (MPH)
  HIGHEST WIND SPEED    15   HIGHEST WIND DIRECTION     N (20)
  HIGHEST GUST SPEED    20   HIGHEST GUST DIRECTION     N (360)
  AVERAGE WIND SPEED     4.9


SKY COVER
  AVERAGE SKY COVER 0.7


WEATHER CONDITIONS
 THE FOLLOWING WEATHER WAS RECORDED YESTERDAY.
  NO SIGNIFICANT WEATHER WAS OBSERVED.


RELATIVE HUMIDITY (PERCENT)
 HIGHEST   100           400 AM
 LOWEST     51           400 PM
 AVERAGE    76

..........................................................


THE BLOOMINGTON IN CLIMATE NORMALS FOR TODAY
                         NORMAL
 MAXIMUM TEMPERATURE (F)   65
 MINIMUM TEMPERATURE (F)   41


SUNRISE AND SUNSET
OCTOBER 22 2014.......SUNRISE   803 AM EDT   SUNSET   658 PM EDT
OCTOBER 23 2014.......SUNRISE   804 AM EDT   SUNSET   657 PM EDT


-  INDICATES NEGATIVE NUMBERS.
R  INDICATES RECORD WAS SET OR TIED.
MM INDICATES DATA IS MISSING.
T  INDICATES TRACE AMOUNT.




$$
