753
CDUS44 KOHX 240726
CLIBNA


CLIMATE REPORT
NATIONAL WEATHER SERVICE NASHVILLE TN
126 AM CST WED JAN 24 2018


...................................

...THE NASHVILLE CLIMATE SUMMARY FOR JANUARY 23 2018...

CLIMATE NORMAL PERIOD 1981 TO 2010
CLIMATE RECORD PERIOD 1871 TO 2018


WEATHER ITEM   OBSERVED TIME   RECORD YEAR NORMAL DEPARTURE
                VALUE   (LST)  VALUE       VALUE  FROM
                                                  NORMAL
...............................................................
TEMPERATURE (F)
 YESTERDAY
  MAXIMUM         51   1212 AM  73    1943  47      4
                                      1909
  MINIMUM         38   1159 PM -13    1963  28     10
  AVERAGE         45                        38      7

PRECIPITATION (IN)
  YESTERDAY        0.00          2.02 1887   0.12  -0.12
  MONTH TO DATE    1.04                      2.75  -1.71
  SINCE JAN 1      1.04                      2.75  -1.71

SNOWFALL (IN)
  YESTERDAY        0.0           6.2  1963
  MONTH TO DATE    2.4
  SINCE DEC 1      2.4
  SINCE JUL 1      2.4

DEGREE DAYS
 HEATING
  YESTERDAY       20                               -7
  MONTH TO DATE  718                               83
  SINCE DEC 1   1476                               78
  SINCE JUL 1   2050                              -22

 COOLING
  YESTERDAY        0                                0
  MONTH TO DATE    0                                0
  SINCE DEC 1      0                               -1
  SINCE JAN 1      0                                0
...............................................................


WIND (MPH)
  HIGHEST WIND SPEED    21   HIGHEST WIND DIRECTION    SW (240)
  HIGHEST GUST SPEED    33   HIGHEST GUST DIRECTION    SW (230)
  AVERAGE WIND SPEED     9.1




RELATIVE HUMIDITY (PERCENT)
 HIGHEST    64
 LOWEST     41

..........................................................


THE NASHVILLE CLIMATE NORMALS FOR TODAY
                         NORMAL    RECORD    YEAR
 MAXIMUM TEMPERATURE (F)   47        78      1972
 MINIMUM TEMPERATURE (F)   28       -15      1963


SUNRISE AND SUNSET
JANUARY 24 2018.......SUNRISE   653 AM CST   SUNSET   505 PM CST
JANUARY 25 2018.......SUNRISE   652 AM CST   SUNSET   506 PM CST


-  INDICATES NEGATIVE NUMBERS.
R  INDICATES RECORD WAS SET OR TIED.
MM INDICATES DATA IS MISSING.
T  INDICATES TRACE AMOUNT.




$$
