000
CDUS44 KOHX 030641
CLIBNA

CLIMATE REPORT
NATIONAL WEATHER SERVICE NASHVILLE TN
140 AM CDT FRI JUL 3 2015


...................................

...THE NASHVILLE CLIMATE SUMMARY FOR JULY 2 2015...

CLIMATE NORMAL PERIOD 1981 TO 2010
CLIMATE RECORD PERIOD 1871 TO 2015


WEATHER ITEM   OBSERVED TIME   RECORD YEAR NORMAL DEPARTURE
                VALUE   (LST)  VALUE       VALUE  FROM
                                                  NORMAL
...............................................................
TEMPERATURE (F)
 YESTERDAY
  MAXIMUM         84    205 PM 101    1926  89     -5
  MINIMUM         69    704 AM  55    1976  69      0
                                      1937
                                      1924
  AVERAGE         77                        79     -2

PRECIPITATION (IN)
  YESTERDAY        1.59          2.02 1913   0.12   1.47
  MONTH TO DATE    2.93                      0.25   2.68
  SINCE JUN 1      6.31                      4.39   1.92
  SINCE JAN 1     27.31                     25.69   1.62

SNOWFALL (IN)
  YESTERDAY        0.0           0.0  2002   0.0    0.0
                                      2001
  MONTH TO DATE    0.0                       0.0    0.0
  SINCE JUN 1      0.0                       0.0    0.0
  SINCE JUL 1      0.0                       0.0    0.0
  SNOW DEPTH       0

DEGREE DAYS
 HEATING
  YESTERDAY        0                                0
  MONTH TO DATE    0                                0
  SINCE JUN 1      0                               -3
  SINCE JUL 1      0                                0

 COOLING
  YESTERDAY       12                               -2
  MONTH TO DATE   20                               -8
  SINCE JUN 1    413                               61
  SINCE JAN 1    669                              138
...............................................................


WIND (MPH)
  HIGHEST WIND SPEED    17   HIGHEST WIND DIRECTION     N (340)
  HIGHEST GUST SPEED    23   HIGHEST GUST DIRECTION     N (360)
  AVERAGE WIND SPEED     6.9




RELATIVE HUMIDITY (PERCENT)
 HIGHEST   100
 LOWEST     74
 AVERAGE    87

..........................................................


THE NASHVILLE CLIMATE NORMALS FOR TODAY
                         NORMAL    RECORD    YEAR
 MAXIMUM TEMPERATURE (F)   89       100      1954
                                             1925
                                             1897
 MINIMUM TEMPERATURE (F)   69        57      1924


SUNRISE AND SUNSET
JULY  3 2015..........SUNRISE   534 AM CDT   SUNSET   808 PM CDT
JULY  4 2015..........SUNRISE   535 AM CDT   SUNSET   807 PM CDT


-  INDICATES NEGATIVE NUMBERS.
R  INDICATES RECORD WAS SET OR TIED.
MM INDICATES DATA IS MISSING.
T  INDICATES TRACE AMOUNT.




$$
