000
CDUS44 KOHX 250830
CLIBNA


CLIMATE REPORT
NATIONAL WEATHER SERVICE NASHVILLE TN
230 AM CST SAT FEB 25 2017


...................................

...THE NASHVILLE CLIMATE SUMMARY FOR FEBRUARY 24 2017...

CLIMATE NORMAL PERIOD 1981 TO 2010
CLIMATE RECORD PERIOD 1871 TO 2017


WEATHER ITEM   OBSERVED TIME   RECORD YEAR NORMAL DEPARTURE
                VALUE   (LST)  VALUE       VALUE  FROM
                                                  NORMAL
...............................................................
TEMPERATURE (F)
 YESTERDAY
  MAXIMUM         81R   242 PM  81    2017  55     26
  MINIMUM         62   1159 PM  10    1967  34     28
  AVERAGE         72                        44     28

PRECIPITATION (IN)
  YESTERDAY        0.00          2.10 2011   0.15  -0.15
  MONTH TO DATE    1.42                      3.38  -1.96
  SINCE JAN 1      4.76                      7.13  -2.37

SNOWFALL (IN)
  YESTERDAY        0.0           1.0  1934
  MONTH TO DATE    0.0
  SINCE DEC 1      0.7
  SINCE JUL 1      0.7

DEGREE DAYS
 HEATING
  YESTERDAY        0                              -21
  MONTH TO DATE  329                             -243
  SINCE DEC 1   1558                             -625
  SINCE JUL 1   1912                             -945

 COOLING
  YESTERDAY        7                                7
  MONTH TO DATE    7                                7
  SINCE DEC 1     11                               10
  SINCE JAN 1      7                                7
...............................................................


WIND (MPH)
  HIGHEST WIND SPEED    33   HIGHEST WIND DIRECTION     S (190)
  HIGHEST GUST SPEED    47   HIGHEST GUST DIRECTION    SW (230)
  AVERAGE WIND SPEED    14.9




RELATIVE HUMIDITY (PERCENT)
 HIGHEST    78
 LOWEST     36

..........................................................


THE NASHVILLE CLIMATE NORMALS FOR TODAY
                         NORMAL    RECORD    YEAR
 MAXIMUM TEMPERATURE (F)   55        78      1918
 MINIMUM TEMPERATURE (F)   34         5      1967


SUNRISE AND SUNSET
FEBRUARY 25 2017......SUNRISE   622 AM CST   SUNSET   538 PM CST
FEBRUARY 26 2017......SUNRISE   621 AM CST   SUNSET   539 PM CST


-  INDICATES NEGATIVE NUMBERS.
R  INDICATES RECORD WAS SET OR TIED.
MM INDICATES DATA IS MISSING.
T  INDICATES TRACE AMOUNT.




$$
