000
CDUS44 KOHX 270033
CLIBNA

MEMCLIOHX 000
TTAA00 KOHX 270032


CLIMATE REPORT
NATIONAL WEATHER SERVICE NASHVILLE TN
632 PM CST WED NOV 26 2014


...................................

...THE NASHVILLE CLIMATE SUMMARY FOR NOVEMBER 26 2014...
VALID TODAY AS OF 0600 PM LOCAL TIME.

CLIMATE NORMAL PERIOD 1981 TO 2010
CLIMATE RECORD PERIOD 1871 TO 2014


WEATHER ITEM   OBSERVED TIME   RECORD YEAR NORMAL DEPARTURE
                VALUE   (LST)  VALUE       VALUE  FROM
                                                  NORMAL
...............................................................
TEMPERATURE (F)
 TODAY
  MAXIMUM         51    101 PM  76    1927  56     -5
  MINIMUM         28    705 AM  17    1977  36     -8
  AVERAGE         40                        46     -6

PRECIPITATION (IN)
  TODAY            0.04          1.87 1973   0.16  -0.12
  MONTH TO DATE    3.32                      3.63  -0.31
  SINCE SEP 1     11.96                     10.08   1.88
  SINCE JAN 1     47.36                     42.33   5.03

SNOWFALL (IN)
  TODAY            0.0           1.0  1936   0.0    0.0
  MONTH TO DATE    0.2                       0.0    0.2
  SINCE SEP 1      0.2                       T      0.2
  SINCE JUL 1      0.2                       T      0.2
  SNOW DEPTH       0

DEGREE DAYS
 HEATING
  TODAY           25                                6
  MONTH TO DATE  543                              163
  SINCE SEP 1    696                              101
  SINCE JUL 1    696                              101

 COOLING
  TODAY            0                                0
  MONTH TO DATE    0                                0
  SINCE SEP 1    314                               48
  SINCE JAN 1   1803                              163
...............................................................


WIND (MPH)
  HIGHEST WIND SPEED    17   HIGHEST WIND DIRECTION     S (200)
  HIGHEST GUST SPEED    24   HIGHEST GUST DIRECTION     S (200)
  AVERAGE WIND SPEED     3.3




RELATIVE HUMIDITY (PERCENT)
 HIGHEST    92
 LOWEST     32
 AVERAGE    62

..........................................................


THE NASHVILLE CLIMATE NORMALS FOR TOMORROW
                         NORMAL    RECORD    YEAR
 MAXIMUM TEMPERATURE (F)   55        78      1990
 MINIMUM TEMPERATURE (F)   36        16      1898


SUNRISE AND SUNSET
NOVEMBER 26 2014......SUNRISE   634 AM CST   SUNSET   434 PM CST
NOVEMBER 27 2014......SUNRISE   635 AM CST   SUNSET   433 PM CST


-  INDICATES NEGATIVE NUMBERS.
R  INDICATES RECORD WAS SET OR TIED.
MM INDICATES DATA IS MISSING.
T  INDICATES TRACE AMOUNT.




$$
