000
CDUS44 KOHX 280029
CLIBNA


CLIMATE REPORT
NATIONAL WEATHER SERVICE NASHVILLE TN
729 PM CDT TUE JUN 27 2017


...................................

...THE NASHVILLE CLIMATE SUMMARY FOR JUNE 27 2017...
VALID TODAY AS OF 0400 PM LOCAL TIME.

CLIMATE NORMAL PERIOD 1981 TO 2010
CLIMATE RECORD PERIOD 1871 TO 2017


WEATHER ITEM   OBSERVED TIME   RECORD YEAR NORMAL DEPARTURE
                VALUE   (LST)  VALUE       VALUE  FROM
                                                  NORMAL
...............................................................
TEMPERATURE (F)
 TODAY
  MAXIMUM         85    222 PM 102    1952  88     -3
  MINIMUM         64    512 AM  52    1974  68     -4
  AVERAGE         75                        78     -3

PRECIPITATION (IN)
  TODAY            0.00          1.45 1900   0.13  -0.13
  MONTH TO DATE    3.97                      3.76   0.21
  SINCE JAN 1     24.23                     25.06  -0.83

SNOWFALL (IN)
  TODAY            0.0           0.0  2002
                                      2001
  MONTH TO DATE    0.0
  SINCE JUN 1      0.0
  SINCE JUL 1      2.2

DEGREE DAYS
 HEATING
  TODAY            0                                0
  MONTH TO DATE    0                                0
  SINCE JUN 1      0                                0
  SINCE JUL 1   2450                            -1235

 COOLING
  TODAY           10                               -3
  MONTH TO DATE  304                               20
  SINCE JUN 1    304                               20
  SINCE JAN 1    623                              160
...............................................................


WIND (MPH)
  HIGHEST WIND SPEED     9   HIGHEST WIND DIRECTION    NE (60)
  HIGHEST GUST SPEED    MM   HIGHEST GUST DIRECTION    MM
  AVERAGE WIND SPEED     2.9




RELATIVE HUMIDITY (PERCENT)
 HIGHEST    84
 LOWEST     36
 AVERAGE    60

..........................................................


THE NASHVILLE CLIMATE NORMALS FOR TOMORROW
                         NORMAL    RECORD    YEAR
 MAXIMUM TEMPERATURE (F)   89       105      2012
 MINIMUM TEMPERATURE (F)   68        52      1968


SUNRISE AND SUNSET
JUNE 27 2017..........SUNRISE   532 AM CDT   SUNSET   808 PM CDT
JUNE 28 2017..........SUNRISE   532 AM CDT   SUNSET   808 PM CDT


-  INDICATES NEGATIVE NUMBERS.
R  INDICATES RECORD WAS SET OR TIED.
MM INDICATES DATA IS MISSING.
T  INDICATES TRACE AMOUNT.




$$
