000
CDUS45 KBOI 260932
CLIBNO


CLIMATE REPORT
NATIONAL WEATHER SERVICE BOISE ID
332 AM MDT TUE SEP 26 2017


...................................

...THE BURNS OR CLIMATE SUMMARY FOR SEPTEMBER 25 2017...

CLIMATE NORMAL PERIOD 1981 TO 2010
CLIMATE RECORD PERIOD 1938 TO 2017


WEATHER ITEM   OBSERVED TIME   RECORD YEAR NORMAL DEPARTURE LAST
                VALUE   (LST)  VALUE       VALUE  FROM      YEAR
                                                  NORMAL
..................................................................
TEMPERATURE (F)
 YESTERDAY
  MAXIMUM         66   1247 PM  90    2009  72     -6       79
  MINIMUM         29    515 AM  17    1984  33     -4       29
                                      1972
  AVERAGE         48                        52     -4       54

PRECIPITATION (IN)
  YESTERDAY        0.00          0.53 1979   0.02  -0.02     0.00
  MONTH TO DATE    0.25                      0.36  -0.11     0.13
  SINCE OCT 1     12.15                     10.84   1.31     9.39
  SINCE JAN 1      8.64                      7.34   1.30     4.52

DEGREE DAYS
 HEATING
  YESTERDAY       17                        13      4       11
  MONTH TO DATE  236                       213     23      283
  SINCE SEP 1    236                       213     23      283
  SINCE JUL 1    251                       350    -99      399

 COOLING
  YESTERDAY        0                         0      0        0
  MONTH TO DATE   50                         7     43        0
  SINCE SEP 1     50                         7     43        0
  SINCE JAN 1    343                       213    130      226
..................................................................


WIND (MPH)
  HIGHEST WIND SPEED    10   HIGHEST WIND DIRECTION     S (190)
  HIGHEST GUST SPEED    15   HIGHEST GUST DIRECTION    SE (150)
  AVERAGE WIND SPEED     3.4


SKY COVER
  POSSIBLE SUNSHINE  MM
  AVERAGE SKY COVER 0.5


WEATHER CONDITIONS
 THE FOLLOWING WEATHER WAS RECORDED YESTERDAY.
  NO SIGNIFICANT WEATHER WAS OBSERVED.


RELATIVE HUMIDITY (PERCENT)
 HIGHEST    92           400 AM
 LOWEST     37           100 PM
 AVERAGE    65

..........................................................


THE BURNS OR CLIMATE NORMALS FOR TODAY
                         NORMAL    RECORD    YEAR
 MAXIMUM TEMPERATURE (F)   72        91      2003
                                             1963
 MINIMUM TEMPERATURE (F)   33        22      1999


SUNRISE AND SUNSET
SEPTEMBER 26 2017.....SUNRISE   648 AM PDT   SUNSET   645 PM PDT
SEPTEMBER 27 2017.....SUNRISE   649 AM PDT   SUNSET   643 PM PDT


-  INDICATES NEGATIVE NUMBERS.
R  INDICATES RECORD WAS SET OR TIED.
MM INDICATES DATA IS MISSING.
T  INDICATES TRACE AMOUNT.




$$
