000
CDUS45 KBOI 200122
CLIBNO


CLIMATE REPORT
NATIONAL WEATHER SERVICE BOISE ID
620 PM MST SUN NOV 19 2017


...................................

...THE BURNS OR CLIMATE SUMMARY FOR NOVEMBER 19 2017...
VALID TODAY AS OF 0600 PM LOCAL TIME.

CLIMATE NORMAL PERIOD 1981 TO 2010
CLIMATE RECORD PERIOD 1938 TO 2017


WEATHER ITEM   OBSERVED TIME   RECORD YEAR NORMAL DEPARTURE LAST
                VALUE   (LST)  VALUE       VALUE  FROM      YEAR
                                                  NORMAL
..................................................................
TEMPERATURE (F)
 TODAY
  MAXIMUM         44    145 PM  60    1939  43      1       43
  MINIMUM         15    648 AM   3    1994  21     -6       33
  AVERAGE         30                        32     -2       38

PRECIPITATION (IN)
  TODAY            0.00          0.32 1983   0.04  -0.04     0.11
  MONTH TO DATE    1.21                      0.70   0.51     0.47
  SINCE OCT 1      1.85                      1.48   0.37     1.57
  SINCE JAN 1     10.49                      8.90   1.59     6.09

DEGREE DAYS
 HEATING
  TODAY           35                        33      2       27
  MONTH TO DATE  561                       559      2      441
  SINCE SEP 1   1601                      1472    129     1353
  SINCE JUL 1   1616                      1609      7     1469

 COOLING
  TODAY            0                         0      0        0
  MONTH TO DATE    0                         0      0        0
  SINCE SEP 1     50                         9     41        0
  SINCE JAN 1    343                       215    128      226
..................................................................


WIND (MPH)
  HIGHEST WIND SPEED     8   HIGHEST WIND DIRECTION    NE (50)
  HIGHEST GUST SPEED     9   HIGHEST GUST DIRECTION     E (100)
  AVERAGE WIND SPEED     3.4



WEATHER CONDITIONS
 THE FOLLOWING WEATHER WAS RECORDED TODAY.
  NO SIGNIFICANT WEATHER WAS OBSERVED.


RELATIVE HUMIDITY (PERCENT)
 HIGHEST    92           400 AM
 LOWEST     45           100 PM
 AVERAGE    69

..........................................................


THE BURNS OR CLIMATE NORMALS FOR TOMORROW
                         NORMAL    RECORD    YEAR
 MAXIMUM TEMPERATURE (F)   43        61      2006
                                             2002
                                             1958
 MINIMUM TEMPERATURE (F)   20        -9      1985


SUNRISE AND SUNSET
NOVEMBER 19 2017......SUNRISE   655 AM PST   SUNSET   427 PM PST
NOVEMBER 20 2017......SUNRISE   656 AM PST   SUNSET   426 PM PST


-  INDICATES NEGATIVE NUMBERS.
R  INDICATES RECORD WAS SET OR TIED.
MM INDICATES DATA IS MISSING.
T  INDICATES TRACE AMOUNT.




$$
