000
CDUS45 KBOI 080123
CLIBNO


CLIMATE REPORT
NATIONAL WEATHER SERVICE BOISE ID
722 PM MDT TUE JUL 7 2015


...................................

...THE BURNS OR CLIMATE SUMMARY FOR JULY 7 2015...
VALID TODAY AS OF 0600 PM LOCAL TIME.

CLIMATE NORMAL PERIOD 1981 TO 2010
CLIMATE RECORD PERIOD 1938 TO 2015


WEATHER ITEM   OBSERVED TIME   RECORD YEAR NORMAL DEPARTURE LAST
                VALUE   (LST)  VALUE       VALUE  FROM      YEAR
                                                  NORMAL
..................................................................
TEMPERATURE (F)
 TODAY
  MAXIMUM         93    100 PM  97    1968  84      9       95
  MINIMUM         51    447 AM  33    1993  46      5       49
  AVERAGE         72                        65      7       72

PRECIPITATION (IN)
  TODAY            T             0.28 1978   0.02  -0.02     0.00
  MONTH TO DATE    T                         0.10  -0.10      T
  SINCE OCT 1      8.56                      9.82  -1.26     6.37
  SINCE JAN 1      4.06                      6.32  -2.26     5.40

DEGREE DAYS
 HEATING
  TODAY            0                         3     -3        0
  MONTH TO DATE    0                        22    -22        0
  SINCE JUN 1     49                       240   -191      185
  SINCE JUL 1      0                        22    -22        0

 COOLING
  TODAY            7                         3      4        7
  MONTH TO DATE   73                        15     58       44
  SINCE JUN 1    183                        35    148       52
  SINCE JAN 1    186                        38    148       52
..................................................................


WIND (MPH)
  HIGHEST WIND SPEED    26   HIGHEST WIND DIRECTION    NW (300)
  HIGHEST GUST SPEED    42   HIGHEST GUST DIRECTION     W (290)
  AVERAGE WIND SPEED     5.2



WEATHER CONDITIONS
 THE FOLLOWING WEATHER WAS RECORDED TODAY.
  THUNDERSTORM
  LIGHT RAIN


RELATIVE HUMIDITY (PERCENT)
 HIGHEST    68           400 AM
 LOWEST     17           100 PM
 AVERAGE    43

..........................................................


THE BURNS OR CLIMATE NORMALS FOR TOMORROW
                         NORMAL    RECORD    YEAR
 MAXIMUM TEMPERATURE (F)   84        98      2014
 MINIMUM TEMPERATURE (F)   47        28      1981


SUNRISE AND SUNSET
JULY  7 2015..........SUNRISE   522 AM PDT   SUNSET   839 PM PDT
JULY  8 2015..........SUNRISE   523 AM PDT   SUNSET   839 PM PDT


-  INDICATES NEGATIVE NUMBERS.
R  INDICATES RECORD WAS SET OR TIED.
MM INDICATES DATA IS MISSING.
T  INDICATES TRACE AMOUNT.




$$
