000
CDUS45 KBOI 290132
CLIBNO


CLIMATE REPORT
NATIONAL WEATHER SERVICE BOISE ID
732 PM MDT MON JUL 28 2014


...................................

...THE BURNS OR CLIMATE SUMMARY FOR JULY 28 2014...
VALID TODAY AS OF 0600 PM LOCAL TIME.

CLIMATE NORMAL PERIOD 1981 TO 2010
CLIMATE RECORD PERIOD 1939 TO 2014


WEATHER ITEM   OBSERVED TIME   RECORD YEAR NORMAL DEPARTURE LAST
                VALUE   (LST)  VALUE       VALUE  FROM      YEAR
                                                  NORMAL
..................................................................
TEMPERATURE (F)
 TODAY
  MAXIMUM         97    141 PM 101    1968  88      9       87
  MINIMUM         61    522 AM  38    1959  48     13       49
  AVERAGE         79                        68     11       68

PRECIPITATION (IN)
  TODAY            0.00          0.35 1941   0.01  -0.01     0.00
  MONTH TO DATE    0.32                      0.36  -0.04      T
  SINCE OCT 1      6.69                     10.08  -3.39     7.31
  SINCE JAN 1      5.72                      6.58  -0.86     3.41

DEGREE DAYS
 HEATING
  TODAY            0                         1     -1        0
  MONTH TO DATE   12                        54    -42        3
  SINCE JUN 1    197                       272    -75      191
  SINCE JUL 1     12                        54    -42        3

 COOLING
  TODAY           14                         4     10        3
  MONTH TO DATE  175                        94     81      215
  SINCE JUN 1    183                       114     69      269
  SINCE JAN 1    183                       117     66      270
..................................................................


WIND (MPH)
  HIGHEST WIND SPEED    18   HIGHEST WIND DIRECTION     N (360)
  HIGHEST GUST SPEED    27   HIGHEST GUST DIRECTION    NW (310)
  AVERAGE WIND SPEED     6.1



WEATHER CONDITIONS
 THE FOLLOWING WEATHER WAS RECORDED TODAY.
  NO SIGNIFICANT WEATHER WAS OBSERVED.


RELATIVE HUMIDITY (PERCENT)
 HIGHEST    40           600 AM
 LOWEST     11          1200 PM
 AVERAGE    26

..........................................................


THE BURNS OR CLIMATE NORMALS FOR TOMORROW
                         NORMAL    RECORD    YEAR
 MAXIMUM TEMPERATURE (F)   88        99      2003
 MINIMUM TEMPERATURE (F)   48        38      1950


SUNRISE AND SUNSET
JULY 28 2014..........SUNRISE   541 AM PDT   SUNSET   823 PM PDT
JULY 29 2014..........SUNRISE   542 AM PDT   SUNSET   822 PM PDT


-  INDICATES NEGATIVE NUMBERS.
R  INDICATES RECORD WAS SET OR TIED.
MM INDICATES DATA IS MISSING.
T  INDICATES TRACE AMOUNT.




$$
