000
CDUS45 KBOI 170932
CLIBNO


CLIMATE REPORT
NATIONAL WEATHER SERVICE BOISE ID
332 AM MDT THU APR 17 2014


...................................

...THE BURNS OR CLIMATE SUMMARY FOR APRIL 16 2014...

CLIMATE NORMAL PERIOD 1981 TO 2010
CLIMATE RECORD PERIOD 1939 TO 2014


WEATHER ITEM   OBSERVED TIME   RECORD YEAR NORMAL DEPARTURE LAST
                VALUE   (LST)  VALUE       VALUE  FROM      YEAR
                                                  NORMAL
..................................................................
TEMPERATURE (F)
 YESTERDAY
  MAXIMUM         58    542 PM  79    1994  57      1       47
  MINIMUM         31    419 AM  17    1982  29      2       23
  AVERAGE         45                        43      2       35

PRECIPITATION (IN)
  YESTERDAY        0.00          0.23 2012   0.03  -0.03     0.00
  MONTH TO DATE    0.48                      0.50  -0.02     0.37
  SINCE OCT 1      4.89                      7.30  -2.41     5.19
  SINCE JAN 1      3.92                      3.80   0.12     1.29

DEGREE DAYS
 HEATING
  YESTERDAY       20                        22     -2       30
  MONTH TO DATE  336                       372    -36      365
  SINCE MAR 1   1120                      1229   -109     1197
  SINCE JUL 1   6403                      6757   -354     6554

 COOLING
  YESTERDAY        0                         0      0        0
  MONTH TO DATE    0                         0      0        0
  SINCE MAR 1      0                         0      0        0
  SINCE JAN 1      0                         0      0        0
..................................................................


WIND (MPH)
  HIGHEST WIND SPEED    14   HIGHEST WIND DIRECTION     S (160)
  HIGHEST GUST SPEED    21   HIGHEST GUST DIRECTION     S (170)
  AVERAGE WIND SPEED     5.3


SKY COVER
  POSSIBLE SUNSHINE  MM
  AVERAGE SKY COVER 0.4


WEATHER CONDITIONS
 THE FOLLOWING WEATHER WAS RECORDED YESTERDAY.
  NO SIGNIFICANT WEATHER WAS OBSERVED.


RELATIVE HUMIDITY (PERCENT)
 HIGHEST    70          1000 PM
 LOWEST     30          1100 AM
 AVERAGE    50

..........................................................


THE BURNS OR CLIMATE NORMALS FOR TODAY
                         NORMAL    RECORD    YEAR
 MAXIMUM TEMPERATURE (F)   57        78      1994
                                             1946
 MINIMUM TEMPERATURE (F)   29        16      2013


SUNRISE AND SUNSET
APRIL 17 2014.........SUNRISE   610 AM PDT   SUNSET   742 PM PDT
APRIL 18 2014.........SUNRISE   608 AM PDT   SUNSET   743 PM PDT


-  INDICATES NEGATIVE NUMBERS.
R  INDICATES RECORD WAS SET OR TIED.
MM INDICATES DATA IS MISSING.
T  INDICATES TRACE AMOUNT.




$$
