000
CDUS45 KBOI 270930
CLIBNO


CLIMATE REPORT
NATIONAL WEATHER SERVICE BOISE ID
330 AM MDT WED AUG 27 2014


...................................

...THE BURNS OR CLIMATE SUMMARY FOR AUGUST 26 2014...

CLIMATE NORMAL PERIOD 1981 TO 2010
CLIMATE RECORD PERIOD 1939 TO 2014


WEATHER ITEM   OBSERVED TIME   RECORD YEAR NORMAL DEPARTURE LAST
                VALUE   (LST)  VALUE       VALUE  FROM      YEAR
                                                  NORMAL
..................................................................
TEMPERATURE (F)
 YESTERDAY
  MAXIMUM         82    404 PM  96    1996  82      0       84
  MINIMUM         42    508 AM  28    2008  43     -1       35
                                      1993
  AVERAGE         62                        62      0       60

PRECIPITATION (IN)
  YESTERDAY        0.00          0.09 1956   0.01  -0.01     0.00
  MONTH TO DATE    0.19                      0.30  -0.11     0.51
  SINCE OCT 1      6.94                     10.42  -3.48     7.82
  SINCE JAN 1      5.97                      6.92  -0.95     3.92

DEGREE DAYS
 HEATING
  YESTERDAY        3                         4     -1        5
  MONTH TO DATE   37                        56    -19       29
  SINCE JUN 1    234                       332    -98      221
  SINCE JUL 1     49                       114    -65       33

 COOLING
  YESTERDAY        0                         1     -1        0
  MONTH TO DATE   94                        68     26       70
  SINCE JUN 1    308                       197    111      344
  SINCE JAN 1    308                       200    108      345
..................................................................


WIND (MPH)
  HIGHEST WIND SPEED    12   HIGHEST WIND DIRECTION    SE (150)
  HIGHEST GUST SPEED    17   HIGHEST GUST DIRECTION    SE (150)
  AVERAGE WIND SPEED     4.7


SKY COVER
  POSSIBLE SUNSHINE  MM
  AVERAGE SKY COVER 0.1


WEATHER CONDITIONS
 THE FOLLOWING WEATHER WAS RECORDED YESTERDAY.
  NO SIGNIFICANT WEATHER WAS OBSERVED.


RELATIVE HUMIDITY (PERCENT)
 HIGHEST    76           400 AM
 LOWEST     21           300 PM
 AVERAGE    49

..........................................................


THE BURNS OR CLIMATE NORMALS FOR TODAY
                         NORMAL    RECORD    YEAR
 MAXIMUM TEMPERATURE (F)   82        95      1986
                                             1974
 MINIMUM TEMPERATURE (F)   42        32      1995
                                             1960


SUNRISE AND SUNSET
AUGUST 27 2014........SUNRISE   614 AM PDT   SUNSET   740 PM PDT
AUGUST 28 2014........SUNRISE   615 AM PDT   SUNSET   738 PM PDT


-  INDICATES NEGATIVE NUMBERS.
R  INDICATES RECORD WAS SET OR TIED.
MM INDICATES DATA IS MISSING.
T  INDICATES TRACE AMOUNT.




$$
