000
CDUS45 KBOI 230931
CLIBNO


CLIMATE REPORT
NATIONAL WEATHER SERVICE BOISE ID
331 AM MDT FRI JUN 23 2017


...................................

...THE BURNS OR CLIMATE SUMMARY FOR JUNE 22 2017...

CLIMATE NORMAL PERIOD 1981 TO 2010
CLIMATE RECORD PERIOD 1938 TO 2017


WEATHER ITEM   OBSERVED TIME   RECORD YEAR NORMAL DEPARTURE LAST
                VALUE   (LST)  VALUE       VALUE  FROM      YEAR
                                                  NORMAL
..................................................................
TEMPERATURE (F)
 YESTERDAY
  MAXIMUM         82    354 PM  98    1961  77      5       86
  MINIMUM         38    242 AM  27    2003  43     -5       43
                                      1997
  AVERAGE         60                        60      0       65

PRECIPITATION (IN)
  YESTERDAY        0.00          0.16 1946   0.02  -0.02     0.00
  MONTH TO DATE    0.10                      0.63  -0.53     0.40
  SINCE OCT 1     11.85                      9.59   2.26     9.12
  SINCE JAN 1      8.34                      6.09   2.25     4.25

DEGREE DAYS
 HEATING
  YESTERDAY        5                         6     -1        0
  MONTH TO DATE  163                       181    -18      156
  SINCE JUN 1    163                       181    -18      156
  SINCE JUL 1   7945                      7651    294     6935

 COOLING
  YESTERDAY        0                         1     -1        0
  MONTH TO DATE   17                         8      9       25
  SINCE JUN 1     17                         8      9       25
  SINCE JAN 1     18                        11      7       25
..................................................................


WIND (MPH)
  HIGHEST WIND SPEED    20   HIGHEST WIND DIRECTION     W (290)
  HIGHEST GUST SPEED    27   HIGHEST GUST DIRECTION    NW (300)
  AVERAGE WIND SPEED     8.1


SKY COVER
  POSSIBLE SUNSHINE  MM
  AVERAGE SKY COVER 0.0


WEATHER CONDITIONS
 THE FOLLOWING WEATHER WAS RECORDED YESTERDAY.
  NO SIGNIFICANT WEATHER WAS OBSERVED.


RELATIVE HUMIDITY (PERCENT)
 HIGHEST    57           400 AM
 LOWEST      7           400 PM
 AVERAGE    32

..........................................................


THE BURNS OR CLIMATE NORMALS FOR TODAY
                         NORMAL    RECORD    YEAR
 MAXIMUM TEMPERATURE (F)   78        98      1992
 MINIMUM TEMPERATURE (F)   43        29      1993


SUNRISE AND SUNSET
JUNE 23 2017..........SUNRISE   515 AM PDT   SUNSET   841 PM PDT
JUNE 24 2017..........SUNRISE   515 AM PDT   SUNSET   841 PM PDT


-  INDICATES NEGATIVE NUMBERS.
R  INDICATES RECORD WAS SET OR TIED.
MM INDICATES DATA IS MISSING.
T  INDICATES TRACE AMOUNT.




$$
