000
CDUS45 KBOI 230931
CLIBNO


CLIMATE REPORT
NATIONAL WEATHER SERVICE BOISE ID
330 AM MDT SAT MAY 23 2015


...................................

...THE BURNS OR CLIMATE SUMMARY FOR MAY 22 2015...

CLIMATE NORMAL PERIOD 1981 TO 2010
CLIMATE RECORD PERIOD 1938 TO 2015


WEATHER ITEM   OBSERVED TIME   RECORD YEAR NORMAL DEPARTURE LAST
                VALUE   (LST)  VALUE       VALUE  FROM      YEAR
                                                  NORMAL
..................................................................
TEMPERATURE (F)
 YESTERDAY
  MAXIMUM         69    304 PM  86    1956  68      1       79
  MINIMUM         45   1239 AM  22    1960  38      7       36
  AVERAGE         57                        53      4       58

PRECIPITATION (IN)
  YESTERDAY        0.03          0.59 2006   0.04  -0.01     0.00
  MONTH TO DATE    1.68                      0.84   0.84     0.34
  SINCE OCT 1      8.43                      8.57  -0.14     5.86
  SINCE JAN 1      3.93                      5.07  -1.14     4.89

DEGREE DAYS
 HEATING
  YESTERDAY        8                        12     -4        7
  MONTH TO DATE  295                       328    -33      301
  SINCE MAR 1   1656                      1840   -184     1725
  SINCE JUL 1   6130                      7368  -1238     7008

 COOLING
  YESTERDAY        0                         0      0        0
  MONTH TO DATE    0                         0      0        0
  SINCE MAR 1      0                         0      0        0
  SINCE JAN 1      0                         0      0        0
..................................................................


WIND (MPH)
  HIGHEST WIND SPEED    24   HIGHEST WIND DIRECTION    NW (330)
  HIGHEST GUST SPEED    30   HIGHEST GUST DIRECTION    NW (320)
  AVERAGE WIND SPEED     6.3


SKY COVER
  POSSIBLE SUNSHINE  MM
  AVERAGE SKY COVER 0.7


WEATHER CONDITIONS
 THE FOLLOWING WEATHER WAS RECORDED YESTERDAY.
  THUNDERSTORM
  LIGHT RAIN


RELATIVE HUMIDITY (PERCENT)
 HIGHEST    93           200 AM
 LOWEST     42           300 PM
 AVERAGE    68

..........................................................


THE BURNS OR CLIMATE NORMALS FOR TODAY
                         NORMAL    RECORD    YEAR
 MAXIMUM TEMPERATURE (F)   68        89      2001
 MINIMUM TEMPERATURE (F)   38        19      2013


SUNRISE AND SUNSET
MAY 23 2015...........SUNRISE   524 AM PDT   SUNSET   822 PM PDT
MAY 24 2015...........SUNRISE   523 AM PDT   SUNSET   823 PM PDT


-  INDICATES NEGATIVE NUMBERS.
R  INDICATES RECORD WAS SET OR TIED.
MM INDICATES DATA IS MISSING.
T  INDICATES TRACE AMOUNT.




$$
