000
CDUS45 KBOI 220933
CLIBOI


CLIMATE REPORT
NATIONAL WEATHER SERVICE BOISE ID
232 AM MST MON DEC 22 2014


...................................

...THE BOISE ID CLIMATE SUMMARY FOR DECEMBER 21 2014...

CLIMATE NORMAL PERIOD 1981 TO 2010
CLIMATE RECORD PERIOD 1878 TO 2014


WEATHER ITEM   OBSERVED TIME   RECORD YEAR NORMAL DEPARTURE LAST
                VALUE   (LST)  VALUE       VALUE  FROM      YEAR
                                                  NORMAL
..................................................................
TEMPERATURE (F)
 YESTERDAY
  MAXIMUM         47   1146 AM  60    1964  36     11       30
  MINIMUM         40   1159 PM -23    1990  23     17       21
  AVERAGE         44                        30     14       26

PRECIPITATION (IN)
  YESTERDAY        0.76R         0.43 1882   0.05   0.71     0.02
  MONTH TO DATE    2.67                      1.05   1.62     0.61
  SINCE OCT 1      5.24                      3.15   2.09     2.86
  SINCE JAN 1     14.77                     11.23   3.54     9.52

SNOWFALL (IN)
  YESTERDAY        0.0           5.9  1924   0.3   -0.3      0.2
  MONTH TO DATE    0.5                       4.5   -4.0      4.9
  SINCE OCT 1      8.1                       7.2    0.9      6.9
  SINCE JUL 1      8.1                       7.2    0.9      6.9
  SNOW DEPTH       0

DEGREE DAYS
 HEATING
  YESTERDAY       21                        35    -14       39
  MONTH TO DATE  491                       708   -217      908
  SINCE DEC 1    491                       708   -217      908
  SINCE JUL 1   1630                      1962   -332     2202

 COOLING
  YESTERDAY        0                         0      0        0
  MONTH TO DATE    0                         0      0        0
  SINCE DEC 1      0                         0      0        0
  SINCE JAN 1   1129                       942    187     1320
..................................................................


WIND (MPH)
  HIGHEST WIND SPEED    28   HIGHEST WIND DIRECTION     N (340)
  HIGHEST GUST SPEED    35   HIGHEST GUST DIRECTION     N (340)
  AVERAGE WIND SPEED     7.6


SKY COVER
  POSSIBLE SUNSHINE  MM
  AVERAGE SKY COVER 1.0


WEATHER CONDITIONS
 THE FOLLOWING WEATHER WAS RECORDED YESTERDAY.
  LIGHT RAIN
  FOG


RELATIVE HUMIDITY (PERCENT)
 HIGHEST    93          1100 AM
 LOWEST     76           400 PM
 AVERAGE    85

..........................................................


THE BOISE ID CLIMATE NORMALS FOR TODAY
                         NORMAL    RECORD    YEAR
 MAXIMUM TEMPERATURE (F)   36        65      1964
 MINIMUM TEMPERATURE (F)   23       -25      1990


SUNRISE AND SUNSET
DECEMBER 22 2014......SUNRISE   815 AM MST   SUNSET   512 PM MST
DECEMBER 23 2014......SUNRISE   816 AM MST   SUNSET   512 PM MST


-  INDICATES NEGATIVE NUMBERS.
R  INDICATES RECORD WAS SET OR TIED.
MM INDICATES DATA IS MISSING.
T  INDICATES TRACE AMOUNT.




$$
