000
CDUS45 KBOI 250931
CLIBOI


CLIMATE REPORT
NATIONAL WEATHER SERVICE BOISE ID
330 AM MDT THU AUG 25 2016


...................................

...THE BOISE ID CLIMATE SUMMARY FOR AUGUST 24 2016...

CLIMATE NORMAL PERIOD 1981 TO 2010
CLIMATE RECORD PERIOD 1875 TO 2016


WEATHER ITEM   OBSERVED TIME   RECORD YEAR NORMAL DEPARTURE LAST
                VALUE   (LST)  VALUE       VALUE  FROM      YEAR
                                                  NORMAL
..................................................................
TEMPERATURE (F)
 YESTERDAY
  MAXIMUM         82    514 PM 104    1926  88     -6       96
  MINIMUM         52    616 AM  34    1992  58     -6       62
  AVERAGE         67                        73     -6       79

PRECIPITATION (IN)
  YESTERDAY        0.00          0.54 1977   0.00   0.00     0.00
  MONTH TO DATE    T                         0.17  -0.17     0.18
  SINCE OCT 1      9.31                     11.08  -1.77    12.02
  SINCE JAN 1      4.97                      7.43  -2.46     6.11

SNOWFALL (IN)
  YESTERDAY        0.0           0.0  2006   0.0    0.0      0.0
  MONTH TO DATE    0.0                       0.0    0.0      0.0
  SINCE OCT 1     10.9                      19.2   -8.3     13.3
  SINCE JUL 1      0.0                       0.0    0.0      0.0
  SNOW DEPTH       0

DEGREE DAYS
 HEATING
  YESTERDAY        0                         0      0        0
  MONTH TO DATE    0                         0      0        0
  SINCE JUN 1     45                        72    -27        2
  SINCE JUL 1      8                         8      0        0

 COOLING
  YESTERDAY        2                         8     -6       14
  MONTH TO DATE  249                       256     -7      309
  SINCE JUN 1    835                       737     98     1016
  SINCE JAN 1    866                       781     85     1051
..................................................................


WIND (MPH)
  HIGHEST WIND SPEED    18   HIGHEST WIND DIRECTION     W (280)
  HIGHEST GUST SPEED    25   HIGHEST GUST DIRECTION    NW (320)
  AVERAGE WIND SPEED     6.5


SKY COVER
  POSSIBLE SUNSHINE  MM
  AVERAGE SKY COVER 0.0


WEATHER CONDITIONS
 THE FOLLOWING WEATHER WAS RECORDED YESTERDAY.
  NO SIGNIFICANT WEATHER WAS OBSERVED.


RELATIVE HUMIDITY (PERCENT)
 HIGHEST    55           700 AM
 LOWEST     14           500 PM
 AVERAGE    35

..........................................................


THE BOISE ID CLIMATE NORMALS FOR TODAY
                         NORMAL    RECORD    YEAR
 MAXIMUM TEMPERATURE (F)   87       100      1888
 MINIMUM TEMPERATURE (F)   58        32      1892


SUNRISE AND SUNSET
AUGUST 25 2016........SUNRISE   701 AM MDT   SUNSET   831 PM MDT
AUGUST 26 2016........SUNRISE   703 AM MDT   SUNSET   830 PM MDT


-  INDICATES NEGATIVE NUMBERS.
R  INDICATES RECORD WAS SET OR TIED.
MM INDICATES DATA IS MISSING.
T  INDICATES TRACE AMOUNT.




$$
