000
CDUS45 KBOI 120936
CLIBOI


CLIMATE REPORT
NATIONAL WEATHER SERVICE BOISE ID
235 AM MST FRI FEB 12 2016


...................................

...THE BOISE ID CLIMATE SUMMARY FOR FEBRUARY 11 2016...

CLIMATE NORMAL PERIOD 1981 TO 2010
CLIMATE RECORD PERIOD 1878 TO 2016


WEATHER ITEM   OBSERVED TIME   RECORD YEAR NORMAL DEPARTURE LAST
                VALUE   (LST)  VALUE       VALUE  FROM      YEAR
                                                  NORMAL
..................................................................
TEMPERATURE (F)
 YESTERDAY
  MAXIMUM         47    440 PM  64    1961  43      4       57
  MINIMUM         28    215 AM  -1    1884  28      0       36
  AVERAGE         38                        35      3       47

PRECIPITATION (IN)
  YESTERDAY        T             0.85 1893   0.04  -0.04     0.00
  MONTH TO DATE    0.07                      0.39  -0.32     1.27
  SINCE OCT 1      5.24                      5.28  -0.04     8.01
  SINCE JAN 1      0.90                      1.63  -0.73     2.10

SNOWFALL (IN)
  YESTERDAY        0.0           3.7  1978   0.2   -0.2      0.0
  MONTH TO DATE    0.7                       1.4   -0.7      0.0
  SINCE OCT 1     10.9                      16.2   -5.3     13.1
  SINCE JUL 1     10.9                      16.2   -5.3     13.1
  SNOW DEPTH       0

DEGREE DAYS
 HEATING
  YESTERDAY       27                        30     -3       18
  MONTH TO DATE  330                       337     -7      188
  SINCE DEC 1   2319                      2444   -125     2062
  SINCE JUL 1   3391                      3698   -307     3201

 COOLING
  YESTERDAY        0                         0      0        0
  MONTH TO DATE    0                         0      0        0
  SINCE DEC 1      0                         0      0        0
  SINCE JAN 1      0                         0      0        0
..................................................................


WIND (MPH)
  HIGHEST WIND SPEED     9   HIGHEST WIND DIRECTION    SW (220)
  HIGHEST GUST SPEED    12   HIGHEST GUST DIRECTION     S (170)
  AVERAGE WIND SPEED     3.5


SKY COVER
  POSSIBLE SUNSHINE  MM
  AVERAGE SKY COVER 0.1


WEATHER CONDITIONS
 THE FOLLOWING WEATHER WAS RECORDED YESTERDAY.
  LIGHT RAIN
  FOG


RELATIVE HUMIDITY (PERCENT)
 HIGHEST    92          1200 AM
 LOWEST     60           300 PM
 AVERAGE    76

..........................................................


THE BOISE ID CLIMATE NORMALS FOR TODAY
                         NORMAL    RECORD    YEAR
 MAXIMUM TEMPERATURE (F)   44        61      2011
 MINIMUM TEMPERATURE (F)   28        -8      1884


SUNRISE AND SUNSET
FEBRUARY 12 2016......SUNRISE   748 AM MST   SUNSET   611 PM MST
FEBRUARY 13 2016......SUNRISE   747 AM MST   SUNSET   612 PM MST


-  INDICATES NEGATIVE NUMBERS.
R  INDICATES RECORD WAS SET OR TIED.
MM INDICATES DATA IS MISSING.
T  INDICATES TRACE AMOUNT.




$$
