000
CDUS45 KBOI 060934
CLIBOI


CLIMATE REPORT
NATIONAL WEATHER SERVICE BOISE ID
233 AM MST FRI MAR 6 2015


...................................

...THE BOISE ID CLIMATE SUMMARY FOR MARCH 5 2015...

CLIMATE NORMAL PERIOD 1981 TO 2010
CLIMATE RECORD PERIOD 1878 TO 2015


WEATHER ITEM   OBSERVED TIME   RECORD YEAR NORMAL DEPARTURE LAST
                VALUE   (LST)  VALUE       VALUE  FROM      YEAR
                                                  NORMAL
..................................................................
TEMPERATURE (F)
 YESTERDAY
  MAXIMUM         57    351 PM  67    1986  51      6       59
                                      1889
  MINIMUM         26    453 AM  10    1955  32     -6       44
  AVERAGE         42                        42      0       52

PRECIPITATION (IN)
  YESTERDAY        0.00          0.52 1930   0.04  -0.04     0.06
  MONTH TO DATE    0.01                      0.21  -0.20     0.83
  SINCE OCT 1      8.10                      6.09   2.01     6.75
  SINCE JAN 1      2.19                      2.44  -0.25     3.84

SNOWFALL (IN)
  YESTERDAY        0.0           2.0  1951   0.1   -0.1      0.0
  MONTH TO DATE    T                         0.3   -0.3      0.0
  SINCE OCT 1     13.3                      17.9   -4.6     14.4
  SINCE JUL 1     13.3                      17.9   -4.6     14.4
  SNOW DEPTH       0

DEGREE DAYS
 HEATING
  YESTERDAY       23                        23      0       13
  MONTH TO DATE  138                       119     19       86
  SINCE MAR 1    138                       119     19       86
  SINCE JUL 1   3733                      4278   -545     4426

 COOLING
  YESTERDAY        0                         0      0        0
  MONTH TO DATE    0                         0      0        0
  SINCE MAR 1      0                         0      0        0
  SINCE JAN 1      0                         0      0        0
..................................................................


WIND (MPH)
  HIGHEST WIND SPEED    12   HIGHEST WIND DIRECTION    SE (140)
  HIGHEST GUST SPEED    18   HIGHEST GUST DIRECTION     S (200)
  AVERAGE WIND SPEED     3.0


SKY COVER
  POSSIBLE SUNSHINE  MM
  AVERAGE SKY COVER 0.0


WEATHER CONDITIONS
 THE FOLLOWING WEATHER WAS RECORDED YESTERDAY.
  NO SIGNIFICANT WEATHER WAS OBSERVED.


RELATIVE HUMIDITY (PERCENT)
 HIGHEST    63           500 AM
 LOWEST     22           400 PM
 AVERAGE    43

..........................................................


THE BOISE ID CLIMATE NORMALS FOR TODAY
                         NORMAL    RECORD    YEAR
 MAXIMUM TEMPERATURE (F)   52        68      1889
 MINIMUM TEMPERATURE (F)   32        10      1882


SUNRISE AND SUNSET
MARCH  6 2015.........SUNRISE   713 AM MST   SUNSET   640 PM MST
MARCH  7 2015.........SUNRISE   711 AM MST   SUNSET   641 PM MST


-  INDICATES NEGATIVE NUMBERS.
R  INDICATES RECORD WAS SET OR TIED.
MM INDICATES DATA IS MISSING.
T  INDICATES TRACE AMOUNT.




$$
