000
CDUS45 KBOI 290120
CLIBOI


CLIMATE REPORT
NATIONAL WEATHER SERVICE BOISE ID
720 PM MDT THU JUL 28 2016


...................................

...THE BOISE ID CLIMATE SUMMARY FOR JULY 28 2016...
VALID TODAY AS OF 0600 PM LOCAL TIME.

CLIMATE NORMAL PERIOD 1981 TO 2010
CLIMATE RECORD PERIOD 1875 TO 2016


WEATHER ITEM   OBSERVED TIME   RECORD YEAR NORMAL DEPARTURE LAST
                VALUE   (LST)  VALUE       VALUE  FROM      YEAR
                                                  NORMAL
..................................................................
TEMPERATURE (F)
 TODAY
  MAXIMUM         99    426 PM 106    1934  93      6       80
  MINIMUM         66    457 AM  45    1959  62      4       51
                                      1948
  AVERAGE         83                        78      5       66

PRECIPITATION (IN)
  TODAY            0.00          0.12 1984   0.01  -0.01     0.00
                                      1938
  MONTH TO DATE    0.27                      0.30  -0.03     0.97
  SINCE OCT 1      9.31                     10.88  -1.57    11.84
  SINCE JAN 1      4.97                      7.23  -2.26     5.93

DEGREE DAYS
 HEATING
  TODAY            0                         0      0        0
  MONTH TO DATE    8                         4      4        0
  SINCE JUN 1     45                        68    -23        2
  SINCE JUL 1      8                         4      4        0

 COOLING
  TODAY           18                        13      5        1
  MONTH TO DATE  289                       304    -15      329
  SINCE JUN 1    536                       443     93      667
  SINCE JAN 1    567                       487     80      702
..................................................................


WIND (MPH)
  HIGHEST WIND SPEED    18   HIGHEST WIND DIRECTION    NW (330)
  HIGHEST GUST SPEED    24   HIGHEST GUST DIRECTION    NW (310)
  AVERAGE WIND SPEED     5.8



WEATHER CONDITIONS
 THE FOLLOWING WEATHER WAS RECORDED TODAY.
  NO SIGNIFICANT WEATHER WAS OBSERVED.


RELATIVE HUMIDITY (PERCENT)
 HIGHEST    45           500 AM
 LOWEST     12           400 PM
 AVERAGE    29

..........................................................


THE BOISE ID CLIMATE NORMALS FOR TOMORROW
                         NORMAL    RECORD    YEAR
 MAXIMUM TEMPERATURE (F)   93       104      1934
 MINIMUM TEMPERATURE (F)   62        44      1950


SUNRISE AND SUNSET
JULY 28 2016..........SUNRISE   631 AM MDT   SUNSET   911 PM MDT
JULY 29 2016..........SUNRISE   632 AM MDT   SUNSET   910 PM MDT


-  INDICATES NEGATIVE NUMBERS.
R  INDICATES RECORD WAS SET OR TIED.
MM INDICATES DATA IS MISSING.
T  INDICATES TRACE AMOUNT.




$$
