000
CDUS45 KBOI 010931
CLIBOI


CLIMATE REPORT
NATIONAL WEATHER SERVICE BOISE ID
330 AM MDT FRI AUG 1 2014


...................................

...THE BOISE ID CLIMATE SUMMARY FOR JULY 31 2014...

CLIMATE NORMAL PERIOD 1981 TO 2010
CLIMATE RECORD PERIOD 1878 TO 2014


WEATHER ITEM   OBSERVED TIME   RECORD YEAR NORMAL DEPARTURE LAST
                VALUE   (LST)  VALUE       VALUE  FROM      YEAR
                                                  NORMAL
..................................................................
TEMPERATURE (F)
 YESTERDAY
  MAXIMUM         97    338 PM 109    1892  93      4       95
  MINIMUM         68    558 AM  44    1975  62      6       65
  AVERAGE         83                        78      5       80

PRECIPITATION (IN)
  YESTERDAY        0.00          0.78 1976   0.01  -0.01     0.00
  MONTH TO DATE    0.08                      0.33  -0.25     0.13
  SINCE OCT 1     11.36                     10.91   0.45     7.11
  SINCE JAN 1      8.45                      7.26   1.19     4.46

SNOWFALL (IN)
  YESTERDAY        0.0           0.0  2006   0.0    0.0      0.0
  MONTH TO DATE    0.0                       0.0    0.0      0.0
  SINCE OCT 1     14.4                      19.2   -4.8     16.0
  SINCE JUL 1      0.0                       0.0    0.0      0.0
  SNOW DEPTH       0

DEGREE DAYS
 HEATING
  YESTERDAY        0                         0      0        0
  MONTH TO DATE    0                         4     -4        0
  SINCE JUN 1     36                        72    -36       35
  SINCE JUL 1      0                         8     -8        0

 COOLING
  YESTERDAY       18                        13      5       15
  MONTH TO DATE  504                       342    162      516
  SINCE JUN 1    616                       481    135      707
  SINCE JAN 1    640                       525    115      754
..................................................................


WIND (MPH)
  HIGHEST WIND SPEED    32   HIGHEST WIND DIRECTION     E (70)
  HIGHEST GUST SPEED    41   HIGHEST GUST DIRECTION     E (80)
  AVERAGE WIND SPEED     7.2


SKY COVER
  POSSIBLE SUNSHINE  MM
  AVERAGE SKY COVER 0.0


WEATHER CONDITIONS
 THE FOLLOWING WEATHER WAS RECORDED YESTERDAY.
  HAZE


RELATIVE HUMIDITY (PERCENT)
 HIGHEST    49           600 AM
 LOWEST     17           300 PM
 AVERAGE    33

..........................................................


THE BOISE ID CLIMATE NORMALS FOR TODAY
                         NORMAL    RECORD    YEAR
 MAXIMUM TEMPERATURE (F)   93       106      1893
 MINIMUM TEMPERATURE (F)   62        42      1881


SUNRISE AND SUNSET
AUGUST  1 2014........SUNRISE   634 AM MDT   SUNSET   907 PM MDT
AUGUST  2 2014........SUNRISE   635 AM MDT   SUNSET   906 PM MDT


-  INDICATES NEGATIVE NUMBERS.
R  INDICATES RECORD WAS SET OR TIED.
MM INDICATES DATA IS MISSING.
T  INDICATES TRACE AMOUNT.




$$
