000
CDUS45 KBOI 270121
CLIBOI


CLIMATE REPORT
NATIONAL WEATHER SERVICE BOISE ID
720 PM MDT FRI MAY 26 2017


...................................

...THE BOISE ID CLIMATE SUMMARY FOR MAY 26 2017...
VALID TODAY AS OF 0600 PM LOCAL TIME.

CLIMATE NORMAL PERIOD 1981 TO 2010
CLIMATE RECORD PERIOD 1875 TO 2017


WEATHER ITEM   OBSERVED TIME   RECORD YEAR NORMAL DEPARTURE LAST
                VALUE   (LST)  VALUE       VALUE  FROM      YEAR
                                                  NORMAL
..................................................................
TEMPERATURE (F)
 TODAY
  MAXIMUM         73    559 PM  98    1966  75     -2       75
  MINIMUM         48    305 AM  33    1973  49     -1       46
                                      1922
  AVERAGE         61                        62     -1       61

PRECIPITATION (IN)
  TODAY            0.00          0.97 1998   0.04  -0.04     0.00
  MONTH TO DATE    0.74                      1.18  -0.44     0.87
  SINCE OCT 1     13.29                      9.68   3.61     8.86
  SINCE JAN 1      9.79                      6.03   3.76     4.52

DEGREE DAYS
 HEATING
  TODAY            4                         5     -1        4
  MONTH TO DATE  214                       203     11      123
  SINCE MAR 1   1166                      1268   -102      912
  SINCE JUL 1   5453                      5427     26     4661

 COOLING
  TODAY            0                         2     -2        0
  MONTH TO DATE   26                        31     -5       25
  SINCE MAR 1     26                        34     -8       30
  SINCE JAN 1     26                        34     -8       30
..................................................................


WIND (MPH)
  HIGHEST WIND SPEED    23   HIGHEST WIND DIRECTION    NW (300)
  HIGHEST GUST SPEED    28   HIGHEST GUST DIRECTION     W (280)
  AVERAGE WIND SPEED     9.4



WEATHER CONDITIONS
 THE FOLLOWING WEATHER WAS RECORDED TODAY.
  NO SIGNIFICANT WEATHER WAS OBSERVED.


RELATIVE HUMIDITY (PERCENT)
 HIGHEST    80           300 AM
 LOWEST     29           500 PM
 AVERAGE    55

..........................................................


THE BOISE ID CLIMATE NORMALS FOR TOMORROW
                         NORMAL    RECORD    YEAR
 MAXIMUM TEMPERATURE (F)   75        94      1983
 MINIMUM TEMPERATURE (F)   49        32      1991


SUNRISE AND SUNSET
MAY 26 2017...........SUNRISE   610 AM MDT   SUNSET   914 PM MDT
MAY 27 2017...........SUNRISE   609 AM MDT   SUNSET   915 PM MDT


-  INDICATES NEGATIVE NUMBERS.
R  INDICATES RECORD WAS SET OR TIED.
MM INDICATES DATA IS MISSING.
T  INDICATES TRACE AMOUNT.




$$
