000
CDUS45 KBOI 010121
CLIBOI


CLIMATE REPORT
NATIONAL WEATHER SERVICE BOISE ID
721 PM MDT SAT APR 30 2016


...................................

...THE BOISE ID CLIMATE SUMMARY FOR APRIL 30 2016...
VALID TODAY AS OF 0600 PM LOCAL TIME.

CLIMATE NORMAL PERIOD 1981 TO 2010
CLIMATE RECORD PERIOD 1875 TO 2016


WEATHER ITEM   OBSERVED TIME   RECORD YEAR NORMAL DEPARTURE LAST
                VALUE   (LST)  VALUE       VALUE  FROM      YEAR
                                                  NORMAL
..................................................................
TEMPERATURE (F)
 TODAY
  MAXIMUM         69    413 PM  84    1998  67      2       69
  MINIMUM         43    625 AM  25    1972  42      1       40
  AVERAGE         56                        54      2       55

PRECIPITATION (IN)
  TODAY            0.00          1.10 1983   0.04  -0.04     0.00
  MONTH TO DATE    0.69                      1.23  -0.54     0.60
  SINCE OCT 1      7.99                      8.50  -0.51     9.20
  SINCE JAN 1      3.65                      4.85  -1.20     3.29

DEGREE DAYS
 HEATING
  TODAY            9                        11     -2       10
  MONTH TO DATE  254                       430   -176      407
  SINCE MAR 1    789                      1065   -276      874
  SINCE JUL 1   4538                      5224   -686     4469

 COOLING
  TODAY            0                         0      0        0
  MONTH TO DATE    5                         3      2        0
  SINCE MAR 1      5                         3      2        0
  SINCE JAN 1      5                         3      2        0
..................................................................


WIND (MPH)
  HIGHEST WIND SPEED    31   HIGHEST WIND DIRECTION    NW (330)
  HIGHEST GUST SPEED    38   HIGHEST GUST DIRECTION    NW (320)
  AVERAGE WIND SPEED    17.5



WEATHER CONDITIONS
 THE FOLLOWING WEATHER WAS RECORDED TODAY.
  NO SIGNIFICANT WEATHER WAS OBSERVED.


RELATIVE HUMIDITY (PERCENT)
 HIGHEST    76           100 AM
 LOWEST     26           300 PM
 AVERAGE    51

..........................................................


THE BOISE ID CLIMATE NORMALS FOR TOMORROW
                         NORMAL    RECORD    YEAR
 MAXIMUM TEMPERATURE (F)   67        88      1985
 MINIMUM TEMPERATURE (F)   42        26      1886


SUNRISE AND SUNSET
APRIL 30 2016.........SUNRISE   638 AM MDT   SUNSET   847 PM MDT
MAY  1 2016...........SUNRISE   637 AM MDT   SUNSET   848 PM MDT


-  INDICATES NEGATIVE NUMBERS.
R  INDICATES RECORD WAS SET OR TIED.
MM INDICATES DATA IS MISSING.
T  INDICATES TRACE AMOUNT.




$$
