000
CDUS45 KBOI 220125
CLIBOI


CLIMATE REPORT
NATIONAL WEATHER SERVICE BOISE ID
723 PM MDT SUN SEP 21 2014


...................................

...THE BOISE ID CLIMATE SUMMARY FOR SEPTEMBER 21 2014...
VALID TODAY AS OF 0600 PM LOCAL TIME.

CLIMATE NORMAL PERIOD 1981 TO 2010
CLIMATE RECORD PERIOD 1878 TO 2014


WEATHER ITEM   OBSERVED TIME   RECORD YEAR NORMAL DEPARTURE LAST
                VALUE   (LST)  VALUE       VALUE  FROM      YEAR
                                                  NORMAL
..................................................................
TEMPERATURE (F)
 TODAY
  MAXIMUM         83   1230 PM  95    1967  77      6       73
  MINIMUM         62    807 AM  30    1993  49     13       56
  AVERAGE         73                        63     10       65

PRECIPITATION (IN)
  TODAY            T             0.29 1913   0.02  -0.02     0.00
  MONTH TO DATE    0.02                      0.38  -0.36     0.85
  SINCE OCT 1     11.54                     11.53   0.01     8.41
  SINCE JAN 1      8.63                      7.88   0.75     5.76

DEGREE DAYS
 HEATING
  TODAY            0                         4     -4        0
  MONTH TO DATE   24                        52    -28       11
  SINCE SEP 1     24                        52    -28       11
  SINCE JUL 1     28                        70    -42       11

 COOLING
  TODAY            8                         2      6        0
  MONTH TO DATE  105                        85     20      148
  SINCE SEP 1    105                        85     20      148
  SINCE JAN 1   1088                       919    169     1320
..................................................................


WIND (MPH)
  HIGHEST WIND SPEED    22   HIGHEST WIND DIRECTION    SE (150)
  HIGHEST GUST SPEED    26   HIGHEST GUST DIRECTION    SE (150)
  AVERAGE WIND SPEED     7.0



WEATHER CONDITIONS
 THE FOLLOWING WEATHER WAS RECORDED TODAY.
  NO SIGNIFICANT WEATHER WAS OBSERVED.


RELATIVE HUMIDITY (PERCENT)
 HIGHEST    56           800 AM
 LOWEST     22          1200 PM
 AVERAGE    39

..........................................................


THE BOISE ID CLIMATE NORMALS FOR TOMORROW
                         NORMAL    RECORD    YEAR
 MAXIMUM TEMPERATURE (F)   76        99      1966
 MINIMUM TEMPERATURE (F)   49        29      1895


SUNRISE AND SUNSET
SEPTEMBER 21 2014.....SUNRISE   731 AM MDT   SUNSET   744 PM MDT
SEPTEMBER 22 2014.....SUNRISE   732 AM MDT   SUNSET   742 PM MDT


-  INDICATES NEGATIVE NUMBERS.
R  INDICATES RECORD WAS SET OR TIED.
MM INDICATES DATA IS MISSING.
T  INDICATES TRACE AMOUNT.




$$
