000
CDUS45 KBOI 180120
CLIBOI


CLIMATE REPORT
NATIONAL WEATHER SERVICE BOISE ID
720 PM MDT THU APR 17 2014


...................................

...THE BOISE ID CLIMATE SUMMARY FOR APRIL 17 2014...
VALID TODAY AS OF 0600 PM LOCAL TIME.

CLIMATE NORMAL PERIOD 1981 TO 2010
CLIMATE RECORD PERIOD 1878 TO 2014


WEATHER ITEM   OBSERVED TIME   RECORD YEAR NORMAL DEPARTURE LAST
                VALUE   (LST)  VALUE       VALUE  FROM      YEAR
                                                  NORMAL
..................................................................
TEMPERATURE (F)
 TODAY
  MAXIMUM         75    429 PM  88    1936  63     12       54
  MINIMUM         41    455 AM  21    1964  39      2       27
  AVERAGE         58                        51      7       41

PRECIPITATION (IN)
  TODAY            0.00          0.52 1955   0.04  -0.04     0.00
  MONTH TO DATE    0.61                      0.68  -0.07     0.62
  SINCE OCT 1      8.87                      7.95   0.92     5.47
  SINCE JAN 1      5.96                      4.30   1.66     2.82

DEGREE DAYS
 HEATING
  TODAY            7                        14     -7       24
  MONTH TO DATE  242                       267    -25      268
  SINCE MAR 1    830                       903    -73      878
  SINCE JUL 1   5170                      5062    108     4975

 COOLING
  TODAY            0                         0      0        0
  MONTH TO DATE    0                         0      0        0
  SINCE MAR 1      0                         0      0        0
  SINCE JAN 1      0                         0      0        0
..................................................................


WIND (MPH)
  HIGHEST WIND SPEED    22   HIGHEST WIND DIRECTION    SE (130)
  HIGHEST GUST SPEED    30   HIGHEST GUST DIRECTION    SE (150)
  AVERAGE WIND SPEED    12.7



WEATHER CONDITIONS
 THE FOLLOWING WEATHER WAS RECORDED TODAY.
  NO SIGNIFICANT WEATHER WAS OBSERVED.


RELATIVE HUMIDITY (PERCENT)
 HIGHEST    46           200 AM
 LOWEST     19           400 PM
 AVERAGE    33

..........................................................


THE BOISE ID CLIMATE NORMALS FOR TOMORROW
                         NORMAL    RECORD    YEAR
 MAXIMUM TEMPERATURE (F)   63        89      1994
 MINIMUM TEMPERATURE (F)   40        21      1968


SUNRISE AND SUNSET
APRIL 17 2014.........SUNRISE   659 AM MDT   SUNSET   831 PM MDT
APRIL 18 2014.........SUNRISE   657 AM MDT   SUNSET   832 PM MDT


-  INDICATES NEGATIVE NUMBERS.
R  INDICATES RECORD WAS SET OR TIED.
MM INDICATES DATA IS MISSING.
T  INDICATES TRACE AMOUNT.




$$
