000
CDUS45 KBOI 250934
CLIBOI


CLIMATE REPORT
NATIONAL WEATHER SERVICE BOISE ID
234 AM MST SUN JAN 25 2015


...................................

...THE BOISE ID CLIMATE SUMMARY FOR JANUARY 24 2015...

CLIMATE NORMAL PERIOD 1981 TO 2010
CLIMATE RECORD PERIOD 1878 TO 2015


WEATHER ITEM   OBSERVED TIME   RECORD YEAR NORMAL DEPARTURE LAST
                VALUE   (LST)  VALUE       VALUE  FROM      YEAR
                                                  NORMAL
..................................................................
TEMPERATURE (F)
 YESTERDAY
  MAXIMUM         40    432 PM  57    1959  39      1       27
                                      1903
  MINIMUM         29   1226 AM  -6    1949  26      3       23
  AVERAGE         35                        32      3       25

PRECIPITATION (IN)
  YESTERDAY        0.00          0.48 1929   0.03  -0.03     0.01
  MONTH TO DATE    0.79                      1.00  -0.21     0.32
  SINCE OCT 1      6.70                      4.65   2.05     3.23
  SINCE JAN 1      0.79                      1.00  -0.21     0.32

SNOWFALL (IN)
  YESTERDAY        0.0           4.9  1957   0.2   -0.2      0.1
  MONTH TO DATE    1.1                       4.2   -3.1      3.1
  SINCE OCT 1     13.1                      13.9   -0.8     10.0
  SINCE JUL 1     13.1                      13.9   -0.8     10.0
  SNOW DEPTH       0

DEGREE DAYS
 HEATING
  YESTERDAY       30                        33     -3       40
  MONTH TO DATE  825                       820      5      810
  SINCE DEC 1   1675                      1881   -206     2074
  SINCE JUL 1   2814                      3135   -321     3368

 COOLING
  YESTERDAY        0                         0      0        0
  MONTH TO DATE    0                         0      0        0
  SINCE DEC 1      0                         0      0        0
  SINCE JAN 1      0                         0      0        0
..................................................................


WIND (MPH)
  HIGHEST WIND SPEED    10   HIGHEST WIND DIRECTION    SE (140)
  HIGHEST GUST SPEED    14   HIGHEST GUST DIRECTION     S (160)
  AVERAGE WIND SPEED     2.1


SKY COVER
  POSSIBLE SUNSHINE  MM
  AVERAGE SKY COVER 0.8


WEATHER CONDITIONS
 THE FOLLOWING WEATHER WAS RECORDED YESTERDAY.
  FOG


RELATIVE HUMIDITY (PERCENT)
 HIGHEST    92           700 AM
 LOWEST     70           400 PM
 AVERAGE    81

..........................................................


THE BOISE ID CLIMATE NORMALS FOR TODAY
                         NORMAL    RECORD    YEAR
 MAXIMUM TEMPERATURE (F)   39        59      1953
 MINIMUM TEMPERATURE (F)   26        -6      1898


SUNRISE AND SUNSET
JANUARY 25 2015.......SUNRISE   808 AM MST   SUNSET   547 PM MST
JANUARY 26 2015.......SUNRISE   807 AM MST   SUNSET   548 PM MST


-  INDICATES NEGATIVE NUMBERS.
R  INDICATES RECORD WAS SET OR TIED.
MM INDICATES DATA IS MISSING.
T  INDICATES TRACE AMOUNT.




$$
