325
CDUS45 KBOI 060931
CLIBOI


CLIMATE REPORT
NATIONAL WEATHER SERVICE BOISE ID
231 AM MST TUE DEC 6 2016


...................................

...THE BOISE ID CLIMATE SUMMARY FOR DECEMBER 5 2016...

CLIMATE NORMAL PERIOD 1981 TO 2010
CLIMATE RECORD PERIOD 1875 TO 2016


WEATHER ITEM   OBSERVED TIME   RECORD YEAR NORMAL DEPARTURE LAST
                VALUE   (LST)  VALUE       VALUE  FROM      YEAR
                                                  NORMAL
..................................................................
TEMPERATURE (F)
 YESTERDAY
  MAXIMUM         34    355 PM  59    1918  39     -5       48
  MINIMUM         20    841 AM  -6    1972  26     -6       32
  AVERAGE         27                        32     -5       40

PRECIPITATION (IN)
  YESTERDAY        0.00          0.64 1919   0.05  -0.05     0.00
  MONTH TO DATE    0.14                      0.25  -0.11     0.13
  SINCE OCT 1      1.65                      2.35  -0.70     2.76
  SINCE JAN 1      6.83                     10.43  -3.60     9.38

SNOWFALL (IN)
  YESTERDAY        0.0           5.8  1919   0.2   -0.2      0.0
  MONTH TO DATE    0.0                       0.9   -0.9       T
  SINCE OCT 1      T                         3.6   -3.6      3.7
  SINCE JUL 1      T                         3.6   -3.6      3.7
  SNOW DEPTH       0

DEGREE DAYS
 HEATING
  YESTERDAY       38                        32      6       25
  MONTH TO DATE  159                       159      0      175
  SINCE DEC 1    159                       159      0      175
  SINCE JUL 1   1064                      1413   -349     1247

 COOLING
  YESTERDAY        0                         0      0        0
  MONTH TO DATE    0                         0      0        0
  SINCE DEC 1      0                         0      0        0
  SINCE JAN 1   1001                       942     59     1280
..................................................................


WIND (MPH)
  HIGHEST WIND SPEED    16   HIGHEST WIND DIRECTION    SE (120)
  HIGHEST GUST SPEED    19   HIGHEST GUST DIRECTION    SE (120)
  AVERAGE WIND SPEED     5.1


SKY COVER
  POSSIBLE SUNSHINE  MM
  AVERAGE SKY COVER 0.0


WEATHER CONDITIONS
 THE FOLLOWING WEATHER WAS RECORDED YESTERDAY.
  NO SIGNIFICANT WEATHER WAS OBSERVED.


RELATIVE HUMIDITY (PERCENT)
 HIGHEST    77           700 AM
 LOWEST     43           300 PM
 AVERAGE    60

..........................................................


THE BOISE ID CLIMATE NORMALS FOR TODAY
                         NORMAL    RECORD    YEAR
 MAXIMUM TEMPERATURE (F)   39        63      1987
 MINIMUM TEMPERATURE (F)   25         0      1992


SUNRISE AND SUNSET
DECEMBER  6 2016......SUNRISE   804 AM MST   SUNSET   508 PM MST
DECEMBER  7 2016......SUNRISE   805 AM MST   SUNSET   508 PM MST


-  INDICATES NEGATIVE NUMBERS.
R  INDICATES RECORD WAS SET OR TIED.
MM INDICATES DATA IS MISSING.
T  INDICATES TRACE AMOUNT.




$$
