000
CDUS45 KRIW 270738
CLIBPI


CLIMATE REPORT
NATIONAL WEATHER SERVICE RIVERTON WY
135 AM MDT SAT MAY 27 2017


...................................

...THE BIG PINEY WY CLIMATE SUMMARY FOR MAY 26 2017...

CLIMATE NORMAL PERIOD 1981 TO 2010
CLIMATE RECORD PERIOD 1976 TO 2017


WEATHER ITEM   OBSERVED TIME   RECORD YEAR NORMAL DEPARTURE LAST
                VALUE   (LST)  VALUE       VALUE  FROM      YEAR
                                                  NORMAL
..................................................................
TEMPERATURE (F)
 YESTERDAY
  MAXIMUM         58    236 PM  80    2003  65     -7       62
  MINIMUM         32    106 AM  23    1977  33     -1       30
  AVERAGE         45                        49     -4       46

PRECIPITATION (IN)
  YESTERDAY        0.08          0.28 1981   0.03   0.05     0.00
  MONTH TO DATE    1.10                      0.70   0.40     3.85
  SINCE MAR 1      3.72                      1.67   2.05     5.74
  SINCE JAN 1      5.46                      2.33   3.13     5.91

DEGREE DAYS
 HEATING
  YESTERDAY       20                        16      4       19
  MONTH TO DATE  497                       519    -22      523
  SINCE MAR 1   2460                      2527    -67     2331
  SINCE JUL 1   9890                     10050   -160     9185

 COOLING
  YESTERDAY        0                         0      0        0
  MONTH TO DATE    0                         0      0        0
  SINCE MAR 1      0                         0      0        0
  SINCE JAN 1      0                         0      0        0
..................................................................


WIND (MPH)
  HIGHEST WIND SPEED    25   HIGHEST WIND DIRECTION    NW (310)
  HIGHEST GUST SPEED    32   HIGHEST GUST DIRECTION    NW (300)
  AVERAGE WIND SPEED    10.4


SKY COVER
  POSSIBLE SUNSHINE  MM
  AVERAGE SKY COVER 0.6


WEATHER CONDITIONS
 THE FOLLOWING WEATHER WAS RECORDED YESTERDAY.
  LIGHT RAIN
  FOG


RELATIVE HUMIDITY (PERCENT)
 HIGHEST    92           800 AM
 LOWEST     43           200 PM
 AVERAGE    68

..........................................................


THE BIG PINEY WY CLIMATE NORMALS FOR TODAY
                         NORMAL    RECORD    YEAR
 MAXIMUM TEMPERATURE (F)   65        82      2003
 MINIMUM TEMPERATURE (F)   33        25      2011
                                             1983


SUNRISE AND SUNSET
MAY 27 2017...........SUNRISE   548 AM MDT   SUNSET   848 PM MDT
MAY 28 2017...........SUNRISE   547 AM MDT   SUNSET   848 PM MDT


-  INDICATES NEGATIVE NUMBERS.
R  INDICATES RECORD WAS SET OR TIED.
MM INDICATES DATA IS MISSING.
T  INDICATES TRACE AMOUNT.




$$
