000
CDUS45 KRIW 280742
CLIBPI


CLIMATE REPORT
NATIONAL WEATHER SERVICE RIVERTON WY
127 AM MDT SAT MAR 28 2015


...................................

...THE BIG PINEY WY CLIMATE SUMMARY FOR MARCH 27 2015...

CLIMATE NORMAL PERIOD 1981 TO 2010
CLIMATE RECORD PERIOD 1976 TO 2015


WEATHER ITEM   OBSERVED TIME   RECORD YEAR NORMAL DEPARTURE LAST
                VALUE   (LST)  VALUE       VALUE  FROM      YEAR
                                                  NORMAL
..................................................................
TEMPERATURE (F)
 YESTERDAY
  MAXIMUM         66R   149 PM  59    2000  46     20       38
  MINIMUM         26    532 AM  -5    1996  18      8       19
  AVERAGE         46                        32     14       29

PRECIPITATION (IN)
  YESTERDAY        0.00          0.22 2003   0.02  -0.02      T
  MONTH TO DATE    0.06                      0.36  -0.30     0.10
  SINCE MAR 1      0.06                      0.36  -0.30     0.10
  SINCE JAN 1      0.12                      1.02  -0.90     0.14

DEGREE DAYS
 HEATING
  YESTERDAY       19                        33    -14       36
  MONTH TO DATE  837                      1042   -205      932
  SINCE MAR 1    837                      1042   -205      932
  SINCE JUL 1   6937                      8565  -1628     7876

 COOLING
  YESTERDAY        0                         0      0        0
  MONTH TO DATE    0                         0      0        0
  SINCE MAR 1      0                         0      0        0
  SINCE JAN 1      0                         0      0        0
..................................................................


WIND (MPH)
  HIGHEST WIND SPEED    20   HIGHEST WIND DIRECTION    NW (310)
  HIGHEST GUST SPEED    26   HIGHEST GUST DIRECTION    NW (320)
  AVERAGE WIND SPEED     8.1


SKY COVER
  POSSIBLE SUNSHINE  MM
  AVERAGE SKY COVER 0.0


WEATHER CONDITIONS
 THE FOLLOWING WEATHER WAS RECORDED YESTERDAY.
  NO SIGNIFICANT WEATHER WAS OBSERVED.


RELATIVE HUMIDITY (PERCENT)
 HIGHEST    85           700 AM
 LOWEST     20           500 PM
 AVERAGE    53

..........................................................


THE BIG PINEY WY CLIMATE NORMALS FOR TODAY
                         NORMAL    RECORD    YEAR
 MAXIMUM TEMPERATURE (F)   46        57      2012
 MINIMUM TEMPERATURE (F)   18         3      2008


SUNRISE AND SUNSET
MARCH 28 2015.........SUNRISE   710 AM MDT   SUNSET   742 PM MDT
MARCH 29 2015.........SUNRISE   708 AM MDT   SUNSET   743 PM MDT


-  INDICATES NEGATIVE NUMBERS.
R  INDICATES RECORD WAS SET OR TIED.
MM INDICATES DATA IS MISSING.
T  INDICATES TRACE AMOUNT.




$$
