000
CDUS45 KRIW 180732
CLIBPI


CLIMATE REPORT
NATIONAL WEATHER SERVICE RIVERTON WY
1231 AM MST SUN FEB 18 2018


...................................

...THE BIG PINEY WY CLIMATE SUMMARY FOR FEBRUARY 17 2018...

CLIMATE NORMAL PERIOD 1981 TO 2010
CLIMATE RECORD PERIOD 1976 TO 2018


WEATHER ITEM   OBSERVED TIME   RECORD YEAR NORMAL DEPARTURE LAST
                VALUE   (LST)  VALUE       VALUE  FROM      YEAR
                                                  NORMAL
..................................................................
TEMPERATURE (F)
 YESTERDAY
  MAXIMUM         41    334 PM  45    2016  29     12       29
  MINIMUM          5    743 AM -34    1993   1      4        5
  AVERAGE         23                        15      8       17

PRECIPITATION (IN)
  YESTERDAY        T             0.15 2000   0.02  -0.02     0.06
  MONTH TO DATE    T                         0.21  -0.21     0.55
  SINCE DEC 1      0.12                      0.82  -0.70     2.09
  SINCE JAN 1      0.05                      0.52  -0.47     1.54

DEGREE DAYS
 HEATING
  YESTERDAY       42                        50     -8       48
  MONTH TO DATE  676                       887   -211      774
  SINCE DEC 1   3338                      4185   -847     4426
  SINCE JUL 1   5894                      7000  -1106     6875

 COOLING
  YESTERDAY        0                         0      0        0
  MONTH TO DATE    0                         0      0        0
  SINCE DEC 1      0                         0      0        0
  SINCE JAN 1      0                         0      0        0
..................................................................


WIND (MPH)
  HIGHEST WIND SPEED    29   HIGHEST WIND DIRECTION     W (270)
  HIGHEST GUST SPEED    33   HIGHEST GUST DIRECTION     W (260)
  AVERAGE WIND SPEED    10.7


SKY COVER
  POSSIBLE SUNSHINE  MM
  AVERAGE SKY COVER 0.2


WEATHER CONDITIONS
 THE FOLLOWING WEATHER WAS RECORDED YESTERDAY.
  LIGHT SNOW
  FOG


RELATIVE HUMIDITY (PERCENT)
 HIGHEST    92           500 AM
 LOWEST     25           200 PM
 AVERAGE    59

..........................................................


THE BIG PINEY WY CLIMATE NORMALS FOR TODAY
                         NORMAL    RECORD    YEAR
 MAXIMUM TEMPERATURE (F)   30        48      2015
 MINIMUM TEMPERATURE (F)    1       -34      2006


SUNRISE AND SUNSET
FEBRUARY 18 2018......SUNRISE   713 AM MST   SUNSET   556 PM MST
FEBRUARY 19 2018......SUNRISE   711 AM MST   SUNSET   558 PM MST


-  INDICATES NEGATIVE NUMBERS.
R  INDICATES RECORD WAS SET OR TIED.
MM INDICATES DATA IS MISSING.
T  INDICATES TRACE AMOUNT.




$$
