000
CDUS45 KRIW 120739
CLIBPI


CLIMATE REPORT
NATIONAL WEATHER SERVICE RIVERTON WY
1228 AM MST FRI FEB 12 2016


...................................

...THE BIG PINEY WY CLIMATE SUMMARY FOR FEBRUARY 11 2016...

CLIMATE NORMAL PERIOD 1981 TO 2010
CLIMATE RECORD PERIOD 1976 TO 2016


WEATHER ITEM   OBSERVED TIME   RECORD YEAR NORMAL DEPARTURE LAST
                VALUE   (LST)  VALUE       VALUE  FROM      YEAR
                                                  NORMAL
..................................................................
TEMPERATURE (F)
 YESTERDAY
  MAXIMUM         49R   403 PM  42    2015  28     21       42
                                      2000
  MINIMUM         12    748 AM -27    1985  -1     13       16
  AVERAGE         31                        13     18       29

PRECIPITATION (IN)
  YESTERDAY        0.00          0.02 2012   0.02  -0.02     0.00
                                      2007
  MONTH TO DATE    T                         0.13  -0.13     0.01
  SINCE DEC 1      0.15                      0.74  -0.59     0.14
  SINCE JAN 1      0.04                      0.44  -0.40     0.02

DEGREE DAYS
 HEATING
  YESTERDAY       34                        52    -18       36
  MONTH TO DATE  503                       582    -79      368
  SINCE DEC 1   3747                      3880   -133     3179
  SINCE JUL 1   6228                      6695   -467     5407

 COOLING
  YESTERDAY        0                         0      0        0
  MONTH TO DATE    0                         0      0        0
  SINCE DEC 1      0                         0      0        0
  SINCE JAN 1      0                         0      0        0
..................................................................


WIND (MPH)
  HIGHEST WIND SPEED    10   HIGHEST WIND DIRECTION    NE (30)
  HIGHEST GUST SPEED    12   HIGHEST GUST DIRECTION    NE (30)
  AVERAGE WIND SPEED     2.8


SKY COVER
  POSSIBLE SUNSHINE  MM
  AVERAGE SKY COVER 0.1


WEATHER CONDITIONS
 THE FOLLOWING WEATHER WAS RECORDED YESTERDAY.
  NO SIGNIFICANT WEATHER WAS OBSERVED.


RELATIVE HUMIDITY (PERCENT)
 HIGHEST    88           100 AM
 LOWEST     38           300 PM
 AVERAGE    63

..........................................................


THE BIG PINEY WY CLIMATE NORMALS FOR TODAY
                         NORMAL    RECORD    YEAR
 MAXIMUM TEMPERATURE (F)   28        51      2015
 MINIMUM TEMPERATURE (F)   -1       -17      1980


SUNRISE AND SUNSET
FEBRUARY 12 2016......SUNRISE   722 AM MST   SUNSET   548 PM MST
FEBRUARY 13 2016......SUNRISE   720 AM MST   SUNSET   549 PM MST


-  INDICATES NEGATIVE NUMBERS.
R  INDICATES RECORD WAS SET OR TIED.
MM INDICATES DATA IS MISSING.
T  INDICATES TRACE AMOUNT.




$$
