000
CDUS45 KRIW 280051
CLIBPI


CLIMATE REPORT
NATIONAL WEATHER SERVICE RIVERTON WY
649 PM MDT FRI MAY 27 2016


...................................

...THE BIG PINEY WY CLIMATE SUMMARY FOR MAY 27 2016...
VALID TODAY AS OF 0500 PM LOCAL TIME.

CLIMATE NORMAL PERIOD 1981 TO 2010
CLIMATE RECORD PERIOD 1976 TO 2016


WEATHER ITEM   OBSERVED TIME   RECORD YEAR NORMAL DEPARTURE LAST
                VALUE   (LST)  VALUE       VALUE  FROM      YEAR
                                                  NORMAL
..................................................................
TEMPERATURE (F)
 TODAY
  MAXIMUM         60        MM  82    2003  65     -5       58
  MINIMUM         33    400 AM  25    2011  33      0       34
                                      1983
  AVERAGE         47

PRECIPITATION (IN)
  TODAY            0.05          0.23 1987   0.03   0.02     0.10
  MONTH TO DATE    3.90                      0.73   3.17     2.15
  SINCE MAR 1      5.79                      1.70   4.09     2.77
  SINCE JAN 1      5.96                      2.36   3.60     2.83

DEGREE DAYS
 HEATING
  TODAY           18                        16      2       19
  MONTH TO DATE  541                       535      6      524
  SINCE MAR 1   2349                      2543   -194     2234
  SINCE JUL 1   9203                     10066   -863     8334

 COOLING
  TODAY            0                         0      0        0
  MONTH TO DATE    0                         0      0        0
  SINCE MAR 1      0                         0      0        0
  SINCE JAN 1      0                         0      0        0
..................................................................


WIND (MPH)
  HIGHEST WIND SPEED    10   HIGHEST WIND DIRECTION    NW (320)
  HIGHEST GUST SPEED    MM   HIGHEST GUST DIRECTION    MM
  AVERAGE WIND SPEED     4.6


SKY COVER
  POSSIBLE SUNSHINE  MM
  AVERAGE SKY COVER 0.6


WEATHER CONDITIONS
 THE FOLLOWING WEATHER WAS RECORDED TODAY.
  THUNDERSTORM
  LIGHT RAIN


RELATIVE HUMIDITY (PERCENT)
 HIGHEST    92           200 AM
 LOWEST     40          1100 AM
 AVERAGE    66

..........................................................


THE BIG PINEY WY CLIMATE NORMALS FOR TOMORROW
                         NORMAL    RECORD    YEAR
 MAXIMUM TEMPERATURE (F)   66        86      2003
 MINIMUM TEMPERATURE (F)   33        18      1977


SUNRISE AND SUNSET
MAY 27 2016...........SUNRISE   548 AM MDT   SUNSET   848 PM MDT
MAY 28 2016...........SUNRISE   547 AM MDT   SUNSET   849 PM MDT


-  INDICATES NEGATIVE NUMBERS.
R  INDICATES RECORD WAS SET OR TIED.
MM INDICATES DATA IS MISSING.
T  INDICATES TRACE AMOUNT.




$$
