000
CDUS45 KRIW 240742
CLIBPI


CLIMATE REPORT
NATIONAL WEATHER SERVICE RIVERTON WY
132 AM MDT MON JUL 24 2017


...................................

...THE BIG PINEY WY CLIMATE SUMMARY FOR JULY 23 2017...

CLIMATE NORMAL PERIOD 1981 TO 2010
CLIMATE RECORD PERIOD 1976 TO 2017


WEATHER ITEM   OBSERVED TIME   RECORD YEAR NORMAL DEPARTURE LAST
                VALUE   (LST)  VALUE       VALUE  FROM      YEAR
                                                  NORMAL
..................................................................
TEMPERATURE (F)
 YESTERDAY
  MAXIMUM         85    436 PM  94    2003  82      3       84
  MINIMUM         43    401 AM  33    2001  44     -1       40
  AVERAGE         64                        63      1       62

PRECIPITATION (IN)
  YESTERDAY        T             0.27 1993   0.02  -0.02     0.00
  MONTH TO DATE    0.74                      0.48   0.26     0.12
  SINCE JUN 1      0.88                      1.27  -0.39     0.85
  SINCE JAN 1      6.34                      3.74   2.60     6.90

DEGREE DAYS
 HEATING
  YESTERDAY        1                         3     -2        3
  MONTH TO DATE   18                        91    -73      100
  SINCE JUN 1    289                       396   -107      278
  SINCE JUL 1     18                        91    -73      100

 COOLING
  YESTERDAY        0                         1     -1        0
  MONTH TO DATE   23                        15      8       10
  SINCE JUN 1     24                        17      7       11
  SINCE JAN 1     24                        17      7       11
..................................................................


WIND (MPH)
  HIGHEST WIND SPEED    25   HIGHEST WIND DIRECTION    NW (300)
  HIGHEST GUST SPEED    32   HIGHEST GUST DIRECTION    NW (310)
  AVERAGE WIND SPEED     7.4


SKY COVER
  POSSIBLE SUNSHINE  MM
  AVERAGE SKY COVER 0.0


WEATHER CONDITIONS
 THE FOLLOWING WEATHER WAS RECORDED YESTERDAY.
  NO SIGNIFICANT WEATHER WAS OBSERVED.


RELATIVE HUMIDITY (PERCENT)
 HIGHEST    70           400 AM
 LOWEST     14           300 PM
 AVERAGE    42

..........................................................


THE BIG PINEY WY CLIMATE NORMALS FOR TODAY
                         NORMAL    RECORD    YEAR
 MAXIMUM TEMPERATURE (F)   82        88      2003
                                             2002
 MINIMUM TEMPERATURE (F)   44        31      2001


SUNRISE AND SUNSET
JULY 24 2017..........SUNRISE   605 AM MDT   SUNSET   848 PM MDT
JULY 25 2017..........SUNRISE   606 AM MDT   SUNSET   848 PM MDT


-  INDICATES NEGATIVE NUMBERS.
R  INDICATES RECORD WAS SET OR TIED.
MM INDICATES DATA IS MISSING.
T  INDICATES TRACE AMOUNT.




$$
