000
CDUS45 KRIW 270731
CLIBPI


CLIMATE REPORT
NATIONAL WEATHER SERVICE RIVERTON WY
1229 AM MST MON FEB 27 2017


...................................

...THE BIG PINEY WY CLIMATE SUMMARY FOR FEBRUARY 26 2017...

CLIMATE NORMAL PERIOD 1981 TO 2010
CLIMATE RECORD PERIOD 1976 TO 2017


WEATHER ITEM   OBSERVED TIME   RECORD YEAR NORMAL DEPARTURE LAST
                VALUE   (LST)  VALUE       VALUE  FROM      YEAR
                                                  NORMAL
..................................................................
TEMPERATURE (F)
 YESTERDAY
  MAXIMUM         13    343 PM  51    2016  33    -20       51
  MINIMUM        -18    557 AM -22    1987   5    -23       15
  AVERAGE         -2                        19    -21       33

PRECIPITATION (IN)
  YESTERDAY        T             0.34 2004   0.02  -0.02     0.00
  MONTH TO DATE    0.68                      0.33   0.35     0.11
  SINCE DEC 1      2.22                      0.94   1.28     0.26
  SINCE JAN 1      1.67                      0.64   1.03     0.15

DEGREE DAYS
 HEATING
  YESTERDAY       67                        46     21       32
  MONTH TO DATE 1202                      1319   -117     1028
  SINCE DEC 1   4854                      4617    237     4272
  SINCE JUL 1   7303                      7432   -129     6753

 COOLING
  YESTERDAY        0                         0      0        0
  MONTH TO DATE    0                         0      0        0
  SINCE DEC 1      0                         0      0        0
  SINCE JAN 1      0                         0      0        0
..................................................................


WIND (MPH)
  HIGHEST WIND SPEED     9   HIGHEST WIND DIRECTION     N (360)
  HIGHEST GUST SPEED    10   HIGHEST GUST DIRECTION     S (180)
  AVERAGE WIND SPEED     3.4


SKY COVER
  POSSIBLE SUNSHINE  MM
  AVERAGE SKY COVER 0.2


WEATHER CONDITIONS
 THE FOLLOWING WEATHER WAS RECORDED YESTERDAY.
  LIGHT SNOW


RELATIVE HUMIDITY (PERCENT)
 HIGHEST   100           900 AM
 LOWEST     67           300 PM
 AVERAGE    84

..........................................................


THE BIG PINEY WY CLIMATE NORMALS FOR TODAY
                         NORMAL    RECORD    YEAR
 MAXIMUM TEMPERATURE (F)   33        50      2016
 MINIMUM TEMPERATURE (F)    5       -28      1993


SUNRISE AND SUNSET
FEBRUARY 27 2017......SUNRISE   659 AM MST   SUNSET   608 PM MST
FEBRUARY 28 2017......SUNRISE   657 AM MST   SUNSET   609 PM MST


-  INDICATES NEGATIVE NUMBERS.
R  INDICATES RECORD WAS SET OR TIED.
MM INDICATES DATA IS MISSING.
T  INDICATES TRACE AMOUNT.




$$
