000
CDUS45 KRIW 160739
CLIBPI


CLIMATE REPORT
NATIONAL WEATHER SERVICE RIVERTON WY
138 AM MDT TUE SEP 16 2014


...................................

...THE BIG PINEY WY CLIMATE SUMMARY FOR SEPTEMBER 15 2014...

CLIMATE NORMAL PERIOD 1981 TO 2010
CLIMATE RECORD PERIOD 1976 TO 2014


WEATHER ITEM   OBSERVED TIME   RECORD YEAR NORMAL DEPARTURE LAST
                VALUE   (LST)  VALUE       VALUE  FROM      YEAR
                                                  NORMAL
..................................................................
TEMPERATURE (F)
 YESTERDAY
  MAXIMUM         78    419 PM  85    2000  68     10       64
  MINIMUM         33    341 AM  20    1979  32      1       48
  AVERAGE         56                        50      6       56

PRECIPITATION (IN)
  YESTERDAY        0.00          0.63 2006   0.02  -0.02     0.28
  MONTH TO DATE    0.11                      0.38  -0.27     0.65
  SINCE SEP 1      0.11                      0.38  -0.27     0.65
  SINCE JAN 1      3.48                      5.04  -1.56     3.65

DEGREE DAYS
 HEATING
  YESTERDAY        9                        15     -6        9
  MONTH TO DATE  193                       187      6       76
  SINCE SEP 1    193                       187      6       76
  SINCE JUL 1    422                       480    -58      177

 COOLING
  YESTERDAY        0                         0      0        0
  MONTH TO DATE    0                         0      0        5
  SINCE SEP 1      0                         0      0        5
  SINCE JAN 1     26                        35     -9       89
..................................................................


WIND (MPH)
  HIGHEST WIND SPEED    29   HIGHEST WIND DIRECTION     W (290)
  HIGHEST GUST SPEED    40   HIGHEST GUST DIRECTION     W (290)
  AVERAGE WIND SPEED     6.5


SKY COVER
  POSSIBLE SUNSHINE  MM
  AVERAGE SKY COVER 0.1


WEATHER CONDITIONS
 THE FOLLOWING WEATHER WAS RECORDED YESTERDAY.
  NO SIGNIFICANT WEATHER WAS OBSERVED.


RELATIVE HUMIDITY (PERCENT)
 HIGHEST    70           600 AM
 LOWEST     15           400 PM
 AVERAGE    43

..........................................................


THE BIG PINEY WY CLIMATE NORMALS FOR TODAY
                         NORMAL    RECORD    YEAR
 MAXIMUM TEMPERATURE (F)   68        83      2000
 MINIMUM TEMPERATURE (F)   31        15      1987


SUNRISE AND SUNSET
SEPTEMBER 16 2014.....SUNRISE   701 AM MDT   SUNSET   728 PM MDT
SEPTEMBER 17 2014.....SUNRISE   702 AM MDT   SUNSET   726 PM MDT


-  INDICATES NEGATIVE NUMBERS.
R  INDICATES RECORD WAS SET OR TIED.
MM INDICATES DATA IS MISSING.
T  INDICATES TRACE AMOUNT.




$$
