000
CDUS45 KRIW 300738
CLIBPI


CLIMATE REPORT
NATIONAL WEATHER SERVICE RIVERTON WY
1236 AM MST FRI JAN 30 2015


...................................

...THE BIG PINEY WY CLIMATE SUMMARY FOR JANUARY 29 2015...

CLIMATE NORMAL PERIOD 1981 TO 2010
CLIMATE RECORD PERIOD 1976 TO 2015


WEATHER ITEM   OBSERVED TIME   RECORD YEAR NORMAL DEPARTURE LAST
                VALUE   (LST)  VALUE       VALUE  FROM      YEAR
                                                  NORMAL
..................................................................
TEMPERATURE (F)
 YESTERDAY
  MAXIMUM         36    357 PM  38    1988  26     10       33
  MINIMUM         11    640 AM -30    1979  -2     13        4
  AVERAGE         24                        11     13       19

PRECIPITATION (IN)
  YESTERDAY        0.00          0.01 2006   0.01  -0.01     0.01
                                      2006
                                      2014
  MONTH TO DATE    0.01                      0.29  -0.28     0.02
  SINCE DEC 1      0.13                      0.59  -0.46     0.21
  SINCE JAN 1      0.01                      0.29  -0.28     0.02

DEGREE DAYS
 HEATING
  YESTERDAY       41                        54    -13       46
  MONTH TO DATE 1352                      1566   -214     1380
  SINCE DEC 1   2736                      3190   -454     3034
  SINCE JUL 1   4964                      6005  -1041     5499

 COOLING
  YESTERDAY        0                         0      0        0
  MONTH TO DATE    0                         0      0        0
  SINCE DEC 1      0                         0      0        0
  SINCE JAN 1      0                         0      0        0
..................................................................


WIND (MPH)
  HIGHEST WIND SPEED    13   HIGHEST WIND DIRECTION     N (10)
  HIGHEST GUST SPEED    14   HIGHEST GUST DIRECTION     N (360)
  AVERAGE WIND SPEED     4.8


SKY COVER
  POSSIBLE SUNSHINE  MM
  AVERAGE SKY COVER 0.2


WEATHER CONDITIONS
 THE FOLLOWING WEATHER WAS RECORDED YESTERDAY.
  NO SIGNIFICANT WEATHER WAS OBSERVED.


RELATIVE HUMIDITY (PERCENT)
 HIGHEST    92           800 PM
 LOWEST     64           200 PM
 AVERAGE    78

..........................................................


THE BIG PINEY WY CLIMATE NORMALS FOR TODAY
                         NORMAL    RECORD    YEAR
 MAXIMUM TEMPERATURE (F)   26        42      2003
                                             1989
 MINIMUM TEMPERATURE (F)   -2       -40      1979


SUNRISE AND SUNSET
JANUARY 30 2015.......SUNRISE   737 AM MST   SUNSET   531 PM MST
JANUARY 31 2015.......SUNRISE   736 AM MST   SUNSET   533 PM MST


-  INDICATES NEGATIVE NUMBERS.
R  INDICATES RECORD WAS SET OR TIED.
MM INDICATES DATA IS MISSING.
T  INDICATES TRACE AMOUNT.




$$
