000
CDUS45 KRIW 020736
CLIBPI


CLIMATE REPORT
NATIONAL WEATHER SERVICE RIVERTON WY
132 AM MDT SAT AUG 2 2014


...................................

...THE BIG PINEY WY CLIMATE SUMMARY FOR AUGUST 1 2014...

CLIMATE NORMAL PERIOD 1981 TO 2010
CLIMATE RECORD PERIOD 1976 TO 2014


WEATHER ITEM   OBSERVED TIME   RECORD YEAR NORMAL DEPARTURE LAST
                VALUE   (LST)  VALUE       VALUE  FROM      YEAR
                                                  NORMAL
..................................................................
TEMPERATURE (F)
 YESTERDAY
  MAXIMUM         81    310 PM  90    2008  82     -1       86
                                      1998
  MINIMUM         47    507 AM  33    1995  43      4       44
                                      1986
  AVERAGE         64                        63      1       65

PRECIPITATION (IN)
  YESTERDAY        T             0.55 2005   0.02  -0.02     0.05
  MONTH TO DATE    T                         0.02  -0.02     0.05
  SINCE JUN 1      0.62                      1.52  -0.90     0.94
  SINCE JAN 1      1.77                      3.99  -2.22     2.64

DEGREE DAYS
 HEATING
  YESTERDAY        1                         3     -2        0
  MONTH TO DATE    1                         3     -2        0
  SINCE JUN 1    402                       425    -23      241
  SINCE JUL 1     55                       120    -65       24

 COOLING
  YESTERDAY        0                         1     -1        0
  MONTH TO DATE    0                         1     -1        0
  SINCE JUN 1     26                        25      1       77
  SINCE JAN 1     26                        25      1       77
..................................................................


WIND (MPH)
  HIGHEST WIND SPEED    26   HIGHEST WIND DIRECTION     N (20)
  HIGHEST GUST SPEED    34   HIGHEST GUST DIRECTION    NE (30)
  AVERAGE WIND SPEED     6.7


SKY COVER
  POSSIBLE SUNSHINE  MM
  AVERAGE SKY COVER 0.2


WEATHER CONDITIONS
 THE FOLLOWING WEATHER WAS RECORDED YESTERDAY.
  NO SIGNIFICANT WEATHER WAS OBSERVED.


RELATIVE HUMIDITY (PERCENT)
 HIGHEST    86           200 AM
 LOWEST     17           300 PM
 AVERAGE    52

..........................................................


THE BIG PINEY WY CLIMATE NORMALS FOR TODAY
                         NORMAL    RECORD    YEAR
 MAXIMUM TEMPERATURE (F)   82        89      2003
                                             2001
 MINIMUM TEMPERATURE (F)   43        34      1990


SUNRISE AND SUNSET
AUGUST  2 2014........SUNRISE   613 AM MDT   SUNSET   839 PM MDT
AUGUST  3 2014........SUNRISE   615 AM MDT   SUNSET   838 PM MDT


-  INDICATES NEGATIVE NUMBERS.
R  INDICATES RECORD WAS SET OR TIED.
MM INDICATES DATA IS MISSING.
T  INDICATES TRACE AMOUNT.




$$
