000
CDUS44 KLCH 172208
CLIBPT


CLIMATE REPORT
NATIONAL WEATHER SERVICE LAKE CHARLES, LA
408 PM CST SUN DEC 17 2017


...................................

...THE BEAUMONT PORT ARTHUR CLIMATE SUMMARY FOR DECEMBER 17 2017...
VALID TODAY AS OF 0400 PM LOCAL TIME.

CLIMATE NORMAL PERIOD 1981 TO 2010
CLIMATE RECORD PERIOD 1901 TO 2017


WEATHER ITEM   OBSERVED TIME   RECORD YEAR NORMAL DEPARTURE LAST
                VALUE   (LST)  VALUE       VALUE  FROM      YEAR
                                                  NORMAL
..................................................................
TEMPERATURE (F)
 TODAY
  MAXIMUM         68    205 PM  82    1908  63      5       80
  MINIMUM         52    737 AM  24    1972  44      8       70
                                      1901
  AVERAGE         60                        54      6       75

PRECIPITATION (IN)
  TODAY            0.61          4.77 1995   0.18   0.43     0.10
  MONTH TO DATE    4.82                      2.81   2.01     9.02
  SINCE DEC 1      4.82                      2.81   2.01     9.02
  SINCE JAN 1    103.51                     57.99  45.52    74.00

SNOWFALL (IN)
  TODAY            0.0           0.0    MM   0.0    0.0      0.0
  MONTH TO DATE    3.0                       0.0    3.0      0.0
  SINCE DEC 1      3.0                       0.0    3.0      0.0
  SINCE JUL 1      3.0                       0.0    3.0      0.0
  SNOW DEPTH       0

DEGREE DAYS
 HEATING
  TODAY            5                        12     -7        0
  MONTH TO DATE  209                       179     30      143
  SINCE DEC 1    209                       179     30      143
  SINCE JUL 1    339                       374    -35      213

 COOLING
  TODAY            0                         1     -1       10
  MONTH TO DATE    9                        17     -8       24
  SINCE DEC 1      9                        17     -8       24
  SINCE JAN 1   3115                      2872    243     3425
..................................................................


WIND (MPH)
  HIGHEST WIND SPEED    16   HIGHEST WIND DIRECTION    NW (330)
  HIGHEST GUST SPEED    21   HIGHEST GUST DIRECTION    NW (330)
  AVERAGE WIND SPEED     4.3


SKY COVER
  POSSIBLE SUNSHINE  MM
  AVERAGE SKY COVER 0.6


WEATHER CONDITIONS
 THE FOLLOWING WEATHER WAS RECORDED TODAY.
  HEAVY RAIN
  RAIN
  FOG
  HAZE


RELATIVE HUMIDITY (PERCENT)
 HIGHEST   100           400 AM
 LOWEST     63           200 PM
 AVERAGE    82

..........................................................


THE BEAUMONT PORT ARTHUR CLIMATE NORMALS FOR TOMORROW
                         NORMAL    RECORD    YEAR
 MAXIMUM TEMPERATURE (F)   63        79      1908
 MINIMUM TEMPERATURE (F)   44        22      1979


SUNRISE AND SUNSET
DECEMBER 17 2017......SUNRISE   706 AM CST   SUNSET   519 PM CST
DECEMBER 18 2017......SUNRISE   706 AM CST   SUNSET   520 PM CST


-  INDICATES NEGATIVE NUMBERS.
R  INDICATES RECORD WAS SET OR TIED.
MM INDICATES DATA IS MISSING.
T  INDICATES TRACE AMOUNT.




$$
