000
CDUS44 KLCH 252310
CLIBPT


CLIMATE REPORT
NATIONAL WEATHER SERVICE LAKE CHARLES, LA
608 PM CDT TUE APR 25 2017


...................................

...THE BEAUMONT PORT ARTHUR CLIMATE SUMMARY FOR APRIL 25 2017...
VALID TODAY AS OF 0500 PM LOCAL TIME.

CLIMATE NORMAL PERIOD 1981 TO 2010
CLIMATE RECORD PERIOD 1901 TO 2017


WEATHER ITEM   OBSERVED TIME   RECORD YEAR NORMAL DEPARTURE LAST
                VALUE   (LST)  VALUE       VALUE  FROM      YEAR
                                                  NORMAL
..................................................................
TEMPERATURE (F)
 TODAY
  MAXIMUM         80   1204 PM  91    1932  80      0       83
  MINIMUM         58    255 AM  37    1910  62     -4       70
  AVERAGE         69                        71     -2       77

PRECIPITATION (IN)
  TODAY            0.00          3.35 1997   0.12  -0.12     0.02
  MONTH TO DATE    1.50                      2.58  -1.08     7.35
  SINCE MAR 1     10.36                      6.11   4.25    12.20
  SINCE JAN 1     12.41                     14.95  -2.54    18.16

SNOWFALL (IN)
  TODAY            0.0           0.0    MM   0.0    0.0      0.0
  MONTH TO DATE    0.0                       0.0    0.0      0.0
  SINCE MAR 1      0.0                       0.0    0.0      0.0
  SINCE JUL 1      0.0                       T      0.0      0.0
  SNOW DEPTH       0

DEGREE DAYS
 HEATING
  TODAY            0                         0      0        0
  MONTH TO DATE    4                        39    -35       11
  SINCE MAR 1     58                       187   -129       65
  SINCE JUL 1    613                      1400   -787      889

 COOLING
  TODAY            4                         6     -2       12
  MONTH TO DATE  184                       111     73      130
  SINCE MAR 1    337                       166    171      262
  SINCE JAN 1    531                       192    339      293
..................................................................


WIND (MPH)
  HIGHEST WIND SPEED    21   HIGHEST WIND DIRECTION     S (170)
  HIGHEST GUST SPEED    27   HIGHEST GUST DIRECTION     S (180)
  AVERAGE WIND SPEED    11.0


SKY COVER
  POSSIBLE SUNSHINE  MM
  AVERAGE SKY COVER 0.5


WEATHER CONDITIONS
 THE FOLLOWING WEATHER WAS RECORDED TODAY.
  NO SIGNIFICANT WEATHER WAS OBSERVED.


RELATIVE HUMIDITY (PERCENT)
 HIGHEST    93           300 AM
 LOWEST     60          1000 AM
 AVERAGE    77

..........................................................


THE BEAUMONT PORT ARTHUR CLIMATE NORMALS FOR TOMORROW
                         NORMAL    RECORD    YEAR
 MAXIMUM TEMPERATURE (F)   80        93      1944
 MINIMUM TEMPERATURE (F)   62        47      1910


SUNRISE AND SUNSET
APRIL 25 2017.........SUNRISE   639 AM CDT   SUNSET   750 PM CDT
APRIL 26 2017.........SUNRISE   638 AM CDT   SUNSET   750 PM CDT


-  INDICATES NEGATIVE NUMBERS.
R  INDICATES RECORD WAS SET OR TIED.
MM INDICATES DATA IS MISSING.
T  INDICATES TRACE AMOUNT.




$$
