000
CDUS44 KLCH 220815
CLIBPT


CLIMATE REPORT
NATIONAL WEATHER SERVICE LAKE CHARLES, LA
215 AM CST MON DEC 22 2014


...................................

...THE BEAUMONT PORT ARTHUR CLIMATE SUMMARY FOR DECEMBER 21 2014...

CLIMATE NORMAL PERIOD 1981 TO 2010
CLIMATE RECORD PERIOD 1901 TO 2014


WEATHER ITEM   OBSERVED TIME   RECORD YEAR NORMAL DEPARTURE LAST
                VALUE   (LST)  VALUE       VALUE  FROM      YEAR
                                                  NORMAL
..................................................................
TEMPERATURE (F)
 YESTERDAY
  MAXIMUM         58    409 PM  80    1905  63     -5       76
  MINIMUM         42    454 AM  20    1973  44     -2       51
  AVERAGE         50                        53     -3       64

PRECIPITATION (IN)
  YESTERDAY        0.00          6.41 1923   0.17  -0.17     0.70
  MONTH TO DATE    2.25                      3.50  -1.25     1.29
  SINCE DEC 1      2.25                      3.50  -1.25     1.29
  SINCE JAN 1     50.96                     58.68  -7.72    56.12

SNOWFALL (IN)
  YESTERDAY        0.0           T    1929   0.0    0.0      0.0
  MONTH TO DATE    0.0                       0.0    0.0      0.0
  SINCE DEC 1      0.0                       0.0    0.0      0.0
  SINCE JUL 1      0.0                       0.0    0.0      0.0
  SNOW DEPTH       0

DEGREE DAYS
 HEATING
  YESTERDAY       15                        12      3        1
  MONTH TO DATE  129                       227    -98      243
  SINCE DEC 1    129                       227    -98      243
  SINCE JUL 1    366                       422    -56      485

 COOLING
  YESTERDAY        0                         1     -1        0
  MONTH TO DATE   20                        21     -1       24
  SINCE DEC 1     20                        21     -1       24
  SINCE JAN 1   2931                      2876     55     3019
..................................................................


WIND (MPH)
  HIGHEST WIND SPEED    10   HIGHEST WIND DIRECTION    SE (120)
  HIGHEST GUST SPEED    12   HIGHEST GUST DIRECTION    SE (130)
  AVERAGE WIND SPEED     5.0


SKY COVER
  POSSIBLE SUNSHINE  MM
  AVERAGE SKY COVER 0.8


WEATHER CONDITIONS
 THE FOLLOWING WEATHER WAS RECORDED YESTERDAY.
  FOG
  HAZE


RELATIVE HUMIDITY (PERCENT)
 HIGHEST    96           400 AM
 LOWEST     72           300 PM
 AVERAGE    84

..........................................................


THE BEAUMONT PORT ARTHUR CLIMATE NORMALS FOR TODAY
                         NORMAL    RECORD    YEAR
 MAXIMUM TEMPERATURE (F)   63        79      1982
                                             1981
 MINIMUM TEMPERATURE (F)   44        16      1989


SUNRISE AND SUNSET
DECEMBER 22 2014......SUNRISE   708 AM CST   SUNSET   521 PM CST
DECEMBER 23 2014......SUNRISE   709 AM CST   SUNSET   522 PM CST


-  INDICATES NEGATIVE NUMBERS.
R  INDICATES RECORD WAS SET OR TIED.
MM INDICATES DATA IS MISSING.
T  INDICATES TRACE AMOUNT.




$$
