000
CDUS43 KDVN 232120
CLIBRL


CLIMATE REPORT
NATIONAL WEATHER SERVICE QUAD CITIES IA IL
420 PM CDT TUE SEP 23 2014


...................................

...THE BURLINGTON IA CLIMATE SUMMARY FOR SEPTEMBER 23 2014...
VALID TODAY AS OF 0400 PM LOCAL TIME.

CLIMATE NORMAL PERIOD 1981 TO 2010
CLIMATE RECORD PERIOD 1897 TO 2014


WEATHER ITEM   OBSERVED TIME   RECORD YEAR NORMAL DEPARTURE LAST
                VALUE   (LST)  VALUE       VALUE  FROM      YEAR
                                                  NORMAL
..................................................................
TEMPERATURE (F)
 TODAY
  MAXIMUM         74    256 PM  93    2007  76     -2       75
  MINIMUM         46    503 AM  33    1913  53     -7       50
  AVERAGE         60                        64     -4       63

PRECIPITATION (IN)
  TODAY            0.00         MM      MM   0.11  -0.11     0.00
  MONTH TO DATE    5.14                      2.80   2.34     1.08
  SINCE SEP 1      5.14                      2.80   2.34     1.08
  SINCE JAN 1     34.21                     30.05   4.16    28.14

DEGREE DAYS
 HEATING
  TODAY            5                         3      2        2
  MONTH TO DATE   99                        34     65       30
  SINCE SEP 1     99                        34     65       30
  SINCE JUL 1    106                        38     68       41

 COOLING
  TODAY            0                         3     -3        0
  MONTH TO DATE   59                       124    -65      164
  SINCE SEP 1     59                       124    -65      164
  SINCE JAN 1    913                      1167   -254     1065
..................................................................


WIND (MPH)
  HIGHEST WIND SPEED    10   HIGHEST WIND DIRECTION     S (170)
  HIGHEST GUST SPEED    14   HIGHEST GUST DIRECTION    SE (120)
  AVERAGE WIND SPEED     3.5


SKY COVER
  POSSIBLE SUNSHINE  MM
  AVERAGE SKY COVER 0.0


WEATHER CONDITIONS
 THE FOLLOWING WEATHER WAS RECORDED TODAY.
  FOG


RELATIVE HUMIDITY (PERCENT)
 HIGHEST   100          1200 AM
 LOWEST     41          1200 PM
 AVERAGE    71

..........................................................


THE BURLINGTON IA CLIMATE NORMALS FOR TOMORROW
                         NORMAL    RECORD    YEAR
 MAXIMUM TEMPERATURE (F)   75        91      2007
 MINIMUM TEMPERATURE (F)   53        33      1942


SUNRISE AND SUNSET
SEPTEMBER 23 2014.....SUNRISE   653 AM CDT   SUNSET   700 PM CDT
SEPTEMBER 24 2014.....SUNRISE   654 AM CDT   SUNSET   658 PM CDT


-  INDICATES NEGATIVE NUMBERS.
R  INDICATES RECORD WAS SET OR TIED.
MM INDICATES DATA IS MISSING.
T  INDICATES TRACE AMOUNT.




$$
