000
CDUS43 KDVN 172129
CLIBRL


CLIMATE REPORT
NATIONAL WEATHER SERVICE QUAD CITIES IA IL
427 PM CDT TUE OCT 17 2017


...................................

...THE BURLINGTON IA CLIMATE SUMMARY FOR OCTOBER 17 2017...
VALID TODAY AS OF 0400 PM LOCAL TIME.

CLIMATE NORMAL PERIOD 1981 TO 2010
CLIMATE RECORD PERIOD 1897 TO 2017


WEATHER ITEM   OBSERVED TIME   RECORD YEAR NORMAL DEPARTURE LAST
                VALUE   (LST)  VALUE       VALUE  FROM      YEAR
                                                  NORMAL
..................................................................
TEMPERATURE (F)
 TODAY
  MAXIMUM         71    259 PM  89    2016  66      5       89
  MINIMUM         44    451 AM  25    1943  44      0       68
  AVERAGE         58                        55      3       79

PRECIPITATION (IN)
  TODAY            0.00         MM      MM   0.10  -0.10     0.00
  MONTH TO DATE    4.50                      1.78   2.72     2.11
  SINCE SEP 1      4.63                      5.30  -0.67     5.34
  SINCE JAN 1     29.96                     32.55  -2.59    29.59

DEGREE DAYS
 HEATING
  TODAY            7                        11     -4        0
  MONTH TO DATE   60                       140    -80       78
  SINCE SEP 1    100                       207   -107      102
  SINCE JUL 1    100                       211   -111      108

 COOLING
  TODAY            0                         0      0       14
  MONTH TO DATE   35                        19     16       39
  SINCE SEP 1    188                       158     30      235
  SINCE JAN 1   1062                      1201   -139     1268
..................................................................


WIND (MPH)
  HIGHEST WIND SPEED    20   HIGHEST WIND DIRECTION     S (200)
  HIGHEST GUST SPEED    25   HIGHEST GUST DIRECTION    SW (210)
  AVERAGE WIND SPEED    10.9


SKY COVER
  POSSIBLE SUNSHINE  MM
  AVERAGE SKY COVER 0.0


WEATHER CONDITIONS
 THE FOLLOWING WEATHER WAS RECORDED TODAY.
  NO SIGNIFICANT WEATHER WAS OBSERVED.


RELATIVE HUMIDITY (PERCENT)
 HIGHEST    89           500 AM
 LOWEST     35           300 PM
 AVERAGE    62

..........................................................


THE BURLINGTON IA CLIMATE NORMALS FOR TOMORROW
                         NORMAL    RECORD    YEAR
 MAXIMUM TEMPERATURE (F)   65        87      1950
 MINIMUM TEMPERATURE (F)   44        23      1948


SUNRISE AND SUNSET
OCTOBER 17 2017.......SUNRISE   718 AM CDT   SUNSET   621 PM CDT
OCTOBER 18 2017.......SUNRISE   719 AM CDT   SUNSET   619 PM CDT


-  INDICATES NEGATIVE NUMBERS.
R  INDICATES RECORD WAS SET OR TIED.
MM INDICATES DATA IS MISSING.
T  INDICATES TRACE AMOUNT.




$$
