639
CDUS43 KDVN 302132
CLIBRL


CLIMATE REPORT
NATIONAL WEATHER SERVICE QUAD CITIES IA IL
430 PM CDT SAT APR 30 2016


...................................

...THE BURLINGTON IA CLIMATE SUMMARY FOR APRIL 30 2016...
VALID TODAY AS OF 0400 PM LOCAL TIME.

CLIMATE NORMAL PERIOD 1981 TO 2010
CLIMATE RECORD PERIOD 1897 TO 2016


WEATHER ITEM   OBSERVED TIME   RECORD YEAR NORMAL DEPARTURE LAST
                VALUE   (LST)  VALUE       VALUE  FROM      YEAR
                                                  NORMAL
..................................................................
TEMPERATURE (F)
 TODAY
  MAXIMUM         57    259 PM  89    2007  70    -13       66
  MINIMUM         46    454 AM  30    1908  48     -2       45
  AVERAGE         52                        59     -7       56

PRECIPITATION (IN)
  TODAY            0.75         MM      MM   0.15   0.60     0.00
  MONTH TO DATE    3.26                      3.76  -0.50     1.60
  SINCE MAR 1      6.47                      6.55  -0.08     1.90
  SINCE JAN 1      7.85                      9.41  -1.56     4.32

DEGREE DAYS
 HEATING
  TODAY           13                         7      6        9
  MONTH TO DATE  374                       357     17      298
  SINCE MAR 1    956                      1084   -128     1064
  SINCE JUL 1   4838                      5462   -624     5995

 COOLING
  TODAY            0                         1     -1        0
  MONTH TO DATE   17                        18     -1        3
  SINCE MAR 1     18                        20     -2        3
  SINCE JAN 1     18                        20     -2        3
..................................................................


WIND (MPH)
  HIGHEST WIND SPEED    20   HIGHEST WIND DIRECTION     E (90)
  HIGHEST GUST SPEED    29   HIGHEST GUST DIRECTION     E (90)
  AVERAGE WIND SPEED    14.2


SKY COVER
  POSSIBLE SUNSHINE  MM
  AVERAGE SKY COVER 1.0


WEATHER CONDITIONS
 THE FOLLOWING WEATHER WAS RECORDED TODAY.
  HEAVY RAIN
  RAIN
  LIGHT RAIN
  FOG
  HAZE


RELATIVE HUMIDITY (PERCENT)
 HIGHEST   100           500 AM
 LOWEST     86          1200 AM
 AVERAGE    93

..........................................................


THE BURLINGTON IA CLIMATE NORMALS FOR TOMORROW
                         NORMAL    RECORD    YEAR
 MAXIMUM TEMPERATURE (F)   70        88      1952
                                             1901
 MINIMUM TEMPERATURE (F)   48        31      1909
                                             1903


SUNRISE AND SUNSET
APRIL 30 2016.........SUNRISE   604 AM CDT   SUNSET   800 PM CDT
MAY  1 2016...........SUNRISE   602 AM CDT   SUNSET   801 PM CDT


-  INDICATES NEGATIVE NUMBERS.
R  INDICATES RECORD WAS SET OR TIED.
MM INDICATES DATA IS MISSING.
T  INDICATES TRACE AMOUNT.




$$
