000
CDUS43 KDVN 202123
CLIBRL


CLIMATE REPORT
NATIONAL WEATHER SERVICE QUAD CITIES IA IL
422 PM CDT SUN AUG 20 2017


...................................

...THE BURLINGTON IA CLIMATE SUMMARY FOR AUGUST 20 2017...
VALID TODAY AS OF 0400 PM LOCAL TIME.

CLIMATE NORMAL PERIOD 1981 TO 2010
CLIMATE RECORD PERIOD 1897 TO 2017


WEATHER ITEM   OBSERVED TIME   RECORD YEAR NORMAL DEPARTURE LAST
                VALUE   (LST)  VALUE       VALUE  FROM      YEAR
                                                  NORMAL
..................................................................
TEMPERATURE (F)
 TODAY
  MAXIMUM         84    253 PM 101    1947  85     -1       77
  MINIMUM         66    456 AM  41    1950  65      1       60
  AVERAGE         75                        75      0       69

PRECIPITATION (IN)
  TODAY            0.00         MM      MM   0.14  -0.14     0.33
  MONTH TO DATE    1.28                      2.71  -1.43     4.05
  SINCE JUN 1      7.90                     11.43  -3.53    12.42
  SINCE JAN 1     22.05                     25.69  -3.64    23.27

DEGREE DAYS
 HEATING
  TODAY            0                         0      0        0
  MONTH TO DATE    0                         0      0        0
  SINCE JUN 1      8                        14     -6        6
  SINCE JUL 1      0                         1     -1        6

 COOLING
  TODAY           10                        10      0        4
  MONTH TO DATE  122                       214    -92      215
  SINCE JUN 1    763                       840    -77      833
  SINCE JAN 1    839                       943   -104      932
..................................................................


WIND (MPH)
  HIGHEST WIND SPEED    16   HIGHEST WIND DIRECTION     W (270)
  HIGHEST GUST SPEED    21   HIGHEST GUST DIRECTION     W (280)
  AVERAGE WIND SPEED     5.8


SKY COVER
  POSSIBLE SUNSHINE  MM
  AVERAGE SKY COVER 0.0


WEATHER CONDITIONS
 THE FOLLOWING WEATHER WAS RECORDED TODAY.
  NO SIGNIFICANT WEATHER WAS OBSERVED.


RELATIVE HUMIDITY (PERCENT)
 HIGHEST   100           400 AM
 LOWEST     65           200 PM
 AVERAGE    83

..........................................................


THE BURLINGTON IA CLIMATE NORMALS FOR TOMORROW
                         NORMAL    RECORD    YEAR
 MAXIMUM TEMPERATURE (F)   85       101      1947
 MINIMUM TEMPERATURE (F)   65        44      1950


SUNRISE AND SUNSET
AUGUST 20 2017........SUNRISE   620 AM CDT   SUNSET   755 PM CDT
AUGUST 21 2017........SUNRISE   621 AM CDT   SUNSET   753 PM CDT


-  INDICATES NEGATIVE NUMBERS.
R  INDICATES RECORD WAS SET OR TIED.
MM INDICATES DATA IS MISSING.
T  INDICATES TRACE AMOUNT.




$$
