000
CDUS43 KDVN 270911
CLIBRL


CLIMATE REPORT
NATIONAL WEATHER SERVICE QUAD CITIES IA IL
411 AM CDT WED JUL 27 2016


...................................

...THE BURLINGTON IA CLIMATE SUMMARY FOR JULY 26 2016...

CLIMATE NORMAL PERIOD 1981 TO 2010
CLIMATE RECORD PERIOD 1897 TO 2016


WEATHER ITEM   OBSERVED TIME   RECORD YEAR NORMAL DEPARTURE LAST
                VALUE   (LST)  VALUE       VALUE  FROM      YEAR
                                                  NORMAL
..................................................................
TEMPERATURE (F)
 YESTERDAY
  MAXIMUM         85    459 PM 107    1936  86     -1       86
  MINIMUM         64    425 AM  48    1962  67     -3       72
  AVERAGE         75                        76     -1       79

PRECIPITATION (IN)
  YESTERDAY        0.00         MM      MM   0.13  -0.13     0.47
  MONTH TO DATE    6.45                      3.59   2.86     7.35
  SINCE JUN 1      7.51                      8.06  -0.55    16.02
  SINCE JAN 1     18.36                     22.32  -3.96    24.98

DEGREE DAYS
 HEATING
  YESTERDAY        0                         0      0        0
  MONTH TO DATE    6                         0      6        4
  SINCE JUN 1      6                        13     -7        9
  SINCE JUL 1      6                         0      6        4

 COOLING
  YESTERDAY       10                        12     -2       14
  MONTH TO DATE  261                       312    -51      248
  SINCE JUN 1    572                       572      0      472
  SINCE JAN 1    671                       675     -4      565
..................................................................


WIND (MPH)
  HIGHEST WIND SPEED     8   HIGHEST WIND DIRECTION    NE (50)
  HIGHEST GUST SPEED    11   HIGHEST GUST DIRECTION    SE (150)
  AVERAGE WIND SPEED     3.2


SKY COVER
  POSSIBLE SUNSHINE  MM
  AVERAGE SKY COVER 0.0


WEATHER CONDITIONS
 THE FOLLOWING WEATHER WAS RECORDED YESTERDAY.
  FOG


RELATIVE HUMIDITY (PERCENT)
 HIGHEST   100          1200 AM
 LOWEST     51           100 PM
 AVERAGE    76

..........................................................


THE BURLINGTON IA CLIMATE NORMALS FOR TODAY
                         NORMAL    RECORD    YEAR
 MAXIMUM TEMPERATURE (F)   86       109      1930
 MINIMUM TEMPERATURE (F)   67        49      2004
                                             1971


SUNRISE AND SUNSET
JULY 27 2016..........SUNRISE   557 AM CDT   SUNSET   825 PM CDT
JULY 28 2016..........SUNRISE   558 AM CDT   SUNSET   824 PM CDT


-  INDICATES NEGATIVE NUMBERS.
R  INDICATES RECORD WAS SET OR TIED.
MM INDICATES DATA IS MISSING.
T  INDICATES TRACE AMOUNT.




$$
