000
CDUS43 KDVN 230921
CLIBRL


CLIMATE REPORT
NATIONAL WEATHER SERVICE QUAD CITIES IA IL
420 AM CDT THU OCT 23 2014


...................................

...THE BURLINGTON IA CLIMATE SUMMARY FOR OCTOBER 22 2014...

CLIMATE NORMAL PERIOD 1981 TO 2010
CLIMATE RECORD PERIOD 1897 TO 2014


WEATHER ITEM   OBSERVED TIME   RECORD YEAR NORMAL DEPARTURE LAST
                VALUE   (LST)  VALUE       VALUE  FROM      YEAR
                                                  NORMAL
..................................................................
TEMPERATURE (F)
 YESTERDAY
  MAXIMUM         62    308 PM  85    1963  64     -2       43
  MINIMUM         39    642 AM  22    1997  43     -4       32
  AVERAGE         51                        53     -2       38

PRECIPITATION (IN)
  YESTERDAY        0.00         MM      MM   0.09  -0.09     0.14
  MONTH TO DATE    4.13                      2.26   1.87     0.51
  SINCE SEP 1      9.27                      5.78   3.49     1.71
  SINCE JAN 1     38.34                     33.03   5.31    28.77

DEGREE DAYS
 HEATING
  YESTERDAY       14                        12      2       27
  MONTH TO DATE  232                       198     34      195
  SINCE SEP 1    333                       265     68      236
  SINCE JUL 1    340                       269     71      247

 COOLING
  YESTERDAY        0                         0      0        0
  MONTH TO DATE    0                        19    -19       33
  SINCE SEP 1     83                       158    -75      214
  SINCE JAN 1    937                      1201   -264     1115
..................................................................


WIND (MPH)
  HIGHEST WIND SPEED    13   HIGHEST WIND DIRECTION    SE (150)
  HIGHEST GUST SPEED    15   HIGHEST GUST DIRECTION     S (170)
  AVERAGE WIND SPEED     6.9


SKY COVER
  POSSIBLE SUNSHINE  MM
  AVERAGE SKY COVER 0.0


WEATHER CONDITIONS
 THE FOLLOWING WEATHER WAS RECORDED YESTERDAY.
  NO SIGNIFICANT WEATHER WAS OBSERVED.


RELATIVE HUMIDITY (PERCENT)
 HIGHEST    92           500 AM
 LOWEST     46           200 PM
 AVERAGE    69

..........................................................


THE BURLINGTON IA CLIMATE NORMALS FOR TODAY
                         NORMAL    RECORD    YEAR
 MAXIMUM TEMPERATURE (F)   63        88      1899
 MINIMUM TEMPERATURE (F)   43        25      1981


SUNRISE AND SUNSET
OCTOBER 23 2014.......SUNRISE   725 AM CDT   SUNSET   612 PM CDT
OCTOBER 24 2014.......SUNRISE   726 AM CDT   SUNSET   611 PM CDT


-  INDICATES NEGATIVE NUMBERS.
R  INDICATES RECORD WAS SET OR TIED.
MM INDICATES DATA IS MISSING.
T  INDICATES TRACE AMOUNT.




$$
