000
CDUS43 KDVN 300925
CLIBRL


CLIMATE REPORT
NATIONAL WEATHER SERVICE QUAD CITIES IA IL
422 AM CDT MON MAY 30 2016


...................................

...THE BURLINGTON IA CLIMATE SUMMARY FOR MAY 29 2016...

CLIMATE NORMAL PERIOD 1981 TO 2010
CLIMATE RECORD PERIOD 1897 TO 2016


WEATHER ITEM   OBSERVED TIME   RECORD YEAR NORMAL DEPARTURE LAST
                VALUE   (LST)  VALUE       VALUE  FROM      YEAR
                                                  NORMAL
..................................................................
TEMPERATURE (F)
 YESTERDAY
  MAXIMUM         82    403 PM  98    1934  79      3       81
  MINIMUM         61    457 AM  36    1947  57      4       66
  AVERAGE         72                        68      4       74

PRECIPITATION (IN)
  YESTERDAY        0.00         MM      MM   0.15  -0.15     0.02
  MONTH TO DATE    2.57                      4.54  -1.97     3.73
  SINCE MAR 1      9.04                     11.09  -2.05     5.63
  SINCE JAN 1     10.42                     13.95  -3.53     8.05

DEGREE DAYS
 HEATING
  YESTERDAY        0                         2     -2        0
  MONTH TO DATE  158                       122     36       90
  SINCE MAR 1   1114                      1206    -92     1154
  SINCE JUL 1   4996                      5584   -588     6085

 COOLING
  YESTERDAY        7                         5      2        9
  MONTH TO DATE   64                        74    -10       90
  SINCE MAR 1     82                        94    -12       93
  SINCE JAN 1     82                        94    -12       93
..................................................................


WIND (MPH)
  HIGHEST WIND SPEED    14   HIGHEST WIND DIRECTION     W (270)
  HIGHEST GUST SPEED    19   HIGHEST GUST DIRECTION    NW (310)
  AVERAGE WIND SPEED     5.8


SKY COVER
  POSSIBLE SUNSHINE  MM
  AVERAGE SKY COVER 0.0


WEATHER CONDITIONS
 THE FOLLOWING WEATHER WAS RECORDED YESTERDAY.
  HAZE


RELATIVE HUMIDITY (PERCENT)
 HIGHEST   100           500 AM
 LOWEST     42           400 PM
 AVERAGE    71

..........................................................


THE BURLINGTON IA CLIMATE NORMALS FOR TODAY
                         NORMAL    RECORD    YEAR
 MAXIMUM TEMPERATURE (F)   79       100      1934
 MINIMUM TEMPERATURE (F)   58        39      1947


SUNRISE AND SUNSET
MAY 30 2016...........SUNRISE   536 AM CDT   SUNSET   829 PM CDT
MAY 31 2016...........SUNRISE   536 AM CDT   SUNSET   829 PM CDT


-  INDICATES NEGATIVE NUMBERS.
R  INDICATES RECORD WAS SET OR TIED.
MM INDICATES DATA IS MISSING.
T  INDICATES TRACE AMOUNT.




$$
