000
CDUS44 KBRO 280626
CLIBRO


CLIMATE REPORT
NATIONAL WEATHER SERVICE BROWNSVILLE TX
126 AM CDT WED JUN 28 2017


...................................

...THE BROWNSVILLE CLIMATE SUMMARY FOR JUNE 27 2017...

CLIMATE NORMAL PERIOD 1981 TO 2010
CLIMATE RECORD PERIOD 1878 TO 2017


WEATHER ITEM   OBSERVED TIME   RECORD YEAR NORMAL DEPARTURE LAST
                VALUE   (LST)  VALUE       VALUE  FROM      YEAR
                                                  NORMAL
..................................................................
TEMPERATURE (F)
 YESTERDAY
  MAXIMUM         89   1229 PM 100    1980  93     -4       94
  MINIMUM         72    219 PM  61    1974  76     -4       77
  AVERAGE         81                        84     -3       86

PRECIPITATION (IN)
  YESTERDAY        0.76          1.36 1883   0.10   0.66      T
  MONTH TO DATE    2.31                      2.31   0.00     2.95
  SINCE JUN 1      2.31                      2.31   0.00     2.95
  SINCE JAN 1      8.17                     10.07  -1.90    12.94

SNOWFALL (IN)
  YESTERDAY        0.0          MM    2001   0.0
                                      2000
  MONTH TO DATE    0.0                       0.0
  SINCE JUN 1      0.0                       0.0
  SINCE JUL 1      0.0                       0.0

DEGREE DAYS
 HEATING
  YESTERDAY        0                         0      0        0
  MONTH TO DATE    0                         0      0        0
  SINCE JUN 1      0                         0      0        0
  SINCE JUL 1    201                       554   -353      374

 COOLING
  YESTERDAY       16                        19     -3       21
  MONTH TO DATE  554                       506     48      504
  SINCE JUN 1    554                       506     48      504
  SINCE JAN 1   2191                      1599    592     1664
..................................................................


WIND (MPH)
  HIGHEST WIND SPEED    22   HIGHEST WIND DIRECTION    NW (300)
  HIGHEST GUST SPEED    28   HIGHEST GUST DIRECTION    NW (300)
  AVERAGE WIND SPEED     5.7


SKY COVER
  POSSIBLE SUNSHINE  MM
  AVERAGE SKY COVER 0.5


WEATHER CONDITIONS
 THE FOLLOWING WEATHER WAS RECORDED YESTERDAY.
  THUNDERSTORM
  HEAVY RAIN
  RAIN
  LIGHT RAIN
  FOG


RELATIVE HUMIDITY (PERCENT)
 HIGHEST    94           200 AM
 LOWEST     68          1200 PM
 AVERAGE    81

..........................................................


THE BROWNSVILLE CLIMATE NORMALS FOR TODAY
                         NORMAL    RECORD    YEAR
 MAXIMUM TEMPERATURE (F)   93        99      1909
                                             1900
 MINIMUM TEMPERATURE (F)   76        64      1974


SUNRISE AND SUNSET
JUNE 28 2017..........SUNRISE   641 AM CDT   SUNSET   825 PM CDT
JUNE 29 2017..........SUNRISE   641 AM CDT   SUNSET   825 PM CDT


-  INDICATES NEGATIVE NUMBERS.
R  INDICATES RECORD WAS SET OR TIED.
MM INDICATES DATA IS MISSING.
T  INDICATES TRACE AMOUNT.




$$
