000
CDUS44 KBRO 250628
CLIBRO


CLIMATE REPORT
NATIONAL WEATHER SERVICE BROWNSVILLE TX
126 AM CDT SAT MAR 25 2017


...................................

...THE BROWNSVILLE CLIMATE SUMMARY FOR MARCH 24 2017...

CLIMATE NORMAL PERIOD 1981 TO 2010
CLIMATE RECORD PERIOD 1878 TO 2017


WEATHER ITEM   OBSERVED TIME   RECORD YEAR NORMAL DEPARTURE LAST
                VALUE   (LST)  VALUE       VALUE  FROM      YEAR
                                                  NORMAL
..................................................................
TEMPERATURE (F)
 YESTERDAY
  MAXIMUM         86    315 PM  98    1945  80      6       80
  MINIMUM         73   1159 PM  41    1952  61     12       57
  AVERAGE         80                        71      9       69

PRECIPITATION (IN)
  YESTERDAY        0.00          1.97 1882   0.05  -0.05     0.03
  MONTH TO DATE    1.84                      0.91   0.93     2.67
  SINCE MAR 1      1.84                      0.91   0.93     2.67
  SINCE JAN 1      3.38                      3.26   0.12     4.55

SNOWFALL (IN)
  YESTERDAY        0.0           0.0  2002   0.0
                                      2001
  MONTH TO DATE    0.0                       0.0
  SINCE MAR 1      0.0                       0.0
  SINCE JUL 1      0.0                       0.0

DEGREE DAYS
 HEATING
  YESTERDAY        0                         1     -1        0
  MONTH TO DATE    2                        37    -35       12
  SINCE MAR 1      2                        37    -35       12
  SINCE JUL 1    201                       540   -339      372

 COOLING
  YESTERDAY       15                         7      8        4
  MONTH TO DATE  208                       124     84      181
  SINCE MAR 1    208                       124     84      181
  SINCE JAN 1    595                       265    330      289
..................................................................


WIND (MPH)
  HIGHEST WIND SPEED    36   HIGHEST WIND DIRECTION     S (160)
  HIGHEST GUST SPEED    42   HIGHEST GUST DIRECTION     S (160)
  AVERAGE WIND SPEED    20.3


SKY COVER
  POSSIBLE SUNSHINE  MM
  AVERAGE SKY COVER 0.5


WEATHER CONDITIONS
 THE FOLLOWING WEATHER WAS RECORDED YESTERDAY.
  NO SIGNIFICANT WEATHER WAS OBSERVED.


RELATIVE HUMIDITY (PERCENT)
 HIGHEST    93          1000 PM
 LOWEST     51           300 PM
 AVERAGE    72

..........................................................


THE BROWNSVILLE CLIMATE NORMALS FOR TODAY
                         NORMAL    RECORD    YEAR
 MAXIMUM TEMPERATURE (F)   81        95      1901
 MINIMUM TEMPERATURE (F)   61        40      1912


SUNRISE AND SUNSET
MARCH 25 2017.........SUNRISE   728 AM CDT   SUNSET   743 PM CDT
MARCH 26 2017.........SUNRISE   727 AM CDT   SUNSET   744 PM CDT


-  INDICATES NEGATIVE NUMBERS.
R  INDICATES RECORD WAS SET OR TIED.
MM INDICATES DATA IS MISSING.
T  INDICATES TRACE AMOUNT.




$$
