717
CDUS44 KBRO 190734
CLIBRO


CLIMATE REPORT
NATIONAL WEATHER SERVICE BROWNSVILLE TX
133 AM CST SUN FEB 19 2017


...................................

...THE BROWNSVILLE CLIMATE SUMMARY FOR FEBRUARY 18 2017...

CLIMATE NORMAL PERIOD 1981 TO 2010
CLIMATE RECORD PERIOD 1878 TO 2017


WEATHER ITEM   OBSERVED TIME   RECORD YEAR NORMAL DEPARTURE LAST
                VALUE   (LST)  VALUE       VALUE  FROM      YEAR
                                                  NORMAL
..................................................................
TEMPERATURE (F)
 YESTERDAY
  MAXIMUM         85    249 PM  88    1986  74     11       79
                                      1959
  MINIMUM         63    753 AM  27    1900  55      8       57
  AVERAGE         74                        65      9       68

PRECIPITATION (IN)
  YESTERDAY        0.00          0.81 1937   0.03  -0.03     0.00
  MONTH TO DATE    1.21                      0.78   0.43     0.00
  SINCE DEC 1      3.06                      3.20  -0.14     2.04
  SINCE JAN 1      1.39                      2.05  -0.66     1.88

SNOWFALL (IN)
  YESTERDAY        0.0           0.0  2002   0.0
                                      2000
  MONTH TO DATE    0.0                       0.0
  SINCE DEC 1      0.0                       0.0
  SINCE JUL 1      0.0                       0.0

DEGREE DAYS
 HEATING
  YESTERDAY        0                         3     -3        0
  MONTH TO DATE    9                        77    -68       55
  SINCE DEC 1    191                       422   -231      320
  SINCE JUL 1    199                       476   -277      342

 COOLING
  YESTERDAY        9                         3      6        3
  MONTH TO DATE  144                        49     95       35
  SINCE DEC 1    461                       188    273      190
  SINCE JAN 1    285                       108    177       56
..................................................................


WIND (MPH)
  HIGHEST WIND SPEED    22   HIGHEST WIND DIRECTION    SE (140)
  HIGHEST GUST SPEED    28   HIGHEST GUST DIRECTION     S (160)
  AVERAGE WIND SPEED    11.6


SKY COVER
  POSSIBLE SUNSHINE  MM
  AVERAGE SKY COVER 0.5


WEATHER CONDITIONS
 THE FOLLOWING WEATHER WAS RECORDED YESTERDAY.
  FOG
  FOG W/VISIBILITY <= 1/4 MILE


RELATIVE HUMIDITY (PERCENT)
 HIGHEST   100           100 AM
 LOWEST     59           300 PM
 AVERAGE    80

..........................................................


THE BROWNSVILLE CLIMATE NORMALS FOR TODAY
                         NORMAL    RECORD    YEAR
 MAXIMUM TEMPERATURE (F)   74        94      1986
 MINIMUM TEMPERATURE (F)   55        34      1942


SUNRISE AND SUNSET
FEBRUARY 19 2017......SUNRISE   702 AM CST   SUNSET   626 PM CST
FEBRUARY 20 2017......SUNRISE   701 AM CST   SUNSET   626 PM CST


-  INDICATES NEGATIVE NUMBERS.
R  INDICATES RECORD WAS SET OR TIED.
MM INDICATES DATA IS MISSING.
T  INDICATES TRACE AMOUNT.




$$
