000
CDUS44 KBRO 270626
CLIBRO


CLIMATE REPORT
NATIONAL WEATHER SERVICE BROWNSVILLE TX
125 AM CDT FRI MAY 27 2016


...................................

...THE BROWNSVILLE CLIMATE SUMMARY FOR MAY 26 2016...

CLIMATE NORMAL PERIOD 1981 TO 2010
CLIMATE RECORD PERIOD 1878 TO 2016


WEATHER ITEM   OBSERVED TIME   RECORD YEAR NORMAL DEPARTURE LAST
                VALUE   (LST)  VALUE       VALUE  FROM      YEAR
                                                  NORMAL
..................................................................
TEMPERATURE (F)
 YESTERDAY
  MAXIMUM         91    118 PM  98    1928  90      1       89
  MINIMUM         80    637 AM  50    1901  74      6       79
  AVERAGE         86                        82      4       84

PRECIPITATION (IN)
  YESTERDAY        0.05          0.60 1933   0.09  -0.04     0.00
  MONTH TO DATE    1.64                      2.18  -0.54     3.73
  SINCE MAR 1      7.57                      4.95   2.62    10.18
  SINCE JAN 1      9.45                      7.30   2.15    14.50

SNOWFALL (IN)
  YESTERDAY        0.0           0.0  2002   0.0
                                      2001
                                      2000
  MONTH TO DATE    0.0                       0.0
  SINCE MAR 1      0.0                       0.0
  SINCE JUL 1      0.0                       0.0

DEGREE DAYS
 HEATING
  YESTERDAY        0                         0      0        0
  MONTH TO DATE    0                         0      0        0
  SINCE MAR 1     14                        51    -37       67
  SINCE JUL 1    374                       554   -180      690

 COOLING
  YESTERDAY       21                        17      4       19
  MONTH TO DATE  391                       389      2      427
  SINCE MAR 1    959                       865     94      924
  SINCE JAN 1   1067                      1006     61      981
..................................................................


WIND (MPH)
  HIGHEST WIND SPEED    26   HIGHEST WIND DIRECTION     S (160)
  HIGHEST GUST SPEED    34   HIGHEST GUST DIRECTION     S (160)
  AVERAGE WIND SPEED    15.1


SKY COVER
  POSSIBLE SUNSHINE  MM
  AVERAGE SKY COVER 0.6


WEATHER CONDITIONS
 THE FOLLOWING WEATHER WAS RECORDED YESTERDAY.
  THUNDERSTORM
  RAIN
  LIGHT RAIN


RELATIVE HUMIDITY (PERCENT)
 HIGHEST    94          1200 AM
 LOWEST     64           100 PM
 AVERAGE    79

..........................................................


THE BROWNSVILLE CLIMATE NORMALS FOR TODAY
                         NORMAL    RECORD    YEAR
 MAXIMUM TEMPERATURE (F)   90        99      1973
 MINIMUM TEMPERATURE (F)   74        60      1913
                                             1901


SUNRISE AND SUNSET
MAY 27 2016...........SUNRISE   639 AM CDT   SUNSET   815 PM CDT
MAY 28 2016...........SUNRISE   639 AM CDT   SUNSET   816 PM CDT


-  INDICATES NEGATIVE NUMBERS.
R  INDICATES RECORD WAS SET OR TIED.
MM INDICATES DATA IS MISSING.
T  INDICATES TRACE AMOUNT.




$$
