000
CDUS44 KBRO 080626
CLIBRO


CLIMATE REPORT
NATIONAL WEATHER SERVICE BROWNSVILLE TX
126 AM CDT WED JUL 8 2015


...................................

...THE BROWNSVILLE CLIMATE SUMMARY FOR JULY 7 2015...

CLIMATE NORMAL PERIOD 1981 TO 2010
CLIMATE RECORD PERIOD 1878 TO 2015


WEATHER ITEM   OBSERVED TIME   RECORD YEAR NORMAL DEPARTURE LAST
                VALUE   (LST)  VALUE       VALUE  FROM      YEAR
                                                  NORMAL
..................................................................
TEMPERATURE (F)
 YESTERDAY
  MAXIMUM         91    355 PM  99    2005  93     -2       92
  MINIMUM         79    607 AM  65    1901  76      3       75
  AVERAGE         85                        85      0       84

PRECIPITATION (IN)
  YESTERDAY        0.00          2.10 1976   0.08  -0.08     0.00
  MONTH TO DATE    2.36                      0.56   1.80     1.03
  SINCE JUN 1      3.12                      3.13  -0.01     1.67
  SINCE JAN 1     23.61                     10.89  12.72     7.00

SNOWFALL (IN)
  YESTERDAY        0.0          MM    2001   0.0
  MONTH TO DATE    0.0                       0.0
  SINCE JUN 1      0.0                       0.0
  SINCE JUL 1      0.0                       0.0

DEGREE DAYS
 HEATING
  YESTERDAY        0                         0      0        0
  MONTH TO DATE    0                         0      0        0
  SINCE JUN 1      0                         0      0        0
  SINCE JUL 1      0                         0      0        0

 COOLING
  YESTERDAY       20                        20      0       19
  MONTH TO DATE  125                       140    -15      132
  SINCE JUN 1    698                       707     -9      729
  SINCE JAN 1   1760                      1800    -40     1651
..................................................................


WIND (MPH)
  HIGHEST WIND SPEED    30   HIGHEST WIND DIRECTION    SE (150)
  HIGHEST GUST SPEED    37   HIGHEST GUST DIRECTION     S (160)
  AVERAGE WIND SPEED    17.1


SKY COVER
  POSSIBLE SUNSHINE  MM
  AVERAGE SKY COVER 0.5


WEATHER CONDITIONS
 THE FOLLOWING WEATHER WAS RECORDED YESTERDAY.
  FOG


RELATIVE HUMIDITY (PERCENT)
 HIGHEST    97           300 AM
 LOWEST     60           200 PM
 AVERAGE    79

..........................................................


THE BROWNSVILLE CLIMATE NORMALS FOR TODAY
                         NORMAL    RECORD    YEAR
 MAXIMUM TEMPERATURE (F)   93       100      2005
 MINIMUM TEMPERATURE (F)   76        60      1901


SUNRISE AND SUNSET
JULY  8 2015..........SUNRISE   644 AM CDT   SUNSET   825 PM CDT
JULY  9 2015..........SUNRISE   645 AM CDT   SUNSET   825 PM CDT


-  INDICATES NEGATIVE NUMBERS.
R  INDICATES RECORD WAS SET OR TIED.
MM INDICATES DATA IS MISSING.
T  INDICATES TRACE AMOUNT.




$$
