000
CDUS44 KBRO 272158
CLIBRO


CLIMATE REPORT
NATIONAL WEATHER SERVICE BROWNSVILLE TX
458 PM CDT WED AUG 27 2014


...................................

...THE BROWNSVILLE CLIMATE SUMMARY FOR AUGUST 27 2014...
VALID TODAY AS OF 0400 PM LOCAL TIME.

CLIMATE NORMAL PERIOD 1981 TO 2010
CLIMATE RECORD PERIOD 1878 TO 2014


WEATHER ITEM   OBSERVED TIME   RECORD YEAR NORMAL DEPARTURE LAST
                VALUE   (LST)  VALUE       VALUE  FROM      YEAR
                                                  NORMAL
..................................................................
TEMPERATURE (F)
 TODAY
  MAXIMUM         99    143 PM 100    1990  94      5       92
                                      1919
  MINIMUM         78    635 AM  69    1961  76      2       76
                                      1908
                                      1897
  AVERAGE         89                        85      4       84

PRECIPITATION (IN)
  TODAY            0.00          2.83 1979   0.11  -0.11     0.00
  MONTH TO DATE    0.21                      1.97  -1.76     1.38
  SINCE JUN 1      2.49                      6.58  -4.09     4.36
  SINCE JAN 1      7.82                     14.34  -6.52     9.96

SNOWFALL (IN)
  TODAY            0.0           0.0  2002   0.0
                                      2001
  MONTH TO DATE    0.0                       0.0
  SINCE JUN 1      0.0                       0.0
  SINCE JUL 1      0.0                       0.0

DEGREE DAYS
 HEATING
  TODAY            0                         0      0        0
  MONTH TO DATE    0                         0      0        0
  SINCE JUN 1      0                         0      0        0
  SINCE JUL 1      0                         0      0        0

 COOLING
  TODAY           24                        20      4       19
  MONTH TO DATE  598                       556     42      576
  SINCE JUN 1   1819                      1741     78     1831
  SINCE JAN 1   2741                      2834    -93     2953
..................................................................


WIND (MPH)
  HIGHEST WIND SPEED    21   HIGHEST WIND DIRECTION    NE (30)
  HIGHEST GUST SPEED    28   HIGHEST GUST DIRECTION    NE (30)
  AVERAGE WIND SPEED     6.6


SKY COVER
  POSSIBLE SUNSHINE  MM
  AVERAGE SKY COVER 0.2


WEATHER CONDITIONS
 THE FOLLOWING WEATHER WAS RECORDED TODAY.
  NO SIGNIFICANT WEATHER WAS OBSERVED.


RELATIVE HUMIDITY (PERCENT)
 HIGHEST    91           300 AM
 LOWEST     45          1200 PM
 AVERAGE    68

..........................................................


THE BROWNSVILLE CLIMATE NORMALS FOR TOMORROW
                         NORMAL    RECORD    YEAR
 MAXIMUM TEMPERATURE (F)   94       101      2011
 MINIMUM TEMPERATURE (F)   76        63      1896


SUNRISE AND SUNSET
AUGUST 27 2014........SUNRISE   708 AM CDT   SUNSET   754 PM CDT
AUGUST 28 2014........SUNRISE   708 AM CDT   SUNSET   753 PM CDT


-  INDICATES NEGATIVE NUMBERS.
R  INDICATES RECORD WAS SET OR TIED.
MM INDICATES DATA IS MISSING.
T  INDICATES TRACE AMOUNT.




$$
