000
CDUS44 KBRO 060726
CLIBRO


CLIMATE REPORT
NATIONAL WEATHER SERVICE BROWNSVILLE TX
126 AM CST SAT FEB 6 2016


...................................

...THE BROWNSVILLE CLIMATE SUMMARY FOR FEBRUARY 5 2016...

CLIMATE NORMAL PERIOD 1981 TO 2010
CLIMATE RECORD PERIOD 1878 TO 2016


WEATHER ITEM   OBSERVED TIME   RECORD YEAR NORMAL DEPARTURE LAST
                VALUE   (LST)  VALUE       VALUE  FROM      YEAR
                                                  NORMAL
..................................................................
TEMPERATURE (F)
 YESTERDAY
  MAXIMUM         68   1221 PM  88    1986  72     -4       66
  MINIMUM         43    739 AM  27    1883  53    -10       53
  AVERAGE         56                        63     -7       60

PRECIPITATION (IN)
  YESTERDAY        0.00          1.19 1987   0.04  -0.04     0.00
  MONTH TO DATE    0.00                      0.24  -0.24     0.47
  SINCE DEC 1      2.04                      2.66  -0.62     5.46
  SINCE JAN 1      1.88                      1.51   0.37     4.03

SNOWFALL (IN)
  YESTERDAY        0.0           0.0  2002   0.0
                                      2000
  MONTH TO DATE    0.0                       0.0
  SINCE DEC 1      0.0                       0.0
  SINCE JUL 1      0.0                       0.0

DEGREE DAYS
 HEATING
  YESTERDAY        9                         5      4        5
  MONTH TO DATE   25                        25      0       33
  SINCE DEC 1    290                       370    -80      396
  SINCE JUL 1    312                       424   -112      509

 COOLING
  YESTERDAY        0                         2     -2        0
  MONTH TO DATE    9                        10     -1        7
  SINCE DEC 1    164                       149     15      129
  SINCE JAN 1     30                        69    -39       20
..................................................................


WIND (MPH)
  HIGHEST WIND SPEED    20   HIGHEST WIND DIRECTION     E (110)
  HIGHEST GUST SPEED    26   HIGHEST GUST DIRECTION    SE (140)
  AVERAGE WIND SPEED     7.5


SKY COVER
  POSSIBLE SUNSHINE  MM
  AVERAGE SKY COVER 0.5


WEATHER CONDITIONS
 THE FOLLOWING WEATHER WAS RECORDED YESTERDAY.
  NO SIGNIFICANT WEATHER WAS OBSERVED.


RELATIVE HUMIDITY (PERCENT)
 HIGHEST    83           800 AM
 LOWEST     42          1200 PM
 AVERAGE    63

..........................................................


THE BROWNSVILLE CLIMATE NORMALS FOR TODAY
                         NORMAL    RECORD    YEAR
 MAXIMUM TEMPERATURE (F)   73        91      1914
 MINIMUM TEMPERATURE (F)   54        27      1912


SUNRISE AND SUNSET
FEBRUARY  6 2016......SUNRISE   711 AM CST   SUNSET   617 PM CST
FEBRUARY  7 2016......SUNRISE   711 AM CST   SUNSET   617 PM CST


-  INDICATES NEGATIVE NUMBERS.
R  INDICATES RECORD WAS SET OR TIED.
MM INDICATES DATA IS MISSING.
T  INDICATES TRACE AMOUNT.




$$
