929
CDUS44 KBRO 220642
CLIBRO


CLIMATE REPORT
NATIONAL WEATHER SERVICE BROWNSVILLE TX
142 AM CDT MON MAY 22 2017


...................................

...THE BROWNSVILLE CLIMATE SUMMARY FOR MAY 21 2017...

CLIMATE NORMAL PERIOD 1981 TO 2010
CLIMATE RECORD PERIOD 1878 TO 2017


WEATHER ITEM   OBSERVED TIME   RECORD YEAR NORMAL DEPARTURE LAST
                VALUE   (LST)  VALUE       VALUE  FROM      YEAR
                                                  NORMAL
..................................................................
TEMPERATURE (F)
 YESTERDAY
  MAXIMUM         94    146 PM  98    1917  89      5       90
  MINIMUM         80    652 AM  57    1919  73      7       77
  AVERAGE         87                        81      6       84

PRECIPITATION (IN)
  YESTERDAY        0.00          3.20 1985   0.09  -0.09      T
  MONTH TO DATE    0.03                      1.73  -1.70     1.58
  SINCE MAR 1      2.50                      4.50  -2.00     7.51
  SINCE JAN 1      4.04                      6.85  -2.81     9.39

SNOWFALL (IN)
  YESTERDAY        0.0           0.0  2002   0.0
                                      2001
                                      2000
  MONTH TO DATE    0.0                       0.0
  SINCE MAR 1      0.0                       0.0
  SINCE JUL 1      0.0                       0.0

DEGREE DAYS
 HEATING
  YESTERDAY        0                         0      0        0
  MONTH TO DATE    0                         0      0        0
  SINCE MAR 1      2                        51    -49       14
  SINCE JUL 1    201                       554   -353      374

 COOLING
  YESTERDAY       22                        16      6       19
  MONTH TO DATE  349                       305     44      294
  SINCE MAR 1   1059                       781    278      862
  SINCE JAN 1   1446                       922    524      970
..................................................................


WIND (MPH)
  HIGHEST WIND SPEED    18   HIGHEST WIND DIRECTION     E (80)
  HIGHEST GUST SPEED    26   HIGHEST GUST DIRECTION     E (110)
  AVERAGE WIND SPEED    10.4


SKY COVER
  POSSIBLE SUNSHINE  MM
  AVERAGE SKY COVER 0.6


WEATHER CONDITIONS
 THE FOLLOWING WEATHER WAS RECORDED YESTERDAY.
  NO SIGNIFICANT WEATHER WAS OBSERVED.


RELATIVE HUMIDITY (PERCENT)
 HIGHEST    94          1200 AM
 LOWEST     52          1100 AM
 AVERAGE    73

..........................................................


THE BROWNSVILLE CLIMATE NORMALS FOR TODAY
                         NORMAL    RECORD    YEAR
 MAXIMUM TEMPERATURE (F)   90       102      1916
 MINIMUM TEMPERATURE (F)   73        60      1911


SUNRISE AND SUNSET
MAY 22 2017...........SUNRISE   641 AM CDT   SUNSET   812 PM CDT
MAY 23 2017...........SUNRISE   640 AM CDT   SUNSET   813 PM CDT


-  INDICATES NEGATIVE NUMBERS.
R  INDICATES RECORD WAS SET OR TIED.
MM INDICATES DATA IS MISSING.
T  INDICATES TRACE AMOUNT.




$$
