000
CDAK49 PABR 040909
CLIBRW

CLIMATE REPORT
NATIONAL WEATHER SERVICE BARROW, AK
109 AM AKDT WED MAY 4 2016

...................................
...THE BARROW WSO AP CLIMATE SUMMARY FOR MAY 3 2016...

CLIMATE NORMAL PERIOD  1981 TO  2010
CLIMATE RECORD PERIOD  1915 TO  2016

WEATHER ITEM   OBSERVED TIME    RECORD YEAR NORMAL DEPARTURE LAST
               VALUE    (LST)   VALUE       VALUE  FROM      YEAR
                                                   NORMAL
...................................................................
TEMPERATURE
YESTERDAY
 MAXIMUM            29  1237 AM    37  1946     19      10     25
 MINIMUM            25  0946 AM   -16  1992      8      17     15
 AVERAGE            27                          14      13     20

PRECIPITATION
(INCHES)
 YESTERDAY           T           0.30  1923   0.00       T      T
 MONTH TO DATE       T                        0.01   -0.01      T
 SINCE MAR 1      0.11                        0.26   -0.15   0.74
 SINCE JAN 1      1.26                        0.53    0.73   1.31

SNOWFALL
(INCHES)
 YESTERDAY           T            4.5  1923    0.1    -0.1      T
 MONTH TO DATE       T                         0.3    -0.3    0.1
 SINCE MAR 1       2.2                         5.6    -3.4   10.7
 SINCE JUL 1      32.1                        34.6    -2.5   53.8
 SNOW DEPTH (IN)     4                                          7

DEGREE DAYS
 HEATING
  YESTERDAY         38                          51     -13     45
  MONTH TO DATE    115                         156     -41    144
  SINCE MAR 1     3983                        4455    -472   4233
  SINCE JUL 1    16144                       17303   -1159  16444

 COOLING
  YESTERDAY          0                           0       0      0
  MONTH TO DATE      0                           0       0      0
  SINCE MAR 1        0                           0       0      0
  SINCE JAN 1        0                           0       0      0
...................................................................

WIND (MPH)
 HIGHEST WIND SPEED    18     HIGHEST WIND DIRECTION     80
 HIGHEST GUST SPEED    21     HIGHEST GUST DIRECTION     80
 AVERAGE WIND SPEED  11.4

WEATHER CONDITIONS
 THE FOLLOWING WEATHER WAS RECORDED YESTERDAY.
  FOG
SNOW


...................................................................

THE BARROW CLIMATE NORMALS FOR TODAY
                           NORMAL    RECORD   YEAR
 MAXIMUM TEMPERATURE (F)     20        38     1943
 MINIMUM TEMPERATURE (F)      9       -12     1984

SUNRISE AND SUNSET
 MAY 4 2016..........SUNRISE  4:06 AM      SUNSET 12:51 AM
 MAY 5 2016..........SUNRISE  3:57 AM      SUNSET  1:00 AM

-  INDICATES NEGATIVE NUMBERS.
R  INDICATES RECORD HAS BEEN SET OR TIED.
MM INDICATES DATA IS MISSING.
T  INDICATES TRACE OF PRECIPITATION.

&&
-------------------------------------------------------------------

AMOUNT OF DAYLIGHT TODAY  (HOUR:MIN)........20 HOURS 45 MINUTES
GAIN/LOSS SINCE YESTERDAY (HOUR:MIN:SEC)....+0:16:36

$$
*** MAY 16
