000
CDAK49 PAFG 111016
CLIBRW

CLIMATE REPORT
NATIONAL WEATHER SERVICE FAIRBANKS AK
116 AM AKST MON DEC 11 2017


...................................

...THE BARROW AK CLIMATE SUMMARY FOR DECEMBER 10 2017...

CLIMATE NORMAL PERIOD 1981 TO 2010
CLIMATE RECORD PERIOD 1920 TO 2017


WEATHER ITEM   OBSERVED TIME   RECORD YEAR NORMAL DEPARTURE LAST
                VALUE   (LST)  VALUE       VALUE  FROM      YEAR
                                                  NORMAL
..................................................................
TEMPERATURE (F)
 YESTERDAY
  MAXIMUM          3    424 PM  31    1932  -1      4        7
  MINIMUM         -2    652 AM -55    1924 -12     10       -9
  AVERAGE          1                        -6      7       -1

PRECIPITATION (IN)
  YESTERDAY        0.00          0.06 1932   0.01  -0.01     0.00
                                      1927
  MONTH TO DATE    0.04                      0.05  -0.01      T
  SINCE DEC 1      0.04                      0.05  -0.01      T
  SINCE JAN 1      8.05                      4.44   3.61     7.14

SNOWFALL (IN)
  YESTERDAY        0.0           2.1  1932   0.1   -0.1      0.0
  MONTH TO DATE    0.2                       1.3   -1.1       T
  SINCE DEC 1      0.2                       1.3   -1.1       T
  SINCE JUL 1     16.9                      21.6   -4.7     13.1
  SNOW DEPTH       5

DEGREE DAYS
 HEATING
  YESTERDAY       64                        71     -7       66
  MONTH TO DATE  609                       705    -96      743
  SINCE DEC 1    609                       705    -96      743
  SINCE JUL 1   5537                      6657  -1120     5698

 COOLING
  YESTERDAY        0                         0      0        0
  MONTH TO DATE    0                         0      0        0
  SINCE DEC 1      0                         0      0        0
  SINCE JAN 1      0                         0      0        0
..................................................................


WIND (MPH)
  HIGHEST GUST SPEED    37   HIGHEST GUST DIRECTION    NE (40)


SKY COVER
  AVERAGE SKY COVER 0.8


WEATHER CONDITIONS
 THE FOLLOWING WEATHER WAS RECORDED YESTERDAY.
  FOG
  HAZE
  BLOWING SNOW


RELATIVE HUMIDITY (PERCENT)
 HIGHEST    91
 LOWEST     72
 AVERAGE    82

..........................................................


THE BARROW AK CLIMATE NORMALS FOR TODAY
                         NORMAL    RECORD    YEAR
 MAXIMUM TEMPERATURE (F)   -1        29      1972
                                             1932
 MINIMUM TEMPERATURE (F)  -13       -49      1924


SUNRISE AND SUNSET
DECEMBER 11 2017......SUN BELOW VISIBLE HORIZON.
DECEMBER 12 2017......SUN BELOW VISIBLE HORIZON.

-  INDICATES NEGATIVE NUMBERS.
R  INDICATES RECORD WAS SET OR TIED.
MM INDICATES DATA IS MISSING.
T  INDICATES TRACE AMOUNT.

&&

SNOW DEPTH IS MEASURED AT 3AM AKST/4AM AKDT.

----------------------------
AVAILABLE DAYLIGHT

AMOUNT OF DAYLIGHT TODAY  (HOUR:MIN)........0:00
GAIN/LOSS SINCE YESTERDAY (HOUR:MIN:SEC)....+0:00:00

$$
DEC 17
