000
CDAK49 PABR 280959
CLIBRW

CLIMATE REPORT
NATIONAL WEATHER SERVICE BARROW, AK
1259 AM AKST WED JAN 28 2015

...................................
...THE BARROW WSO AP CLIMATE SUMMARY FOR JANUARY 27 2015...

CLIMATE NORMAL PERIOD  1981 TO  2010
CLIMATE RECORD PERIOD  1915 TO  2015

WEATHER ITEM   OBSERVED TIME    RECORD YEAR NORMAL DEPARTURE LAST
               VALUE    (LST)   VALUE       VALUE  FROM      YEAR
                                                   NORMAL
...................................................................
TEMPERATURE
YESTERDAY
 MAXIMUM            -9  1017 AM    29  1963     -8      -1      7
 MINIMUM           -17  1201 AM   -48  1993    -20       3      2
 AVERAGE           -13                         -14       1      5

PRECIPITATION
(INCHES)
 YESTERDAY        0.00           0.20  1929   0.00    0.00      T
 MONTH TO DATE    0.22                        0.11    0.11   0.18
 SINCE DEC 1      0.42                        0.25    0.17   1.35
 SINCE JAN 1      0.22                        0.11    0.11   0.18

SNOWFALL
(INCHES)
 YESTERDAY         0.0            1.2  1929    0.1    -0.1    0.1
 MONTH TO DATE     4.2                         2.3     1.9    3.4
 SINCE DEC 1       7.2                         5.8     1.4   16.5
 SINCE JUL 1      38.3                        26.1    12.2   40.4
 SNOW DEPTH (IN)     7                                          8

DEGREE DAYS
 HEATING
  YESTERDAY         78                          79      -1     60
  MONTH TO DATE   2042                        2113     -71   1984
  SINCE DEC 1     4245                        4370    -125   4057
  SINCE JUL 1     9847                       10320    -473   9456

 COOLING
  YESTERDAY          0                           0       0      0
  MONTH TO DATE      0                           0       0      0
  SINCE DEC 1        0                           0       0      0
  SINCE JAN 1        0                           0       0      0
...................................................................

WIND (MPH)
 HIGHEST WIND SPEED    23     HIGHEST WIND DIRECTION    280
 HIGHEST GUST SPEED    28     HIGHEST GUST DIRECTION    270
 AVERAGE WIND SPEED  16.0

WEATHER CONDITIONS
 THE FOLLOWING WEATHER WAS RECORDED YESTERDAY.
  NO SIGNIFICANT WEATHER WAS OBSERVED.

RELATIVE HUMIDITY
 HIGHEST RH     86 PERCENT   AT  1153 PM AST
 LOWEST  RH     74 PERCENT   AT  1053 PM AST
 AVERAGE RH     78 PERCENT
...................................................................

THE BARROW CLIMATE NORMALS FOR TODAY
                           NORMAL    RECORD   YEAR
 MAXIMUM TEMPERATURE (F)     -8        34     1963
 MINIMUM TEMPERATURE (F)    -20       -45     1989

SUNRISE AND SUNSET
 JAN 28 2015..........SUNRISE 12:07 PM      SUNSET  3:15 PM
 JAN 29 2015..........SUNRISE 11:59 AM      SUNSET  3:24 PM

-  INDICATES NEGATIVE NUMBERS.
R  INDICATES RECORD HAS BEEN SET OR TIED.
MM INDICATES DATA IS MISSING.
T  INDICATES TRACE OF PRECIPITATION.

&&
-------------------------------------------------------------------

AMOUNT OF DAYLIGHT TODAY  (HOUR:MIN)........3 HOURS 8 MINUTES
GAIN/LOSS SINCE YESTERDAY (HOUR:MIN:SEC)....+0:17:57

$$
RFL JAN 15
