774
CDAK49 PAFG 200054
CLIBRW

CLIMATE REPORT
NATIONAL WEATHER SERVICE FAIRBANKS AK
354 PM AKST MON FEB 19 2018


...................................

...THE BARROW AK CLIMATE SUMMARY FOR FEBRUARY 19 2018...
VALID TODAY AS OF 0300 PM LOCAL TIME.

CLIMATE NORMAL PERIOD 1981 TO 2010
CLIMATE RECORD PERIOD 1920 TO 2018


WEATHER ITEM   OBSERVED TIME   RECORD YEAR NORMAL DEPARTURE LAST
                VALUE   (LST)  VALUE       VALUE  FROM      YEAR
                                                  NORMAL
..................................................................
TEMPERATURE (F)
 TODAY
  MAXIMUM         28    148 AM  30    2006  -8     36       -5
  MINIMUM          9    129 PM -54    1964 -20     29      -15
  AVERAGE         19                       -14     33      -10

PRECIPITATION (IN)
  TODAY           MM             0.15 2010   0.01  MM        0.03
  MONTH TO DATE    0.29                      0.10   0.19     0.08
  SINCE DEC 1      0.74                      0.37   0.37     0.85
  SINCE JAN 1      0.36                      0.23   0.13     0.55

SNOWFALL (IN)
  TODAY           MM             3.0  2010   0.1   MM        0.3
  MONTH TO DATE    2.6                       1.8    0.8      1.4
  SINCE DEC 1     10.0                       7.9    2.1     10.3
  SINCE JUL 1     26.7                      28.2   -1.5     23.4
  SNOW DEPTH       9

DEGREE DAYS
 HEATING
  TODAY           46                        79    -33       75
  MONTH TO DATE 1121                      1501   -380     1295
  SINCE DEC 1   5096                      6188  -1092     5315
  SINCE JUL 1  10024                     12140  -2116    10270

 COOLING
  TODAY            0                         0      0        0
  MONTH TO DATE    0                         0      0        0
  SINCE DEC 1      0                         0      0        0
  SINCE JAN 1      0                         0      0        0
..................................................................


WIND (MPH)
  HIGHEST GUST SPEED    21   HIGHEST GUST DIRECTION     S (200)


SKY COVER
  AVERAGE SKY COVER 0.4


WEATHER CONDITIONS
 THE FOLLOWING WEATHER WAS RECORDED TODAY.
  LIGHT SNOW
  FOG


RELATIVE HUMIDITY (PERCENT)
 HIGHEST   100
 LOWEST     84
 AVERAGE    92

..........................................................


THE BARROW AK CLIMATE NORMALS FOR TOMORROW
                         NORMAL    RECORD    YEAR
 MAXIMUM TEMPERATURE (F)   -8        24      1944
 MINIMUM TEMPERATURE (F)  -20       -53      1951


SUNRISE AND SUNSET
FEBRUARY 19 2018......SUNRISE   950 AM AKST  SUNSET   534 PM AKST
FEBRUARY 20 2018......SUNRISE   945 AM AKST  SUNSET   539 PM AKST

-  INDICATES NEGATIVE NUMBERS.
R  INDICATES RECORD WAS SET OR TIED.
MM INDICATES DATA IS MISSING.
T  INDICATES TRACE AMOUNT.

&&

SNOW DEPTH IS MEASURED AT 3AM AKST/4AM AKDT.

----------------------------
AVAILABLE DAYLIGHT

AMOUNT OF DAYLIGHT TODAY  (HOUR:MIN)........7:44
GAIN/LOSS SINCE YESTERDAY (HOUR:MIN:SEC)....+0:10:21

$$
FEB 18
