492
CDAK49 PAFG 250947
CLIBRW

CLIMATE REPORT
NATIONAL WEATHER SERVICE FAIRBANKS AK
147 AM AKDT SAT MAR 25 2017


...................................

...THE BARROW AK CLIMATE SUMMARY FOR MARCH 24 2017...

CLIMATE NORMAL PERIOD 1981 TO 2010
CLIMATE RECORD PERIOD 1920 TO 2017


WEATHER ITEM   OBSERVED TIME   RECORD YEAR NORMAL DEPARTURE LAST
                VALUE   (LST)  VALUE       VALUE  FROM      YEAR
                                                  NORMAL
..................................................................
TEMPERATURE (F)
 YESTERDAY
  MAXIMUM         10    532 PM  18    2002  -5     15       MM
  MINIMUM         -5    332 AM -51    1925 -18     13       MM
  AVERAGE          3                       -11     14       MM

PRECIPITATION (IN)
  YESTERDAY        T             0.06 1947   0.01  -0.01     0.07
  MONTH TO DATE    0.30                      0.07   0.23     0.11
  SINCE MAR 1      0.30                      0.07   0.23     0.11
  SINCE JAN 1      1.17                      0.34   0.83     3.17

SNOWFALL (IN)
  YESTERDAY        T             0.7  1993   0.1   -0.1     MM
  MONTH TO DATE    2.4                       1.6    0.8      0.2
  SINCE MAR 1      2.4                       1.6    0.8      0.2
  SINCE JUL 1     29.3                      30.6   -1.3      9.0
  SNOW DEPTH       9

DEGREE DAYS
 HEATING
  YESTERDAY       62                        76    -14       MM
  MONTH TO DATE 1722                      1882   -160     1495
  SINCE MAR 1   1722                      1882   -160     1495
  SINCE JUL 1  12684                     14739  -2055    12891

 COOLING
  YESTERDAY        0                         0      0       MM
  MONTH TO DATE    0                         0      0        0
  SINCE MAR 1      0                         0      0        0
  SINCE JAN 1      0                         0      0        0
..................................................................


WIND (MPH)
  HIGHEST GUST SPEED    27   HIGHEST GUST DIRECTION    NW (300)


SKY COVER
  AVERAGE SKY COVER 0.6


WEATHER CONDITIONS
 THE FOLLOWING WEATHER WAS RECORDED YESTERDAY.
  LIGHT SNOW
  HAZE
  BLOWING SNOW


RELATIVE HUMIDITY (PERCENT)
 HIGHEST    87
 LOWEST     73
 AVERAGE    80

..........................................................


THE BARROW AK CLIMATE NORMALS FOR TODAY
                         NORMAL    RECORD    YEAR
 MAXIMUM TEMPERATURE (F)   -4        30      1996
 MINIMUM TEMPERATURE (F)  -18       -50      1925


SUNRISE AND SUNSET
MARCH 25 2017.........SUNRISE   759 AM AKDT  SUNSET   911 PM AKDT
MARCH 26 2017.........SUNRISE   754 AM AKDT  SUNSET   915 PM AKDT

-  INDICATES NEGATIVE NUMBERS.
R  INDICATES RECORD WAS SET OR TIED.
MM INDICATES DATA IS MISSING.
T  INDICATES TRACE AMOUNT.

&&

SNOW DEPTH IS MEASURED AT 3AM AKST/4AM AKDT.

----------------------------
AVAILABLE DAYLIGHT

AMOUNT OF DAYLIGHT TODAY  (HOUR:MIN)........13:12
GAIN/LOSS SINCE YESTERDAY (HOUR:MIN:SEC)....+0:09:23

$$
MAR 17
