000
CDAK49 PABR 202329
CLIBRW

CLIMATE REPORT
NATIONAL WEATHER SERVICE BARROW, AK
329 PM AKDT WED AUG 20 2014

...................................
...THE BARROW WSO AP CLIMATE SUMMARY FOR AUGUST 20 2014...
VALID TODAY AS OF 300 PM LOCAL TIME

CLIMATE NORMAL PERIOD  1981 TO  2010
CLIMATE RECORD PERIOD  1915 TO  2014

WEATHER ITEM   OBSERVED TIME    RECORD YEAR NORMAL DEPARTURE LAST
               VALUE    (LST)   VALUE       VALUE  FROM      YEAR
                                                   NORMAL
...................................................................
TEMPERATURE
TODAY
 MAXIMUM            47   159 PM    65  1965     43       4     34
 MINIMUM            36   552 AM    25  1981     34       2     30
 AVERAGE            42                          39       3     32

PRECIPITATION
(INCHES)
 TODAY            0.01           0.48  1955   0.04   -0.03   0.02
 MONTH TO DATE    0.02                        0.69   -0.67   1.27
 SINCE JUN 1      2.50                        1.99    0.51   3.72
 SINCE JAN 1      4.12                        2.69    1.43   4.94

SNOWFALL
(INCHES)
 TODAY             0.0            0.4  1938    0.0     0.0    0.3
 MONTH TO DATE       T                         0.4    -0.4    0.3
 SINCE JUN 1       1.8                         1.3     0.5    0.6
 SINCE JUL 1       0.9                         0.6     0.3    0.3
 SNOW DEPTH (IN)     0                                          0

DEGREE DAYS
 HEATING
  TODAY             23                          26      -3     33
  MONTH TO DATE    560                         507      53    465
  SINCE JUN 1     2321                        2134     187   1872
  SINCE JUL 1     1388                        1254     134   1094

 COOLING
  TODAY              0                           0       0      0
  MONTH TO DATE      0                           0       0      0
  SINCE JUN 1        0                           0       0      0
  SINCE JAN 1        0                           0       0      0
...................................................................

WIND (MPH)
 HIGHEST WIND SPEED    12     HIGHEST WIND DIRECTION    160
 HIGHEST GUST SPEED    14     HIGHEST GUST DIRECTION    160
 AVERAGE WIND SPEED    MM

SKY COVER
  POSSIBLE SUNSHINE  MM            AVERAGE SKY COVER MM

WEATHER CONDITIONS
 THE FOLLOWING WEATHER WAS RECORDED TODAY.
FOG
RAIN


RELATIVE HUMIDITY
 HIGHEST RH     MM PERCENT       MM
 LOWEST  RH     MM PERCENT       MM
 AVERAGE RH     MM PERCENT       MM
...................................................................

THE BARROW CLIMATE NORMALS FOR TOMORROW
                        NORMAL    RECORD   YEAR
 MAXIMUM TEMPERATURE      43        65     1940
 MINIMUM TEMPERATURE      34        22     1960

SUNRISE AND SUNSET
 AUG 20 2014..........SUNRISE  536 AM      SUNSET 1122 PM
 AUG 21 2014..........SUNRISE  541 AM      SUNSET 1116 PM

-  INDICATES NEGATIVE NUMBERS.
R  INDICATES RECORD HAS BEEN SET OR TIED.
MM INDICATES DATA IS MISSING.
T  INDICATES TRACE OF PRECIPITATION.

&&
-------------------------------------------------------------------

AMOUNT OF DAYLIGHT TODAY  (HOUR:MIN)........17 HOURS 46 MINUTES
GAIN/LOSS SINCE YESTERDAY (HOUR:MIN:SEC)....-0:11:24

$$
DPA AUG 14
