000
CDAK49 PABR 230202
CLIBRW

CLIMATE REPORT
NATIONAL WEATHER SERVICE BARROW, AK
502 PM AKST MON DEC 22 2014

...................................
...THE BARROW WSO AP CLIMATE SUMMARY FOR DECEMBER 22 2014...
VALID TODAY AS OF 2:00 PM LOCAL TIME

CLIMATE NORMAL PERIOD  1981 TO  2010
CLIMATE RECORD PERIOD  1915 TO  2014

WEATHER ITEM   OBSERVED TIME    RECORD YEAR NORMAL DEPARTURE LAST
               VALUE    (LST)   VALUE       VALUE  FROM      YEAR
                                                   NORMAL
...................................................................
TEMPERATURE
TODAY
 MAXIMUM             5  0501 PM    32  1998     -3       8     -1
 MINIMUM            -4  0228 PM   -45  1923    -15      11    -17
 AVERAGE             1                          -9      10     -9

PRECIPITATION
(INCHES)
 TODAY               T           0.20  1937   0.00       T   0.00
 MONTH TO DATE    0.06                        0.10   -0.04   1.16
 SINCE DEC 1      0.06                        0.10   -0.04   1.16
 SINCE JAN 1      7.28                        4.49    2.79   8.38

SNOWFALL
(INCHES)
 TODAY             0.1            1.3  1937    0.1     0.0    0.0
 MONTH TO DATE     1.4                         2.6    -1.2   13.0
 SINCE DEC 1       1.4                         2.6    -1.2   13.0
 SINCE JUL 1      32.5                        22.9     9.6   36.9
 SNOW DEPTH (IN)     4                                          8

DEGREE DAYS
 HEATING
  TODAY             64                          74     -10     74
  MONTH TO DATE   1621                        1580      41   1398
  SINCE DEC 1     1609                        1580      29   1390
  SINCE JUL 1     7211                        7530    -319   6771

 COOLING
  TODAY              0                           0       0      0
  MONTH TO DATE      0                           0       0      0
  SINCE DEC 1        0                           0       0      0
  SINCE JAN 1        0                           0       0      0
...................................................................

WIND (MPH)
 HIGHEST WIND SPEED    20     HIGHEST WIND DIRECTION    200
 HIGHEST GUST SPEED    23     HIGHEST GUST DIRECTION    200

WEATHER CONDITIONS
 THE FOLLOWING WEATHER WAS RECORDED TODAY.
  FOG
  SNOW

RELATIVE HUMIDITY
 HIGHEST RH     91 PERCENT       153 PM
 LOWEST  RH     79 PERCENT       453 PM
 AVERAGE RH     87 PERCENT
...................................................................

THE BARROW CLIMATE NORMALS FOR TOMORROW
                        NORMAL    RECORD   YEAR
 MAXIMUM TEMPERATURE      -3        32     1983
 MINIMUM TEMPERATURE     -16       -47     1923

SUNRISE AND SUNSET
 DEC 22 2014..........SUNRISE  --.--      SUNSET --.--
 DEC 23 2014..........SUNRISE  --.--      SUNSET --.--

-  INDICATES NEGATIVE NUMBERS.
R  INDICATES RECORD HAS BEEN SET OR TIED.
MM INDICATES DATA IS MISSING.
T  INDICATES TRACE OF PRECIPITATION.

&&
-------------------------------------------------------------------

AMOUNT OF DAYLIGHT TODAY  (HOUR:MIN)........0 HOURS 00 MINUTES
GAIN/LOSS SINCE YESTERDAY (HOUR:MIN:SEC)....+0:00:00

$$
GMS DEC 14
