000
CDUS43 KGRR 200512
CLIBTL


CLIMATE REPORT
NATIONAL WEATHER SERVICE GRAND RAPIDS, MI
111 AM EDT WED AUG 20 2014


...................................

...THE BATTLE CREEK MI CLIMATE SUMMARY FOR AUGUST 19 2014...

CLIMATE NORMAL PERIOD 1981 TO 2010
CLIMATE RECORD PERIOD 1998 TO 2014


WEATHER ITEM   OBSERVED TIME   NORMAL DEPARTURE LAST
                VALUE   (LST)  VALUE  FROM      YEAR
                                      NORMAL
......................................................
TEMPERATURE (F)
 YESTERDAY
  MAXIMUM         84   1221 PM  81      3       81
  MINIMUM         64    550 AM  58      6       56
  AVERAGE         74            69      5       69

PRECIPITATION (IN)
  YESTERDAY        0.64          0.11   0.53     0.00
  MONTH TO DATE    1.56          2.15  -0.59     3.13
  SINCE JUN 1     11.34          8.74   2.60    11.77
  SINCE JAN 1     19.30         20.22  -0.92    24.55

DEGREE DAYS
 HEATING
  YESTERDAY        0             1     -1        0
  MONTH TO DATE   11            19     -8       21
  SINCE JUN 1     47            91    -44       80
  SINCE JUL 1     29            34     -5       38

 COOLING
  YESTERDAY        9             5      4        4
  MONTH TO DATE   93           107    -14       47
  SINCE JUN 1    374           430    -56      422
  SINCE JAN 1    426           468    -42      499
......................................................


WIND (MPH)
  RESULTANT WIND SPEED   9   RESULTANT WIND DIRECTION   S (190)
  HIGHEST WIND SPEED    33   HIGHEST WIND DIRECTION     W (270)
  HIGHEST GUST SPEED    41   HIGHEST GUST DIRECTION     W (280)
  AVERAGE WIND SPEED    10.3


SKY COVER
  AVERAGE SKY COVER 0.5


WEATHER CONDITIONS
 THE FOLLOWING WEATHER WAS RECORDED YESTERDAY.
  THUNDERSTORM
  HEAVY RAIN
  LIGHT RAIN
  FOG


RELATIVE HUMIDITY (PERCENT)
 HIGHEST    90           800 PM
 LOWEST     62           200 PM
 AVERAGE    76

..........................................................


THE BATTLE CREEK MI CLIMATE NORMALS FOR TODAY
                         NORMAL
 MAXIMUM TEMPERATURE (F)   81
 MINIMUM TEMPERATURE (F)   58


SUNRISE AND SUNSET
AUGUST 20 2014........SUNRISE   653 AM EDT   SUNSET   834 PM EDT
AUGUST 21 2014........SUNRISE   655 AM EDT   SUNSET   833 PM EDT


-  INDICATES NEGATIVE NUMBERS.
R  INDICATES RECORD WAS SET OR TIED.
MM INDICATES DATA IS MISSING.
T  INDICATES TRACE AMOUNT.




$$
