000
CDUS43 KGRR 241335
CLIBTL


CLIMATE REPORT
NATIONAL WEATHER SERVICE GRAND RAPIDS, MI
932 AM EDT WED AUG 24 2016


...................................

...THE BATTLE CREEK MI CLIMATE SUMMARY FOR AUGUST 24 2016...
VALID AS OF 0900 AM LOCAL TIME.

CLIMATE NORMAL PERIOD 1981 TO 2010
CLIMATE RECORD PERIOD 1998 TO 2016


WEATHER ITEM   OBSERVED TIME   NORMAL DEPARTURE LAST
                VALUE   (LST)  VALUE  FROM      YEAR
                                      NORMAL
......................................................
TEMPERATURE (F)
 TODAY
  MAXIMUM         68    759 AM  80    -12       73
  MINIMUM         62    359 AM  57      5       57
  AVERAGE         65            69     -4       65

PRECIPITATION (IN)
  TODAY            0.00          0.10  -0.10     0.00
  MONTH TO DATE    7.47          2.68   4.79     1.90
  SINCE JUN 1     13.01          9.27   3.74    14.68
  SINCE JAN 1     22.85         20.75   2.10    22.93

DEGREE DAYS
 HEATING
  TODAY            0             1     -1        0
  MONTH TO DATE    3            24    -21        1
  SINCE JUN 1     42            96    -54       31
  SINCE JUL 1      8            39    -31        8

 COOLING
  TODAY            0             5     -5        0
  MONTH TO DATE  154           132     22      146
  SINCE JUN 1    509           455     54      490
  SINCE JAN 1    564           493     71      563
......................................................


WIND (MPH)
  RESULTANT WIND SPEED   9   RESULTANT WIND DIRECTION   S (180)
  HIGHEST WIND SPEED    14   HIGHEST WIND DIRECTION     S (180)
  HIGHEST GUST SPEED    18   HIGHEST GUST DIRECTION     S (170)
  AVERAGE WIND SPEED     9.5


SKY COVER
  AVERAGE SKY COVER 0.4


WEATHER CONDITIONS
 THE FOLLOWING WEATHER WAS RECORDED TODAY.
  NO SIGNIFICANT WEATHER WAS OBSERVED.


RELATIVE HUMIDITY (PERCENT)
 HIGHEST    93           100 AM
 LOWEST     87          1200 AM
 AVERAGE    90

..........................................................


THE BATTLE CREEK MI CLIMATE NORMALS FOR TOMORROW
                         NORMAL
 MAXIMUM TEMPERATURE (F)   80
 MINIMUM TEMPERATURE (F)   57


SUNRISE AND SUNSET
AUGUST 24 2016........SUNRISE   658 AM EDT   SUNSET   827 PM EDT
AUGUST 25 2016........SUNRISE   659 AM EDT   SUNSET   826 PM EDT


-  INDICATES NEGATIVE NUMBERS.
R  INDICATES RECORD WAS SET OR TIED.
MM INDICATES DATA IS MISSING.
T  INDICATES TRACE AMOUNT.




$$

63
