000
CDUS43 KGRR 172125
CLIBTL


CLIMATE REPORT
NATIONAL WEATHER SERVICE GRAND RAPIDS, MI
524 PM EDT WED SEP 17 2014


...................................

...THE BATTLE CREEK MI CLIMATE SUMMARY FOR SEPTEMBER 17 2014...
VALID TODAY AS OF 0500 PM LOCAL TIME.

CLIMATE NORMAL PERIOD 1981 TO 2010
CLIMATE RECORD PERIOD 1998 TO 2014


WEATHER ITEM   OBSERVED TIME   RECORD YEAR NORMAL DEPARTURE LAST
                VALUE   (LST)  VALUE       VALUE  FROM      YEAR
                                                  NORMAL
..................................................................
TEMPERATURE (F)
 TODAY
  MAXIMUM         67    341 PM  MM      MM  73     -6       68
  MINIMUM         40    635 AM  MM      MM  49     -9       39
  AVERAGE         54                        61     -7       54

PRECIPITATION (IN)
  TODAY            0.00         MM      MM   0.12  -0.12     0.00
  MONTH TO DATE    2.07                      2.03   0.04     1.32
  SINCE SEP 1      2.07                      2.03   0.04     1.32
  SINCE JAN 1     22.01                     23.57  -1.56    27.49

DEGREE DAYS
 HEATING
  TODAY           11                         5      6       11
  MONTH TO DATE   79                        55     24       61
  SINCE SEP 1     79                        55     24       61
  SINCE JUL 1    108                        96     12       99

 COOLING
  TODAY            0                         1     -1        0
  MONTH TO DATE   54                        43     11       64
  SINCE SEP 1     54                        43     11       64
  SINCE JAN 1    591                       561     30      669
..................................................................


WIND (MPH)
  RESULTANT WIND SPEED   2   RESULTANT WIND DIRECTION   W (250)
  HIGHEST WIND SPEED    12   HIGHEST WIND DIRECTION     W (280)
  HIGHEST GUST SPEED    19   HIGHEST GUST DIRECTION     W (270)
  AVERAGE WIND SPEED     3.0



WEATHER CONDITIONS
 THE FOLLOWING WEATHER WAS RECORDED TODAY.
  NO SIGNIFICANT WEATHER WAS OBSERVED.


RELATIVE HUMIDITY (PERCENT)
 HIGHEST    93           700 AM
 LOWEST     45           300 PM
 AVERAGE    69

..........................................................




SUNRISE AND SUNSET
SEPTEMBER 17 2014.....SUNRISE   723 AM EDT   SUNSET   747 PM EDT
SEPTEMBER 18 2014.....SUNRISE   724 AM EDT   SUNSET   745 PM EDT


-  INDICATES NEGATIVE NUMBERS.
R  INDICATES RECORD WAS SET OR TIED.
MM INDICATES DATA IS MISSING.
T  INDICATES TRACE AMOUNT.




$$
