000
CDUS43 KGRR 270536
CLIBTL


CLIMATE REPORT
NATIONAL WEATHER SERVICE GRAND RAPIDS, MI
136 AM EDT FRI MAY 27 2016


...................................

...THE BATTLE CREEK MI CLIMATE SUMMARY FOR MAY 26 2016...

CLIMATE NORMAL PERIOD 1981 TO 2010
CLIMATE RECORD PERIOD 1998 TO 2016


WEATHER ITEM   OBSERVED TIME   NORMAL DEPARTURE LAST
                VALUE   (LST)  VALUE  FROM      YEAR
                                      NORMAL
......................................................
TEMPERATURE (F)
 YESTERDAY
  MAXIMUM         83    446 PM  73     10       86
  MINIMUM         62    532 AM  49     13       65
  AVERAGE         73            61     12       76

PRECIPITATION (IN)
  YESTERDAY        0.52          0.13   0.39     0.54
  MONTH TO DATE    2.79          3.15  -0.36     3.15
  SINCE MAR 1      8.23          7.86   0.37     5.22
  SINCE JAN 1      9.83         10.86  -1.03     6.23

DEGREE DAYS
 HEATING
  YESTERDAY        0             6     -6        0
  MONTH TO DATE  241           222     19      131
  SINCE MAR 1   1500          1646   -146     1567
  SINCE JUL 1   5415          6611  -1196     6772

 COOLING
  YESTERDAY        8             2      6       11
  MONTH TO DATE   17            22     -5       60
  SINCE MAR 1     19            29    -10       60
  SINCE JAN 1     19            29    -10       60
......................................................


WIND (MPH)
  RESULTANT WIND SPEED   9   RESULTANT WIND DIRECTION  SW (210)
  HIGHEST WIND SPEED    21   HIGHEST WIND DIRECTION     W (290)
  HIGHEST GUST SPEED    25   HIGHEST GUST DIRECTION     W (290)
  AVERAGE WIND SPEED     9.1


SKY COVER
  AVERAGE SKY COVER 0.3


WEATHER CONDITIONS
 THE FOLLOWING WEATHER WAS RECORDED YESTERDAY.
  HEAVY RAIN
  RAIN
  LIGHT RAIN
  FOG


RELATIVE HUMIDITY (PERCENT)
 HIGHEST    93           100 AM
 LOWEST     47           500 PM
 AVERAGE    70

..........................................................


THE BATTLE CREEK MI CLIMATE NORMALS FOR TODAY
                         NORMAL
 MAXIMUM TEMPERATURE (F)   74
 MINIMUM TEMPERATURE (F)   49


SUNRISE AND SUNSET
MAY 27 2016...........SUNRISE   609 AM EDT   SUNSET   907 PM EDT
MAY 28 2016...........SUNRISE   609 AM EDT   SUNSET   908 PM EDT


-  INDICATES NEGATIVE NUMBERS.
R  INDICATES RECORD WAS SET OR TIED.
MM INDICATES DATA IS MISSING.
T  INDICATES TRACE AMOUNT.




$$
