000
CDUS43 KGRR 221443
CLIBTL


CLIMATE REPORT
NATIONAL WEATHER SERVICE GRAND RAPIDS, MI
942 AM EST SAT NOV 22 2014


...................................

...THE BATTLE CREEK MI CLIMATE SUMMARY FOR NOVEMBER 22 2014...
VALID AS OF 0900 AM LOCAL TIME.

CLIMATE NORMAL PERIOD 1981 TO 2010
CLIMATE RECORD PERIOD 1998 TO 2014


WEATHER ITEM   OBSERVED TIME   RECORD YEAR NORMAL DEPARTURE LAST
                VALUE   (LST)  VALUE       VALUE  FROM      YEAR
                                                  NORMAL
..................................................................
TEMPERATURE (F)
 TODAY
  MAXIMUM         36    859 AM  MM      MM  45     -9       45
  MINIMUM         25   1230 AM  MM      MM  28     -3       24
  AVERAGE         31                        36     -5       35

PRECIPITATION (IN)
  TODAY            0.05         MM      MM   0.09  -0.04     0.01
  MONTH TO DATE    0.47                      2.14  -1.67     1.90
  SINCE SEP 1      6.48                      8.93  -2.45     7.63
  SINCE JAN 1     26.42                     30.47  -4.05    33.80

DEGREE DAYS
 HEATING
  TODAY           34                        29      5       30
  MONTH TO DATE  674                       530    144      515
  SINCE SEP 1   1257                      1151    106     1047

 COOLING
  TODAY            0                         0      0        0
  MONTH TO DATE    0                         0      0        0
  SINCE SEP 1     56                        60     -4       84
..................................................................


WIND (MPH)
  HIGHEST WIND SPEED    20   HIGHEST WIND DIRECTION     S (200)
  HIGHEST GUST SPEED    25   HIGHEST GUST DIRECTION    SW (210)



WEATHER CONDITIONS
 THE FOLLOWING WEATHER WAS RECORDED TODAY.
  RAIN
  LIGHT RAIN
  LT FREEZING RAIN
  FOG


..........................................................




SUNRISE AND SUNSET
NOVEMBER 22 2014......SUNRISE   740 AM EST   SUNSET   514 PM EST
NOVEMBER 23 2014......SUNRISE   741 AM EST   SUNSET   513 PM EST


-  INDICATES NEGATIVE NUMBERS.
R  INDICATES RECORD WAS SET OR TIED.
MM INDICATES DATA IS MISSING.
T  INDICATES TRACE AMOUNT.




$$

CAS
