000
CDUS43 KGRR 300522
CLIBTL


CLIMATE REPORT
NATIONAL WEATHER SERVICE GRAND RAPIDS, MI
122 AM EDT FRI SEP 30 2016


...................................

...THE BATTLE CREEK MI CLIMATE SUMMARY FOR SEPTEMBER 29 2016...

CLIMATE NORMAL PERIOD 1981 TO 2010
CLIMATE RECORD PERIOD 1998 TO 2016


WEATHER ITEM   OBSERVED TIME   NORMAL DEPARTURE LAST
                VALUE   (LST)  VALUE  FROM      YEAR
                                      NORMAL
......................................................
TEMPERATURE (F)
 YESTERDAY
  MAXIMUM         65   1234 PM  68     -3       69
  MINIMUM         56    349 AM  45     11       51
  AVERAGE         61            56      5       60

PRECIPITATION (IN)
  YESTERDAY       MM             0.11  MM        0.06
  MONTH TO DATE    1.97          3.54  -1.57     2.71
  SINCE SEP 1      1.97          3.54  -1.57     2.71
  SINCE JAN 1     25.43         25.08   0.35    25.93

DEGREE DAYS
 HEATING
  YESTERDAY        4            10     -6        5
  MONTH TO DATE   39           146   -107       48
  SINCE SEP 1     39           146   -107       48
  SINCE JUL 1     47           187   -140       70

 COOLING
  YESTERDAY        0             1     -1        0
  MONTH TO DATE   92            55     37      142
  SINCE SEP 1     92            55     37      142
  SINCE JAN 1    708           573    135      720
......................................................


WIND (MPH)
  RESULTANT WIND SPEED  11   RESULTANT WIND DIRECTION  NE (40)
  HIGHEST WIND SPEED    18   HIGHEST WIND DIRECTION    NE (50)
  HIGHEST GUST SPEED    27   HIGHEST GUST DIRECTION    NE (50)
  AVERAGE WIND SPEED    11.7


SKY COVER
  AVERAGE SKY COVER 1.0


WEATHER CONDITIONS
 THE FOLLOWING WEATHER WAS RECORDED YESTERDAY.
  HEAVY RAIN
  RAIN
  LIGHT RAIN
  FOG


RELATIVE HUMIDITY (PERCENT)
 HIGHEST   100           300 AM
 LOWEST     84           100 PM
 AVERAGE    92

..........................................................


THE BATTLE CREEK MI CLIMATE NORMALS FOR TODAY
                         NORMAL
 MAXIMUM TEMPERATURE (F)   67
 MINIMUM TEMPERATURE (F)   44


SUNRISE AND SUNSET
SEPTEMBER 30 2016.....SUNRISE   737 AM EDT   SUNSET   723 PM EDT
OCTOBER  1 2016.......SUNRISE   738 AM EDT   SUNSET   722 PM EDT


-  INDICATES NEGATIVE NUMBERS.
R  INDICATES RECORD WAS SET OR TIED.
MM INDICATES DATA IS MISSING.
T  INDICATES TRACE AMOUNT.




$$
