000
CDUS43 KGRR 260520
CLIBTL


CLIMATE REPORT
NATIONAL WEATHER SERVICE GRAND RAPIDS, MI
120 AM EDT SUN MAR 26 2017


...................................

...THE BATTLE CREEK MI CLIMATE SUMMARY FOR MARCH 25 2017...

CLIMATE NORMAL PERIOD 1981 TO 2010
CLIMATE RECORD PERIOD 1998 TO 2017


WEATHER ITEM   OBSERVED TIME   NORMAL DEPARTURE LAST
                VALUE   (LST)  VALUE  FROM      YEAR
                                      NORMAL
......................................................
TEMPERATURE (F)
 YESTERDAY
  MAXIMUM         46    834 PM  50     -4       46
  MINIMUM         40   1106 AM  28     12       27
  AVERAGE         43            39      4       37

PRECIPITATION (IN)
  YESTERDAY        0.44          0.07   0.37      T
  MONTH TO DATE    1.99          1.46   0.53     1.79
  SINCE MAR 1      1.99          1.46   0.53     1.79
  SINCE JAN 1      7.46          4.46   3.00     3.39

DEGREE DAYS
 HEATING
  YESTERDAY       22            26     -4       28
  MONTH TO DATE  776           765     11      611
  SINCE MAR 1    776           765     11      611
  SINCE JUL 1   4679          5730  -1051     4526

 COOLING
  YESTERDAY        0             0      0        0
  MONTH TO DATE    0             0      0        0
  SINCE MAR 1      0             0      0        0
  SINCE JAN 1      0             0      0        0
......................................................


WIND (MPH)
  RESULTANT WIND SPEED  11   RESULTANT WIND DIRECTION   E (70)
  HIGHEST WIND SPEED    18   HIGHEST WIND DIRECTION     E (80)
  HIGHEST GUST SPEED    24   HIGHEST GUST DIRECTION     E (110)
  AVERAGE WIND SPEED    10.6


SKY COVER
  AVERAGE SKY COVER 1.0


WEATHER CONDITIONS
 THE FOLLOWING WEATHER WAS RECORDED YESTERDAY.
  THUNDERSTORM
  HEAVY RAIN
  RAIN
  LIGHT RAIN
  FOG


RELATIVE HUMIDITY (PERCENT)
 HIGHEST   100          1100 AM
 LOWEST     86           500 PM
 AVERAGE    93

..........................................................


THE BATTLE CREEK MI CLIMATE NORMALS FOR TODAY
                         NORMAL
 MAXIMUM TEMPERATURE (F)   51
 MINIMUM TEMPERATURE (F)   29


SUNRISE AND SUNSET
MARCH 26 2017.........SUNRISE   733 AM EDT   SUNSET   800 PM EDT
MARCH 27 2017.........SUNRISE   732 AM EDT   SUNSET   801 PM EDT


-  INDICATES NEGATIVE NUMBERS.
R  INDICATES RECORD WAS SET OR TIED.
MM INDICATES DATA IS MISSING.
T  INDICATES TRACE AMOUNT.




$$
