000
CDUS43 KGRR 050512
CLIBTL


CLIMATE REPORT
NATIONAL WEATHER SERVICE GRAND RAPIDS, MI
112 AM EDT SAT SEP 5 2015


...................................

...THE BATTLE CREEK MI CLIMATE SUMMARY FOR SEPTEMBER 4 2015...

CLIMATE NORMAL PERIOD 1981 TO 2010
CLIMATE RECORD PERIOD 1998 TO 2015


WEATHER ITEM   OBSERVED TIME   NORMAL DEPARTURE LAST
                VALUE   (LST)  VALUE  FROM      YEAR
                                      NORMAL
......................................................
TEMPERATURE (F)
 YESTERDAY
  MAXIMUM         82    149 PM  78      4       85
  MINIMUM         68   1159 PM  54     14       65
  AVERAGE         75            66      9       75

PRECIPITATION (IN)
  YESTERDAY        0.00          0.12  -0.12     0.03
  MONTH TO DATE    0.00          0.47  -0.47     0.93
  SINCE SEP 1      0.00          0.47  -0.47     0.93
  SINCE JAN 1     23.22         22.01   1.21    20.87

DEGREE DAYS
 HEATING
  YESTERDAY        0             2     -2        0
  MONTH TO DATE    0             8     -8        0
  SINCE SEP 1      0             8     -8        0
  SINCE JUL 1     22            49    -27       29

 COOLING
  YESTERDAY       10             3      7       10
  MONTH TO DATE   51            14     37       33
  SINCE SEP 1     51            14     37       33
  SINCE JAN 1    629           532     97      570
......................................................


WIND (MPH)
  RESULTANT WIND SPEED   3   RESULTANT WIND DIRECTION   W (290)
  HIGHEST WIND SPEED    12   HIGHEST WIND DIRECTION     W (260)
  HIGHEST GUST SPEED    15   HIGHEST GUST DIRECTION    SW (220)
  AVERAGE WIND SPEED     4.3


SKY COVER
  AVERAGE SKY COVER 0.5


WEATHER CONDITIONS
 THE FOLLOWING WEATHER WAS RECORDED YESTERDAY.
  FOG


RELATIVE HUMIDITY (PERCENT)
 HIGHEST    93           300 AM
 LOWEST     58           100 PM
 AVERAGE    76

..........................................................


THE BATTLE CREEK MI CLIMATE NORMALS FOR TODAY
                         NORMAL
 MAXIMUM TEMPERATURE (F)   78
 MINIMUM TEMPERATURE (F)   54


SUNRISE AND SUNSET
SEPTEMBER  5 2015.....SUNRISE   710 AM EDT   SUNSET   808 PM EDT
SEPTEMBER  6 2015.....SUNRISE   711 AM EDT   SUNSET   807 PM EDT


-  INDICATES NEGATIVE NUMBERS.
R  INDICATES RECORD WAS SET OR TIED.
MM INDICATES DATA IS MISSING.
T  INDICATES TRACE AMOUNT.




$$
