000
CDUS43 KGRR 291431
CLIBTL


CLIMATE REPORT
NATIONAL WEATHER SERVICE GRAND RAPIDS, MI
931 AM EST MON DEC 29 2014


...................................

...THE BATTLE CREEK MI CLIMATE SUMMARY FOR DECEMBER 29 2014...
VALID AS OF 0900 AM LOCAL TIME.

CLIMATE NORMAL PERIOD 1981 TO 2010
CLIMATE RECORD PERIOD 1998 TO 2014


WEATHER ITEM   OBSERVED TIME   RECORD YEAR NORMAL DEPARTURE LAST
                VALUE   (LST)  VALUE       VALUE  FROM      YEAR
                                                  NORMAL
..................................................................
TEMPERATURE (F)
 TODAY
  MAXIMUM         31   1229 AM  MM      MM  32     -1       39
  MINIMUM         27    801 AM  MM      MM  17     10       19
  AVERAGE         29                        24      5       29

PRECIPITATION (IN)
  TODAY            0.00         MM      MM   0.06  -0.06      T
  MONTH TO DATE    0.85                      1.87  -1.02     1.11
  SINCE DEC 1      0.85                      1.87  -1.02     1.11
  SINCE JAN 1     29.17                     33.03  -3.86    34.91

DEGREE DAYS
 HEATING
  TODAY           36                        40     -4       36
  MONTH TO DATE  886                      1079   -193     1116
  SINCE DEC 1    886                      1079   -193     1116

 COOLING
  TODAY            0                         0      0        0
  MONTH TO DATE    0                         0      0        0
  SINCE DEC 1      0                         0      0        0
..................................................................


WIND (MPH)
  HIGHEST WIND SPEED     9   HIGHEST WIND DIRECTION     N (350)
  HIGHEST GUST SPEED    10   HIGHEST GUST DIRECTION     N (350)



WEATHER CONDITIONS
 THE FOLLOWING WEATHER WAS RECORDED TODAY.
  NO SIGNIFICANT WEATHER WAS OBSERVED.


..........................................................




SUNRISE AND SUNSET
DECEMBER 29 2014......SUNRISE   809 AM EST   SUNSET   517 PM EST
DECEMBER 30 2014......SUNRISE   810 AM EST   SUNSET   517 PM EST


-  INDICATES NEGATIVE NUMBERS.
R  INDICATES RECORD WAS SET OR TIED.
MM INDICATES DATA IS MISSING.
T  INDICATES TRACE AMOUNT.




$$
