000
CDUS43 KGRR 260522
CLIBTL


CLIMATE REPORT
NATIONAL WEATHER SERVICE GRAND RAPIDS, MI
122 AM EDT WED APR 26 2017


...................................

...THE BATTLE CREEK MI CLIMATE SUMMARY FOR APRIL 25 2017...

CLIMATE NORMAL PERIOD 1981 TO 2010
CLIMATE RECORD PERIOD 1998 TO 2017


WEATHER ITEM   OBSERVED TIME   NORMAL DEPARTURE LAST
                VALUE   (LST)  VALUE  FROM      YEAR
                                      NORMAL
......................................................
TEMPERATURE (F)
 YESTERDAY
  MAXIMUM         73    521 PM  64      9       78
  MINIMUM         52    326 AM  39     13       51
  AVERAGE         63            52     11       65

PRECIPITATION (IN)
  YESTERDAY        0.00          0.10  -0.10     0.14
  MONTH TO DATE    2.60          2.32   0.28     1.84
  SINCE MAR 1      6.33          4.23   2.10     4.78
  SINCE JAN 1     11.80          7.23   4.57     6.38

DEGREE DAYS
 HEATING
  YESTERDAY        2            14    -12        0
  MONTH TO DATE  314           450   -136      451
  SINCE MAR 1   1219          1360   -141     1178
  SINCE JUL 1   5122          6325  -1203     5093

 COOLING
  YESTERDAY        0             0      0        0
  MONTH TO DATE    3             0      3        2
  SINCE MAR 1      3             0      3        2
  SINCE JAN 1      3             0      3        2
......................................................


WIND (MPH)
  RESULTANT WIND SPEED   9   RESULTANT WIND DIRECTION  SE (150)
  HIGHEST WIND SPEED    17   HIGHEST WIND DIRECTION    SE (150)
  HIGHEST GUST SPEED    22   HIGHEST GUST DIRECTION     S (160)
  AVERAGE WIND SPEED     9.5


SKY COVER
  AVERAGE SKY COVER 0.3


WEATHER CONDITIONS
 THE FOLLOWING WEATHER WAS RECORDED YESTERDAY.
  NO SIGNIFICANT WEATHER WAS OBSERVED.


RELATIVE HUMIDITY (PERCENT)
 HIGHEST    77           300 AM
 LOWEST     51          1200 AM
 AVERAGE    64

..........................................................


THE BATTLE CREEK MI CLIMATE NORMALS FOR TODAY
                         NORMAL
 MAXIMUM TEMPERATURE (F)   64
 MINIMUM TEMPERATURE (F)   40


SUNRISE AND SUNSET
APRIL 26 2017.........SUNRISE   643 AM EDT   SUNSET   835 PM EDT
APRIL 27 2017.........SUNRISE   641 AM EDT   SUNSET   836 PM EDT


-  INDICATES NEGATIVE NUMBERS.
R  INDICATES RECORD WAS SET OR TIED.
MM INDICATES DATA IS MISSING.
T  INDICATES TRACE AMOUNT.




$$
