413
CDUS43 KGRR 130605
CLIBTL


CLIMATE REPORT
NATIONAL WEATHER SERVICE GRAND RAPIDS, MI
104 AM EST WED DEC 13 2017


...................................

...THE BATTLE CREEK MI CLIMATE SUMMARY FOR DECEMBER 12 2017...

CLIMATE NORMAL PERIOD 1981 TO 2010
CLIMATE RECORD PERIOD 1998 TO 2017


WEATHER ITEM   OBSERVED TIME   NORMAL DEPARTURE LAST
                VALUE   (LST)  VALUE  FROM      YEAR
                                      NORMAL
......................................................
TEMPERATURE (F)
 YESTERDAY
  MAXIMUM         31   1225 AM  36     -5       34
  MINIMUM         16    813 AM  21     -5       16
  AVERAGE         24            28     -4       25

PRECIPITATION (IN)
  YESTERDAY        T             0.06  -0.06     0.01
  MONTH TO DATE    0.24          0.81  -0.57     0.63
  SINCE DEC 1      0.24          0.81  -0.57     0.63
  SINCE JAN 1     36.95         31.97   4.98    31.01

DEGREE DAYS
 HEATING
  YESTERDAY       41            37      4       40
  MONTH TO DATE  377           417    -40      410
  SINCE DEC 1    377           417    -40      410
  SINCE JUL 1   1572          1855   -283     1253

 COOLING
  YESTERDAY        0             0      0        0
  MONTH TO DATE    0             0      0        0
  SINCE DEC 1      0             0      0        0
  SINCE JAN 1    735           578    157      727
......................................................


WIND (MPH)
  RESULTANT WIND SPEED  13   RESULTANT WIND DIRECTION  NW (330)
  HIGHEST WIND SPEED    25   HIGHEST WIND DIRECTION     N (340)
  HIGHEST GUST SPEED    33   HIGHEST GUST DIRECTION     N (350)
  AVERAGE WIND SPEED    13.6


SKY COVER
  AVERAGE SKY COVER 0.6


WEATHER CONDITIONS
 THE FOLLOWING WEATHER WAS RECORDED YESTERDAY.
  LT FREEZING RAIN
  LIGHT SNOW
  FOG


RELATIVE HUMIDITY (PERCENT)
 HIGHEST    92          1200 AM
 LOWEST     49          1100 AM
 AVERAGE    71

..........................................................


THE BATTLE CREEK MI CLIMATE NORMALS FOR TODAY
                         NORMAL
 MAXIMUM TEMPERATURE (F)   36
 MINIMUM TEMPERATURE (F)   20


SUNRISE AND SUNSET
DECEMBER 13 2017......SUNRISE   802 AM EST   SUNSET   509 PM EST
DECEMBER 14 2017......SUNRISE   802 AM EST   SUNSET   509 PM EST


-  INDICATES NEGATIVE NUMBERS.
R  INDICATES RECORD WAS SET OR TIED.
MM INDICATES DATA IS MISSING.
T  INDICATES TRACE AMOUNT.




$$
