000
CDUS45 KMSO 260747
CLIBTM


CLIMATE REPORT
NATIONAL WEATHER SERVICE MISSOULA, MT
147 AM MDT MON JUN 26 2017


...................................

...THE BUTTE MT CLIMATE SUMMARY FOR JUNE 25 2017...

CLIMATE NORMAL PERIOD 1981 TO 2010
CLIMATE RECORD PERIOD 1895 TO 2017


WEATHER ITEM   OBSERVED TIME   RECORD YEAR NORMAL DEPARTURE LAST
                VALUE   (LST)  VALUE       VALUE  FROM      YEAR
                                                  NORMAL
..................................................................
TEMPERATURE (F)
 YESTERDAY
  MAXIMUM         84    456 PM  94    1988  74     10       70
  MINIMUM         40    539 AM  29    1953  43     -3       42
  AVERAGE         62                        58      4       56

PRECIPITATION (IN)
  YESTERDAY        0.00          0.99 1969   0.06  -0.06     0.00
  MONTH TO DATE    2.58                      1.98   0.60     0.93
  SINCE OCT 1     11.13                      8.78   2.35     7.20
  SINCE JAN 1      7.91                      6.89   1.02     4.46

SNOWFALL (IN)
  YESTERDAY       MM
  MONTH TO DATE   MM
  SINCE JAN 1     MM
  SINCE JUL 1     MM
  SNOW DEPTH      MM

DEGREE DAYS
 HEATING
  YESTERDAY        3                         7     -4        9
  MONTH TO DATE  209                       255    -46      178
  SINCE JUN 1    209                       255    -46      178
  SINCE JUL 1   9096                      9187    -91     8751

 COOLING
  YESTERDAY        0                         0      0        0
  MONTH TO DATE   10                         0     10        5
  SINCE JUN 1     10                         0     10        5
  SINCE JAN 1     10                         0     10        5
..................................................................


WIND (MPH)
  HIGHEST WIND SPEED    15   HIGHEST WIND DIRECTION     S (160)
  HIGHEST GUST SPEED    18   HIGHEST GUST DIRECTION     S (160)
  AVERAGE WIND SPEED     4.1


SKY COVER
  POSSIBLE SUNSHINE  MM
  AVERAGE SKY COVER 0.0


WEATHER CONDITIONS
 THE FOLLOWING WEATHER WAS RECORDED YESTERDAY.
  NO SIGNIFICANT WEATHER WAS OBSERVED.


RELATIVE HUMIDITY (PERCENT)
 HIGHEST    79           400 AM
 LOWEST     17           500 PM
 AVERAGE    48

..........................................................


THE BUTTE MT CLIMATE NORMALS FOR TODAY
                         NORMAL    RECORD    YEAR
 MAXIMUM TEMPERATURE (F)   74        97      1919
 MINIMUM TEMPERATURE (F)   43        28      1953


SUNRISE AND SUNSET
JUNE 26 2017..........SUNRISE   541 AM MDT   SUNSET   925 PM MDT
JUNE 27 2017..........SUNRISE   541 AM MDT   SUNSET   925 PM MDT


-  INDICATES NEGATIVE NUMBERS.
R  INDICATES RECORD WAS SET OR TIED.
MM INDICATES DATA IS MISSING.
T  INDICATES TRACE AMOUNT.




$$
