000
CDUS45 KMSO 010737
CLIBTM


CLIMATE REPORT
NATIONAL WEATHER SERVICE MISSOULA, MT
137 AM MDT SAT AUG 1 2015


...................................

...THE BUTTE MT CLIMATE SUMMARY FOR JULY 31 2015...

CLIMATE NORMAL PERIOD 1981 TO 2010
CLIMATE RECORD PERIOD 1895 TO 2015


WEATHER ITEM   OBSERVED TIME   RECORD YEAR NORMAL DEPARTURE LAST
                VALUE   (LST)  VALUE       VALUE  FROM      YEAR
                                                  NORMAL
..................................................................
TEMPERATURE (F)
 YESTERDAY
  MAXIMUM         87    337 PM  97    2000  83      4       84
  MINIMUM         45    547 AM  31    1968  46     -1       45
  AVERAGE         66                        64      2       65

PRECIPITATION (IN)
  YESTERDAY        0.00          1.34 1937   0.04  -0.04      T
  MONTH TO DATE    1.86                      1.35   0.51     0.69
  SINCE OCT 1      8.53                     10.41  -1.88     9.44
  SINCE JAN 1      6.14                      8.52  -2.38     8.40

SNOWFALL (IN)
  YESTERDAY       MM
  MONTH TO DATE    0.0
  SINCE JAN 1      0.0
  SINCE JUL 1      0.0
  SNOW DEPTH      MM

DEGREE DAYS
 HEATING
  YESTERDAY        0                         2     -2        0
  MONTH TO DATE  104                        99      5       35
  SINCE JUN 1    252                       387   -135      388
  SINCE JUL 1    104                       100      4       35

 COOLING
  YESTERDAY        1                         2     -1        0
  MONTH TO DATE   21                        44    -23       61
  SINCE JUN 1     67                        51     16       61
  SINCE JAN 1     67                        51     16       61
..................................................................


WIND (MPH)
  HIGHEST WIND SPEED    15   HIGHEST WIND DIRECTION    NW (310)
  HIGHEST GUST SPEED    19   HIGHEST GUST DIRECTION    NW (310)
  AVERAGE WIND SPEED     5.2


SKY COVER
  POSSIBLE SUNSHINE  MM
  AVERAGE SKY COVER 0.0


WEATHER CONDITIONS
 THE FOLLOWING WEATHER WAS RECORDED YESTERDAY.
  NO SIGNIFICANT WEATHER WAS OBSERVED.


RELATIVE HUMIDITY (PERCENT)
 HIGHEST    76           500 AM
 LOWEST     11           600 PM
 AVERAGE    44

..........................................................


THE BUTTE MT CLIMATE NORMALS FOR TODAY
                         NORMAL    RECORD    YEAR
 MAXIMUM TEMPERATURE (F)   83        95      2000
 MINIMUM TEMPERATURE (F)   46        34      2002


SUNRISE AND SUNSET
AUGUST  1 2015........SUNRISE   612 AM MDT   SUNSET   900 PM MDT
AUGUST  2 2015........SUNRISE   614 AM MDT   SUNSET   858 PM MDT


-  INDICATES NEGATIVE NUMBERS.
R  INDICATES RECORD WAS SET OR TIED.
MM INDICATES DATA IS MISSING.
T  INDICATES TRACE AMOUNT.




$$
