000
CDUS45 KMSO 012330
CLIBTM


CLIMATE REPORT
NATIONAL WEATHER SERVICE MISSOULA, MT
430 PM MST SUN MAR 1 2015


...................................

...THE BUTTE MT CLIMATE SUMMARY FOR MARCH 1 2015...
VALID TODAY AS OF 0400 PM LOCAL TIME.

CLIMATE NORMAL PERIOD 1981 TO 2010
CLIMATE RECORD PERIOD 1895 TO 2015


WEATHER ITEM   OBSERVED TIME   RECORD YEAR NORMAL DEPARTURE LAST
                VALUE   (LST)  VALUE       VALUE  FROM      YEAR
                                                  NORMAL
..................................................................
TEMPERATURE (F)
 TODAY
  MAXIMUM         30    259 PM  58    1901  39     -9       -2
  MINIMUM         -2    800 AM -22    1976  13    -15       -9
  AVERAGE         14                        26    -12       -5

PRECIPITATION (IN)
  TODAY            0.00          0.40 1904   0.02  -0.02     0.03
  MONTH TO DATE    0.00                      0.02  -0.02     0.03
  SINCE OCT 1      2.69                      2.81  -0.12     1.93
  SINCE JAN 1      0.30                      0.92  -0.62     0.89

SNOWFALL (IN)
  TODAY           MM
  MONTH TO DATE   MM
  SINCE JAN 1     MM
  SINCE JUL 1     MM
  SNOW DEPTH      MM

DEGREE DAYS
 HEATING
  TODAY           51                        39     12       70
  MONTH TO DATE   51                        39     12       70
  SINCE MAR 1     51                        39     12       70
  SINCE JUL 1   5932                      6608   -676     6448

 COOLING
  TODAY            0                         0      0        0
  MONTH TO DATE    0                         0      0        0
  SINCE MAR 1      0                         0      0        0
  SINCE JAN 1      0                         0      0        0
..................................................................


WIND (MPH)
  HIGHEST WIND SPEED    12   HIGHEST WIND DIRECTION     S (160)
  HIGHEST GUST SPEED    16   HIGHEST GUST DIRECTION    SE (150)
  AVERAGE WIND SPEED     3.8


SKY COVER
  POSSIBLE SUNSHINE  MM
  AVERAGE SKY COVER 0.0


WEATHER CONDITIONS
 THE FOLLOWING WEATHER WAS RECORDED TODAY.
  NO SIGNIFICANT WEATHER WAS OBSERVED.


RELATIVE HUMIDITY (PERCENT)
 HIGHEST    80          1200 AM
 LOWEST     32           400 PM
 AVERAGE    56

..........................................................


THE BUTTE MT CLIMATE NORMALS FOR TOMORROW
                         NORMAL    RECORD    YEAR
 MAXIMUM TEMPERATURE (F)   39        60      1905
 MINIMUM TEMPERATURE (F)   14       -31      1943


SUNRISE AND SUNSET
MARCH  1 2015.........SUNRISE   709 AM MST   SUNSET   616 PM MST
MARCH  2 2015.........SUNRISE   707 AM MST   SUNSET   618 PM MST


-  INDICATES NEGATIVE NUMBERS.
R  INDICATES RECORD WAS SET OR TIED.
MM INDICATES DATA IS MISSING.
T  INDICATES TRACE AMOUNT.




$$
