000
CDUS45 KMSO 272232
CLIBTM


CLIMATE REPORT
NATIONAL WEATHER SERVICE MISSOULA, MT
431 PM MDT THU APR 27 2017


...................................

...THE BUTTE MT CLIMATE SUMMARY FOR APRIL 27 2017...
VALID TODAY AS OF 0400 PM LOCAL TIME.

CLIMATE NORMAL PERIOD 1981 TO 2010
CLIMATE RECORD PERIOD 1895 TO 2017


WEATHER ITEM   OBSERVED TIME   RECORD YEAR NORMAL DEPARTURE LAST
                VALUE   (LST)  VALUE       VALUE  FROM      YEAR
                                                  NORMAL
..................................................................
TEMPERATURE (F)
 TODAY
  MAXIMUM         44    245 PM  80    1987  55    -11       44
  MINIMUM         33    609 AM   0    2005  28      5       27
  AVERAGE         39                        42     -3       36

PRECIPITATION (IN)
  TODAY            T             1.10 1911   0.05  -0.05     0.00
  MONTH TO DATE    2.02                      1.04   0.98     1.06
  SINCE OCT 1      6.96                      4.59   2.37     4.72
  SINCE JAN 1      3.74                      2.70   1.04     1.98

SNOWFALL (IN)
  TODAY           MM
  MONTH TO DATE   MM
  SINCE JAN 1     MM
  SINCE JUL 1     MM
  SNOW DEPTH      MM

DEGREE DAYS
 HEATING
  TODAY           26                        23      3       29
  MONTH TO DATE  683                       713    -30      576
  SINCE MAR 1   1524                      1755   -231     1538
  SINCE JUL 1   8308                      8324    -16     7935

 COOLING
  TODAY            0                         0      0        0
  MONTH TO DATE    0                         0      0        0
  SINCE MAR 1      0                         0      0        0
  SINCE JAN 1      0                         0      0        0
..................................................................


WIND (MPH)
  HIGHEST WIND SPEED    23   HIGHEST WIND DIRECTION    NW (330)
  HIGHEST GUST SPEED    27   HIGHEST GUST DIRECTION    NW (320)
  AVERAGE WIND SPEED    13.3


SKY COVER
  POSSIBLE SUNSHINE  MM
  AVERAGE SKY COVER 0.7


WEATHER CONDITIONS
 THE FOLLOWING WEATHER WAS RECORDED TODAY.
  LIGHT SNOW
  FOG


RELATIVE HUMIDITY (PERCENT)
 HIGHEST    75           400 AM
 LOWEST     43           200 PM
 AVERAGE    59

..........................................................


THE BUTTE MT CLIMATE NORMALS FOR TOMORROW
                         NORMAL    RECORD    YEAR
 MAXIMUM TEMPERATURE (F)   56        78      1987
 MINIMUM TEMPERATURE (F)   29        12      1907


SUNRISE AND SUNSET
APRIL 27 2017.........SUNRISE   623 AM MDT   SUNSET   833 PM MDT
APRIL 28 2017.........SUNRISE   621 AM MDT   SUNSET   834 PM MDT


-  INDICATES NEGATIVE NUMBERS.
R  INDICATES RECORD WAS SET OR TIED.
MM INDICATES DATA IS MISSING.
T  INDICATES TRACE AMOUNT.




$$
