000
CDUS45 KMSO 302233
CLIBTM


CLIMATE REPORT
NATIONAL WEATHER SERVICE MISSOULA, MT
432 PM MDT TUE JUN 30 2015


...................................

...THE BUTTE MT CLIMATE SUMMARY FOR JUNE 30 2015...
VALID TODAY AS OF 0400 PM LOCAL TIME.

CLIMATE NORMAL PERIOD 1981 TO 2010
CLIMATE RECORD PERIOD 1895 TO 2015


WEATHER ITEM   OBSERVED TIME   RECORD YEAR NORMAL DEPARTURE LAST
                VALUE   (LST)  VALUE       VALUE  FROM      YEAR
                                                  NORMAL
..................................................................
TEMPERATURE (F)
 TODAY
  MAXIMUM         87    259 PM  92    1990  76     11       69
  MINIMUM         57    610 AM  28    1933  44     13       41
  AVERAGE         72                        60     12       55

PRECIPITATION (IN)
  TODAY            0.03          1.28 1898   0.05  -0.02     0.00
  MONTH TO DATE    0.93                      2.26  -1.33     3.43
  SINCE OCT 1      6.67                      9.06  -2.39     8.75
  SINCE JAN 1      4.28                      7.17  -2.89     7.71

SNOWFALL (IN)
  TODAY           MM
  MONTH TO DATE   MM
  SINCE JAN 1     MM
  SINCE JUL 1     MM
  SNOW DEPTH      MM

DEGREE DAYS
 HEATING
  TODAY            0                         6     -6       10
  MONTH TO DATE  148                       287   -139      353
  SINCE JUN 1    148                       287   -139      353
  SINCE JUL 1   8173                      9219  -1046     9102

 COOLING
  TODAY            7                         1      6        0
  MONTH TO DATE   45                         7     38        0
  SINCE JUN 1     45                         7     38        0
  SINCE JAN 1     45                         7     38        0
..................................................................


WIND (MPH)
  HIGHEST WIND SPEED    18   HIGHEST WIND DIRECTION    NW (300)
  HIGHEST GUST SPEED    25   HIGHEST GUST DIRECTION    NW (320)
  AVERAGE WIND SPEED     5.3


SKY COVER
  POSSIBLE SUNSHINE  MM
  AVERAGE SKY COVER 0.2


WEATHER CONDITIONS
 THE FOLLOWING WEATHER WAS RECORDED TODAY.
  THUNDERSTORM
  LIGHT RAIN


RELATIVE HUMIDITY (PERCENT)
 HIGHEST    93           500 AM
 LOWEST     19           300 PM
 AVERAGE    56

..........................................................


THE BUTTE MT CLIMATE NORMALS FOR TOMORROW
                         NORMAL    RECORD    YEAR
 MAXIMUM TEMPERATURE (F)   76        93      2013
 MINIMUM TEMPERATURE (F)   44        29      1935


SUNRISE AND SUNSET
JUNE 30 2015..........SUNRISE   543 AM MDT   SUNSET   924 PM MDT
JULY  1 2015..........SUNRISE   543 AM MDT   SUNSET   924 PM MDT


-  INDICATES NEGATIVE NUMBERS.
R  INDICATES RECORD WAS SET OR TIED.
MM INDICATES DATA IS MISSING.
T  INDICATES TRACE AMOUNT.




$$
