000
CDUS45 KMSO 262334
CLIBTM


CLIMATE REPORT
NATIONAL WEATHER SERVICE MISSOULA, MT
434 PM MST WED NOV 26 2014


...................................

...THE BUTTE MT CLIMATE SUMMARY FOR NOVEMBER 26 2014...
VALID TODAY AS OF 0400 PM LOCAL TIME.

CLIMATE NORMAL PERIOD 1981 TO 2010
CLIMATE RECORD PERIOD 1895 TO 2014


WEATHER ITEM   OBSERVED TIME   RECORD YEAR NORMAL DEPARTURE LAST
                VALUE   (LST)  VALUE       VALUE  FROM      YEAR
                                                  NORMAL
..................................................................
TEMPERATURE (F)
 TODAY
  MAXIMUM         44    254 PM  64    1917  34     10       48
  MINIMUM         27    436 AM -22    1952  10     17       13
  AVERAGE         36                        22     14       31

PRECIPITATION (IN)
  TODAY            0.12          0.79 1994   0.01   0.11     0.00
  MONTH TO DATE    0.98                      0.52   0.46     0.20
  SINCE OCT 1      1.81                      1.30   0.51     0.82
  SINCE JAN 1     14.25                     12.18   2.07    11.10

SNOWFALL (IN)
  TODAY           MM
  MONTH TO DATE   MM
  SINCE JAN 1     MM
  SINCE JUL 1     MM
  SNOW DEPTH      MM

DEGREE DAYS
 HEATING
  TODAY           29                        43    -14       34
  MONTH TO DATE 1070                       942    128      883
  SINCE SEP 1   2028                      2085    -57     2058
  SINCE JUL 1   2191                      2313   -122     2125

 COOLING
  TODAY            0                         0      0        0
  MONTH TO DATE    0                         0      0        0
  SINCE SEP 1      1                         2     -1        8
  SINCE JAN 1     78                        81     -3      104
..................................................................


WIND (MPH)
  HIGHEST WIND SPEED    10   HIGHEST WIND DIRECTION     W (260)
  HIGHEST GUST SPEED    16   HIGHEST GUST DIRECTION     W (270)
  AVERAGE WIND SPEED     1.8


SKY COVER
  POSSIBLE SUNSHINE  MM
  AVERAGE SKY COVER 0.8


WEATHER CONDITIONS
 THE FOLLOWING WEATHER WAS RECORDED TODAY.
  LIGHT SNOW
  FOG
  HAZE


RELATIVE HUMIDITY (PERCENT)
 HIGHEST   100          1200 AM
 LOWEST     58           300 PM
 AVERAGE    79

..........................................................


THE BUTTE MT CLIMATE NORMALS FOR TOMORROW
                         NORMAL    RECORD    YEAR
 MAXIMUM TEMPERATURE (F)   34        63      1917
 MINIMUM TEMPERATURE (F)   10       -24      1896


SUNRISE AND SUNSET
NOVEMBER 26 2014......SUNRISE   745 AM MST   SUNSET   449 PM MST
NOVEMBER 27 2014......SUNRISE   746 AM MST   SUNSET   449 PM MST


-  INDICATES NEGATIVE NUMBERS.
R  INDICATES RECORD WAS SET OR TIED.
MM INDICATES DATA IS MISSING.
T  INDICATES TRACE AMOUNT.




$$
