000
CDUS45 KMSO 310738
CLIBTM


CLIMATE REPORT
NATIONAL WEATHER SERVICE MISSOULA, MT
137 AM MDT THU JUL 31 2014


...................................

...THE BUTTE MT CLIMATE SUMMARY FOR JULY 30 2014...

CLIMATE NORMAL PERIOD 1981 TO 2010
CLIMATE RECORD PERIOD 1895 TO 2014


WEATHER ITEM   OBSERVED TIME   RECORD YEAR NORMAL DEPARTURE LAST
                VALUE   (LST)  VALUE       VALUE  FROM      YEAR
                                                  NORMAL
..................................................................
TEMPERATURE (F)
 YESTERDAY
  MAXIMUM         83    122 PM  98    2000  83      0       76
  MINIMUM         50    607 AM  37    1995  46      4       47
  AVERAGE         67                        64      3       62

PRECIPITATION (IN)
  YESTERDAY        T             0.92 1975   0.04  -0.04     0.06
  MONTH TO DATE    0.69                      1.31  -0.62     0.71
  SINCE OCT 1      9.44                     10.37  -0.93     7.30
  SINCE JAN 1      8.40                      8.48  -0.08     5.67

SNOWFALL (IN)
  YESTERDAY       MM
  MONTH TO DATE   MM
  SINCE JAN 1     MM
  SINCE JUL 1     MM
  SNOW DEPTH      MM

DEGREE DAYS
 HEATING
  YESTERDAY        0                         2     -2        3
  MONTH TO DATE   35                        97    -62       16
  SINCE JUN 1    388                       384      4      259
  SINCE JUL 1     35                        97    -62       16

 COOLING
  YESTERDAY        2                         2      0        0
  MONTH TO DATE   61                        47     14       68
  SINCE JUN 1     61                        54      7       81
  SINCE JAN 1     61                        54      7       81
..................................................................


WIND (MPH)
  HIGHEST WIND SPEED    28   HIGHEST WIND DIRECTION     N (20)
  HIGHEST GUST SPEED    35   HIGHEST GUST DIRECTION     N (20)
  AVERAGE WIND SPEED     6.4


SKY COVER
  POSSIBLE SUNSHINE  MM
  AVERAGE SKY COVER 0.2


WEATHER CONDITIONS
 THE FOLLOWING WEATHER WAS RECORDED YESTERDAY.
  THUNDERSTORM


RELATIVE HUMIDITY (PERCENT)
 HIGHEST    71           400 AM
 LOWEST     23           500 PM
 AVERAGE    47

..........................................................


THE BUTTE MT CLIMATE NORMALS FOR TODAY
                         NORMAL    RECORD    YEAR
 MAXIMUM TEMPERATURE (F)   83        97      2000
 MINIMUM TEMPERATURE (F)   46        31      1968


SUNRISE AND SUNSET
JULY 31 2014..........SUNRISE   611 AM MDT   SUNSET   901 PM MDT
AUGUST  1 2014........SUNRISE   613 AM MDT   SUNSET   859 PM MDT


-  INDICATES NEGATIVE NUMBERS.
R  INDICATES RECORD WAS SET OR TIED.
MM INDICATES DATA IS MISSING.
T  INDICATES TRACE AMOUNT.




$$
