000
CDUS44 KLIX 220801
CLIBTR


CLIMATE REPORT
NATIONAL WEATHER SERVICE NEW ORLEANS
201 AM CST MON DEC 22 2014


...................................

...THE BATON ROUGE  ASOS CLIMATE SUMMARY FOR DECEMBER 21 2014...

CLIMATE NORMAL PERIOD 1981 TO 2010
CLIMATE RECORD PERIOD 1894 TO 2014


WEATHER ITEM   OBSERVED TIME   RECORD YEAR NORMAL DEPARTURE LAST
                VALUE   (LST)  VALUE       VALUE  FROM      YEAR
                                                  NORMAL
..................................................................
TEMPERATURE (F)
 YESTERDAY
  MAXIMUM         60    406 PM  81    1967  63     -3       80
  MINIMUM         43   1201 AM  22    1901  42      1       61
  AVERAGE         52                        52      0       71

PRECIPITATION (IN)
  YESTERDAY        0.00          3.40 1997   0.18  -0.18     0.09
                                      1923
  MONTH TO DATE    2.57                      3.71  -1.14     3.15
  SINCE DEC 1      2.57                      3.71  -1.14     3.15
  SINCE JAN 1     58.60                     58.76  -0.16    68.29

SNOWFALL (IN)
  YESTERDAY        0.0
  MONTH TO DATE    0.0
  SINCE DEC 1      0.0
  SINCE JUL 1      0.0
  SNOW DEPTH       0

DEGREE DAYS
 HEATING
  YESTERDAY       13                        13      0        0
  MONTH TO DATE  176                       245    -69      255
  SINCE DEC 1    176                       245    -69      255
  SINCE JUL 1    517                       480     37      542

 COOLING
  YESTERDAY        0                         1     -1        6
  MONTH TO DATE   13                        21     -8       44
  SINCE DEC 1     13                        21     -8       44
  SINCE JAN 1   2693                      2822   -129     2710
..................................................................


WIND (MPH)
  HIGHEST WIND SPEED    10   HIGHEST WIND DIRECTION     E (90)
  HIGHEST GUST SPEED    13   HIGHEST GUST DIRECTION     E (90)
  AVERAGE WIND SPEED     3.3


SKY COVER
  POSSIBLE SUNSHINE  MM
  AVERAGE SKY COVER 0.7


WEATHER CONDITIONS
 THE FOLLOWING WEATHER WAS RECORDED YESTERDAY.
  FOG


RELATIVE HUMIDITY (PERCENT)
 HIGHEST    96          1200 AM
 LOWEST     64           300 PM
 AVERAGE    80

..........................................................


THE BATON ROUGE  ASOS CLIMATE NORMALS FOR TODAY
                         NORMAL    RECORD    YEAR
 MAXIMUM TEMPERATURE (F)   63        80      1988
                                             1970
 MINIMUM TEMPERATURE (F)   42        13      1989


SUNRISE AND SUNSET
DECEMBER 22 2014......SUNRISE   658 AM CST   SUNSET   508 PM CST
DECEMBER 23 2014......SUNRISE   658 AM CST   SUNSET   509 PM CST


-  INDICATES NEGATIVE NUMBERS.
R  INDICATES RECORD WAS SET OR TIED.
MM INDICATES DATA IS MISSING.
T  INDICATES TRACE AMOUNT.




$$
