000
CDUS44 KLIX 270713
CLIBTR


CLIMATE REPORT
NATIONAL WEATHER SERVICE NEW ORLEANS
213 AM CDT THU APR 27 2017


...................................

...THE BATON ROUGE  ASOS CLIMATE SUMMARY FOR APRIL 26 2017...

CLIMATE NORMAL PERIOD 1981 TO 2010
CLIMATE RECORD PERIOD 1894 TO 2017


WEATHER ITEM   OBSERVED TIME   RECORD YEAR NORMAL DEPARTURE LAST
                VALUE   (LST)  VALUE       VALUE  FROM      YEAR
                                                  NORMAL
..................................................................
TEMPERATURE (F)
 YESTERDAY
  MAXIMUM         86    139 PM  89    1989  82      4       87
                                      1963
  MINIMUM         67   1159 PM  46    2001  60      7       65
                                      1983
  AVERAGE         77                        71      6       76

PRECIPITATION (IN)
  YESTERDAY        0.03          2.57 1907   0.14  -0.11     0.00
  MONTH TO DATE    4.57                      3.91   0.66     2.70
  SINCE MAR 1      8.31                      8.32  -0.01    12.70
  SINCE JAN 1     19.74                     19.08   0.66    22.01

SNOWFALL (IN)
  YESTERDAY        0.0
  MONTH TO DATE    0.0
  SINCE MAR 1      0.0
  SINCE JUL 1      0.0
  SNOW DEPTH       0

DEGREE DAYS
 HEATING
  YESTERDAY        0                         1     -1        0
  MONTH TO DATE   11                        50    -39       19
  SINCE MAR 1     95                       217   -122       88
  SINCE JUL 1    799                      1552   -753     1079

 COOLING
  YESTERDAY       12                         6      6       11
  MONTH TO DATE  157                       115     42      113
  SINCE MAR 1    295                       173    122      210
  SINCE JAN 1    438                       204    234      227
..................................................................


WIND (MPH)
  HIGHEST WIND SPEED    25   HIGHEST WIND DIRECTION     S (160)
  HIGHEST GUST SPEED    33   HIGHEST GUST DIRECTION     S (170)
  AVERAGE WIND SPEED    12.3


SKY COVER
  POSSIBLE SUNSHINE  MM
  AVERAGE SKY COVER 0.7


WEATHER CONDITIONS
 THE FOLLOWING WEATHER WAS RECORDED YESTERDAY.
  LIGHT RAIN
  HAZE


RELATIVE HUMIDITY (PERCENT)
 HIGHEST    88          1000 PM
 LOWEST     55          1200 PM
 AVERAGE    72

..........................................................


THE BATON ROUGE  ASOS CLIMATE NORMALS FOR TODAY
                         NORMAL    RECORD    YEAR
 MAXIMUM TEMPERATURE (F)   82        90      1963
 MINIMUM TEMPERATURE (F)   60        47      1992
                                             1908
                                             1903


SUNRISE AND SUNSET
APRIL 27 2017.........SUNRISE   624 AM CDT   SUNSET   740 PM CDT
APRIL 28 2017.........SUNRISE   623 AM CDT   SUNSET   741 PM CDT


-  INDICATES NEGATIVE NUMBERS.
R  INDICATES RECORD WAS SET OR TIED.
MM INDICATES DATA IS MISSING.
T  INDICATES TRACE AMOUNT.




$$
