000
CDUS44 KLIX 210802
CLIBTR


CLIMATE REPORT
NATIONAL WEATHER SERVICE NEW ORLEANS
201 AM CST WED FEB 21 2018


...................................

...THE BATON ROUGE  ASOS CLIMATE SUMMARY FOR FEBRUARY 20 2018...

CLIMATE NORMAL PERIOD 1981 TO 2010
CLIMATE RECORD PERIOD 1894 TO 2018


WEATHER ITEM   OBSERVED TIME   RECORD YEAR NORMAL DEPARTURE LAST
                VALUE   (LST)  VALUE       VALUE  FROM      YEAR
                                                  NORMAL
..................................................................
TEMPERATURE (F)
 YESTERDAY
  MAXIMUM         87R   202 PM  87    1917  67     20       82
  MINIMUM         67    656 AM  25    1908  46     21       60
  AVERAGE         77                        56     21       71

PRECIPITATION (IN)
  YESTERDAY        0.00          2.25 1919   0.17  -0.17     0.59
  MONTH TO DATE    2.76                      3.70  -0.94     1.04
  SINCE DEC 1     15.87                     15.02   0.85    20.43
  SINCE JAN 1      9.93                      9.42   0.51    10.72

SNOWFALL (IN)
  YESTERDAY        0.0
  MONTH TO DATE    0.0
  SINCE DEC 1      4.0
  SINCE JUL 1      4.0
  SNOW DEPTH       0

DEGREE DAYS
 HEATING
  YESTERDAY        0                         9     -9        0
  MONTH TO DATE  108                       227   -119       81
  SINCE DEC 1   1078                      1032     46      574
  SINCE JUL 1   1285                      1267     18      687

 COOLING
  YESTERDAY       12                         1     11        6
  MONTH TO DATE   60                        18     42       62
  SINCE DEC 1     78                        53     25      181
  SINCE JAN 1     60                        31     29      116
..................................................................


WIND (MPH)
  HIGHEST WIND SPEED    25   HIGHEST WIND DIRECTION     S (170)
  HIGHEST GUST SPEED    31   HIGHEST GUST DIRECTION    SE (150)
  AVERAGE WIND SPEED    11.6


SKY COVER
  POSSIBLE SUNSHINE  MM
  AVERAGE SKY COVER 0.7


WEATHER CONDITIONS
 THE FOLLOWING WEATHER WAS RECORDED YESTERDAY.
  FOG


RELATIVE HUMIDITY (PERCENT)
 HIGHEST   100           500 AM
 LOWEST     45           100 PM
 AVERAGE    73

..........................................................


THE BATON ROUGE  ASOS CLIMATE NORMALS FOR TODAY
                         NORMAL    RECORD    YEAR
 MAXIMUM TEMPERATURE (F)   67        82      2005
                                             1971
                                             1944
 MINIMUM TEMPERATURE (F)   46        25      1908


SUNRISE AND SUNSET
FEBRUARY 21 2018......SUNRISE   639 AM CST   SUNSET   557 PM CST
FEBRUARY 22 2018......SUNRISE   638 AM CST   SUNSET   558 PM CST


-  INDICATES NEGATIVE NUMBERS.
R  INDICATES RECORD WAS SET OR TIED.
MM INDICATES DATA IS MISSING.
T  INDICATES TRACE AMOUNT.




$$
