000
CDUS44 KLIX 290820
CLIBTR


CLIMATE REPORT
NATIONAL WEATHER SERVICE NEW ORLEANS
220 AM CST THU JAN 29 2015


...................................

...THE BATON ROUGE  ASOS CLIMATE SUMMARY FOR JANUARY 28 2015...

CLIMATE NORMAL PERIOD 1981 TO 2010
CLIMATE RECORD PERIOD 1894 TO 2015


WEATHER ITEM   OBSERVED TIME   RECORD YEAR NORMAL DEPARTURE LAST
                VALUE   (LST)  VALUE       VALUE  FROM      YEAR
                                                  NORMAL
..................................................................
TEMPERATURE (F)
 YESTERDAY
  MAXIMUM         71    347 PM  82    1957  63      8       40
  MINIMUM         41    700 AM  20    1940  42     -1       24
  AVERAGE         56                        52      4       32

PRECIPITATION (IN)
  YESTERDAY        0.00          1.48 1997   0.18  -0.18     0.15
  MONTH TO DATE    6.37                      5.14   1.23     2.09
  SINCE DEC 1     12.04                     10.74   1.30     5.81
  SINCE JAN 1      6.37                      5.14   1.23     2.09

SNOWFALL (IN)
  YESTERDAY        0.0
  MONTH TO DATE    T
  SINCE DEC 1      T
  SINCE JUL 1      T
  SNOW DEPTH       0

DEGREE DAYS
 HEATING
  YESTERDAY        9                        13     -4       33
  MONTH TO DATE  458                       387     71      546
  SINCE DEC 1    742                       768    -26      983
  SINCE JUL 1   1083                      1003     80     1270

 COOLING
  YESTERDAY        0                         0      0        0
  MONTH TO DATE    1                         3     -2        0
  SINCE DEC 1     15                        25    -10       44
  SINCE JAN 1      1                         3     -2        0
..................................................................


WIND (MPH)
  HIGHEST WIND SPEED    13   HIGHEST WIND DIRECTION     E (100)
  HIGHEST GUST SPEED    16   HIGHEST GUST DIRECTION     E (100)
  AVERAGE WIND SPEED     5.6


SKY COVER
  POSSIBLE SUNSHINE  MM
  AVERAGE SKY COVER 0.0


WEATHER CONDITIONS
 THE FOLLOWING WEATHER WAS RECORDED YESTERDAY.
  NO SIGNIFICANT WEATHER WAS OBSERVED.


RELATIVE HUMIDITY (PERCENT)
 HIGHEST    82           200 AM
 LOWEST     26           400 PM
 AVERAGE    54

..........................................................


THE BATON ROUGE  ASOS CLIMATE NORMALS FOR TODAY
                         NORMAL    RECORD    YEAR
 MAXIMUM TEMPERATURE (F)   63        81      2013
                                             1975
                                             1914
 MINIMUM TEMPERATURE (F)   42        20      1966


SUNRISE AND SUNSET
JANUARY 29 2015.......SUNRISE   658 AM CST   SUNSET   538 PM CST
JANUARY 30 2015.......SUNRISE   657 AM CST   SUNSET   539 PM CST


-  INDICATES NEGATIVE NUMBERS.
R  INDICATES RECORD WAS SET OR TIED.
MM INDICATES DATA IS MISSING.
T  INDICATES TRACE AMOUNT.




$$
