000
CDUS44 KLIX 230706
CLIBTR


CLIMATE REPORT
NATIONAL WEATHER SERVICE NEW ORLEANS
203 AM CDT THU MAR 23 2017


...................................

...THE BATON ROUGE  ASOS CLIMATE SUMMARY FOR MARCH 22 2017...

CLIMATE NORMAL PERIOD 1981 TO 2010
CLIMATE RECORD PERIOD 1894 TO 2017


WEATHER ITEM   OBSERVED TIME   RECORD YEAR NORMAL DEPARTURE LAST
                VALUE   (LST)  VALUE       VALUE  FROM      YEAR
                                                  NORMAL
..................................................................
TEMPERATURE (F)
 YESTERDAY
  MAXIMUM         83    415 PM  87    1898  74      9       70
  MINIMUM         60   1153 PM  29    1986  51      9       38
  AVERAGE         72                        63      9       54

PRECIPITATION (IN)
  YESTERDAY        0.00          3.43 1953   0.13  -0.13     0.00
  MONTH TO DATE    1.53                      3.06  -1.53     8.70
  SINCE MAR 1      1.53                      3.06  -1.53     8.70
  SINCE JAN 1     12.96                     13.82  -0.86    18.01

SNOWFALL (IN)
  YESTERDAY        0.0
  MONTH TO DATE    0.0
  SINCE MAR 1      0.0
  SINCE JUL 1      0.0
  SNOW DEPTH       0

DEGREE DAYS
 HEATING
  YESTERDAY        0                         4     -4       11
  MONTH TO DATE   84                       134    -50       63
  SINCE MAR 1     84                       134    -50       63
  SINCE JUL 1    788                      1469   -681     1054

 COOLING
  YESTERDAY        7                         2      5        0
  MONTH TO DATE   67                        37     30       68
  SINCE MAR 1     67                        37     30       68
  SINCE JAN 1    210                        68    142       85
..................................................................


WIND (MPH)
  HIGHEST WIND SPEED    13   HIGHEST WIND DIRECTION     W (270)
  HIGHEST GUST SPEED    27   HIGHEST GUST DIRECTION     W (280)
  AVERAGE WIND SPEED     4.7


SKY COVER
  POSSIBLE SUNSHINE  MM
  AVERAGE SKY COVER 0.4


WEATHER CONDITIONS
 THE FOLLOWING WEATHER WAS RECORDED YESTERDAY.
  FOG
  HAZE


RELATIVE HUMIDITY (PERCENT)
 HIGHEST    93          1200 AM
 LOWEST     40           500 PM
 AVERAGE    67

..........................................................


THE BATON ROUGE  ASOS CLIMATE NORMALS FOR TODAY
                         NORMAL    RECORD    YEAR
 MAXIMUM TEMPERATURE (F)   74        86      1907
                                             1898
 MINIMUM TEMPERATURE (F)   52        33      2002
                                             1986
                                             1955


SUNRISE AND SUNSET
MARCH 23 2017.........SUNRISE   704 AM CDT   SUNSET   718 PM CDT
MARCH 24 2017.........SUNRISE   703 AM CDT   SUNSET   719 PM CDT


-  INDICATES NEGATIVE NUMBERS.
R  INDICATES RECORD WAS SET OR TIED.
MM INDICATES DATA IS MISSING.
T  INDICATES TRACE AMOUNT.




$$
