000
CDUS44 KLIX 042216
CLIBTR


CLIMATE REPORT
NATIONAL WEATHER SERVICE NEW ORLEANS
415 PM CST WED MAR 4 2015


...................................

...THE BATON ROUGE  ASOS CLIMATE SUMMARY FOR MARCH 4 2015...
VALID TODAY AS OF 0400 PM LOCAL TIME.

CLIMATE NORMAL PERIOD 1981 TO 2010
CLIMATE RECORD PERIOD 1894 TO 2015


WEATHER ITEM   OBSERVED TIME   RECORD YEAR NORMAL DEPARTURE LAST
                VALUE   (LST)  VALUE       VALUE  FROM      YEAR
                                                  NORMAL
..................................................................
TEMPERATURE (F)
 TODAY
  MAXIMUM         84    121 PM  87    1908  70     14       37
  MINIMUM         68    703 AM  23    1943  48     20       29
  AVERAGE         76

PRECIPITATION (IN)
  TODAY            0.00          1.53 1915   0.16  -0.16     0.37
  MONTH TO DATE    1.46                      0.63   0.83     0.63
  SINCE MAR 1      1.46                      0.63   0.83     0.63
  SINCE JAN 1     11.21                     11.39  -0.18     9.90

SNOWFALL (IN)
  TODAY            0.0
  MONTH TO DATE    0.0
  SINCE MAR 1      0.0
  SINCE JUL 1      T
  SNOW DEPTH       0

DEGREE DAYS
 HEATING
  TODAY            0                         7     -7       32
  MONTH TO DATE   10                        30    -20       47
  SINCE MAR 1     10                        30    -20       47
  SINCE JUL 1   1552                      1365    187     1753

 COOLING
  TODAY           11                         1     10        0
  MONTH TO DATE   14                         4     10        9
  SINCE MAR 1     14                         4     10        9
  SINCE JAN 1     18                        35    -17       29
..................................................................


WIND (MPH)
  HIGHEST WIND SPEED    24   HIGHEST WIND DIRECTION     S (200)
  HIGHEST GUST SPEED    30   HIGHEST GUST DIRECTION     S (200)
  AVERAGE WIND SPEED    10.1


SKY COVER
  POSSIBLE SUNSHINE  MM
  AVERAGE SKY COVER 0.8


WEATHER CONDITIONS
 THE FOLLOWING WEATHER WAS RECORDED TODAY.
  FOG
  HAZE


RELATIVE HUMIDITY (PERCENT)
 HIGHEST    97           100 AM
 LOWEST     55           100 PM
 AVERAGE    76

..........................................................


THE BATON ROUGE  ASOS CLIMATE NORMALS FOR TOMORROW
                         NORMAL    RECORD    YEAR
 MAXIMUM TEMPERATURE (F)   70        86      1905
 MINIMUM TEMPERATURE (F)   48        24      2002


SUNRISE AND SUNSET
MARCH  4 2015.........SUNRISE   628 AM CST   SUNSET   605 PM CST
MARCH  5 2015.........SUNRISE   627 AM CST   SUNSET   606 PM CST


-  INDICATES NEGATIVE NUMBERS.
R  INDICATES RECORD WAS SET OR TIED.
MM INDICATES DATA IS MISSING.
T  INDICATES TRACE AMOUNT.




$$
