000
CDUS44 KLIX 240800
CLIBTR


CLIMATE REPORT
NATIONAL WEATHER SERVICE NEW ORLEANS
200 AM CST FRI NOV 24 2017


...................................

...THE BATON ROUGE  ASOS CLIMATE SUMMARY FOR NOVEMBER 23 2017...

CLIMATE NORMAL PERIOD 1981 TO 2010
CLIMATE RECORD PERIOD 1894 TO 2017


WEATHER ITEM   OBSERVED TIME   RECORD YEAR NORMAL DEPARTURE LAST
                VALUE   (LST)  VALUE       VALUE  FROM      YEAR
                                                  NORMAL
..................................................................
TEMPERATURE (F)
 YESTERDAY
  MAXIMUM         62    249 PM  85    1973  70     -8       79
                                      1955
  MINIMUM         34    705 AM  28    1956  47    -13       56
  AVERAGE         48                        58    -10       68

PRECIPITATION (IN)
  YESTERDAY        0.00          1.05 1918   0.13  -0.13     0.12
  MONTH TO DATE    1.92                      3.11  -1.19     0.57
  SINCE SEP 1      5.62                     12.35  -6.73     3.66
  SINCE JAN 1     61.01                     54.06   6.95    78.81

SNOWFALL (IN)
  YESTERDAY        0.0
  MONTH TO DATE    0.0
  SINCE SEP 1      0.0
  SINCE JUL 1      0.0
  SNOW DEPTH       0

DEGREE DAYS
 HEATING
  YESTERDAY       17                         8      9        0
  MONTH TO DATE   96                       128    -32       75
  SINCE SEP 1    153                       174    -21       82
  SINCE JUL 1    153                       174    -21       82

 COOLING
  YESTERDAY        0                         1     -1        3
  MONTH TO DATE   75                        42     33       60
  SINCE SEP 1    713                       631     82      832
  SINCE JAN 1   2972                      2792    180     3108
..................................................................


WIND (MPH)
  HIGHEST WIND SPEED    13   HIGHEST WIND DIRECTION     N (360)
  HIGHEST GUST SPEED    17   HIGHEST GUST DIRECTION    NW (300)
  AVERAGE WIND SPEED     4.8


SKY COVER
  POSSIBLE SUNSHINE  MM
  AVERAGE SKY COVER 0.0


WEATHER CONDITIONS
 THE FOLLOWING WEATHER WAS RECORDED YESTERDAY.
  NO SIGNIFICANT WEATHER WAS OBSERVED.


RELATIVE HUMIDITY (PERCENT)
 HIGHEST    89           700 AM
 LOWEST     23           200 PM
 AVERAGE    56

..........................................................


THE BATON ROUGE  ASOS CLIMATE NORMALS FOR TODAY
                         NORMAL    RECORD    YEAR
 MAXIMUM TEMPERATURE (F)   69        85      1973
                                             1913
 MINIMUM TEMPERATURE (F)   47        24      1970


SUNRISE AND SUNSET
NOVEMBER 24 2017......SUNRISE   638 AM CST   SUNSET   504 PM CST
NOVEMBER 25 2017......SUNRISE   639 AM CST   SUNSET   504 PM CST


-  INDICATES NEGATIVE NUMBERS.
R  INDICATES RECORD WAS SET OR TIED.
MM INDICATES DATA IS MISSING.
T  INDICATES TRACE AMOUNT.




$$
