765
CDUS44 KLIX 080801
CLIBTR


CLIMATE REPORT
NATIONAL WEATHER SERVICE NEW ORLEANS
201 AM CST MON FEB 8 2016


...................................

...THE BATON ROUGE  ASOS CLIMATE SUMMARY FOR FEBRUARY 7 2016...

CLIMATE NORMAL PERIOD 1981 TO 2010
CLIMATE RECORD PERIOD 1894 TO 2016


WEATHER ITEM   OBSERVED TIME   RECORD YEAR NORMAL DEPARTURE LAST
                VALUE   (LST)  VALUE       VALUE  FROM      YEAR
                                                  NORMAL
..................................................................
TEMPERATURE (F)
 YESTERDAY
  MAXIMUM         62    308 PM  82    1957  64     -2       70
  MINIMUM         31    707 AM  17    1895  43    -12       33
  AVERAGE         47                        54     -7       52

PRECIPITATION (IN)
  YESTERDAY        0.00          0.90 1906   0.19  -0.19     0.00
  MONTH TO DATE    1.85                      1.32   0.53     0.78
  SINCE DEC 1     13.91                     12.64   1.27    12.82
  SINCE JAN 1      7.58                      7.04   0.54     7.15

SNOWFALL (IN)
  YESTERDAY        0.0
  MONTH TO DATE    0.0
  SINCE DEC 1      0.0
  SINCE JUL 1      0.0
  SNOW DEPTH       0

DEGREE DAYS
 HEATING
  YESTERDAY       18                        12      6       13
  MONTH TO DATE   88                        87      1      121
  SINCE DEC 1    704                       892   -188      898
  SINCE JUL 1    815                      1127   -312     1239

 COOLING
  YESTERDAY        0                         1     -1        0
  MONTH TO DATE    7                         5      2        0
  SINCE DEC 1     98                        40     58       15
  SINCE JAN 1     11                        18     -7        1
..................................................................


WIND (MPH)
  HIGHEST WIND SPEED    15   HIGHEST WIND DIRECTION    SW (230)
  HIGHEST GUST SPEED    19   HIGHEST GUST DIRECTION    SW (240)
  AVERAGE WIND SPEED     4.6


SKY COVER
  POSSIBLE SUNSHINE  MM
  AVERAGE SKY COVER 0.0


WEATHER CONDITIONS
 THE FOLLOWING WEATHER WAS RECORDED YESTERDAY.
  NO SIGNIFICANT WEATHER WAS OBSERVED.


RELATIVE HUMIDITY (PERCENT)
 HIGHEST    92           700 AM
 LOWEST     23           500 PM
 AVERAGE    58

..........................................................


THE BATON ROUGE  ASOS CLIMATE NORMALS FOR TODAY
                         NORMAL    RECORD    YEAR
 MAXIMUM TEMPERATURE (F)   64        85      1925
 MINIMUM TEMPERATURE (F)   43        11      1895


SUNRISE AND SUNSET
FEBRUARY  8 2016......SUNRISE   651 AM CST   SUNSET   547 PM CST
FEBRUARY  9 2016......SUNRISE   650 AM CST   SUNSET   547 PM CST


-  INDICATES NEGATIVE NUMBERS.
R  INDICATES RECORD WAS SET OR TIED.
MM INDICATES DATA IS MISSING.
T  INDICATES TRACE AMOUNT.




$$
