000
CDUS41 KBTV 280531
CLIBTV


CLIMATE REPORT
NATIONAL WEATHER SERVICE BURLINGTON VT
1229 AM EST SAT FEB 28 2015


...................................

...THE BURLINGTON VT CLIMATE SUMMARY FOR FEBRUARY 27 2015...

CLIMATE NORMAL PERIOD 1981 TO 2010
CLIMATE RECORD PERIOD 1884 TO 2015


WEATHER ITEM   OBSERVED TIME   RECORD YEAR NORMAL DEPARTURE LAST
                VALUE   (LST)  VALUE       VALUE  FROM      YEAR
                                                  NORMAL
..................................................................
TEMPERATURE (F)
 YESTERDAY
  MAXIMUM         20    355 PM  57    2000  34    -14       23
  MINIMUM         -8    640 AM -21    1963  16    -24        7
  AVERAGE          6                        25    -19       15

PRECIPITATION (IN)
  YESTERDAY        0.00          0.58 1912   0.06  -0.06     0.03
  MONTH TO DATE    1.09                      1.69  -0.60     1.83
  SINCE DEC 1      5.23                      6.13  -0.90     6.82
  SINCE JAN 1      2.38                      3.75  -1.37     4.28

SNOWFALL (IN)
  YESTERDAY        0.0           9.0  1912   0.5   -0.5      0.7
  MONTH TO DATE   22.7                      15.8    6.9     24.1
  SINCE DEC 1     65.3                      54.8   10.5     51.9
  SINCE JUL 1     75.9                      60.2   15.7     58.3
  SNOW DEPTH       7

DEGREE DAYS
 HEATING
  YESTERDAY       59                        40     19       50
  MONTH TO DATE 1542                      1177    365     1193
  SINCE DEC 1   4135                      3826    309     3916
  SINCE JUL 1   5460                      5371     89     5409

 COOLING
  YESTERDAY        0                         0      0        0
  MONTH TO DATE    0                         0      0        0
  SINCE DEC 1      0                         0      0        0
  SINCE JAN 1      0                         0      0        0
..................................................................


WIND (MPH)
  HIGHEST WIND SPEED     8   HIGHEST WIND DIRECTION    NW (330)
  HIGHEST GUST SPEED     9   HIGHEST GUST DIRECTION    NW (330)
  AVERAGE WIND SPEED     2.2


SKY COVER
  POSSIBLE SUNSHINE  MM
  AVERAGE SKY COVER 0.1


WEATHER CONDITIONS
 THE FOLLOWING WEATHER WAS RECORDED YESTERDAY.
  NO SIGNIFICANT WEATHER WAS OBSERVED.


RELATIVE HUMIDITY (PERCENT)
 HIGHEST    74           600 AM
 LOWEST     31           200 PM
 AVERAGE    53

..........................................................


THE BURLINGTON VT CLIMATE NORMALS FOR TODAY
                         NORMAL    RECORD    YEAR
 MAXIMUM TEMPERATURE (F)   34        55      1903
 MINIMUM TEMPERATURE (F)   16       -17      1920


SUNRISE AND SUNSET
FEBRUARY 28 2015......SUNRISE   632 AM EST   SUNSET   539 PM EST
MARCH  1 2015.........SUNRISE   630 AM EST   SUNSET   540 PM EST


-  INDICATES NEGATIVE NUMBERS.
R  INDICATES RECORD WAS SET OR TIED.
MM INDICATES DATA IS MISSING.
T  INDICATES TRACE AMOUNT.

&&

LAKE CHAMPLAIN DATA:
LEVEL...............94.89 FEET
TEMPERATURE.........34 DEGREES

MOUNT MANSFIELD DATA:
HIGH................3 DEGREES
LOW.................-12 DEGREES
PRECIPITATION.......NONE

$$
