000
CDUS41 KBTV 210526
CLIBTV


CLIMATE REPORT
NATIONAL WEATHER SERVICE BURLINGTON VT
124 AM EDT SUN SEP 21 2014


...................................

...THE BURLINGTON VT CLIMATE SUMMARY FOR SEPTEMBER 20 2014...

CLIMATE NORMAL PERIOD 1981 TO 2010
CLIMATE RECORD PERIOD 1884 TO 2014


WEATHER ITEM   OBSERVED TIME   RECORD YEAR NORMAL DEPARTURE LAST
                VALUE   (LST)  VALUE       VALUE  FROM      YEAR
                                                  NORMAL
..................................................................
TEMPERATURE (F)
 YESTERDAY
  MAXIMUM         70    413 PM  89    1946  69      1       80
  MINIMUM         49    135 AM  29    1929  49      0       51
  AVERAGE         60                        59      1       66

PRECIPITATION (IN)
  YESTERDAY        0.00          1.76 1989   0.13  -0.13     0.00
  MONTH TO DATE    1.28                      2.33  -1.05     3.91
  SINCE SEP 1      1.28                      2.33  -1.05     3.91
  SINCE JAN 1     26.98                     26.40   0.58    36.60

SNOWFALL (IN)
  YESTERDAY        0.0           0.0  2002   0.0    0.0      0.0
                                      2001
  MONTH TO DATE    0.0                       0.0    0.0      0.0
  SINCE SEP 1      0.0                       0.0    0.0      0.0
  SINCE JUL 1      0.0                       0.0    0.0      0.0
  SNOW DEPTH       0

DEGREE DAYS
 HEATING
  YESTERDAY        5                         7     -2        0
  MONTH TO DATE  120                        84     36      114
  SINCE SEP 1    120                        84     36      114
  SINCE JUL 1    133                       126      7      130

 COOLING
  YESTERDAY        0                         1     -1        1
  MONTH TO DATE   58                        38     20       54
  SINCE SEP 1     58                        38     20       54
  SINCE JAN 1    551                       486     65      654
..................................................................


WIND (MPH)
  HIGHEST WIND SPEED    30   HIGHEST WIND DIRECTION     S (180)
  HIGHEST GUST SPEED    42   HIGHEST GUST DIRECTION     S (190)
  AVERAGE WIND SPEED    18.2


SKY COVER
  POSSIBLE SUNSHINE  MM
  AVERAGE SKY COVER 0.5


WEATHER CONDITIONS
 THE FOLLOWING WEATHER WAS RECORDED YESTERDAY.
  NO SIGNIFICANT WEATHER WAS OBSERVED.


RELATIVE HUMIDITY (PERCENT)
 HIGHEST    68           600 PM
 LOWEST     56           100 AM
 AVERAGE    62

..........................................................


THE BURLINGTON VT CLIMATE NORMALS FOR TODAY
                         NORMAL    RECORD    YEAR
 MAXIMUM TEMPERATURE (F)   68        89      1914
 MINIMUM TEMPERATURE (F)   49        29      1929


SUNRISE AND SUNSET
SEPTEMBER 21 2014.....SUNRISE   638 AM EDT   SUNSET   652 PM EDT
SEPTEMBER 22 2014.....SUNRISE   640 AM EDT   SUNSET   650 PM EDT


-  INDICATES NEGATIVE NUMBERS.
R  INDICATES RECORD WAS SET OR TIED.
MM INDICATES DATA IS MISSING.
T  INDICATES TRACE AMOUNT.

&&

LAKE CHAMPLAIN DATA:
LEVEL...............94.54 FEET
TEMPERATURE.........60 DEGREES

MOUNT MANSFIELD DATA:
HIGH................50 DEGREES
LOW.................35 DEGREES
PRECIPITATION.......TRACE

$$
