000
CDUS41 KBTV 050550
CLIBTV


CLIMATE REPORT
NATIONAL WEATHER SERVICE BURLINGTON VT
1249 AM EST MON DEC 5 2016


...................................

...THE BURLINGTON VT CLIMATE SUMMARY FOR DECEMBER 4 2016...

CLIMATE NORMAL PERIOD 1981 TO 2010
CLIMATE RECORD PERIOD 1884 TO 2016


WEATHER ITEM   OBSERVED TIME   RECORD YEAR NORMAL DEPARTURE LAST
                VALUE   (LST)  VALUE       VALUE  FROM      YEAR
                                                  NORMAL
..................................................................
TEMPERATURE (F)
 YESTERDAY
  MAXIMUM         35    336 PM  65    1982  38     -3       45
  MINIMUM         26   1159 PM -17    1940  24      2       29
  AVERAGE         31                        31      0       37

PRECIPITATION (IN)
  YESTERDAY        T             2.58 1950   0.09  -0.09      T
  MONTH TO DATE    0.44                      0.36   0.08     1.41
  SINCE DEC 1      0.44                      0.36   0.08     1.41
  SINCE JAN 1     25.82                     34.80  -8.98    34.81

SNOWFALL (IN)
  YESTERDAY        T             9.5  1970   0.5   -0.5      0.0
  MONTH TO DATE    T                         1.8   -1.8      0.0
  SINCE DEC 1      T                         1.8   -1.8      0.0
  SINCE JUL 1      4.3                       7.2   -2.9      0.2
  SNOW DEPTH       0

DEGREE DAYS
 HEATING
  YESTERDAY       34                        34      0       28
  MONTH TO DATE  103                       134    -31      109
  SINCE DEC 1    103                       134    -31      109
  SINCE JUL 1   1308                      1679   -371     1348

 COOLING
  YESTERDAY        0                         0      0        0
  MONTH TO DATE    0                         0      0        0
  SINCE DEC 1      0                         0      0        0
  SINCE JAN 1    855                       491    364      768
..................................................................


WIND (MPH)
  HIGHEST WIND SPEED    18   HIGHEST WIND DIRECTION    NW (330)
  HIGHEST GUST SPEED    24   HIGHEST GUST DIRECTION    NW (330)
  AVERAGE WIND SPEED     7.7


SKY COVER
  POSSIBLE SUNSHINE  MM
  AVERAGE SKY COVER 0.8


WEATHER CONDITIONS
 THE FOLLOWING WEATHER WAS RECORDED YESTERDAY.
  LIGHT SNOW


RELATIVE HUMIDITY (PERCENT)
 HIGHEST    81          1000 PM
 LOWEST     59           200 AM
 AVERAGE    70

..........................................................


THE BURLINGTON VT CLIMATE NORMALS FOR TODAY
                         NORMAL    RECORD    YEAR
 MAXIMUM TEMPERATURE (F)   37        67      1941
 MINIMUM TEMPERATURE (F)   24       -12      1886


SUNRISE AND SUNSET
DECEMBER  5 2016......SUNRISE   714 AM EST   SUNSET   413 PM EST
DECEMBER  6 2016......SUNRISE   715 AM EST   SUNSET   413 PM EST


-  INDICATES NEGATIVE NUMBERS.
R  INDICATES RECORD WAS SET OR TIED.
MM INDICATES DATA IS MISSING.
T  INDICATES TRACE AMOUNT.

&&

LAKE CHAMPLAIN DATA:
LAKE LEVEL..........94.51 FEET
WATER TEMPERATURE...48 DEGREES

MOUNT MANSFIELD DATA:
HIGH TEMPERATURE...19 DEGREES
LOW TEMPERATURE....14 DEGREES
PRECIPITATION......0.18 INCHES
NEW SNOW...........1.0 INCHES
SNOW AT STAKE......25 INCHES

$$
