000
CDUS41 KBTV 062024
CLIBTV


CLIMATE REPORT
NATIONAL WEATHER SERVICE BURLINGTON VT
424 PM EDT FRI MAY 6 2016


...................................

...THE BURLINGTON VT CLIMATE SUMMARY FOR MAY 6 2016...
VALID TODAY AS OF 0400 PM LOCAL TIME.

CLIMATE NORMAL PERIOD 1981 TO 2010
CLIMATE RECORD PERIOD 1884 TO 2016


WEATHER ITEM   OBSERVED TIME   RECORD YEAR NORMAL DEPARTURE LAST
                VALUE   (LST)  VALUE       VALUE  FROM      YEAR
                                                  NORMAL
..................................................................
TEMPERATURE (F)
 TODAY
  MAXIMUM         68    259 PM  87    1944  64      4       78
  MINIMUM         44    502 AM  25    1961  42      2       42
  AVERAGE         56                        53      3       60

PRECIPITATION (IN)
  TODAY            0.00          0.85 1894   0.11  -0.11     0.00
  MONTH TO DATE    0.79                      0.61   0.18      T
  SINCE MAR 1      4.85                      5.65  -0.80     3.54
  SINCE JAN 1      9.18                      9.47  -0.29     5.92

SNOWFALL (IN)
  TODAY            0.0           0.4  1970   0.0    0.0      0.0
  MONTH TO DATE    0.0                       0.2   -0.2      0.0
  SINCE MAR 1      5.3                      20.6  -15.3      7.5
  SINCE JUL 1     34.3                      81.4  -47.1     83.4
  SNOW DEPTH       0

DEGREE DAYS
 HEATING
  TODAY            9                        12     -3        5
  MONTH TO DATE   87                        78      9       28
  SINCE MAR 1   1650                      1742    -92     1817
  SINCE JUL 1   6034                      7152  -1118     7334

 COOLING
  TODAY            0                         0      0        0
  MONTH TO DATE    0                         0      0        2
  SINCE MAR 1      0                         2     -2        2
  SINCE JAN 1      0                         2     -2        2
..................................................................


WIND (MPH)
  HIGHEST WIND SPEED    24   HIGHEST WIND DIRECTION    NW (320)
  HIGHEST GUST SPEED    28   HIGHEST GUST DIRECTION    NW (320)
  AVERAGE WIND SPEED    11.9


SKY COVER
  POSSIBLE SUNSHINE  MM
  AVERAGE SKY COVER 0.2


WEATHER CONDITIONS
 THE FOLLOWING WEATHER WAS RECORDED TODAY.
  NO SIGNIFICANT WEATHER WAS OBSERVED.


RELATIVE HUMIDITY (PERCENT)
 HIGHEST    76           500 AM
 LOWEST     35           300 PM
 AVERAGE    56

..........................................................


THE BURLINGTON VT CLIMATE NORMALS FOR TOMORROW
                         NORMAL    RECORD    YEAR
 MAXIMUM TEMPERATURE (F)   64        89      2000
 MINIMUM TEMPERATURE (F)   42        25      1968


SUNRISE AND SUNSET
MAY  6 2016...........SUNRISE   536 AM EDT   SUNSET   804 PM EDT
MAY  7 2016...........SUNRISE   534 AM EDT   SUNSET   805 PM EDT


-  INDICATES NEGATIVE NUMBERS.
R  INDICATES RECORD WAS SET OR TIED.
MM INDICATES DATA IS MISSING.
T  INDICATES TRACE AMOUNT.




$$
