621
CDUS41 KBTV 202131
CLIBTV


CLIMATE REPORT
NATIONAL WEATHER SERVICE BURLINGTON VT
431 PM EST SAT JAN 20 2018


...................................

...THE BURLINGTON VT CLIMATE SUMMARY FOR JANUARY 20 2018...
VALID TODAY AS OF 0400 PM LOCAL TIME.

CLIMATE NORMAL PERIOD 1981 TO 2010
CLIMATE RECORD PERIOD 1884 TO 2018


WEATHER ITEM   OBSERVED TIME   RECORD YEAR NORMAL DEPARTURE LAST
                VALUE   (LST)  VALUE       VALUE  FROM      YEAR
                                                  NORMAL
..................................................................
TEMPERATURE (F)
 TODAY
  MAXIMUM         43    138 PM  52    1951  27     16       38
  MINIMUM         30   1246 AM -22    1970  10     20       34
  AVERAGE         37                        18     19       36

PRECIPITATION (IN)
  TODAY            0.00          0.95 1973   0.06  -0.06     0.00
  MONTH TO DATE    2.04                      1.32   0.72     0.88
  SINCE DEC 1      4.22                      3.70   0.52     3.23
  SINCE JAN 1      2.04                      1.32   0.72     0.88

SNOWFALL (IN)
  TODAY            0.0          10.6  1978   0.6   -0.6      0.0
  MONTH TO DATE   14.9                      13.5    1.4      4.1
  SINCE DEC 1     38.4                      31.4    7.0     20.8
  SINCE JUL 1     41.4                      36.8    4.6     25.1
  SNOW DEPTH       4

DEGREE DAYS
 HEATING
  TODAY           28                        47    -19       29
  MONTH TO DATE  970                       925     45      728
  SINCE DEC 1   2287                      2139    148     1836
  SINCE JUL 1   3426                      3684   -258     3041

 COOLING
  TODAY            0                         0      0        0
  MONTH TO DATE    0                         0      0        0
  SINCE DEC 1      0                         0      0        0
  SINCE JAN 1      0                         0      0        0
..................................................................


WIND (MPH)
  HIGHEST WIND SPEED    22   HIGHEST WIND DIRECTION     S (200)
  HIGHEST GUST SPEED    29   HIGHEST GUST DIRECTION     S (190)
  AVERAGE WIND SPEED    15.0


SKY COVER
  POSSIBLE SUNSHINE  MM
  AVERAGE SKY COVER 0.6


WEATHER CONDITIONS
 THE FOLLOWING WEATHER WAS RECORDED TODAY.
  NO SIGNIFICANT WEATHER WAS OBSERVED.


RELATIVE HUMIDITY (PERCENT)
 HIGHEST    63          1200 AM
 LOWEST     54          1000 AM
 AVERAGE    59

..........................................................


THE BURLINGTON VT CLIMATE NORMALS FOR TOMORROW
                         NORMAL    RECORD    YEAR
 MAXIMUM TEMPERATURE (F)   27        54      2006
 MINIMUM TEMPERATURE (F)   10       -15      1971


SUNRISE AND SUNSET
JANUARY 20 2018.......SUNRISE   722 AM EST   SUNSET   445 PM EST
JANUARY 21 2018.......SUNRISE   722 AM EST   SUNSET   447 PM EST


-  INDICATES NEGATIVE NUMBERS.
R  INDICATES RECORD WAS SET OR TIED.
MM INDICATES DATA IS MISSING.
T  INDICATES TRACE AMOUNT.




$$
