000
CDUS41 KBTV 222039
CLIBTV


CLIMATE REPORT
NATIONAL WEATHER SERVICE BURLINGTON VT
438 PM EDT SUN OCT 22 2017


...................................

...THE BURLINGTON VT CLIMATE SUMMARY FOR OCTOBER 22 2017...
VALID TODAY AS OF 0400 PM LOCAL TIME.

CLIMATE NORMAL PERIOD 1981 TO 2010
CLIMATE RECORD PERIOD 1884 TO 2017


WEATHER ITEM   OBSERVED TIME   RECORD YEAR NORMAL DEPARTURE LAST
                VALUE   (LST)  VALUE       VALUE  FROM      YEAR
                                                  NORMAL
..................................................................
TEMPERATURE (F)
 TODAY
  MAXIMUM         78    204 PM  81    1979  55     23       49
  MINIMUM         45    638 AM  23    1959  37      8       38
  AVERAGE         62                        46     16       44

PRECIPITATION (IN)
  TODAY            0.00          1.04 2016   0.11  -0.11     1.04
  MONTH TO DATE    1.47                      2.60  -1.13     1.86
  SINCE SEP 1      4.26                      6.24  -1.98     3.25
  SINCE JAN 1     33.96                     30.31   3.65    22.45

SNOWFALL (IN)
  TODAY            0.0           5.1  1969   0.0    0.0      0.0
  MONTH TO DATE    0.0                       0.1   -0.1      0.0
  SINCE SEP 1      0.0                       0.1   -0.1      0.0
  SINCE JUL 1      0.0                       0.1   -0.1      0.0
  SNOW DEPTH       0

DEGREE DAYS
 HEATING
  TODAY            3                        19    -16       21
  MONTH TO DATE  143                       338   -195      196
  SINCE SEP 1    229                       513   -284      275
  SINCE JUL 1    252                       555   -303      280

 COOLING
  TODAY            0                         0      0        0
  MONTH TO DATE   13                         0     13        3
  SINCE SEP 1    127                        41     86      111
  SINCE JAN 1    644                       489    155      855
..................................................................


WIND (MPH)
  HIGHEST WIND SPEED    17   HIGHEST WIND DIRECTION     S (180)
  HIGHEST GUST SPEED    24   HIGHEST GUST DIRECTION     S (190)
  AVERAGE WIND SPEED     4.5


SKY COVER
  POSSIBLE SUNSHINE  MM
  AVERAGE SKY COVER 0.5


WEATHER CONDITIONS
 THE FOLLOWING WEATHER WAS RECORDED TODAY.
  NO SIGNIFICANT WEATHER WAS OBSERVED.


RELATIVE HUMIDITY (PERCENT)
 HIGHEST    93           400 AM
 LOWEST     21           200 PM
 AVERAGE    57

..........................................................


THE BURLINGTON VT CLIMATE NORMALS FOR TOMORROW
                         NORMAL    RECORD    YEAR
 MAXIMUM TEMPERATURE (F)   54        78      1979
 MINIMUM TEMPERATURE (F)   37        20      1961


SUNRISE AND SUNSET
OCTOBER 22 2017.......SUNRISE   717 AM EDT   SUNSET   556 PM EDT
OCTOBER 23 2017.......SUNRISE   718 AM EDT   SUNSET   555 PM EDT


-  INDICATES NEGATIVE NUMBERS.
R  INDICATES RECORD WAS SET OR TIED.
MM INDICATES DATA IS MISSING.
T  INDICATES TRACE AMOUNT.




$$
