000
CDUS41 KBUF 191034
CLIBUF


CLIMATE REPORT
NATIONAL WEATHER SERVICE BUFFALO NY
632 AM EDT SAT AUG 19 2017


...................................

...THE BUFFALO NY CLIMATE SUMMARY FOR AUGUST 18 2017...

CLIMATE NORMAL PERIOD 1981 TO 2010
CLIMATE RECORD PERIOD 1871 TO 2017


WEATHER ITEM   OBSERVED TIME   RECORD YEAR NORMAL DEPARTURE LAST
                VALUE   (LST)  VALUE       VALUE  FROM      YEAR
                                                  NORMAL
..................................................................
TEMPERATURE (F)
 YESTERDAY
  MAXIMUM         81   1133 AM  90    1947  78      3       83
                                      1935
                                      1913
  MINIMUM         72   1159 PM  46    1963  61     11       66
  AVERAGE         77                        70      7       75

PRECIPITATION (IN)
  YESTERDAY        T             1.16 1900   0.10  -0.10     0.18
  MONTH TO DATE    2.58                      1.92   0.66     1.46
  SINCE JUN 1      9.44                      8.81   0.63     4.57
  SINCE JAN 1     31.71                     23.82   7.89    15.81

SNOWFALL (IN)
  YESTERDAY        0.0           0.0    MM   0.0    0.0      0.0
  MONTH TO DATE    0.0                       0.0    0.0      0.0
  SINCE JUN 1      0.0                       0.0    0.0      0.0
  SINCE JUL 1      0.0                       0.0    0.0      0.0
  SNOW DEPTH       0

DEGREE DAYS
 HEATING
  YESTERDAY        0                         1     -1        0
  MONTH TO DATE    0                         3     -3        0
  SINCE JUN 1     50                        76    -26       42
  SINCE JUL 1      1                        12    -11        0

 COOLING
  YESTERDAY       12                         5      7       10
  MONTH TO DATE  107                       104      3      222
  SINCE JUN 1    413                       404      9      643
  SINCE JAN 1    440                       430     10      702
..................................................................


WIND (MPH)
  HIGHEST WIND SPEED    26   HIGHEST WIND DIRECTION    SW (230)
  HIGHEST GUST SPEED    37   HIGHEST GUST DIRECTION    SW (230)
  AVERAGE WIND SPEED    15.2


SKY COVER
  AVERAGE SKY COVER 0.6


WEATHER CONDITIONS
 THE FOLLOWING WEATHER WAS RECORDED YESTERDAY.
  LIGHT RAIN


RELATIVE HUMIDITY (PERCENT)
 HIGHEST    93          1200 AM
 LOWEST     54           100 PM
 AVERAGE    74

..........................................................


THE BUFFALO NY CLIMATE NORMALS FOR TODAY
                         NORMAL    RECORD    YEAR
 MAXIMUM TEMPERATURE (F)   78        90      1995
 MINIMUM TEMPERATURE (F)   61        46      1977
                                             1963


SUNRISE AND SUNSET
AUGUST 19 2017........SUNRISE   626 AM EDT   SUNSET   811 PM EDT
AUGUST 20 2017........SUNRISE   627 AM EDT   SUNSET   809 PM EDT


-  INDICATES NEGATIVE NUMBERS.
R  INDICATES RECORD WAS SET OR TIED.
MM INDICATES DATA IS MISSING.
T  INDICATES TRACE AMOUNT.




$$
