000
CDUS46 KLOX 280909
CLIBUR


CLIMATE REPORT
NATIONAL WEATHER SERVICE LOS ANGELES/OXNARD CA
209 AM PDT FRI APR 28 2017


...................................

...THE BOB HOPE AIRPORT (BURBANK) CA CLIMATE SUMMARY FOR APRIL 27 2017...

CLIMATE NORMAL PERIOD 1981 TO 2010
CLIMATE RECORD PERIOD 1939 TO 2017


WEATHER ITEM   OBSERVED TIME   RECORD YEAR NORMAL DEPARTURE LAST
                VALUE   (LST)  VALUE       VALUE  FROM      YEAR
                                                  NORMAL
..................................................................
TEMPERATURE (F)
 YESTERDAY
  MAXIMUM         83    115 PM 100    2004  75      8       70
  MINIMUM         58    514 AM  39    1971  52      6       51
  AVERAGE         71                        63      8       61

PRECIPITATION (IN)
  YESTERDAY        0.00          1.10 1944   0.02  -0.02      T
  MONTH TO DATE    0.09                      1.03  -0.94     0.30
  SINCE OCT 1     13.70                     16.45  -2.75     7.64
  SINCE JAN 1      9.44                     12.01  -2.57     6.54

SNOWFALL (IN)
  YESTERDAY        0.0
  MONTH TO DATE    0.0
  SINCE MAR 1      0.0
  SINCE JUL 1      0.0

DEGREE DAYS
 HEATING
  YESTERDAY        0                         3     -3        4
  MONTH TO DATE   38                       130    -92       44
  SINCE MAR 1    126                       348   -222      159
  SINCE JUL 1   1119                      1489   -370     1066

 COOLING
  YESTERDAY        6                         2      4        0
  MONTH TO DATE   58                        33     25       73
  SINCE MAR 1    124                        43     81       89
  SINCE JAN 1    125                        49     76      144
..................................................................


WIND (MPH)
  HIGHEST WIND SPEED    29   HIGHEST WIND DIRECTION     N (350)
  HIGHEST GUST SPEED    43   HIGHEST GUST DIRECTION    NW (330)
  AVERAGE WIND SPEED    15.0


SKY COVER
  POSSIBLE SUNSHINE  MM
  AVERAGE SKY COVER 0.0


WEATHER CONDITIONS
 THE FOLLOWING WEATHER WAS RECORDED YESTERDAY.
  NO SIGNIFICANT WEATHER WAS OBSERVED.


RELATIVE HUMIDITY (PERCENT)
 HIGHEST    80           300 AM
 LOWEST     16           400 PM
 AVERAGE    48

..........................................................


THE BOB HOPE AIRPORT (BURBANK) CA CLIMATE NORMALS FOR TODAY
                         NORMAL    RECORD    YEAR
 MAXIMUM TEMPERATURE (F)   75       101      1981
 MINIMUM TEMPERATURE (F)   52        38      1984


SUNRISE AND SUNSET
APRIL 28 2017.........SUNRISE   607 AM PDT   SUNSET   735 PM PDT
APRIL 29 2017.........SUNRISE   606 AM PDT   SUNSET   736 PM PDT


-  INDICATES NEGATIVE NUMBERS.
R  INDICATES RECORD WAS SET OR TIED.
MM INDICATES DATA IS MISSING.
T  INDICATES TRACE AMOUNT.




$$
