000
CDUS46 KLOX 260915
CLIBUR


CLIMATE REPORT
NATIONAL WEATHER SERVICE LOS ANGELES/OXNARD CA
215 AM PDT THU MAY 26 2016


...................................

...THE BOB HOPE AIRPORT (BURBANK) CA CLIMATE SUMMARY FOR MAY 25 2016...

CLIMATE NORMAL PERIOD 1981 TO 2010
CLIMATE RECORD PERIOD 1939 TO 2016


WEATHER ITEM   OBSERVED TIME   RECORD YEAR NORMAL DEPARTURE LAST
                VALUE   (LST)  VALUE       VALUE  FROM      YEAR
                                                  NORMAL
..................................................................
TEMPERATURE (F)
 YESTERDAY
  MAXIMUM         68    345 PM 103    1974  77     -9       72
  MINIMUM         55    448 AM  43    1980  56     -1       55
  AVERAGE         62                        66     -4       64

PRECIPITATION (IN)
  YESTERDAY        0.00          0.02 1995   0.01  -0.01     0.00
  MONTH TO DATE    0.02                      0.31  -0.29     0.30
  SINCE OCT 1      7.66                     16.84  -9.18     7.58
  SINCE JAN 1      6.56                     12.40  -5.84     3.08

SNOWFALL (IN)
  YESTERDAY        0.0
  MONTH TO DATE    0.0
  SINCE MAR 1      0.0
  SINCE JUL 1      0.0

DEGREE DAYS
 HEATING
  YESTERDAY        3                         1      2        1
  MONTH TO DATE   46                        51     -5       64
  SINCE MAR 1    218                       407   -189      176
  SINCE JUL 1   1125                      1548   -423      733

 COOLING
  YESTERDAY        0                         3     -3        0
  MONTH TO DATE   29                        52    -23       26
  SINCE MAR 1    118                        97     21      221
  SINCE JAN 1    173                       103     70      247
..................................................................


WIND (MPH)
  HIGHEST WIND SPEED    15   HIGHEST WIND DIRECTION     S (190)
  HIGHEST GUST SPEED    20   HIGHEST GUST DIRECTION     W (250)
  AVERAGE WIND SPEED     4.4


SKY COVER
  POSSIBLE SUNSHINE  MM
  AVERAGE SKY COVER 0.6


WEATHER CONDITIONS
 THE FOLLOWING WEATHER WAS RECORDED YESTERDAY.
  HAZE


RELATIVE HUMIDITY (PERCENT)
 HIGHEST    83           100 AM
 LOWEST     40           400 PM
 AVERAGE    62

..........................................................


THE BOB HOPE AIRPORT (BURBANK) CA CLIMATE NORMALS FOR TODAY
                         NORMAL    RECORD    YEAR
 MAXIMUM TEMPERATURE (F)   77       100      1974
 MINIMUM TEMPERATURE (F)   56        42      1977


SUNRISE AND SUNSET
MAY 26 2016...........SUNRISE   545 AM PDT   SUNSET   757 PM PDT
MAY 27 2016...........SUNRISE   544 AM PDT   SUNSET   757 PM PDT


-  INDICATES NEGATIVE NUMBERS.
R  INDICATES RECORD WAS SET OR TIED.
MM INDICATES DATA IS MISSING.
T  INDICATES TRACE AMOUNT.




$$
