000
CDUS46 KLOX 260125
CLIBUR


CLIMATE REPORT
NATIONAL WEATHER SERVICE LOS ANGELES/OXNARD CA
625 PM PDT SUN SEP 25 2016


...................................

...THE BOB HOPE AIRPORT (BURBANK) CA CLIMATE SUMMARY FOR SEPTEMBER 25 2016...
VALID TODAY AS OF 0600 PM LOCAL TIME.

CLIMATE NORMAL PERIOD 1981 TO 2010
CLIMATE RECORD PERIOD 1939 TO 2016


WEATHER ITEM   OBSERVED TIME   RECORD YEAR NORMAL DEPARTURE LAST
                VALUE   (LST)  VALUE       VALUE  FROM      YEAR
                                                  NORMAL
..................................................................
TEMPERATURE (F)
 TODAY
  MAXIMUM         99    109 PM 109    1978  84     15       98
  MINIMUM         64    624 AM  46    1948  59      5       72
  AVERAGE         82                        71     11       85

PRECIPITATION (IN)
  TODAY            0.00          0.25 1986   0.01  -0.01     0.00
  MONTH TO DATE    T                         0.16  -0.16     1.04
  SINCE OCT 1      7.66                     17.24  -9.58     8.95
  SINCE JAN 1      6.56                     12.80  -6.24     4.45

SNOWFALL (IN)
  TODAY            0.0
  MONTH TO DATE    0.0
  SINCE SEP 1      0.0
  SINCE JUL 1      0.0

DEGREE DAYS
 HEATING
  TODAY            0                         0      0        0
  MONTH TO DATE    1                         0      1        0
  SINCE SEP 1      1                         0      1        0
  SINCE JUL 1      1                         0      1        0

 COOLING
  TODAY           17                         7     10       20
  MONTH TO DATE  198                       219    -21      383
  SINCE SEP 1    198                       219    -21      383
  SINCE JAN 1   1411                      1101    310     1734
..................................................................


WIND (MPH)
  HIGHEST WIND SPEED    18   HIGHEST WIND DIRECTION     N (20)
  HIGHEST GUST SPEED    24   HIGHEST GUST DIRECTION    SE (140)
  AVERAGE WIND SPEED     4.5


SKY COVER
  POSSIBLE SUNSHINE  MM
  AVERAGE SKY COVER 0.0


WEATHER CONDITIONS
 THE FOLLOWING WEATHER WAS RECORDED TODAY.
  NO SIGNIFICANT WEATHER WAS OBSERVED.


RELATIVE HUMIDITY (PERCENT)
 HIGHEST    32           700 AM
 LOWEST      4           500 PM
 AVERAGE    18

..........................................................


THE BOB HOPE AIRPORT (BURBANK) CA CLIMATE NORMALS FOR TOMORROW
                         NORMAL    RECORD    YEAR
 MAXIMUM TEMPERATURE (F)   84       107      1978
 MINIMUM TEMPERATURE (F)   58        43      1941


SUNRISE AND SUNSET
SEPTEMBER 25 2016.....SUNRISE   644 AM PDT   SUNSET   645 PM PDT
SEPTEMBER 26 2016.....SUNRISE   645 AM PDT   SUNSET   644 PM PDT


-  INDICATES NEGATIVE NUMBERS.
R  INDICATES RECORD WAS SET OR TIED.
MM INDICATES DATA IS MISSING.
T  INDICATES TRACE AMOUNT.




$$
