000
CDUS46 KLOX 251006
CLIBUR


CLIMATE REPORT
NATIONAL WEATHER SERVICE LOS ANGELES/OXNARD CA
206 AM PST SUN JAN 25 2015


...................................

...THE BOB HOPE AIRPORT (BURBANK) CA CLIMATE SUMMARY FOR JANUARY 24 2015...

CLIMATE NORMAL PERIOD 1981 TO 2010
CLIMATE RECORD PERIOD 1939 TO 2015


WEATHER ITEM   OBSERVED TIME   RECORD YEAR NORMAL DEPARTURE LAST
                VALUE   (LST)  VALUE       VALUE  FROM      YEAR
                                                  NORMAL
..................................................................
TEMPERATURE (F)
 YESTERDAY
  MAXIMUM         81    313 PM  85    1951  68     13       75
  MINIMUM         57    116 AM  32    1949  42     15       53
  AVERAGE         69                        55     14       64

PRECIPITATION (IN)
  YESTERDAY        0.00          2.26 1995   0.10  -0.10      T
  MONTH TO DATE    0.68                      2.68  -2.00      T
  SINCE OCT 1      5.18                      7.12  -1.94     0.63
  SINCE JAN 1      0.68                      2.68  -2.00      T

SNOWFALL (IN)
  YESTERDAY        0.0
  MONTH TO DATE    0.0
  SINCE DEC 1      0.0
  SINCE JUL 1      0.0

DEGREE DAYS
 HEATING
  YESTERDAY        0                        10    -10        1
  MONTH TO DATE  157                       246    -89       49
  SINCE DEC 1    395                       585   -190      259
  SINCE JUL 1    455                       813   -358      347

 COOLING
  YESTERDAY        4                         0      4        0
  MONTH TO DATE    6                         0      6       33
  SINCE DEC 1      9                         1      8       47
  SINCE JAN 1      6                         0      6       33
..................................................................


WIND (MPH)
  HIGHEST WIND SPEED    46   HIGHEST WIND DIRECTION     N (20)
  HIGHEST GUST SPEED    60   HIGHEST GUST DIRECTION     N (20)
  AVERAGE WIND SPEED    13.8


SKY COVER
  POSSIBLE SUNSHINE  MM
  AVERAGE SKY COVER 0.0


WEATHER CONDITIONS
 THE FOLLOWING WEATHER WAS RECORDED YESTERDAY.
  NO SIGNIFICANT WEATHER WAS OBSERVED.


RELATIVE HUMIDITY (PERCENT)
 HIGHEST    33          1100 PM
 LOWEST      9           200 PM
 AVERAGE    21

..........................................................


THE BOB HOPE AIRPORT (BURBANK) CA CLIMATE NORMALS FOR TODAY
                         NORMAL    RECORD    YEAR
 MAXIMUM TEMPERATURE (F)   68        85      2012
                                             1951
 MINIMUM TEMPERATURE (F)   42        29      1978


SUNRISE AND SUNSET
JANUARY 25 2015.......SUNRISE   655 AM PST   SUNSET   517 PM PST
JANUARY 26 2015.......SUNRISE   655 AM PST   SUNSET   518 PM PST


-  INDICATES NEGATIVE NUMBERS.
R  INDICATES RECORD WAS SET OR TIED.
MM INDICATES DATA IS MISSING.
T  INDICATES TRACE AMOUNT.




$$
