000
CDUS43 KLMK 132134
CLIBWG


CLIMATE REPORT
NATIONAL WEATHER SERVICE LOUISVILLE KY
433 PM EST WED DEC 13 2017


...................................

...THE BOWLING GREEN CLIMATE SUMMARY FOR DECEMBER 13 2017...
VALID TODAY AS OF 0400 PM LOCAL TIME.

CLIMATE NORMAL PERIOD 1981 TO 2010
CLIMATE RECORD PERIOD 1870 TO 2017


WEATHER ITEM   OBSERVED TIME   RECORD YEAR NORMAL DEPARTURE LAST
                VALUE   (LST)  VALUE       VALUE  FROM      YEAR
                                                  NORMAL
..................................................................
TEMPERATURE (F)
 TODAY
  MAXIMUM         49    219 PM  76    1927  48      1       48
  MINIMUM         21    317 AM  -8    1962  30     -9       33
  AVERAGE         35                        39     -4       41

PRECIPITATION (IN)
  TODAY            0.00          2.10 1931   0.16  -0.16     0.01
  MONTH TO DATE    0.57                      2.13  -1.56     1.55
  SINCE DEC 1      0.57                      2.13  -1.56     1.55
  SINCE JAN 1     49.55                     47.22   2.33    43.51

SNOWFALL (IN)
  TODAY            0.0           1.0  1945   0.1   -0.1      0.0
                                      1914
  MONTH TO DATE    T                         0.3   -0.3      0.0
  SINCE DEC 1      T                         0.3   -0.3      0.0
  SINCE JUL 1      T                         0.3   -0.3      0.0
  SNOW DEPTH       0

DEGREE DAYS
 HEATING
  TODAY           30                        26      4       24
  MONTH TO DATE  326                       316     10      345
  SINCE DEC 1    326                       316     10      345
  SINCE JUL 1   1027                      1079    -52      831

 COOLING
  TODAY            0                         0      0        0
  MONTH TO DATE    0                         0      0        0
  SINCE DEC 1      0                         0      0        0
  SINCE JAN 1   1600                      1491    109     1979
..................................................................


WIND (MPH)
  HIGHEST WIND SPEED    28   HIGHEST WIND DIRECTION     S (200)
  HIGHEST GUST SPEED    36   HIGHEST GUST DIRECTION     S (200)
  AVERAGE WIND SPEED    10.1


SKY COVER
  POSSIBLE SUNSHINE  MM
  AVERAGE SKY COVER 0.1


WEATHER CONDITIONS
 THE FOLLOWING WEATHER WAS RECORDED TODAY.
  NO SIGNIFICANT WEATHER WAS OBSERVED.


RELATIVE HUMIDITY (PERCENT)
 HIGHEST    68          1200 AM
 LOWEST     26           100 PM
 AVERAGE    47

..........................................................


THE BOWLING GREEN CLIMATE NORMALS FOR TOMORROW
                         NORMAL    RECORD    YEAR
 MAXIMUM TEMPERATURE (F)   48        72      2015
 MINIMUM TEMPERATURE (F)   29         0      1898


SUNRISE AND SUNSET
DECEMBER 13 2017......SUNRISE   650 AM CST   SUNSET   430 PM CST
DECEMBER 14 2017......SUNRISE   651 AM CST   SUNSET   430 PM CST


-  INDICATES NEGATIVE NUMBERS.
R  INDICATES RECORD WAS SET OR TIED.
MM INDICATES DATA IS MISSING.
T  INDICATES TRACE AMOUNT.




$$
