000
CDUS43 KLMK 032133
CLIBWG


CLIMATE REPORT
NATIONAL WEATHER SERVICE LOUISVILLE KY
432 PM EST TUE MAR 3 2015


...................................

...THE BOWLING GREEN CLIMATE SUMMARY FOR MARCH 3 2015...
VALID TODAY AS OF 0400 PM LOCAL TIME.

CLIMATE NORMAL PERIOD 1981 TO 2010
CLIMATE RECORD PERIOD 1870 TO 2015


WEATHER ITEM   OBSERVED TIME   RECORD YEAR NORMAL DEPARTURE LAST
                VALUE   (LST)  VALUE       VALUE  FROM      YEAR
                                                  NORMAL
..................................................................
TEMPERATURE (F)
 TODAY
  MAXIMUM         63    300 PM  80    1976  55      8       27
  MINIMUM         37    129 AM   1    1980  34      3       14
  AVERAGE         50                        44      6       21

PRECIPITATION (IN)
  TODAY            0.01          2.45 1940   0.13  -0.12     0.44
  MONTH TO DATE    0.23                      0.41  -0.18     2.47
  SINCE MAR 1      0.23                      0.41  -0.18     2.47
  SINCE JAN 1      6.11                      7.98  -1.87     9.64

SNOWFALL (IN)
  TODAY            0.0           3.4  2014   0.0    0.0      3.4
  MONTH TO DATE    0.0                       0.1   -0.1      4.8
  SINCE MAR 1      0.0                       0.1   -0.1      4.8
  SINCE JUL 1     16.3                       7.9    8.4     10.1
  SNOW DEPTH       T

DEGREE DAYS
 HEATING
  TODAY           15                        21     -6       44
  MONTH TO DATE   65                        63      2       84
  SINCE MAR 1     65                        63      2       84
  SINCE JUL 1   3600                      3261    339     3693

 COOLING
  TODAY            0                         0      0        0
  MONTH TO DATE    0                         0      0        0
  SINCE MAR 1      0                         0      0        0
  SINCE JAN 1      0                         0      0        0
..................................................................


WIND (MPH)
  HIGHEST WIND SPEED    17   HIGHEST WIND DIRECTION    SW (210)
  HIGHEST GUST SPEED    32   HIGHEST GUST DIRECTION    SW (210)
  AVERAGE WIND SPEED     7.0


SKY COVER
  POSSIBLE SUNSHINE  MM
  AVERAGE SKY COVER 1.0


WEATHER CONDITIONS
 THE FOLLOWING WEATHER WAS RECORDED TODAY.
  RAIN
  FOG


RELATIVE HUMIDITY (PERCENT)
 HIGHEST    83          1100 AM
 LOWEST     59          1200 AM
 AVERAGE    71

..........................................................


THE BOWLING GREEN CLIMATE NORMALS FOR TOMORROW
                         NORMAL    RECORD    YEAR
 MAXIMUM TEMPERATURE (F)   56        82      1976
 MINIMUM TEMPERATURE (F)   34         0      1960


SUNRISE AND SUNSET
MARCH  3 2015.........SUNRISE   614 AM CST   SUNSET   542 PM CST
MARCH  4 2015.........SUNRISE   613 AM CST   SUNSET   543 PM CST


-  INDICATES NEGATIVE NUMBERS.
R  INDICATES RECORD WAS SET OR TIED.
MM INDICATES DATA IS MISSING.
T  INDICATES TRACE AMOUNT.




$$
