837
CDUS43 KLMK 260630
CLIBWG


CLIMATE REPORT
NATIONAL WEATHER SERVICE LOUISVILLE KY
228 AM EDT SUN JUN 26 2016


...................................

...THE BOWLING GREEN KY CLIMATE SUMMARY FOR JUNE 25 2016...

CLIMATE NORMAL PERIOD 1981 TO 2010
CLIMATE RECORD PERIOD 1870 TO 2016


WEATHER ITEM   OBSERVED TIME   RECORD YEAR NORMAL DEPARTURE LAST
                VALUE   (LST)  VALUE       VALUE  FROM      YEAR
                                                  NORMAL
..................................................................
TEMPERATURE (F)
 YESTERDAY
  MAXIMUM         92    340 PM 104    1914  88      4       96
  MINIMUM         67    433 AM  50    1979  66      1       67
                                      1915
  AVERAGE         80                        77      3       82

PRECIPITATION (IN)
  YESTERDAY        0.00          1.48 1991   0.14  -0.14     0.00
  MONTH TO DATE    2.38                      3.55  -1.17     1.16
  SINCE JUN 1      2.38                      3.55  -1.17     1.16
  SINCE JAN 1     21.55                     25.48  -3.93    25.35

SNOWFALL (IN)
  YESTERDAY        0.0           0.0    MM   0.0    0.0      0.0
  MONTH TO DATE    0.0                       0.0    0.0      0.0
  SINCE JUN 1      0.0                       0.0    0.0      0.0
  SINCE JUL 1     24.0                       9.1   14.9     23.5
  SNOW DEPTH       0

DEGREE DAYS
 HEATING
  YESTERDAY        0                         0      0        0
  MONTH TO DATE    0                         3     -3        3
  SINCE JUN 1      0                         3     -3        3
  SINCE JUL 1   3230                      4046   -816     4288

 COOLING
  YESTERDAY       15                        12      3       17
  MONTH TO DATE  333                       241     92      325
  SINCE JUN 1    333                       241     92      325
  SINCE JAN 1    499                       394    105      528
..................................................................


WIND (MPH)
  HIGHEST WIND SPEED     8   HIGHEST WIND DIRECTION     E (100)
  HIGHEST GUST SPEED    14   HIGHEST GUST DIRECTION    SE (130)
  AVERAGE WIND SPEED     2.2


SKY COVER
  POSSIBLE SUNSHINE  MM
  AVERAGE SKY COVER 0.0


WEATHER CONDITIONS
 THE FOLLOWING WEATHER WAS RECORDED YESTERDAY.
  FOG
  FOG W/VISIBILITY <= 1/4 MILE


RELATIVE HUMIDITY (PERCENT)
 HIGHEST    97           100 AM
 LOWEST     47          1200 PM
 AVERAGE    72

..........................................................


THE BOWLING GREEN KY CLIMATE NORMALS FOR TODAY
                         NORMAL    RECORD    YEAR
 MAXIMUM TEMPERATURE (F)   88       105      1914
 MINIMUM TEMPERATURE (F)   67        51      1974


SUNRISE AND SUNSET
JUNE 26 2016..........SUNRISE   528 AM CDT   SUNSET   809 PM CDT
JUNE 27 2016..........SUNRISE   528 AM CDT   SUNSET   809 PM CDT


-  INDICATES NEGATIVE NUMBERS.
R  INDICATES RECORD WAS SET OR TIED.
MM INDICATES DATA IS MISSING.
T  INDICATES TRACE AMOUNT.




$$
