000
CDUS43 KLMK 212033
CLIBWG


CLIMATE REPORT
NATIONAL WEATHER SERVICE LOUISVILLE KY
432 PM EDT THU AUG 21 2014


...................................

...THE BOWLING GREEN CLIMATE SUMMARY FOR AUGUST 21 2014...
VALID TODAY AS OF 0400 PM LOCAL TIME.

CLIMATE NORMAL PERIOD 1981 TO 2010
CLIMATE RECORD PERIOD 1870 TO 2014


WEATHER ITEM   OBSERVED TIME   RECORD YEAR NORMAL DEPARTURE LAST
                VALUE   (LST)  VALUE       VALUE  FROM      YEAR
                                                  NORMAL
..................................................................
TEMPERATURE (F)
 TODAY
  MAXIMUM         92    200 PM 105    1936  89      3       89
  MINIMUM         68    519 AM  50    1943  66      2       69
  AVERAGE         80                        77      3       79

PRECIPITATION (IN)
  TODAY            0.00          1.17 1969   0.12  -0.12      T
  MONTH TO DATE    7.28                      2.18   5.10     5.07
  SINCE JUN 1     11.53                     10.48   1.05    17.11
  SINCE JAN 1     32.11                     32.41  -0.30    41.64

SNOWFALL (IN)
  TODAY            0.0           0.0    MM   0.0    0.0      0.0
  MONTH TO DATE    0.0                       0.0    0.0      0.0
  SINCE JUN 1      0.0                       0.0    0.0      0.0
  SINCE JUL 1      0.0                       0.0    0.0      0.0
  SNOW DEPTH       0

DEGREE DAYS
 HEATING
  TODAY            0                         0      0        0
  MONTH TO DATE    0                         0      0        0
  SINCE JUN 1      0                         5     -5        0
  SINCE JUL 1      0                         0      0        0

 COOLING
  TODAY           15                        12      3       14
  MONTH TO DATE  257                       272    -15      214
  SINCE JUN 1    923                      1000    -77      904
  SINCE JAN 1   1120                      1153    -33     1117
..................................................................


WIND (MPH)
  HIGHEST WIND SPEED    12   HIGHEST WIND DIRECTION     W (250)
  HIGHEST GUST SPEED    18   HIGHEST GUST DIRECTION     W (250)
  AVERAGE WIND SPEED     5.6


SKY COVER
  POSSIBLE SUNSHINE  MM
  AVERAGE SKY COVER 0.1


WEATHER CONDITIONS
 THE FOLLOWING WEATHER WAS RECORDED TODAY.
  NO SIGNIFICANT WEATHER WAS OBSERVED.


RELATIVE HUMIDITY (PERCENT)
 HIGHEST    93           500 AM
 LOWEST     52           200 PM
 AVERAGE    73

..........................................................


THE BOWLING GREEN CLIMATE NORMALS FOR TOMORROW
                         NORMAL    RECORD    YEAR
 MAXIMUM TEMPERATURE (F)   89       102      2007
 MINIMUM TEMPERATURE (F)   66        49      1956


SUNRISE AND SUNSET
AUGUST 21 2014........SUNRISE   608 AM CDT   SUNSET   729 PM CDT
AUGUST 22 2014........SUNRISE   608 AM CDT   SUNSET   728 PM CDT


-  INDICATES NEGATIVE NUMBERS.
R  INDICATES RECORD WAS SET OR TIED.
MM INDICATES DATA IS MISSING.
T  INDICATES TRACE AMOUNT.




$$
