000
CDUS43 KLMK 260626
CLIBWG


CLIMATE REPORT
NATIONAL WEATHER SERVICE LOUISVILLE KY
226 AM EDT SUN OCT 26 2014


...................................

...THE BOWLING GREEN KY CLIMATE SUMMARY FOR OCTOBER 25 2014...

CLIMATE NORMAL PERIOD 1981 TO 2010
CLIMATE RECORD PERIOD 1870 TO 2014


WEATHER ITEM   OBSERVED TIME   RECORD YEAR NORMAL DEPARTURE LAST
                VALUE   (LST)  VALUE       VALUE  FROM      YEAR
                                                  NORMAL
..................................................................
TEMPERATURE (F)
 YESTERDAY
  MAXIMUM         79    308 PM  90    1921  68     11       50
  MINIMUM         43    531 AM  20    1903  44     -1       26
  AVERAGE         61                        56      5       38

PRECIPITATION (IN)
  YESTERDAY        0.00          2.20 1977   0.10  -0.10     0.00
  MONTH TO DATE    4.98                      2.69   2.29     2.80
  SINCE SEP 1      5.35                      6.62  -1.27     7.89
  SINCE JAN 1     41.51                     40.18   1.33    50.59

SNOWFALL (IN)
  YESTERDAY        0.0           0.0    MM   0.0    0.0      0.0
  MONTH TO DATE    0.0                       0.0    0.0      0.0
  SINCE SEP 1      0.0                       0.0    0.0      0.0
  SINCE JUL 1      0.0                       0.0    0.0      0.0
  SNOW DEPTH       0

DEGREE DAYS
 HEATING
  YESTERDAY        4                        10     -6       27
  MONTH TO DATE  143                       164    -21      187
  SINCE SEP 1    167                       199    -32      199
  SINCE JUL 1    167                       200    -33      199

 COOLING
  YESTERDAY        0                         0      0        0
  MONTH TO DATE   29                        33     -4       43
  SINCE SEP 1    208                       219    -11      235
  SINCE JAN 1   1485                      1488     -3     1495
..................................................................


WIND (MPH)
  HIGHEST WIND SPEED    12   HIGHEST WIND DIRECTION    SW (240)
  HIGHEST GUST SPEED    17   HIGHEST GUST DIRECTION     W (270)
  AVERAGE WIND SPEED     3.0


SKY COVER
  POSSIBLE SUNSHINE  MM
  AVERAGE SKY COVER 0.1


WEATHER CONDITIONS
 THE FOLLOWING WEATHER WAS RECORDED YESTERDAY.
  FOG
  FOG W/VISIBILITY <= 1/4 MILE


RELATIVE HUMIDITY (PERCENT)
 HIGHEST    93          1200 AM
 LOWEST     54           300 PM
 AVERAGE    74

..........................................................


THE BOWLING GREEN KY CLIMATE NORMALS FOR TODAY
                         NORMAL    RECORD    YEAR
 MAXIMUM TEMPERATURE (F)   68        85      1927
                                             1919
 MINIMUM TEMPERATURE (F)   43        26      2013


SUNRISE AND SUNSET
OCTOBER 26 2014.......SUNRISE   704 AM CDT   SUNSET   555 PM CDT
OCTOBER 27 2014.......SUNRISE   705 AM CDT   SUNSET   554 PM CDT


-  INDICATES NEGATIVE NUMBERS.
R  INDICATES RECORD WAS SET OR TIED.
MM INDICATES DATA IS MISSING.
T  INDICATES TRACE AMOUNT.




$$
