000
CDUS43 KLMK 120628
CLIBWG


CLIMATE REPORT
NATIONAL WEATHER SERVICE LOUISVILLE KY
127 AM EST FRI FEB 12 2016


...................................

...THE BOWLING GREEN KY CLIMATE SUMMARY FOR FEBRUARY 11 2016...

CLIMATE NORMAL PERIOD 1981 TO 2010
CLIMATE RECORD PERIOD 1870 TO 2016


WEATHER ITEM   OBSERVED TIME   RECORD YEAR NORMAL DEPARTURE LAST
                VALUE   (LST)  VALUE       VALUE  FROM      YEAR
                                                  NORMAL
..................................................................
TEMPERATURE (F)
 YESTERDAY
  MAXIMUM         39    318 PM  72    1999  49    -10       52
                                      1938
  MINIMUM         24    706 AM  -4    1885  29     -5       22
  AVERAGE         32                        39     -7       37

PRECIPITATION (IN)
  YESTERDAY        0.00          2.06 1965   0.14  -0.14     0.00
  MONTH TO DATE    1.83                      1.60   0.23     1.00
  SINCE DEC 1      8.87                     10.01  -1.14     4.57
  SINCE JAN 1      3.64                      5.21  -1.57     2.88

SNOWFALL (IN)
  YESTERDAY        0.0           4.0  1988   0.1   -0.1      0.0
                                      1933
  MONTH TO DATE    2.0                       1.6    0.4       T
  SINCE DEC 1     16.8                       6.1   10.7      3.4
  SINCE JUL 1     16.8                       6.1   10.7      3.7
  SNOW DEPTH       0

DEGREE DAYS
 HEATING
  YESTERDAY       33                        26      7       28
  MONTH TO DATE  295                       299     -4      286
  SINCE DEC 1   1680                      2028   -348     1934
  SINCE JUL 1   2218                      2791   -573     2831

 COOLING
  YESTERDAY        0                         0      0        0
  MONTH TO DATE    0                         0      0        0
  SINCE DEC 1      2                         1      1        0
  SINCE JAN 1      0                         0      0        0
..................................................................


WIND (MPH)
  HIGHEST WIND SPEED     9   HIGHEST WIND DIRECTION     N (20)
  HIGHEST GUST SPEED    13   HIGHEST GUST DIRECTION    NE (40)
  AVERAGE WIND SPEED     4.1


SKY COVER
  POSSIBLE SUNSHINE  MM
  AVERAGE SKY COVER 0.6


WEATHER CONDITIONS
 THE FOLLOWING WEATHER WAS RECORDED YESTERDAY.
  NO SIGNIFICANT WEATHER WAS OBSERVED.


RELATIVE HUMIDITY (PERCENT)
 HIGHEST    81           100 AM
 LOWEST     44           300 PM
 AVERAGE    63

..........................................................


THE BOWLING GREEN KY CLIMATE NORMALS FOR TODAY
                         NORMAL    RECORD    YEAR
 MAXIMUM TEMPERATURE (F)   49        76      1938
 MINIMUM TEMPERATURE (F)   29        -9      1899


SUNRISE AND SUNSET
FEBRUARY 12 2016......SUNRISE   638 AM CST   SUNSET   522 PM CST
FEBRUARY 13 2016......SUNRISE   637 AM CST   SUNSET   523 PM CST


-  INDICATES NEGATIVE NUMBERS.
R  INDICATES RECORD WAS SET OR TIED.
MM INDICATES DATA IS MISSING.
T  INDICATES TRACE AMOUNT.




$$
