000
CDUS41 KLWX 050528
CLIBWI


CLIMATE REPORT
NATIONAL WEATHER SERVICE BALTIMORE MD/WASHINGTON DC
127 AM EDT SUN JUL 5 2015


...................................

...THE BALTIMORE MD CLIMATE SUMMARY FOR JULY 4 2015...

CLIMATE NORMAL PERIOD 1981 TO 2010
CLIMATE RECORD PERIOD 1870 TO 2015


WEATHER ITEM   OBSERVED TIME   RECORD YEAR NORMAL DEPARTURE LAST
                VALUE   (LST)  VALUE       VALUE  FROM      YEAR
                                                  NORMAL
..................................................................
TEMPERATURE (F)
 YESTERDAY
  MAXIMUM         76    222 PM 100    2002  87    -11       80
                                      1966
                                      1898
  MINIMUM         66   1159 PM  53    1986  66      0       63
  AVERAGE         71                        77     -6       72

PRECIPITATION (IN)
  YESTERDAY        0.27          2.30 1981   0.12   0.15     0.13
  MONTH TO DATE    1.07                      0.49   0.58     0.96
  SINCE JUN 1     14.16                      3.95  10.21     4.91
  SINCE JAN 1     31.36                     20.98  10.38    28.53

SNOWFALL (IN)
  YESTERDAY        0.0          MM      MM   0.0    0.0
  MONTH TO DATE    0.0                       0.0    0.0
  SINCE JUL 1      0.0                       0.0    0.0
  SNOW DEPTH       0

DEGREE DAYS
 HEATING
  YESTERDAY        0                         0      0        0
  MONTH TO DATE    0                         0      0        0
  SINCE JUN 1     14                        15     -1        2
  SINCE JUL 1      0                         0      0        0

 COOLING
  YESTERDAY        6                        12     -6        7
  MONTH TO DATE   28                        46    -18       57
  SINCE JUN 1    324                       284     40      313
  SINCE JAN 1    513                       368    145      398
..................................................................


WIND (MPH)
  HIGHEST WIND SPEED    10   HIGHEST WIND DIRECTION    NE (60)
  HIGHEST GUST SPEED    21   HIGHEST GUST DIRECTION     E (80)
  AVERAGE WIND SPEED     3.9


SKY COVER
  POSSIBLE SUNSHINE  MM
  AVERAGE SKY COVER 0.8


WEATHER CONDITIONS
 THE FOLLOWING WEATHER WAS RECORDED YESTERDAY.
  LIGHT RAIN
  FOG
  HAZE


RELATIVE HUMIDITY (PERCENT)
 HIGHEST    90           200 AM
 LOWEST     79          1200 PM
 AVERAGE    85

..........................................................


THE BALTIMORE MD CLIMATE NORMALS FOR TODAY
                         NORMAL    RECORD    YEAR
 MAXIMUM TEMPERATURE (F)   87       102      1999
                                             1919
 MINIMUM TEMPERATURE (F)   66        55      2014
                                             1979


SUNRISE AND SUNSET
JULY  5 2015..........SUNRISE   546 AM EDT   SUNSET   836 PM EDT
JULY  6 2015..........SUNRISE   547 AM EDT   SUNSET   836 PM EDT


-  INDICATES NEGATIVE NUMBERS.
R  INDICATES RECORD WAS SET OR TIED.
MM INDICATES DATA IS MISSING.
T  INDICATES TRACE AMOUNT.




$$
