000
CDUS41 KLWX 040525
CLIBWI


CLIMATE REPORT
NATIONAL WEATHER SERVICE BALTIMORE MD/WASHINGTON DC
124 AM EDT FRI SEP 4 2015


...................................

...THE BALTIMORE MD CLIMATE SUMMARY FOR SEPTEMBER 3 2015...

CLIMATE NORMAL PERIOD 1981 TO 2010
CLIMATE RECORD PERIOD 1870 TO 2015


WEATHER ITEM   OBSERVED TIME   RECORD YEAR NORMAL DEPARTURE LAST
                VALUE   (LST)  VALUE       VALUE  FROM      YEAR
                                                  NORMAL
..................................................................
TEMPERATURE (F)
 YESTERDAY
  MAXIMUM         94    335 PM  97    1898  82     12       84
  MINIMUM         68    542 AM  46    1967  62      6       67
  AVERAGE         81                        72      9       76

PRECIPITATION (IN)
  YESTERDAY        0.00          1.78 1973   0.13  -0.13     0.00
  MONTH TO DATE    0.00                      0.36  -0.36     0.14
  SINCE SEP 1      0.00                      0.36  -0.36     0.14
  SINCE JAN 1     36.24                     28.21   8.03    38.41

SNOWFALL (IN)
  YESTERDAY        0.0          MM      MM   0.0    0.0
  MONTH TO DATE    0.0                       0.0    0.0
  SINCE JUL 1      T                         0.0    0.0
  SNOW DEPTH       0

DEGREE DAYS
 HEATING
  YESTERDAY        0                         0      0        0
  MONTH TO DATE    0                         0      0        0
  SINCE SEP 1      0                         0      0        0
  SINCE JUL 1      0                         1     -1        0

 COOLING
  YESTERDAY       16                         7      9       11
  MONTH TO DATE   48                        23     25       44
  SINCE SEP 1     48                        23     25       44
  SINCE JAN 1   1237                      1033    204      961
..................................................................


WIND (MPH)
  HIGHEST WIND SPEED    12   HIGHEST WIND DIRECTION     N (20)
  HIGHEST GUST SPEED    16   HIGHEST GUST DIRECTION    NW (320)
  AVERAGE WIND SPEED     2.7


SKY COVER
  POSSIBLE SUNSHINE  MM
  AVERAGE SKY COVER 0.4


WEATHER CONDITIONS
 THE FOLLOWING WEATHER WAS RECORDED YESTERDAY.
  FOG
  HAZE


RELATIVE HUMIDITY (PERCENT)
 HIGHEST    90           100 AM
 LOWEST     39           300 PM
 AVERAGE    65

..........................................................


THE BALTIMORE MD CLIMATE NORMALS FOR TODAY
                         NORMAL    RECORD    YEAR
 MAXIMUM TEMPERATURE (F)   82        96      1937
 MINIMUM TEMPERATURE (F)   62        50      1997
                                             1872


SUNRISE AND SUNSET
SEPTEMBER  4 2015.....SUNRISE   638 AM EDT   SUNSET   733 PM EDT
SEPTEMBER  5 2015.....SUNRISE   639 AM EDT   SUNSET   731 PM EDT


-  INDICATES NEGATIVE NUMBERS.
R  INDICATES RECORD WAS SET OR TIED.
MM INDICATES DATA IS MISSING.
T  INDICATES TRACE AMOUNT.




$$
