000
CDUS41 KLWX 260527
CLIBWI


CLIMATE REPORT
NATIONAL WEATHER SERVICE BALTIMORE MD/WASHINGTON DC
126 AM EDT WED APR 26 2017


...................................

...THE BALTIMORE MD CLIMATE SUMMARY FOR APRIL 25 2017...

CLIMATE NORMAL PERIOD 1981 TO 2010
CLIMATE RECORD PERIOD 1870 TO 2017


WEATHER ITEM   OBSERVED TIME   RECORD YEAR NORMAL DEPARTURE LAST
                VALUE   (LST)  VALUE       VALUE  FROM      YEAR
                                                  NORMAL
..................................................................
TEMPERATURE (F)
 YESTERDAY
  MAXIMUM         58   1046 PM  94    1960  68    -10       79
  MINIMUM         52   1213 AM  30    1956  46      6       44
  AVERAGE         55                        57     -2       62

PRECIPITATION (IN)
  YESTERDAY        0.55          2.24 1889   0.10   0.45     0.00
  MONTH TO DATE    3.52                      2.66   0.86     1.07
  SINCE MAR 1      7.34                      6.56   0.78     3.17
  SINCE JAN 1     11.49                     12.51  -1.02    12.37

SNOWFALL (IN)
  YESTERDAY        0.0           T    1919   0.0    0.0
  MONTH TO DATE    0.0                       0.0    0.0
  SINCE JUL 1      3.0                      20.1  -17.1
  SNOW DEPTH       0

DEGREE DAYS
 HEATING
  YESTERDAY       10                         9      1        3
  MONTH TO DATE  178                       313   -135      298
  SINCE MAR 1    825                       979   -154      758
  SINCE JUL 1   3716                      4574   -858     3779

 COOLING
  YESTERDAY        0                         1     -1        0
  MONTH TO DATE   23                         7     16       15
  SINCE MAR 1     23                         8     15       19
  SINCE JAN 1     23                         8     15       19
..................................................................


WIND (MPH)
  HIGHEST WIND SPEED    23   HIGHEST WIND DIRECTION    NE (60)
  HIGHEST GUST SPEED    32   HIGHEST GUST DIRECTION    NE (50)
  AVERAGE WIND SPEED    13.9


SKY COVER
  POSSIBLE SUNSHINE  MM
  AVERAGE SKY COVER 1.0


WEATHER CONDITIONS
 THE FOLLOWING WEATHER WAS RECORDED YESTERDAY.
  HEAVY RAIN
  RAIN
  LIGHT RAIN
  FOG


RELATIVE HUMIDITY (PERCENT)
 HIGHEST   100           300 AM
 LOWEST     89          1200 AM
 AVERAGE    95

..........................................................


THE BALTIMORE MD CLIMATE NORMALS FOR TODAY
                         NORMAL    RECORD    YEAR
 MAXIMUM TEMPERATURE (F)   68        92      1990
 MINIMUM TEMPERATURE (F)   46        32      2001


SUNRISE AND SUNSET
APRIL 26 2017.........SUNRISE   614 AM EDT   SUNSET   755 PM EDT
APRIL 27 2017.........SUNRISE   613 AM EDT   SUNSET   756 PM EDT


-  INDICATES NEGATIVE NUMBERS.
R  INDICATES RECORD WAS SET OR TIED.
MM INDICATES DATA IS MISSING.
T  INDICATES TRACE AMOUNT.




$$
