000
CDUS41 KLWX 200530
CLIBWI


CLIMATE REPORT
NATIONAL WEATHER SERVICE BALTIMORE MD/WASHINGTON DC
1228 AM EST MON NOV 20 2017


...................................

...THE BALTIMORE MD CLIMATE SUMMARY FOR NOVEMBER 19 2017...

CLIMATE NORMAL PERIOD 1981 TO 2010
CLIMATE RECORD PERIOD 1871 TO 2017


WEATHER ITEM   OBSERVED TIME   RECORD YEAR NORMAL DEPARTURE LAST
                VALUE   (LST)  VALUE       VALUE  FROM      YEAR
                                                  NORMAL
..................................................................
TEMPERATURE (F)
 YESTERDAY
  MAXIMUM         63   1221 AM  77    1928  55      8       73
  MINIMUM         39    845 PM  19    2014  36      3       34
  AVERAGE         51                        45      6       54

PRECIPITATION (IN)
  YESTERDAY        0.16          1.63 1932   0.11   0.05      T
  MONTH TO DATE    2.12                      2.06   0.06     0.22
  SINCE SEP 1      7.06                      9.42  -2.36     5.36
  SINCE JAN 1     37.30                     37.27   0.03    36.46

SNOWFALL (IN)
  YESTERDAY        0.0           2.0  1955   0.0    0.0
  MONTH TO DATE    0.0                       0.1   -0.1
  SINCE JUL 1      0.0                       0.1   -0.1
  SNOW DEPTH       0

DEGREE DAYS
 HEATING
  YESTERDAY       14                        20     -6       11
  MONTH TO DATE  328                       318     10      256
  SINCE SEP 1    519                       664   -145      469
  SINCE JUL 1    519                       665   -146      469

 COOLING
  YESTERDAY        0                         0      0        0
  MONTH TO DATE    0                         0      0        0
  SINCE SEP 1    224                       153     71      284
  SINCE JAN 1   1316                      1163    153     1551
..................................................................


WIND (MPH)
  HIGHEST WIND SPEED    35   HIGHEST WIND DIRECTION     W (280)
  HIGHEST GUST SPEED    49   HIGHEST GUST DIRECTION     W (280)
  AVERAGE WIND SPEED    17.0


SKY COVER
  POSSIBLE SUNSHINE  MM
  AVERAGE SKY COVER 0.7


WEATHER CONDITIONS
 THE FOLLOWING WEATHER WAS RECORDED YESTERDAY.
  RAIN
  LIGHT RAIN
  FOG


RELATIVE HUMIDITY (PERCENT)
 HIGHEST    93           200 AM
 LOWEST     45           400 PM
 AVERAGE    69

..........................................................


THE BALTIMORE MD CLIMATE NORMALS FOR TODAY
                         NORMAL    RECORD    YEAR
 MAXIMUM TEMPERATURE (F)   55        79      1942
 MINIMUM TEMPERATURE (F)   35        22      1951


SUNRISE AND SUNSET
NOVEMBER 20 2017......SUNRISE   656 AM EST   SUNSET   449 PM EST
NOVEMBER 21 2017......SUNRISE   657 AM EST   SUNSET   448 PM EST


-  INDICATES NEGATIVE NUMBERS.
R  INDICATES RECORD WAS SET OR TIED.
MM INDICATES DATA IS MISSING.
T  INDICATES TRACE AMOUNT.




$$
