000
CDUS41 KLWX 172126
CLIBWI


CLIMATE REPORT
NATIONAL WEATHER SERVICE BALTIMORE MD/WASHINGTON DC
526 PM EDT WED SEP 17 2014


...................................

...THE BALTIMORE MD CLIMATE SUMMARY FOR SEPTEMBER 17 2014...
VALID TODAY AS OF 0500 PM LOCAL TIME.

CLIMATE NORMAL PERIOD 1981 TO 2010
CLIMATE RECORD PERIOD 1870 TO 2014


WEATHER ITEM   OBSERVED TIME   RECORD YEAR NORMAL DEPARTURE LAST
                VALUE   (LST)  VALUE       VALUE  FROM      YEAR
                                                  NORMAL
..................................................................
TEMPERATURE (F)
 TODAY
  MAXIMUM         74   1212 PM  97    1991  78     -4       68
  MINIMUM         51    616 AM  44    1984  57     -6       47
  AVERAGE         63                        67     -4       58

PRECIPITATION (IN)
  TODAY            0.00          3.94 1876   0.14  -0.14     0.00
  MONTH TO DATE    0.94                      2.18  -1.24     0.70
  SINCE SEP 1      0.94                      2.18  -1.24     0.70
  SINCE JAN 1     39.21                     30.03   9.18    26.27

SNOWFALL (IN)
  TODAY            0.0          MM      MM   0.0    0.0
  MONTH TO DATE    0.0                       0.0    0.0
  SINCE JUL 1      0.0                       0.0    0.0
  SNOW DEPTH       0

DEGREE DAYS
 HEATING
  TODAY            2                         2      0        7
  MONTH TO DATE   13                        10      3       14
  SINCE SEP 1     13                        10      3       14
  SINCE JUL 1     13                        11      2       14

 COOLING
  TODAY            0                         4     -4        0
  MONTH TO DATE  134                       100     34      139
  SINCE SEP 1    134                       100     34      139
  SINCE JAN 1   1051                      1110    -59     1284
..................................................................


WIND (MPH)
  HIGHEST WIND SPEED     9   HIGHEST WIND DIRECTION     E (80)
  HIGHEST GUST SPEED    14   HIGHEST GUST DIRECTION    SE (120)
  AVERAGE WIND SPEED     2.6


SKY COVER
  POSSIBLE SUNSHINE  MM
  AVERAGE SKY COVER 0.3


WEATHER CONDITIONS
 THE FOLLOWING WEATHER WAS RECORDED TODAY.
  FOG


RELATIVE HUMIDITY (PERCENT)
 HIGHEST    96           400 AM
 LOWEST     41          1200 PM
 AVERAGE    69

..........................................................


THE BALTIMORE MD CLIMATE NORMALS FOR TOMORROW
                         NORMAL    RECORD    YEAR
 MAXIMUM TEMPERATURE (F)   77        91      1978
                                             1977
                                             1898
 MINIMUM TEMPERATURE (F)   57        41      1990


SUNRISE AND SUNSET
SEPTEMBER 17 2014.....SUNRISE   650 AM EDT   SUNSET   712 PM EDT
SEPTEMBER 18 2014.....SUNRISE   651 AM EDT   SUNSET   710 PM EDT


-  INDICATES NEGATIVE NUMBERS.
R  INDICATES RECORD WAS SET OR TIED.
MM INDICATES DATA IS MISSING.
T  INDICATES TRACE AMOUNT.




$$
