000
CDUS41 KLWX 070523
CLIBWI


CLIMATE REPORT
NATIONAL WEATHER SERVICE BALTIMORE MD/WASHINGTON DC
1223 AM EST SUN FEB 7 2016


...................................

...THE BALTIMORE MD CLIMATE SUMMARY FOR FEBRUARY 6 2016...

CLIMATE NORMAL PERIOD 1981 TO 2010
CLIMATE RECORD PERIOD 1870 TO 2016


WEATHER ITEM   OBSERVED TIME   RECORD YEAR NORMAL DEPARTURE LAST
                VALUE   (LST)  VALUE       VALUE  FROM      YEAR
                                                  NORMAL
..................................................................
TEMPERATURE (F)
 YESTERDAY
  MAXIMUM         44    311 PM  72    2008  43      1       33
  MINIMUM         22    640 AM   1    1895  25     -3       10
  AVERAGE         33                        34     -1       22

PRECIPITATION (IN)
  YESTERDAY        0.00          3.48 1896   0.10  -0.10     0.00
  MONTH TO DATE    0.88                      0.62   0.26     0.35
  SINCE DEC 1     10.23                      7.04   3.19     7.82
  SINCE JAN 1      4.38                      3.67   0.71     4.24

SNOWFALL (IN)
  YESTERDAY        0.0          21.0  2010   0.3   -0.3
  MONTH TO DATE    T                         2.0   -2.0
  SINCE JUL 1     30.0                      12.2   17.8
  SNOW DEPTH       0

DEGREE DAYS
 HEATING
  YESTERDAY       32                        31      1       43
  MONTH TO DATE  138                       186    -48      213
  SINCE DEC 1   1644                      2058   -414     2034
  SINCE JUL 1   2364                      2962   -598     2926

 COOLING
  YESTERDAY        0                         0      0        0
  MONTH TO DATE    0                         0      0        0
  SINCE DEC 1      1                         0      1        0
  SINCE JAN 1      0                         0      0        0
..................................................................


WIND (MPH)
  HIGHEST WIND SPEED    13   HIGHEST WIND DIRECTION     S (200)
  HIGHEST GUST SPEED    16   HIGHEST GUST DIRECTION    SW (210)
  AVERAGE WIND SPEED     2.8


SKY COVER
  POSSIBLE SUNSHINE  MM
  AVERAGE SKY COVER 0.6


WEATHER CONDITIONS
 THE FOLLOWING WEATHER WAS RECORDED YESTERDAY.
  NO SIGNIFICANT WEATHER WAS OBSERVED.


RELATIVE HUMIDITY (PERCENT)
 HIGHEST    81           300 AM
 LOWEST     33           300 PM
 AVERAGE    57

..........................................................


THE BALTIMORE MD CLIMATE NORMALS FOR TODAY
                         NORMAL    RECORD    YEAR
 MAXIMUM TEMPERATURE (F)   43        64      1904
 MINIMUM TEMPERATURE (F)   25         6      1895


SUNRISE AND SUNSET
FEBRUARY  7 2016......SUNRISE   708 AM EST   SUNSET   534 PM EST
FEBRUARY  8 2016......SUNRISE   707 AM EST   SUNSET   535 PM EST


-  INDICATES NEGATIVE NUMBERS.
R  INDICATES RECORD WAS SET OR TIED.
MM INDICATES DATA IS MISSING.
T  INDICATES TRACE AMOUNT.




$$
