000
CDUS41 KLWX 050524
CLIBWI


CLIMATE REPORT
NATIONAL WEATHER SERVICE BALTIMORE MD/WASHINGTON DC
122 AM EDT THU MAY 5 2016


...................................

...THE BALTIMORE MD CLIMATE SUMMARY FOR MAY 4 2016...

CLIMATE NORMAL PERIOD 1981 TO 2010
CLIMATE RECORD PERIOD 1870 TO 2016


WEATHER ITEM   OBSERVED TIME   RECORD YEAR NORMAL DEPARTURE LAST
                VALUE   (LST)  VALUE       VALUE  FROM      YEAR
                                                  NORMAL
..................................................................
TEMPERATURE (F)
 YESTERDAY
  MAXIMUM         56    413 PM  90    2001  71    -15       84
  MINIMUM         50   1159 PM  34    1957  48      2       50
  AVERAGE         53                        59     -6       67

PRECIPITATION (IN)
  YESTERDAY        0.07          1.32 1921   0.12  -0.05     0.00
  MONTH TO DATE    1.18                      0.46   0.72      T
  SINCE MAR 1      4.59                      7.55  -2.96     8.97
  SINCE JAN 1     13.79                     13.50   0.29    15.10

SNOWFALL (IN)
  YESTERDAY        0.0          MM      MM   0.0    0.0
  MONTH TO DATE    0.0                       0.0    0.0
  SINCE JUL 1     35.1                      20.1   15.0
  SNOW DEPTH       0

DEGREE DAYS
 HEATING
  YESTERDAY       12                         7      5        0
  MONTH TO DATE   30                        28      2       19
  SINCE MAR 1    834                      1048   -214     1106
  SINCE JUL 1   3855                      4643   -788     4921

 COOLING
  YESTERDAY        0                         1     -1        2
  MONTH TO DATE    0                         4     -4        2
  SINCE MAR 1     27                        18      9        7
  SINCE JAN 1     27                        18      9        7
..................................................................


WIND (MPH)
  HIGHEST WIND SPEED    16   HIGHEST WIND DIRECTION     E (80)
  HIGHEST GUST SPEED    19   HIGHEST GUST DIRECTION     E (70)
  AVERAGE WIND SPEED     9.4


SKY COVER
  POSSIBLE SUNSHINE  MM
  AVERAGE SKY COVER 1.0


WEATHER CONDITIONS
 THE FOLLOWING WEATHER WAS RECORDED YESTERDAY.
  LIGHT RAIN
  FOG
  HAZE


RELATIVE HUMIDITY (PERCENT)
 HIGHEST    93          1200 AM
 LOWEST     83           700 AM
 AVERAGE    88

..........................................................


THE BALTIMORE MD CLIMATE NORMALS FOR TODAY
                         NORMAL    RECORD    YEAR
 MAXIMUM TEMPERATURE (F)   71        92      1930
 MINIMUM TEMPERATURE (F)   49        34      1966


SUNRISE AND SUNSET
MAY  5 2016...........SUNRISE   603 AM EDT   SUNSET   804 PM EDT
MAY  6 2016...........SUNRISE   602 AM EDT   SUNSET   805 PM EDT


-  INDICATES NEGATIVE NUMBERS.
R  INDICATES RECORD WAS SET OR TIED.
MM INDICATES DATA IS MISSING.
T  INDICATES TRACE AMOUNT.




$$
