000
CDUS41 KLWX 190522
CLIBWI


CLIMATE REPORT
NATIONAL WEATHER SERVICE BALTIMORE MD/WASHINGTON DC
121 AM EDT SAT APR 19 2014


...................................

...THE BALTIMORE MD CLIMATE SUMMARY FOR APRIL 18 2014...

CLIMATE NORMAL PERIOD 1981 TO 2010
CLIMATE RECORD PERIOD 1870 TO 2014


WEATHER ITEM   OBSERVED TIME   RECORD YEAR NORMAL DEPARTURE LAST
                VALUE   (LST)  VALUE       VALUE  FROM      YEAR
                                                  NORMAL
..................................................................
TEMPERATURE (F)
 YESTERDAY
  MAXIMUM         52    451 PM  94    1896  66    -14       74
  MINIMUM         37   1251 AM  26    1875  44     -7       57
  AVERAGE         45                        54     -9       66

PRECIPITATION (IN)
  YESTERDAY        0.00          1.60 1924   0.10  -0.10     0.04
  MONTH TO DATE    3.09                      1.95   1.14     0.86
  SINCE MAR 1      7.47                      5.85   1.62     3.50
  SINCE JAN 1     14.76                     11.80   2.96     9.09

SNOWFALL (IN)
  YESTERDAY        0.0           T    2001   0.0    0.0
                                      1926
  MONTH TO DATE    T                         0.0    0.0
  SINCE JUL 1     39.0                      20.1   18.9
  SNOW DEPTH       0

DEGREE DAYS
 HEATING
  YESTERDAY       20                        11      9        0
  MONTH TO DATE  230                       244    -14      180
  SINCE MAR 1   1043                       910    133      929
  SINCE JUL 1   4800                      4505    295     4221

 COOLING
  YESTERDAY        0                         0      0        1
  MONTH TO DATE    7                         0      7       26
  SINCE MAR 1      7                         1      6       26
  SINCE JAN 1      7                         1      6       26
..................................................................


WIND (MPH)
  HIGHEST WIND SPEED    15   HIGHEST WIND DIRECTION     E (70)
  HIGHEST GUST SPEED    17   HIGHEST GUST DIRECTION     E (70)
  AVERAGE WIND SPEED     3.8


SKY COVER
  POSSIBLE SUNSHINE  MM
  AVERAGE SKY COVER 0.9


WEATHER CONDITIONS
 THE FOLLOWING WEATHER WAS RECORDED YESTERDAY.
  NO SIGNIFICANT WEATHER WAS OBSERVED.


RELATIVE HUMIDITY (PERCENT)
 HIGHEST    76           100 AM
 LOWEST     46           400 PM
 AVERAGE    61

..........................................................


THE BALTIMORE MD CLIMATE NORMALS FOR TODAY
                         NORMAL    RECORD    YEAR
 MAXIMUM TEMPERATURE (F)   66        93      1896
 MINIMUM TEMPERATURE (F)   44        24      1875


SUNRISE AND SUNSET
APRIL 19 2014.........SUNRISE   624 AM EDT   SUNSET   748 PM EDT
APRIL 20 2014.........SUNRISE   623 AM EDT   SUNSET   749 PM EDT


-  INDICATES NEGATIVE NUMBERS.
R  INDICATES RECORD WAS SET OR TIED.
MM INDICATES DATA IS MISSING.
T  INDICATES TRACE AMOUNT.




$$
