000
CDUS45 KRIW 220743
CLIBYG


CLIMATE REPORT
NATIONAL WEATHER SERVICE RIVERTON WY
1241 AM MST WED NOV 22 2017


...................................

...THE BUFFALO WY CLIMATE SUMMARY FOR NOVEMBER 21 2017...

CLIMATE NORMAL PERIOD 1981 TO 2010
CLIMATE RECORD PERIOD 1998 TO 2017


WEATHER ITEM   OBSERVED TIME   RECORD YEAR NORMAL DEPARTURE LAST
                VALUE   (LST)  VALUE       VALUE  FROM      YEAR
                                                  NORMAL
..................................................................
TEMPERATURE (F)
 YESTERDAY
  MAXIMUM         48   1159 PM  67    2012  42      6       53
  MINIMUM         24    733 AM  -1    2003  21      3       37
  AVERAGE         36                        31      5       45

PRECIPITATION (IN)
  YESTERDAY        T             0.04 2010   0.02  -0.02      T
  MONTH TO DATE    0.61                      0.37   0.24     0.49
  SINCE SEP 1      2.67                      2.61   0.06     5.72
  SINCE JAN 1     14.57                     12.88   1.69    12.04

DEGREE DAYS
 HEATING
  YESTERDAY       29                        34     -5       20
  MONTH TO DATE  655                       606     49      315
  SINCE SEP 1   1457                      1447     10      889
  SINCE JUL 1   1479                      1512    -33      928

 COOLING
  YESTERDAY        0                         0      0        0
  MONTH TO DATE    0                         0      0        0
  SINCE SEP 1     90                        46     44       38
  SINCE JAN 1    622                       492    130      632
..................................................................


WIND (MPH)
  HIGHEST WIND SPEED    20   HIGHEST WIND DIRECTION     S (170)
  HIGHEST GUST SPEED    25   HIGHEST GUST DIRECTION     N (20)
  AVERAGE WIND SPEED     9.1


SKY COVER
  POSSIBLE SUNSHINE  MM
  AVERAGE SKY COVER 0.5


WEATHER CONDITIONS
 THE FOLLOWING WEATHER WAS RECORDED YESTERDAY.
  LIGHT RAIN
  LT FREEZING RAIN
  LIGHT SNOW
  FOG


RELATIVE HUMIDITY (PERCENT)
 HIGHEST    92           200 AM
 LOWEST     33          1000 PM
 AVERAGE    63

..........................................................


THE BUFFALO WY CLIMATE NORMALS FOR TODAY
                         NORMAL    RECORD    YEAR
 MAXIMUM TEMPERATURE (F)   41        61      2005
 MINIMUM TEMPERATURE (F)   20        -4      2003


SUNRISE AND SUNSET
NOVEMBER 22 2017......SUNRISE   712 AM MST   SUNSET   433 PM MST
NOVEMBER 23 2017......SUNRISE   714 AM MST   SUNSET   433 PM MST


-  INDICATES NEGATIVE NUMBERS.
R  INDICATES RECORD WAS SET OR TIED.
MM INDICATES DATA IS MISSING.
T  INDICATES TRACE AMOUNT.




$$
