000
CDUS45 KRIW 290755
CLIBYG


CLIMATE REPORT
NATIONAL WEATHER SERVICE RIVERTON WY
136 AM MDT WED MAR 29 2017


...................................

...THE BUFFALO WY CLIMATE SUMMARY FOR MARCH 28 2017...

CLIMATE NORMAL PERIOD 1981 TO 2010
CLIMATE RECORD PERIOD 1998 TO 2017


WEATHER ITEM   OBSERVED TIME   RECORD YEAR NORMAL DEPARTURE LAST
                VALUE   (LST)  VALUE       VALUE  FROM      YEAR
                                                  NORMAL
..................................................................
TEMPERATURE (F)
 YESTERDAY
  MAXIMUM         46    207 PM  77    2015  49     -3       MM
  MINIMUM         34   1118 PM  15    1999  26      8       MM
  AVERAGE         40                        38      2       MM

PRECIPITATION (IN)
  YESTERDAY        0.17          0.72 2007   0.05   0.12     0.00
  MONTH TO DATE    1.31                      0.80   0.51     0.53
  SINCE MAR 1      1.31                      0.80   0.51     0.53
  SINCE JAN 1      1.74                      1.57   0.17     1.12

DEGREE DAYS
 HEATING
  YESTERDAY       25                        27     -2       MM
  MONTH TO DATE  630                       870   -240      648
  SINCE MAR 1    630                       870   -240      648
  SINCE JUL 1   5472                      6110   -638     5039

 COOLING
  YESTERDAY        0                         0      0       MM
  MONTH TO DATE    0                         0      0        0
  SINCE MAR 1      0                         0      0        0
  SINCE JAN 1      0                         0      0        0
..................................................................


WIND (MPH)
  HIGHEST WIND SPEED    30   HIGHEST WIND DIRECTION     N (350)
  HIGHEST GUST SPEED    39   HIGHEST GUST DIRECTION    NW (330)
  AVERAGE WIND SPEED    15.0


SKY COVER
  POSSIBLE SUNSHINE  MM
  AVERAGE SKY COVER 0.8


WEATHER CONDITIONS
 THE FOLLOWING WEATHER WAS RECORDED YESTERDAY.
  LIGHT RAIN
  LIGHT SNOW
  FOG


RELATIVE HUMIDITY (PERCENT)
 HIGHEST    85           500 AM
 LOWEST     65          1200 AM
 AVERAGE    75

..........................................................


THE BUFFALO WY CLIMATE NORMALS FOR TODAY
                         NORMAL    RECORD    YEAR
 MAXIMUM TEMPERATURE (F)   49        66      2010
 MINIMUM TEMPERATURE (F)   26        19      2011
                                             2003


SUNRISE AND SUNSET
MARCH 29 2017.........SUNRISE   653 AM MDT   SUNSET   731 PM MDT
MARCH 30 2017.........SUNRISE   651 AM MDT   SUNSET   732 PM MDT


-  INDICATES NEGATIVE NUMBERS.
R  INDICATES RECORD WAS SET OR TIED.
MM INDICATES DATA IS MISSING.
T  INDICATES TRACE AMOUNT.




$$
