000
CDUS45 KRIW 310734
CLIBYG


CLIMATE REPORT
NATIONAL WEATHER SERVICE RIVERTON WY
134 AM MDT MON AUG 31 2015


...................................

...THE BUFFALO WY CLIMATE SUMMARY FOR AUGUST 30 2015...

CLIMATE NORMAL PERIOD 1981 TO 2010
CLIMATE RECORD PERIOD 1998 TO 2015


WEATHER ITEM   OBSERVED TIME   RECORD YEAR NORMAL DEPARTURE LAST
                VALUE   (LST)  VALUE       VALUE  FROM      YEAR
                                                  NORMAL
..................................................................
TEMPERATURE (F)
 YESTERDAY
  MAXIMUM         90   1057 AM  96    2008  80     10       79
  MINIMUM         68   1158 PM  45    2005  52     16       53
  AVERAGE         79                        66     13       66

PRECIPITATION (IN)
  YESTERDAY        T             0.25 2014   0.01  -0.01     0.25
  MONTH TO DATE    1.15                      0.79   0.36     2.50
  SINCE JUN 1      5.15                      4.73   0.42     6.35
  SINCE JAN 1     12.41                     10.25   2.16    10.11

DEGREE DAYS
 HEATING
  YESTERDAY        0                         3     -3        0
  MONTH TO DATE   49                        39     10       42
  SINCE JUN 1    133                       227    -94      259
  SINCE JUL 1     79                        64     15       53

 COOLING
  YESTERDAY       14                         4     10        1
  MONTH TO DATE  222                       180     42      129
  SINCE JUN 1    440                       434      6      323
  SINCE JAN 1    440                       441     -1      334
..................................................................


WIND (MPH)
  HIGHEST WIND SPEED    36   HIGHEST WIND DIRECTION    NW (330)
  HIGHEST GUST SPEED    46   HIGHEST GUST DIRECTION    NW (330)
  AVERAGE WIND SPEED     8.4


SKY COVER
  POSSIBLE SUNSHINE  MM
  AVERAGE SKY COVER 0.0


WEATHER CONDITIONS
 THE FOLLOWING WEATHER WAS RECORDED YESTERDAY.
  LIGHT RAIN


RELATIVE HUMIDITY (PERCENT)
 HIGHEST    41           600 PM
 LOWEST     17          1100 AM
 AVERAGE    29

..........................................................


THE BUFFALO WY CLIMATE NORMALS FOR TODAY
                         NORMAL    RECORD    YEAR
 MAXIMUM TEMPERATURE (F)   80        94      2011
                                             2007
 MINIMUM TEMPERATURE (F)   51        39      2005


SUNRISE AND SUNSET
AUGUST 31 2015........SUNRISE   628 AM MDT   SUNSET   745 PM MDT
SEPTEMBER  1 2015.....SUNRISE   629 AM MDT   SUNSET   743 PM MDT


-  INDICATES NEGATIVE NUMBERS.
R  INDICATES RECORD WAS SET OR TIED.
MM INDICATES DATA IS MISSING.
T  INDICATES TRACE AMOUNT.




$$
