000
CDUS45 KRIW 300734
CLIBYG


CLIMATE REPORT
NATIONAL WEATHER SERVICE RIVERTON WY
131 AM MDT TUE JUN 30 2015


...................................

...THE BUFFALO WY CLIMATE SUMMARY FOR JUNE 29 2015...

CLIMATE NORMAL PERIOD 1981 TO 2010
CLIMATE RECORD PERIOD 1998 TO 2015


WEATHER ITEM   OBSERVED TIME   RECORD YEAR NORMAL DEPARTURE LAST
                VALUE   (LST)  VALUE       VALUE  FROM      YEAR
                                                  NORMAL
..................................................................
TEMPERATURE (F)
 YESTERDAY
  MAXIMUM         89    310 PM 102    2002  80      9       73
  MINIMUM         67    512 AM  45    2008  53     14       46
  AVERAGE         78                        67     11       60

PRECIPITATION (IN)
  YESTERDAY        0.00          0.38 2005   0.05  -0.05     0.00
  MONTH TO DATE    3.20                      2.23   0.97     2.91
  SINCE JUN 1      3.20                      2.23   0.97     2.91
  SINCE JAN 1     10.46                      7.75   2.71     6.67

DEGREE DAYS
 HEATING
  YESTERDAY        0                         2     -2        5
  MONTH TO DATE   54                       160   -106      201
  SINCE JUN 1     54                       160   -106      201
  SINCE JUL 1   6481                      7414   -933     7488

 COOLING
  YESTERDAY       13                         4      9        0
  MONTH TO DATE   60                        49     11        5
  SINCE JUN 1     60                        49     11        5
  SINCE JAN 1     60                        56      4       16
..................................................................


WIND (MPH)
  HIGHEST WIND SPEED    22   HIGHEST WIND DIRECTION     N (350)
  HIGHEST GUST SPEED    26   HIGHEST GUST DIRECTION     N (340)
  AVERAGE WIND SPEED     9.5


SKY COVER
  POSSIBLE SUNSHINE  MM
  AVERAGE SKY COVER 0.0


WEATHER CONDITIONS
 THE FOLLOWING WEATHER WAS RECORDED YESTERDAY.
  NO SIGNIFICANT WEATHER WAS OBSERVED.


RELATIVE HUMIDITY (PERCENT)
 HIGHEST    48           300 AM
 LOWEST     22           300 PM
 AVERAGE    35

..........................................................


THE BUFFALO WY CLIMATE NORMALS FOR TODAY
                         NORMAL    RECORD    YEAR
 MAXIMUM TEMPERATURE (F)   81        99      2002
 MINIMUM TEMPERATURE (F)   53        46      1999


SUNRISE AND SUNSET
JUNE 30 2015..........SUNRISE   526 AM MDT   SUNSET   855 PM MDT
JULY  1 2015..........SUNRISE   526 AM MDT   SUNSET   855 PM MDT


-  INDICATES NEGATIVE NUMBERS.
R  INDICATES RECORD WAS SET OR TIED.
MM INDICATES DATA IS MISSING.
T  INDICATES TRACE AMOUNT.




$$
