000
CDUS45 KRIW 070738
CLIBYG


CLIMATE REPORT
NATIONAL WEATHER SERVICE RIVERTON WY
1236 AM MST SUN FEB 7 2016


...................................

...THE BUFFALO WY CLIMATE SUMMARY FOR FEBRUARY 6 2016...

CLIMATE NORMAL PERIOD 1981 TO 2010
CLIMATE RECORD PERIOD 1998 TO 2016


WEATHER ITEM   OBSERVED TIME   RECORD YEAR NORMAL DEPARTURE LAST
                VALUE   (LST)  VALUE       VALUE  FROM      YEAR
                                                  NORMAL
..................................................................
TEMPERATURE (F)
 YESTERDAY
  MAXIMUM         54   1133 AM  69    2015  37     17       69
  MINIMUM         28    525 AM -22    2014  17     11       41
  AVERAGE         41                        27     14       55

PRECIPITATION (IN)
  YESTERDAY        T             0.09 2010   0.01  -0.01     0.00
  MONTH TO DATE    0.21                      0.08   0.13     0.03
  SINCE DEC 1      0.44                      0.90  -0.46     0.27
  SINCE JAN 1      0.34                      0.50  -0.16     0.19

DEGREE DAYS
 HEATING
  YESTERDAY       24                        38    -14       10
  MONTH TO DATE  240                       228     12      188
  SINCE DEC 1   2397                      2601   -204     2173
  SINCE JUL 1   3826                      4435   -609     3929

 COOLING
  YESTERDAY        0                         0      0        0
  MONTH TO DATE    0                         0      0        0
  SINCE DEC 1      0                         0      0        0
  SINCE JAN 1      0                         0      0        0
..................................................................


WIND (MPH)
  HIGHEST WIND SPEED    30   HIGHEST WIND DIRECTION    NW (330)
  HIGHEST GUST SPEED    40   HIGHEST GUST DIRECTION    NW (330)
  AVERAGE WIND SPEED    11.0


SKY COVER
  POSSIBLE SUNSHINE  MM
  AVERAGE SKY COVER 0.1


WEATHER CONDITIONS
 THE FOLLOWING WEATHER WAS RECORDED YESTERDAY.
  LIGHT SNOW


RELATIVE HUMIDITY (PERCENT)
 HIGHEST    69           700 PM
 LOWEST     24           100 PM
 AVERAGE    47

..........................................................


THE BUFFALO WY CLIMATE NORMALS FOR TODAY
                         NORMAL    RECORD    YEAR
 MAXIMUM TEMPERATURE (F)   37        64      2015
 MINIMUM TEMPERATURE (F)   17        -9      2014


SUNRISE AND SUNSET
FEBRUARY  7 2016......SUNRISE   718 AM MST   SUNSET   524 PM MST
FEBRUARY  8 2016......SUNRISE   717 AM MST   SUNSET   526 PM MST


-  INDICATES NEGATIVE NUMBERS.
R  INDICATES RECORD WAS SET OR TIED.
MM INDICATES DATA IS MISSING.
T  INDICATES TRACE AMOUNT.




$$
