000
CDUS45 KRIW 260039
CLIBYG


CLIMATE REPORT
NATIONAL WEATHER SERVICE RIVERTON WY
535 PM MST SUN FEB 25 2018


...................................

...THE BUFFALO WY CLIMATE SUMMARY FOR FEBRUARY 25 2018...
VALID TODAY AS OF 0500 PM LOCAL TIME.

CLIMATE NORMAL PERIOD 1981 TO 2010
CLIMATE RECORD PERIOD 1998 TO 2018


WEATHER ITEM   OBSERVED TIME   RECORD YEAR NORMAL DEPARTURE LAST
                VALUE   (LST)  VALUE       VALUE  FROM      YEAR
                                                  NORMAL
..................................................................
TEMPERATURE (F)
 TODAY
  MAXIMUM         31        MM  63    1999  40     -9       26
  MINIMUM         10        MM -17    2011  19     -9       12
  AVERAGE         21

PRECIPITATION (IN)
  TODAY            0.00          0.03 2010   0.01  -0.01     0.00
                                      2010
                                      2015
  MONTH TO DATE    0.22                      0.31  -0.09     0.33
  SINCE DEC 1      0.66                      1.13  -0.47     0.68
  SINCE JAN 1      0.34                      0.73  -0.39     0.43

DEGREE DAYS
 HEATING
  TODAY           44                        35      9       46
  MONTH TO DATE 1181                       929    252      790
  SINCE DEC 1   3361                      3302     59     3535
  SINCE JUL 1   5023                      5136   -113     4717

 COOLING
  TODAY            0                         0      0        0
  MONTH TO DATE    0                         0      0        0
  SINCE DEC 1      0                         0      0        0
  SINCE JAN 1      0                         0      0        0
..................................................................


WIND (MPH)
  HIGHEST WIND SPEED    12   HIGHEST WIND DIRECTION     S (160)
  HIGHEST GUST SPEED    17   HIGHEST GUST DIRECTION     N (10)
  AVERAGE WIND SPEED     7.2


SKY COVER
  POSSIBLE SUNSHINE  MM
  AVERAGE SKY COVER 0.2


WEATHER CONDITIONS
 THE FOLLOWING WEATHER WAS RECORDED TODAY.
  NO SIGNIFICANT WEATHER WAS OBSERVED.


RELATIVE HUMIDITY (PERCENT)
 HIGHEST    61           400 AM
 LOWEST     34           100 AM
 AVERAGE    48

..........................................................


THE BUFFALO WY CLIMATE NORMALS FOR TOMORROW
                         NORMAL    RECORD    YEAR
 MAXIMUM TEMPERATURE (F)   40        61      2016
 MINIMUM TEMPERATURE (F)   19        -7      2011
                                             2002


SUNRISE AND SUNSET
FEBRUARY 25 2018......SUNRISE   651 AM MST   SUNSET   550 PM MST
FEBRUARY 26 2018......SUNRISE   649 AM MST   SUNSET   551 PM MST


-  INDICATES NEGATIVE NUMBERS.
R  INDICATES RECORD WAS SET OR TIED.
MM INDICATES DATA IS MISSING.
T  INDICATES TRACE AMOUNT.




$$
