687
CDUS45 KRIW 280731
CLIBYG


CLIMATE REPORT
NATIONAL WEATHER SERVICE RIVERTON WY
130 AM MDT SUN MAY 28 2017


...................................

...THE BUFFALO WY CLIMATE SUMMARY FOR MAY 27 2017...

CLIMATE NORMAL PERIOD 1981 TO 2010
CLIMATE RECORD PERIOD 1998 TO 2017


WEATHER ITEM   OBSERVED TIME   RECORD YEAR NORMAL DEPARTURE LAST
                VALUE   (LST)  VALUE       VALUE  FROM      YEAR
                                                  NORMAL
..................................................................
TEMPERATURE (F)
 YESTERDAY
  MAXIMUM         67    345 PM  84    2010  67      0       64
  MINIMUM         37    412 AM  33    2008  43     -6       41
  AVERAGE         52                        55     -3       53

PRECIPITATION (IN)
  YESTERDAY        0.00          0.18 2002   0.07  -0.07     0.08
  MONTH TO DATE    2.65                      2.21   0.44     1.43
  SINCE MAR 1      7.85                      4.43   3.42     4.25
  SINCE JAN 1      8.28                      5.20   3.08     4.84

DEGREE DAYS
 HEATING
  YESTERDAY       13                        11      2       12
  MONTH TO DATE  318                       370    -52      312
  SINCE MAR 1   1573                      1974   -401     1466
  SINCE JUL 1   6415                      7214   -799     5857

 COOLING
  YESTERDAY        0                         0      0        0
  MONTH TO DATE   11                         0     11        4
  SINCE MAR 1     11                         0     11        5
  SINCE JAN 1     11                         0     11        5
..................................................................


WIND (MPH)
  HIGHEST WIND SPEED    25   HIGHEST WIND DIRECTION     N (360)
  HIGHEST GUST SPEED    35   HIGHEST GUST DIRECTION     N (350)
  AVERAGE WIND SPEED    12.5


SKY COVER
  POSSIBLE SUNSHINE  MM
  AVERAGE SKY COVER 0.3


WEATHER CONDITIONS
 THE FOLLOWING WEATHER WAS RECORDED YESTERDAY.
  NO SIGNIFICANT WEATHER WAS OBSERVED.


RELATIVE HUMIDITY (PERCENT)
 HIGHEST    76           100 AM
 LOWEST     28           200 PM
 AVERAGE    52

..........................................................


THE BUFFALO WY CLIMATE NORMALS FOR TODAY
                         NORMAL    RECORD    YEAR
 MAXIMUM TEMPERATURE (F)   67        90      2014
 MINIMUM TEMPERATURE (F)   43        36      2012
                                             2011


SUNRISE AND SUNSET
MAY 28 2017...........SUNRISE   528 AM MDT   SUNSET   841 PM MDT
MAY 29 2017...........SUNRISE   527 AM MDT   SUNSET   842 PM MDT


-  INDICATES NEGATIVE NUMBERS.
R  INDICATES RECORD WAS SET OR TIED.
MM INDICATES DATA IS MISSING.
T  INDICATES TRACE AMOUNT.




$$
