000
CDUS45 KPIH 050733
CLIBYI


CLIMATE REPORT
NATIONAL WEATHER SERVICE POCATELLO ID
132 AM MDT WED AUG 5 2015


...................................

...THE BURLEY ID CLIMATE SUMMARY FOR AUGUST 4 2015...

CLIMATE NORMAL PERIOD 1981 TO 2010
CLIMATE RECORD PERIOD 1948 TO 2015


WEATHER ITEM   OBSERVED TIME   RECORD YEAR NORMAL DEPARTURE LAST
                VALUE   (LST)  VALUE       VALUE  FROM      YEAR
                                                  NORMAL
..................................................................
TEMPERATURE (F)
 YESTERDAY
  MAXIMUM         88    245 PM 100    1979  87      1       77
  MINIMUM         53    553 AM  41    1980  54     -1       62
  AVERAGE         71                        70      1       70

PRECIPITATION (IN)
  YESTERDAY        T             0.13 1951   0.01  -0.01     0.05
  MONTH TO DATE    T                         0.04  -0.04     0.05
  SINCE OCT 1      8.32                      9.23  -0.91     7.43
  SINCE JAN 1      6.27                      6.40  -0.13     6.82

SNOWFALL (IN)
  YESTERDAY       MM
  MONTH TO DATE   MM
  SINCE JUN 1     MM
  SINCE JUL 1     MM
  SNOW DEPTH      MM

DEGREE DAYS
 HEATING
  YESTERDAY        0                         0      0        0
  MONTH TO DATE    0                         0      0        0
  SINCE JUN 1     45                       156   -111      107
  SINCE JUL 1     19                        22     -3        3

 COOLING
  YESTERDAY        6                         6      0        5
  MONTH TO DATE   32                        24      8       34
  SINCE JUN 1    335                       231    104      305
  SINCE JAN 1    340                       237    103      306
..................................................................


WIND (MPH)
  HIGHEST WIND SPEED    23   HIGHEST WIND DIRECTION     W (290)
  HIGHEST GUST SPEED    38   HIGHEST GUST DIRECTION     W (250)
  AVERAGE WIND SPEED     5.8


SKY COVER
  POSSIBLE SUNSHINE  MM
  AVERAGE SKY COVER 0.1


WEATHER CONDITIONS
 THE FOLLOWING WEATHER WAS RECORDED YESTERDAY.
  THUNDERSTORM
  LIGHT RAIN
  HAZE


RELATIVE HUMIDITY (PERCENT)
 HIGHEST    89           600 AM
 LOWEST     29           300 PM
 AVERAGE    59

..........................................................


THE BURLEY ID CLIMATE NORMALS FOR TODAY
                         NORMAL    RECORD    YEAR
 MAXIMUM TEMPERATURE (F)   87       100      1949
 MINIMUM TEMPERATURE (F)   54        43      1976


SUNRISE AND SUNSET
AUGUST  5 2015........SUNRISE   631 AM MDT   SUNSET   850 PM MDT
AUGUST  6 2015........SUNRISE   632 AM MDT   SUNSET   849 PM MDT


-  INDICATES NEGATIVE NUMBERS.
R  INDICATES RECORD WAS SET OR TIED.
MM INDICATES DATA IS MISSING.
T  INDICATES TRACE AMOUNT.




$$
