000
CDUS45 KPIH 242324
CLIBYI


CLIMATE REPORT
NATIONAL WEATHER SERVICE POCATELLO ID
422 PM MST FRI FEB 24 2017


...................................

...THE BURLEY ID CLIMATE SUMMARY FOR FEBRUARY 24 2017...
VALID TODAY AS OF 0400 PM LOCAL TIME.

CLIMATE NORMAL PERIOD 1981 TO 2010
CLIMATE RECORD PERIOD 1948 TO 2017


WEATHER ITEM   OBSERVED TIME   RECORD YEAR NORMAL DEPARTURE LAST
                VALUE   (LST)  VALUE       VALUE  FROM      YEAR
                                                  NORMAL
..................................................................
TEMPERATURE (F)
 TODAY
  MAXIMUM         30    359 PM  72    1995  43    -13       49
  MINIMUM         24    823 AM   5    1952  24      0       22
  AVERAGE         27                        33     -6       36

PRECIPITATION (IN)
  TODAY            T             0.29 1972   0.03  -0.03     0.00
  MONTH TO DATE    1.83                      0.65   1.18     0.25
  SINCE OCT 1      8.67                      4.39   4.28     4.13
  SINCE JAN 1      3.88                      1.56   2.32     1.33

SNOWFALL (IN)
  TODAY           MM
  MONTH TO DATE   MM
  SINCE DEC 1     MM
  SINCE JUL 1     MM
  SNOW DEPTH      MM

DEGREE DAYS
 HEATING
  TODAY           38                        32      6       29
  MONTH TO DATE  663                       833   -170      710
  SINCE DEC 1   3262                      3211     51     2971
  SINCE JUL 1   4660                      4899   -239     4392

 COOLING
  TODAY            0                         0      0        0
  MONTH TO DATE    0                         0      0        0
  SINCE DEC 1      0                         0      0        0
  SINCE JAN 1      0                         0      0        0
..................................................................


WIND (MPH)
  HIGHEST WIND SPEED    28   HIGHEST WIND DIRECTION    SW (240)
  HIGHEST GUST SPEED    37   HIGHEST GUST DIRECTION    SW (240)
  AVERAGE WIND SPEED    20.9


SKY COVER
  POSSIBLE SUNSHINE  MM
  AVERAGE SKY COVER 0.8


WEATHER CONDITIONS
 THE FOLLOWING WEATHER WAS RECORDED TODAY.
  LIGHT SNOW


RELATIVE HUMIDITY (PERCENT)
 HIGHEST    75          1200 AM
 LOWEST     47           300 PM
 AVERAGE    61

..........................................................


THE BURLEY ID CLIMATE NORMALS FOR TOMORROW
                         NORMAL    RECORD    YEAR
 MAXIMUM TEMPERATURE (F)   44        65      1986
 MINIMUM TEMPERATURE (F)   24         3      1962


SUNRISE AND SUNSET
FEBRUARY 24 2017......SUNRISE   718 AM MST   SUNSET   619 PM MST
FEBRUARY 25 2017......SUNRISE   716 AM MST   SUNSET   620 PM MST


-  INDICATES NEGATIVE NUMBERS.
R  INDICATES RECORD WAS SET OR TIED.
MM INDICATES DATA IS MISSING.
T  INDICATES TRACE AMOUNT.




$$
