000
CDUS45 KPIH 170733
CLIBYI


CLIMATE REPORT
NATIONAL WEATHER SERVICE POCATELLO ID
1233 AM MST SUN DEC 17 2017


...................................

...THE BURLEY ID CLIMATE SUMMARY FOR DECEMBER 16 2017...

CLIMATE NORMAL PERIOD 1981 TO 2010
CLIMATE RECORD PERIOD 1948 TO 2017


WEATHER ITEM   OBSERVED TIME   RECORD YEAR NORMAL DEPARTURE LAST
                VALUE   (LST)  VALUE       VALUE  FROM      YEAR
                                                  NORMAL
..................................................................
TEMPERATURE (F)
 YESTERDAY
  MAXIMUM         32        MM  55    1957  34     -2       39
  MINIMUM         26        MM  -1    1985  18      8       14
  AVERAGE         29                        26      3       27

PRECIPITATION (IN)
  YESTERDAY        0.02          0.35 1955   0.04  -0.02     0.08
  MONTH TO DATE    0.07                      0.60  -0.53     1.34
  SINCE OCT 1      1.32                      2.30  -0.98     4.60
  SINCE JAN 1     11.51                      9.61   1.90    13.30

SNOWFALL (IN)
  YESTERDAY       MM
  MONTH TO DATE   MM
  SINCE DEC 1     MM
  SINCE JUL 1     MM
  SNOW DEPTH      MM

DEGREE DAYS
 HEATING
  YESTERDAY       36                        39     -3       38
  MONTH TO DATE  506                       602    -96      598
  SINCE DEC 1    506                       602    -96      598
  SINCE JUL 1   2060                      2290   -230     1996

 COOLING
  YESTERDAY        0                         0      0        0
  MONTH TO DATE    0                         0      0        0
  SINCE DEC 1      0                         0      0        0
  SINCE JAN 1    601                       365    236      353
..................................................................


WIND (MPH)
  HIGHEST WIND SPEED    16   HIGHEST WIND DIRECTION     W (260)
  HIGHEST GUST SPEED    23   HIGHEST GUST DIRECTION     W (250)
  AVERAGE WIND SPEED    11.2


SKY COVER
  POSSIBLE SUNSHINE  MM
  AVERAGE SKY COVER 1.0


WEATHER CONDITIONS
 THE FOLLOWING WEATHER WAS RECORDED YESTERDAY.
  LIGHT SNOW
  FOG
  HAZE


RELATIVE HUMIDITY (PERCENT)
 HIGHEST    92           100 AM
 LOWEST     72           400 PM
 AVERAGE    82

..........................................................


THE BURLEY ID CLIMATE NORMALS FOR TODAY
                         NORMAL    RECORD    YEAR
 MAXIMUM TEMPERATURE (F)   34        56      1979
 MINIMUM TEMPERATURE (F)   18        -5      1984


SUNRISE AND SUNSET
DECEMBER 17 2017......SUNRISE   759 AM MST   SUNSET   503 PM MST
DECEMBER 18 2017......SUNRISE   800 AM MST   SUNSET   504 PM MST


-  INDICATES NEGATIVE NUMBERS.
R  INDICATES RECORD WAS SET OR TIED.
MM INDICATES DATA IS MISSING.
T  INDICATES TRACE AMOUNT.




$$
