000
CDUS45 KPIH 282331
CLIBYI


CLIMATE REPORT
NATIONAL WEATHER SERVICE POCATELLO ID
526 PM MDT THU AUG 28 2014


...................................

...THE BURLEY ID CLIMATE SUMMARY FOR AUGUST 28 2014...
VALID TODAY AS OF 0500 PM LOCAL TIME.

CLIMATE NORMAL PERIOD 1981 TO 2010
CLIMATE RECORD PERIOD 1948 TO 2014


WEATHER ITEM   OBSERVED TIME   RECORD YEAR NORMAL DEPARTURE LAST
                VALUE   (LST)  VALUE       VALUE  FROM      YEAR
                                                  NORMAL
..................................................................
TEMPERATURE (F)
 TODAY
  MAXIMUM         86    331 PM  95    2012  82      4       82
                                      1995
  MINIMUM         54    634 AM  33    1960  49      5       60
  AVERAGE         70                        65      5       71

PRECIPITATION (IN)
  TODAY            0.00          0.07 2013   0.01  -0.01     0.07
  MONTH TO DATE    2.71                      0.35   2.36     0.37
  SINCE OCT 1     10.09                      9.54   0.55     6.30
  SINCE JAN 1      9.48                      6.71   2.77     2.70

SNOWFALL (IN)
  TODAY           MM
  MONTH TO DATE   MM
  SINCE JUN 1     MM
  SINCE JUL 1     MM
  SNOW DEPTH      MM

DEGREE DAYS
 HEATING
  TODAY            0                         2     -2        0
  MONTH TO DATE   22                        26     -4        0
  SINCE JUN 1    129                       182    -53      101
  SINCE JUL 1     25                        48    -23        0

 COOLING
  TODAY            5                         2      3        6
  MONTH TO DATE  124                       125     -1      193
  SINCE JUN 1    395                       332     63      557
  SINCE JAN 1    396                       338     58      567
..................................................................


WIND (MPH)
  HIGHEST WIND SPEED    13   HIGHEST WIND DIRECTION     S (200)
  HIGHEST GUST SPEED    17   HIGHEST GUST DIRECTION     S (200)
  AVERAGE WIND SPEED     5.6


SKY COVER
  POSSIBLE SUNSHINE  MM
  AVERAGE SKY COVER 0.0


WEATHER CONDITIONS
 THE FOLLOWING WEATHER WAS RECORDED TODAY.
  NO SIGNIFICANT WEATHER WAS OBSERVED.


RELATIVE HUMIDITY (PERCENT)
 HIGHEST    72          1200 AM
 LOWEST     24           100 PM
 AVERAGE    48

..........................................................


THE BURLEY ID CLIMATE NORMALS FOR TOMORROW
                         NORMAL    RECORD    YEAR
 MAXIMUM TEMPERATURE (F)   81        99      1998
 MINIMUM TEMPERATURE (F)   48        33      1965


SUNRISE AND SUNSET
AUGUST 28 2014........SUNRISE   656 AM MDT   SUNSET   816 PM MDT
AUGUST 29 2014........SUNRISE   657 AM MDT   SUNSET   814 PM MDT


-  INDICATES NEGATIVE NUMBERS.
R  INDICATES RECORD WAS SET OR TIED.
MM INDICATES DATA IS MISSING.
T  INDICATES TRACE AMOUNT.




$$
