000
CDUS45 KPIH 300732
CLIBYI


CLIMATE REPORT
NATIONAL WEATHER SERVICE POCATELLO ID
132 AM MDT SAT MAY 30 2015


...................................

...THE BURLEY ID CLIMATE SUMMARY FOR MAY 29 2015...

CLIMATE NORMAL PERIOD 1981 TO 2010
CLIMATE RECORD PERIOD 1948 TO 2015


WEATHER ITEM   OBSERVED TIME   RECORD YEAR NORMAL DEPARTURE LAST
                VALUE   (LST)  VALUE       VALUE  FROM      YEAR
                                                  NORMAL
..................................................................
TEMPERATURE (F)
 YESTERDAY
  MAXIMUM         77    333 PM  92    2003  71      6       66
  MINIMUM         50    518 AM  33    1982  44      6       44
  AVERAGE         64                        58      6       55

PRECIPITATION (IN)
  YESTERDAY        0.00          1.21 1964   0.04  -0.04     0.00
  MONTH TO DATE    3.65                      1.31   2.34     1.49
  SINCE OCT 1      7.22                      7.94  -0.72     6.66
  SINCE JAN 1      5.17                      5.11   0.06     6.05

SNOWFALL (IN)
  YESTERDAY       MM
  MONTH TO DATE   MM
  SINCE MAR 1     MM
  SINCE JUL 1     MM
  SNOW DEPTH      MM

DEGREE DAYS
 HEATING
  YESTERDAY        1                         8     -7       10
  MONTH TO DATE  265                       327    -62      269
  SINCE MAR 1   1388                      1693   -305     1513
  SINCE JUL 1   5365                      6715  -1350     6208

 COOLING
  YESTERDAY        0                         0      0        0
  MONTH TO DATE    0                         0      0        1
  SINCE MAR 1      0                         0      0        1
  SINCE JAN 1      0                         0      0        1
..................................................................


WIND (MPH)
  HIGHEST WIND SPEED    15   HIGHEST WIND DIRECTION     E (80)
  HIGHEST GUST SPEED    23   HIGHEST GUST DIRECTION    NE (50)
  AVERAGE WIND SPEED     8.4


SKY COVER
  POSSIBLE SUNSHINE  MM
  AVERAGE SKY COVER 0.0


WEATHER CONDITIONS
 THE FOLLOWING WEATHER WAS RECORDED YESTERDAY.
  NO SIGNIFICANT WEATHER WAS OBSERVED.


RELATIVE HUMIDITY (PERCENT)
 HIGHEST    83           400 AM
 LOWEST     33           300 PM
 AVERAGE    58

..........................................................


THE BURLEY ID CLIMATE NORMALS FOR TODAY
                         NORMAL    RECORD    YEAR
 MAXIMUM TEMPERATURE (F)   71        89      2002
 MINIMUM TEMPERATURE (F)   45        32      1979


SUNRISE AND SUNSET
MAY 30 2015...........SUNRISE   601 AM MDT   SUNSET   904 PM MDT
MAY 31 2015...........SUNRISE   601 AM MDT   SUNSET   905 PM MDT


-  INDICATES NEGATIVE NUMBERS.
R  INDICATES RECORD WAS SET OR TIED.
MM INDICATES DATA IS MISSING.
T  INDICATES TRACE AMOUNT.




$$
