000
CDUS45 KPIH 312323
CLIBYI


CLIMATE REPORT
NATIONAL WEATHER SERVICE POCATELLO ID
520 PM MDT WED AUG 31 2016


...................................

...THE BURLEY ID CLIMATE SUMMARY FOR AUGUST 31 2016...
VALID TODAY AS OF 0500 PM LOCAL TIME.

CLIMATE NORMAL PERIOD 1981 TO 2010
CLIMATE RECORD PERIOD 1948 TO 2016


WEATHER ITEM   OBSERVED TIME   RECORD YEAR NORMAL DEPARTURE LAST
                VALUE   (LST)  VALUE       VALUE  FROM      YEAR
                                                  NORMAL
..................................................................
TEMPERATURE (F)
 TODAY
  MAXIMUM         87    359 PM  96    1995  81      6       81
  MINIMUM         50    400 AM  31    1965  48      2       43
  AVERAGE         69                        64      5       62

PRECIPITATION (IN)
  TODAY            0.00          0.33 1984   0.02  -0.02     0.00
  MONTH TO DATE    0.02                      0.40  -0.38     0.17
  SINCE OCT 1      8.19                      9.59  -1.40     8.49
  SINCE JAN 1      5.39                      6.76  -1.37     6.44

SNOWFALL (IN)
  TODAY           MM
  MONTH TO DATE   MM
  SINCE JUN 1     MM
  SINCE JUL 1     MM
  SNOW DEPTH      MM

DEGREE DAYS
 HEATING
  TODAY            0                         3     -3        3
  MONTH TO DATE   30                        34     -4       10
  SINCE JUN 1    106                       191    -85       55
  SINCE JUL 1     56                        57     -1       29

 COOLING
  TODAY            4                         2      2        0
  MONTH TO DATE  102                       131    -29      138
  SINCE JUN 1    339                       338      1      441
  SINCE JAN 1    343                       344     -1      446
..................................................................


WIND (MPH)
  HIGHEST WIND SPEED     9   HIGHEST WIND DIRECTION    SE (120)
  HIGHEST GUST SPEED    12   HIGHEST GUST DIRECTION    NW (300)
  AVERAGE WIND SPEED     2.9


SKY COVER
  POSSIBLE SUNSHINE  MM
  AVERAGE SKY COVER 0.0


WEATHER CONDITIONS
 THE FOLLOWING WEATHER WAS RECORDED TODAY.
  NO SIGNIFICANT WEATHER WAS OBSERVED.


RELATIVE HUMIDITY (PERCENT)
 HIGHEST    83           400 AM
 LOWEST     19           400 PM
 AVERAGE    51

..........................................................


THE BURLEY ID CLIMATE NORMALS FOR TOMORROW
                         NORMAL    RECORD    YEAR
 MAXIMUM TEMPERATURE (F)   80        97      1987
 MINIMUM TEMPERATURE (F)   48        32      2006


SUNRISE AND SUNSET
AUGUST 31 2016........SUNRISE   700 AM MDT   SUNSET   810 PM MDT
SEPTEMBER  1 2016.....SUNRISE   701 AM MDT   SUNSET   808 PM MDT


-  INDICATES NEGATIVE NUMBERS.
R  INDICATES RECORD WAS SET OR TIED.
MM INDICATES DATA IS MISSING.
T  INDICATES TRACE AMOUNT.




$$
