000
CDUS45 KPIH 020732
CLIBYI


CLIMATE REPORT
NATIONAL WEATHER SERVICE POCATELLO ID
131 AM MDT TUE SEP 2 2014


...................................

...THE BURLEY ID CLIMATE SUMMARY FOR SEPTEMBER 1 2014...

CLIMATE NORMAL PERIOD 1981 TO 2010
CLIMATE RECORD PERIOD 1948 TO 2014


WEATHER ITEM   OBSERVED TIME   RECORD YEAR NORMAL DEPARTURE LAST
                VALUE   (LST)  VALUE       VALUE  FROM      YEAR
                                                  NORMAL
..................................................................
TEMPERATURE (F)
 YESTERDAY
  MAXIMUM         73    423 PM  97    1987  80     -7       92
  MINIMUM         44    609 AM  32    2006  48     -4       51
  AVERAGE         59                        64     -5       72

PRECIPITATION (IN)
  YESTERDAY        0.00          0.55 1973   0.02  -0.02     0.00
  MONTH TO DATE    0.00                      0.02  -0.02     0.00
  SINCE OCT 1     10.09                      9.61   0.48     6.30
  SINCE JAN 1      9.48                      6.78   2.70     2.70

SNOWFALL (IN)
  YESTERDAY       MM
  MONTH TO DATE   MM
  SINCE SEP 1     MM
  SINCE JUL 1     MM
  SNOW DEPTH      MM

DEGREE DAYS
 HEATING
  YESTERDAY        6                         3      3        0
  MONTH TO DATE    6                         3      3        0
  SINCE SEP 1      6                         3      3        0
  SINCE JUL 1     36                        60    -24        0

 COOLING
  YESTERDAY        0                         2     -2        7
  MONTH TO DATE    0                         2     -2        7
  SINCE SEP 1      0                         2     -2        7
  SINCE JAN 1    401                       346     55      595
..................................................................


WIND (MPH)
  HIGHEST WIND SPEED    16   HIGHEST WIND DIRECTION     W (280)
  HIGHEST GUST SPEED    23   HIGHEST GUST DIRECTION     W (270)
  AVERAGE WIND SPEED     8.3


SKY COVER
  POSSIBLE SUNSHINE  MM
  AVERAGE SKY COVER 0.0


WEATHER CONDITIONS
 THE FOLLOWING WEATHER WAS RECORDED YESTERDAY.
  NO SIGNIFICANT WEATHER WAS OBSERVED.


RELATIVE HUMIDITY (PERCENT)
 HIGHEST    83           500 AM
 LOWEST     29           400 PM
 AVERAGE    56

..........................................................


THE BURLEY ID CLIMATE NORMALS FOR TODAY
                         NORMAL    RECORD    YEAR
 MAXIMUM TEMPERATURE (F)   80        97      1950
 MINIMUM TEMPERATURE (F)   47        32      2008


SUNRISE AND SUNSET
SEPTEMBER  2 2014.....SUNRISE   701 AM MDT   SUNSET   807 PM MDT
SEPTEMBER  3 2014.....SUNRISE   702 AM MDT   SUNSET   806 PM MDT


-  INDICATES NEGATIVE NUMBERS.
R  INDICATES RECORD WAS SET OR TIED.
MM INDICATES DATA IS MISSING.
T  INDICATES TRACE AMOUNT.




$$
