000
CDUS45 KPIH 140728
CLIBYI


CLIMATE REPORT
NATIONAL WEATHER SERVICE POCATELLO ID
128 AM MDT MON JUL 14 2014


...................................

...THE BURLEY ID CLIMATE SUMMARY FOR JULY 13 2014...

CLIMATE NORMAL PERIOD 1981 TO 2010
CLIMATE RECORD PERIOD 1948 TO 2014


WEATHER ITEM   OBSERVED TIME   RECORD YEAR NORMAL DEPARTURE LAST
                VALUE   (LST)  VALUE       VALUE  FROM      YEAR
                                                  NORMAL
..................................................................
TEMPERATURE (F)
 YESTERDAY
  MAXIMUM         95    541 PM 100    2002  85     10       84
  MINIMUM         62    255 AM  40    1950  54      8       57
  AVERAGE         79                        69     10       71

PRECIPITATION (IN)
  YESTERDAY        0.00          T    2001   0.01  -0.01     0.00
                                      2001
                                      2012
  MONTH TO DATE    T                         0.14  -0.14     0.01
  SINCE OCT 1      7.37                      9.03  -1.66     5.90
  SINCE JAN 1      6.76                      6.20   0.56     2.30

SNOWFALL (IN)
  YESTERDAY       MM
  MONTH TO DATE   MM
  SINCE JUN 1     MM
  SINCE JUL 1     MM
  SNOW DEPTH      MM

DEGREE DAYS
 HEATING
  YESTERDAY        0                         1     -1        0
  MONTH TO DATE    0                        15    -15        0
  SINCE JUN 1    104                       149    -45      101
  SINCE JUL 1      0                        15    -15        0

 COOLING
  YESTERDAY       14                         5      9        6
  MONTH TO DATE  119                        54     65      124
  SINCE JUN 1    138                       101     37      210
  SINCE JAN 1    139                       107     32      220
..................................................................


WIND (MPH)
  HIGHEST WIND SPEED    14   HIGHEST WIND DIRECTION    NE (50)
  HIGHEST GUST SPEED    19   HIGHEST GUST DIRECTION    NE (50)
  AVERAGE WIND SPEED     5.1


SKY COVER
  POSSIBLE SUNSHINE  MM
  AVERAGE SKY COVER 0.0


WEATHER CONDITIONS
 THE FOLLOWING WEATHER WAS RECORDED YESTERDAY.
  NO SIGNIFICANT WEATHER WAS OBSERVED.


RELATIVE HUMIDITY (PERCENT)
 HIGHEST    64           900 PM
 LOWEST     19           600 PM
 AVERAGE    42

..........................................................


THE BURLEY ID CLIMATE NORMALS FOR TODAY
                         NORMAL    RECORD    YEAR
 MAXIMUM TEMPERATURE (F)   85       100      1953
 MINIMUM TEMPERATURE (F)   54        44      1965


SUNRISE AND SUNSET
JULY 14 2014..........SUNRISE   610 AM MDT   SUNSET   911 PM MDT
JULY 15 2014..........SUNRISE   611 AM MDT   SUNSET   911 PM MDT


-  INDICATES NEGATIVE NUMBERS.
R  INDICATES RECORD WAS SET OR TIED.
MM INDICATES DATA IS MISSING.
T  INDICATES TRACE AMOUNT.




$$
