000
CDUS45 KPIH 302321
CLIBYI


CLIMATE REPORT
NATIONAL WEATHER SERVICE POCATELLO ID
521 PM MDT SAT APR 30 2016


...................................

...THE BURLEY ID CLIMATE SUMMARY FOR APRIL 30 2016...
VALID TODAY AS OF 0500 PM LOCAL TIME.

CLIMATE NORMAL PERIOD 1981 TO 2010
CLIMATE RECORD PERIOD 1948 TO 2016


WEATHER ITEM   OBSERVED TIME   RECORD YEAR NORMAL DEPARTURE LAST
                VALUE   (LST)  VALUE       VALUE  FROM      YEAR
                                                  NORMAL
..................................................................
TEMPERATURE (F)
 TODAY
  MAXIMUM         57    359 PM  82    1977  63     -6       64
  MINIMUM         40    713 AM  19    1967  37      3       36
  AVERAGE         49                        50     -1       50

PRECIPITATION (IN)
  TODAY            T             0.47 1964   0.05  -0.05     0.00
  MONTH TO DATE    1.01                      1.09  -0.08     0.22
  SINCE OCT 1      6.55                      6.63  -0.08     3.57
  SINCE JAN 1      3.75                      3.80  -0.05     1.52

SNOWFALL (IN)
  TODAY           MM
  MONTH TO DATE   MM
  SINCE MAR 1     MM
  SINCE JUL 1     MM
  SNOW DEPTH      MM

DEGREE DAYS
 HEATING
  TODAY           16                        15      1       15
  MONTH TO DATE  412                       568   -156      527
  SINCE MAR 1   1103                      1366   -263     1123
  SINCE JUL 1   5610                      6388   -778     5100

 COOLING
  TODAY            0                         0      0        0
  MONTH TO DATE    0                         0      0        0
  SINCE MAR 1      0                         0      0        0
  SINCE JAN 1      0                         0      0        0
..................................................................


WIND (MPH)
  HIGHEST WIND SPEED    17   HIGHEST WIND DIRECTION     W (270)
  HIGHEST GUST SPEED    26   HIGHEST GUST DIRECTION     W (270)
  AVERAGE WIND SPEED     7.7


SKY COVER
  POSSIBLE SUNSHINE  MM
  AVERAGE SKY COVER 1.0


WEATHER CONDITIONS
 THE FOLLOWING WEATHER WAS RECORDED TODAY.
  LIGHT RAIN


RELATIVE HUMIDITY (PERCENT)
 HIGHEST    86           500 AM
 LOWEST     51           400 PM
 AVERAGE    69

..........................................................


THE BURLEY ID CLIMATE NORMALS FOR TOMORROW
                         NORMAL    RECORD    YEAR
 MAXIMUM TEMPERATURE (F)   63        86      2000
 MINIMUM TEMPERATURE (F)   37        19      1967


SUNRISE AND SUNSET
APRIL 30 2016.........SUNRISE   630 AM MDT   SUNSET   835 PM MDT
MAY  1 2016...........SUNRISE   629 AM MDT   SUNSET   836 PM MDT


-  INDICATES NEGATIVE NUMBERS.
R  INDICATES RECORD WAS SET OR TIED.
MM INDICATES DATA IS MISSING.
T  INDICATES TRACE AMOUNT.




$$
