000
CDUS45 KPIH 190732
CLIBYI


CLIMATE REPORT
NATIONAL WEATHER SERVICE POCATELLO ID
130 AM MDT THU OCT 19 2017


...................................

...THE BURLEY ID CLIMATE SUMMARY FOR OCTOBER 18 2017...

CLIMATE NORMAL PERIOD 1981 TO 2010
CLIMATE RECORD PERIOD 1948 TO 2017


WEATHER ITEM   OBSERVED TIME   RECORD YEAR NORMAL DEPARTURE LAST
                VALUE   (LST)  VALUE       VALUE  FROM      YEAR
                                                  NORMAL
..................................................................
TEMPERATURE (F)
 YESTERDAY
  MAXIMUM         72    406 PM  83    2003  60     12       47
  MINIMUM         35    717 AM  19    1964  34      1       32
  AVERAGE         54                        47      7       40

PRECIPITATION (IN)
  YESTERDAY        0.00          0.24 2015   0.02  -0.02     0.09
  MONTH TO DATE    0.05                      0.42  -0.37     1.18
  SINCE OCT 1      0.05                      0.42  -0.37     1.18
  SINCE JAN 1     10.24                      7.73   2.51     9.88

SNOWFALL (IN)
  YESTERDAY       MM
  MONTH TO DATE   MM
  SINCE SEP 1     MM
  SINCE JUL 1     MM
  SNOW DEPTH      MM

DEGREE DAYS
 HEATING
  YESTERDAY       11                        18     -7       25
  MONTH TO DATE  366                       273     93      259
  SINCE SEP 1    605                       486    119      474
  SINCE JUL 1    611                       543     68      530

 COOLING
  YESTERDAY        0                         0      0        0
  MONTH TO DATE    0                         0      0        0
  SINCE SEP 1     68                        21     47       10
  SINCE JAN 1    601                       365    236      353
..................................................................


WIND (MPH)
  HIGHEST WIND SPEED    16   HIGHEST WIND DIRECTION     S (200)
  HIGHEST GUST SPEED    22   HIGHEST GUST DIRECTION     S (200)
  AVERAGE WIND SPEED     4.6


SKY COVER
  POSSIBLE SUNSHINE  MM
  AVERAGE SKY COVER 0.0


WEATHER CONDITIONS
 THE FOLLOWING WEATHER WAS RECORDED YESTERDAY.
  HAZE


RELATIVE HUMIDITY (PERCENT)
 HIGHEST    54           100 AM
 LOWEST     17           300 PM
 AVERAGE    36

..........................................................


THE BURLEY ID CLIMATE NORMALS FOR TODAY
                         NORMAL    RECORD    YEAR
 MAXIMUM TEMPERATURE (F)   60        82      1950
 MINIMUM TEMPERATURE (F)   34        14      1976


SUNRISE AND SUNSET
OCTOBER 19 2017.......SUNRISE   753 AM MDT   SUNSET   646 PM MDT
OCTOBER 20 2017.......SUNRISE   754 AM MDT   SUNSET   645 PM MDT


-  INDICATES NEGATIVE NUMBERS.
R  INDICATES RECORD WAS SET OR TIED.
MM INDICATES DATA IS MISSING.
T  INDICATES TRACE AMOUNT.




$$
