000
CDUS45 KTFX 301014
CLIBZN


CLIMATE REPORT
NATIONAL WEATHER SERVICE GREAT FALLS MT
413 AM MDT SUN AUG 30 2015


...................................

...THE BOZEMAN/GALLATIN FIELD MT CLIMATE SUMMARY FOR AUGUST 29 2015...

CLIMATE NORMAL PERIOD 1981 TO 2010
CLIMATE RECORD PERIOD 1935 TO 2015


WEATHER ITEM   OBSERVED TIME   RECORD YEAR NORMAL DEPARTURE LAST
                VALUE   (LST)  VALUE       VALUE  FROM      YEAR
                                                  NORMAL
..................................................................
TEMPERATURE (F)
 YESTERDAY
  MAXIMUM         91    211 PM  97    2005  83      8       82
  MINIMUM         55    555 AM  34    1992  46      9       47
  AVERAGE         73                        65      8       65

PRECIPITATION (IN)
  YESTERDAY        0.00          0.53 1971   0.04  -0.04      T
  MONTH TO DATE    0.65                      1.01  -0.36     2.44
  SINCE OCT 1     10.92                     12.81  -1.89    12.87
  SINCE JAN 1      8.99                     10.43  -1.44    11.82

SNOWFALL (IN)
  YESTERDAY        0.0           T    1964   0.0    0.0      0.0
                                      1994
  MONTH TO DATE    0.0                       0.0    0.0      0.0
  SINCE JUN 1      0.0                       0.0    0.0      0.0
  SINCE JUL 1      0.0                       0.0    0.0      0.0
  SNOW DEPTH       0

DEGREE DAYS
 HEATING
  YESTERDAY        0                         3     -3        0
  MONTH TO DATE   62                        33     29       62
  SINCE JUN 1    165                       202    -37      311
  SINCE JUL 1     93                        61     32       75

 COOLING
  YESTERDAY        8                         2      6        0
  MONTH TO DATE   83                       134    -51       59
  SINCE JUN 1    231                       338   -107      182
  SINCE JAN 1    231                       342   -111      182
..................................................................


WIND (MPH)
  HIGHEST WIND SPEED    29   HIGHEST WIND DIRECTION     S (160)
  HIGHEST GUST SPEED    35   HIGHEST GUST DIRECTION     S (170)
  AVERAGE WIND SPEED     9.3


SKY COVER
  AVERAGE SKY COVER 0.1


WEATHER CONDITIONS
 THE FOLLOWING WEATHER WAS RECORDED YESTERDAY.
  HAZE


RELATIVE HUMIDITY (PERCENT)
 HIGHEST    72
 LOWEST     19
 AVERAGE    46

..........................................................


THE BOZEMAN/GALLATIN FIELD MT CLIMATE NORMALS FOR TODAY
                         NORMAL    RECORD    YEAR
 MAXIMUM TEMPERATURE (F)   83        95      2007
                                             1954
 MINIMUM TEMPERATURE (F)   46        30      1993


SUNRISE AND SUNSET
AUGUST 30 2015........SUNRISE   643 AM MDT   SUNSET   807 PM MDT
AUGUST 31 2015........SUNRISE   644 AM MDT   SUNSET   805 PM MDT


-  INDICATES NEGATIVE NUMBERS.
R  INDICATES RECORD WAS SET OR TIED.
MM INDICATES DATA IS MISSING.
T  INDICATES TRACE AMOUNT.




$$
