000
CDUS45 KTFX 230736
CLIBZN


CLIMATE REPORT
NATIONAL WEATHER SERVICE GREAT FALLS MT
135 AM MDT FRI JUN 23 2017


...................................

...THE BOZEMAN/GALLATIN FIELD MT CLIMATE SUMMARY FOR JUNE 22 2017...

CLIMATE NORMAL PERIOD 1981 TO 2010
CLIMATE RECORD PERIOD 1935 TO 2017


WEATHER ITEM   OBSERVED TIME   RECORD YEAR NORMAL DEPARTURE LAST
                VALUE   (LST)  VALUE       VALUE  FROM      YEAR
                                                  NORMAL
..................................................................
TEMPERATURE (F)
 YESTERDAY
  MAXIMUM         73    339 PM  93    2007  80     -7       82
                                      1970
  MINIMUM         40    439 AM  33    1960  47     -7       38
  AVERAGE         57                        63     -6       60

PRECIPITATION (IN)
  YESTERDAY        0.00          1.33 1948   0.07  -0.07     0.00
  MONTH TO DATE    2.14                      1.92   0.22     0.82
  SINCE OCT 1     11.02                     10.20   0.82     8.57
  SINCE JAN 1      7.69                      7.82  -0.13     5.72

SNOWFALL (IN)
  YESTERDAY        0.0           T    1950   0.0    0.0      0.0
                                      1994
  MONTH TO DATE    0.0                       0.3   -0.3      0.0
  SINCE JUN 1      0.0                       0.3   -0.3      0.0
  SINCE JUL 1     44.5                      40.2    4.3     25.7
  SNOW DEPTH       0

DEGREE DAYS
 HEATING
  YESTERDAY        8                         3      5        5
  MONTH TO DATE  123                       120      3       82
  SINCE JUN 1    123                       120      3       82
  SINCE JUL 1   8088                      7537    551     7578

 COOLING
  YESTERDAY        0                         2     -2        0
  MONTH TO DATE   17                        20     -3       28
  SINCE JUN 1     17                        20     -3       28
  SINCE JAN 1     17                        24     -7       28
..................................................................


WIND (MPH)
  HIGHEST WIND SPEED    20   HIGHEST WIND DIRECTION     N (10)
  HIGHEST GUST SPEED    26   HIGHEST GUST DIRECTION    NW (320)
  AVERAGE WIND SPEED     8.3


SKY COVER
  AVERAGE SKY COVER 0.2


WEATHER CONDITIONS
 THE FOLLOWING WEATHER WAS RECORDED YESTERDAY.
  NO SIGNIFICANT WEATHER WAS OBSERVED.


RELATIVE HUMIDITY (PERCENT)
 HIGHEST    66
 LOWEST     19
 AVERAGE    43

..........................................................


THE BOZEMAN/GALLATIN FIELD MT CLIMATE NORMALS FOR TODAY
                         NORMAL    RECORD    YEAR
 MAXIMUM TEMPERATURE (F)   80        96      1988
 MINIMUM TEMPERATURE (F)   47        31      2003


SUNRISE AND SUNSET
JUNE 23 2017..........SUNRISE   535 AM MDT   SUNSET   918 PM MDT
JUNE 24 2017..........SUNRISE   536 AM MDT   SUNSET   919 PM MDT


-  INDICATES NEGATIVE NUMBERS.
R  INDICATES RECORD WAS SET OR TIED.
MM INDICATES DATA IS MISSING.
T  INDICATES TRACE AMOUNT.




$$
