000
CDUS45 KTFX 311017
CLIBZN


CLIMATE REPORT
NATIONAL WEATHER SERVICE GREAT FALLS MT
416 AM MDT THU JUL 31 2014


...................................

...THE BOZEMAN/GALLATIN FIELD MT CLIMATE SUMMARY FOR JULY 30 2014...

CLIMATE NORMAL PERIOD 1981 TO 2010
CLIMATE RECORD PERIOD 1935 TO 2014


WEATHER ITEM   OBSERVED TIME   RECORD YEAR NORMAL DEPARTURE
                VALUE   (LST)  VALUE       VALUE  FROM
                                                  NORMAL
...............................................................
TEMPERATURE (F)
 YESTERDAY
  MAXIMUM         90    259 PM 101    2007  90      0
  MINIMUM         50    503 AM  38    1971  52     -2
  AVERAGE         70                        71     -1

PRECIPITATION (IN)
  YESTERDAY        0.00          0.81 1975   0.03  -0.03
  MONTH TO DATE    0.38                      1.09  -0.71
  SINCE OCT 1     10.43                     11.77  -1.34
  SINCE JAN 1      9.38                      9.39  -0.01

SNOWFALL (IN)
  YESTERDAY        0.0           0.0  1999   0.0    0.0
                                      1994
  MONTH TO DATE    0.0                       0.0    0.0
  SINCE JUN 1      0.0                       0.0    0.0
  SINCE JUL 1      0.0                       0.0    0.0
  SNOW DEPTH       0

DEGREE DAYS
 HEATING
  YESTERDAY        0                                0
  MONTH TO DATE   13                              -14
  SINCE JUN 1    249                               81
  SINCE JUL 1     13                              -14

 COOLING
  YESTERDAY        5                               -1
  MONTH TO DATE  120                              -36
  SINCE JUN 1    120                              -74
  SINCE JAN 1    120                              -78
...............................................................


WIND (MPH)
  HIGHEST WIND SPEED    15   HIGHEST WIND DIRECTION     W (280)
  HIGHEST GUST SPEED    18   HIGHEST GUST DIRECTION     W (280)
  AVERAGE WIND SPEED     4.5



WEATHER CONDITIONS
 THE FOLLOWING WEATHER WAS RECORDED YESTERDAY.
  HAZE


RELATIVE HUMIDITY (PERCENT)
 HIGHEST    83
 LOWEST     13
 AVERAGE    48

..........................................................


THE BOZEMAN/GALLATIN FIELD MT CLIMATE NORMALS FOR TODAY
                         NORMAL    RECORD    YEAR
 MAXIMUM TEMPERATURE (F)   90       102      1989
 MINIMUM TEMPERATURE (F)   52        32      1968


SUNRISE AND SUNSET
JULY 31 2014..........SUNRISE   607 AM MDT   SUNSET   855 PM MDT
AUGUST  1 2014........SUNRISE   608 AM MDT   SUNSET   853 PM MDT


-  INDICATES NEGATIVE NUMBERS.
R  INDICATES RECORD WAS SET OR TIED.
MM INDICATES DATA IS MISSING.
T  INDICATES TRACE AMOUNT.




$$
