000
CDUS45 KTFX 261031
CLIBZN


CLIMATE REPORT
NATIONAL WEATHER SERVICE GREAT FALLS MT
331 AM MST WED NOV 26 2014


...................................

...THE BOZEMAN/GALLATIN FIELD MT CLIMATE SUMMARY FOR NOVEMBER 25 2014...

CLIMATE NORMAL PERIOD 1981 TO 2010
CLIMATE RECORD PERIOD 1935 TO 2014


WEATHER ITEM   OBSERVED TIME   RECORD YEAR NORMAL DEPARTURE
                VALUE   (LST)  VALUE       VALUE  FROM
                                                  NORMAL
...............................................................
TEMPERATURE (F)
 YESTERDAY
  MAXIMUM         40   1252 PM  64    1960  39      1
  MINIMUM         28   1159 PM -24    1993  15     13
  AVERAGE         34                        27      7

PRECIPITATION (IN)
  YESTERDAY        0.29          0.45 1997   0.02   0.27
  MONTH TO DATE    0.67                      0.65   0.02
  SINCE OCT 1      1.06                      1.75  -0.69
  SINCE JAN 1     14.67                     13.36   1.31

SNOWFALL (IN)
  YESTERDAY       MM             3.0  1968   0.2   MM
  MONTH TO DATE    5.6                       4.1    1.5
  SINCE SEP 1      5.6                       6.3   -0.7
  SINCE JUL 1      5.6                       6.3   -0.7
  SNOW DEPTH       0

DEGREE DAYS
 HEATING
  YESTERDAY       31                               -7
  MONTH TO DATE 1002                              216
  SINCE SEP 1   1853                              237
  SINCE JUL 1   1939                              256

 COOLING
  YESTERDAY        0                                0
  MONTH TO DATE    0                                0
  SINCE SEP 1      5                              -17
  SINCE JAN 1    187                             -181
...............................................................


WIND (MPH)
  HIGHEST WIND SPEED    22   HIGHEST WIND DIRECTION    SW (240)
  HIGHEST GUST SPEED    30   HIGHEST GUST DIRECTION    SW (240)
  AVERAGE WIND SPEED     5.3



WEATHER CONDITIONS
 THE FOLLOWING WEATHER WAS RECORDED YESTERDAY.
  LIGHT RAIN
  SNOW
  LIGHT SNOW
  FOG


RELATIVE HUMIDITY (PERCENT)
 HIGHEST    92
 LOWEST     47
 AVERAGE    70

..........................................................


THE BOZEMAN/GALLATIN FIELD MT CLIMATE NORMALS FOR TODAY
                         NORMAL    RECORD    YEAR
 MAXIMUM TEMPERATURE (F)   38        63      1998
 MINIMUM TEMPERATURE (F)   15       -25      1985


SUNRISE AND SUNSET
NOVEMBER 26 2014......SUNRISE   739 AM MST   SUNSET   444 PM MST
NOVEMBER 27 2014......SUNRISE   740 AM MST   SUNSET   444 PM MST


-  INDICATES NEGATIVE NUMBERS.
R  INDICATES RECORD WAS SET OR TIED.
MM INDICATES DATA IS MISSING.
T  INDICATES TRACE AMOUNT.




$$
