000
CDUS45 KTFX 281013
CLIBZN


CLIMATE REPORT
NATIONAL WEATHER SERVICE GREAT FALLS MT
413 AM MDT THU JUL 28 2016


...................................

...THE BOZEMAN/GALLATIN FIELD MT CLIMATE SUMMARY FOR JULY 27 2016...

CLIMATE NORMAL PERIOD 1981 TO 2010
CLIMATE RECORD PERIOD 1935 TO 2016


WEATHER ITEM   OBSERVED TIME   RECORD YEAR NORMAL DEPARTURE LAST
                VALUE   (LST)  VALUE       VALUE  FROM      YEAR
                                                  NORMAL
..................................................................
TEMPERATURE (F)
 YESTERDAY
  MAXIMUM         89    450 PM  97    2006  90     -1       62
  MINIMUM         47    449 AM  41    2005  52     -5       48
  AVERAGE         68                        71     -3       55

PRECIPITATION (IN)
  YESTERDAY        0.35          0.57 2015   0.03   0.32     0.57
  MONTH TO DATE    1.60                      1.01   0.59     1.78
  SINCE OCT 1     10.52                     11.69  -1.17    10.27
  SINCE JAN 1      7.67                      9.31  -1.64     8.34

SNOWFALL (IN)
  YESTERDAY        0.0           0.0  1998   0.0    0.0      0.0
                                      1994
  MONTH TO DATE    0.0                       0.0    0.0      0.0
  SINCE JUN 1      0.0                       0.0    0.0      0.0
  SINCE JUL 1      0.0                       0.0    0.0      0.0
  SNOW DEPTH       0

DEGREE DAYS
 HEATING
  YESTERDAY        0                         0      0       10
  MONTH TO DATE   42                        27     15       19
  SINCE JUN 1    141                       168    -27       91
  SINCE JUL 1     42                        27     15       19

 COOLING
  YESTERDAY        3                         6     -3        0
  MONTH TO DATE   83                       138    -55       73
  SINCE JUN 1    138                       176    -38      143
  SINCE JAN 1    138                       180    -42      143
..................................................................


WIND (MPH)
  HIGHEST WIND SPEED    26   HIGHEST WIND DIRECTION     S (160)
  HIGHEST GUST SPEED    32   HIGHEST GUST DIRECTION    SW (230)
  AVERAGE WIND SPEED     5.7


SKY COVER
  AVERAGE SKY COVER 0.0


WEATHER CONDITIONS
 THE FOLLOWING WEATHER WAS RECORDED YESTERDAY.
  THUNDERSTORM
  HEAVY RAIN
  RAIN
  LIGHT RAIN


RELATIVE HUMIDITY (PERCENT)
 HIGHEST    80
 LOWEST     21
 AVERAGE    51

..........................................................


THE BOZEMAN/GALLATIN FIELD MT CLIMATE NORMALS FOR TODAY
                         NORMAL    RECORD    YEAR
 MAXIMUM TEMPERATURE (F)   90       101      2006
 MINIMUM TEMPERATURE (F)   52        34      1949


SUNRISE AND SUNSET
JULY 28 2016..........SUNRISE   604 AM MDT   SUNSET   858 PM MDT
JULY 29 2016..........SUNRISE   605 AM MDT   SUNSET   856 PM MDT


-  INDICATES NEGATIVE NUMBERS.
R  INDICATES RECORD WAS SET OR TIED.
MM INDICATES DATA IS MISSING.
T  INDICATES TRACE AMOUNT.




$$
