000
CDUS45 KTFX 300759
CLIBZN


CLIMATE REPORT
NATIONAL WEATHER SERVICE GREAT FALLS MT
159 AM MDT SAT APR 30 2016


...................................

...THE BOZEMAN/GALLATIN FIELD MT CLIMATE SUMMARY FOR APRIL 29 2016...

CLIMATE NORMAL PERIOD 1981 TO 2010
CLIMATE RECORD PERIOD 1935 TO 2016


WEATHER ITEM   OBSERVED TIME   RECORD YEAR NORMAL DEPARTURE LAST
                VALUE   (LST)  VALUE       VALUE  FROM      YEAR
                                                  NORMAL
..................................................................
TEMPERATURE (F)
 YESTERDAY
  MAXIMUM         56    216 PM  82    2007  63     -7       76
                                      1992
  MINIMUM         31    442 AM  15    2005  34     -3       35
  AVERAGE         44                        49     -5       56

PRECIPITATION (IN)
  YESTERDAY        0.00          0.49 1937   0.07  -0.07     0.01
  MONTH TO DATE    0.84                      1.54  -0.70     1.72
  SINCE OCT 1      5.24                      5.77  -0.53     4.49
  SINCE JAN 1      2.39                      3.39  -1.00     2.56

SNOWFALL (IN)
  YESTERDAY        0.0           4.0  1969   0.1   -0.1      0.0
  MONTH TO DATE    T                         7.3   -7.3      5.0
  SINCE MAR 1      2.1                      15.0  -12.9      7.0
  SINCE JUL 1     25.7                      37.3  -11.6     37.4
  SNOW DEPTH       0

DEGREE DAYS
 HEATING
  YESTERDAY       21                        16      5        9
  MONTH TO DATE  527                       582    -55      671
  SINCE MAR 1   1352                      1466   -114     1427
  SINCE JUL 1   7037                      7046     -9     7009

 COOLING
  YESTERDAY        0                         0      0        0
  MONTH TO DATE    0                         0      0        0
  SINCE MAR 1      0                         0      0        0
  SINCE JAN 1      0                         0      0        0
..................................................................


WIND (MPH)
  HIGHEST WIND SPEED    21   HIGHEST WIND DIRECTION     E (70)
  HIGHEST GUST SPEED    26   HIGHEST GUST DIRECTION    NE (60)
  AVERAGE WIND SPEED     5.2


SKY COVER
  AVERAGE SKY COVER 0.7


WEATHER CONDITIONS
 THE FOLLOWING WEATHER WAS RECORDED YESTERDAY.
  NO SIGNIFICANT WEATHER WAS OBSERVED.


RELATIVE HUMIDITY (PERCENT)
 HIGHEST    85
 LOWEST     41
 AVERAGE    63

..........................................................


THE BOZEMAN/GALLATIN FIELD MT CLIMATE NORMALS FOR TODAY
                         NORMAL    RECORD    YEAR
 MAXIMUM TEMPERATURE (F)   64        81      1987
 MINIMUM TEMPERATURE (F)   35        14      1969


SUNRISE AND SUNSET
APRIL 30 2016.........SUNRISE   613 AM MDT   SUNSET   832 PM MDT
MAY  1 2016...........SUNRISE   611 AM MDT   SUNSET   833 PM MDT


-  INDICATES NEGATIVE NUMBERS.
R  INDICATES RECORD WAS SET OR TIED.
MM INDICATES DATA IS MISSING.
T  INDICATES TRACE AMOUNT.




$$
