000
CDUS45 KTFX 280748
CLIBZN


CLIMATE REPORT
NATIONAL WEATHER SERVICE GREAT FALLS MT
1246 AM MST TUE FEB 28 2017


...................................

...THE BOZEMAN/GALLATIN FIELD MT CLIMATE SUMMARY FOR FEBRUARY 27 2017...

CLIMATE NORMAL PERIOD 1981 TO 2010
CLIMATE RECORD PERIOD 1935 TO 2017


WEATHER ITEM   OBSERVED TIME   RECORD YEAR NORMAL DEPARTURE LAST
                VALUE   (LST)  VALUE       VALUE  FROM      YEAR
                                                  NORMAL
..................................................................
TEMPERATURE (F)
 YESTERDAY
  MAXIMUM         33    438 PM  61    2016  43    -10       61
  MINIMUM          7    735 AM -29    1962  18    -11       29
  AVERAGE         20                        30    -10       45

PRECIPITATION (IN)
  YESTERDAY        T             0.14 1989   0.02  -0.02     0.02
  MONTH TO DATE    0.27                      0.41  -0.14     0.19
  SINCE OCT 1      3.90                      3.27   0.63     3.40
  SINCE JAN 1      0.57                      0.89  -0.32     0.55

SNOWFALL (IN)
  YESTERDAY       MM             3.2  1955   0.2   MM        0.0
  MONTH TO DATE    8.6                       4.7    3.9       T
  SINCE DEC 1     35.3                      14.7   20.6     17.0
  SINCE JUL 1     39.2                      22.1   17.1     23.6
  SNOW DEPTH       1

DEGREE DAYS
 HEATING
  YESTERDAY       45                        35     10       20
  MONTH TO DATE 1074                      1025     49      913
  SINCE DEC 1   4379                      3666    713     3664
  SINCE JUL 1   6156                      5547    609     5628

 COOLING
  YESTERDAY        0                         0      0        0
  MONTH TO DATE    0                         0      0        0
  SINCE DEC 1      0                         0      0        0
  SINCE JAN 1      0                         0      0        0
..................................................................


WIND (MPH)
  HIGHEST WIND SPEED    20   HIGHEST WIND DIRECTION    NW (320)
  HIGHEST GUST SPEED    23   HIGHEST GUST DIRECTION    NW (300)
  AVERAGE WIND SPEED     4.3


SKY COVER
  AVERAGE SKY COVER 0.5


WEATHER CONDITIONS
 THE FOLLOWING WEATHER WAS RECORDED YESTERDAY.
  LIGHT SNOW
  FOG


RELATIVE HUMIDITY (PERCENT)
 HIGHEST    92
 LOWEST     43
 AVERAGE    68

..........................................................


THE BOZEMAN/GALLATIN FIELD MT CLIMATE NORMALS FOR TODAY
                         NORMAL    RECORD    YEAR
 MAXIMUM TEMPERATURE (F)   43        64      1992
 MINIMUM TEMPERATURE (F)   18       -28      1996


SUNRISE AND SUNSET
FEBRUARY 28 2017......SUNRISE   704 AM MST   SUNSET   610 PM MST
MARCH  1 2017.........SUNRISE   703 AM MST   SUNSET   612 PM MST


-  INDICATES NEGATIVE NUMBERS.
R  INDICATES RECORD WAS SET OR TIED.
MM INDICATES DATA IS MISSING.
T  INDICATES TRACE AMOUNT.




$$
