000
CDUS45 KTFX 301018
CLIBZN


CLIMATE REPORT
NATIONAL WEATHER SERVICE GREAT FALLS MT
315 AM MST FRI JAN 30 2015


...................................

...THE BOZEMAN/GALLATIN FIELD MT CLIMATE SUMMARY FOR JANUARY 29 2015...

CLIMATE NORMAL PERIOD 1981 TO 2010
CLIMATE RECORD PERIOD 1935 TO 2015


WEATHER ITEM   OBSERVED TIME   RECORD YEAR NORMAL DEPARTURE LAST
                VALUE   (LST)  VALUE       VALUE  FROM      YEAR
                                                  NORMAL
..................................................................
TEMPERATURE (F)
 YESTERDAY
  MAXIMUM         43    412 PM  52    2012  37      6       41
  MINIMUM         18    805 AM -40    1951  13      5       25
  AVERAGE         31                        25      6       33

PRECIPITATION (IN)
  YESTERDAY        0.00          0.07 1942   0.01  -0.01     0.01
  MONTH TO DATE    0.22                      0.45  -0.23     0.18
  SINCE OCT 1      2.15                      2.83  -0.68     1.23
  SINCE JAN 1      0.22                      0.45  -0.23     0.18

SNOWFALL (IN)
  YESTERDAY        0.0           3.0  1985   0.1   -0.1       T
  MONTH TO DATE    4.8                       3.7    1.1      3.0
  SINCE DEC 1     12.9                       9.7    3.2      9.5
  SINCE JUL 1     28.5                      17.1   11.4     10.0
  SNOW DEPTH       0

DEGREE DAYS
 HEATING
  YESTERDAY       34                        40     -6       32
  MONTH TO DATE 1184                      1207    -23     1085
  SINCE DEC 1   2473                      2561    -88     2558
  SINCE JUL 1   4600                      4442    158     4530

 COOLING
  YESTERDAY        0                         0      0        0
  MONTH TO DATE    0                         0      0        0
  SINCE DEC 1      0                         0      0        0
  SINCE JAN 1      0                         0      0        0
..................................................................


WIND (MPH)
  HIGHEST WIND SPEED     9   HIGHEST WIND DIRECTION     S (160)
  HIGHEST GUST SPEED    10   HIGHEST GUST DIRECTION     S (160)
  AVERAGE WIND SPEED     3.6



WEATHER CONDITIONS
 THE FOLLOWING WEATHER WAS RECORDED YESTERDAY.
  NO SIGNIFICANT WEATHER WAS OBSERVED.


RELATIVE HUMIDITY (PERCENT)
 HIGHEST    91
 LOWEST     45
 AVERAGE    68

..........................................................


THE BOZEMAN/GALLATIN FIELD MT CLIMATE NORMALS FOR TODAY
                         NORMAL    RECORD    YEAR
 MAXIMUM TEMPERATURE (F)   37        57      1971
 MINIMUM TEMPERATURE (F)   13       -37      1951


SUNRISE AND SUNSET
JANUARY 30 2015.......SUNRISE   749 AM MST   SUNSET   527 PM MST
JANUARY 31 2015.......SUNRISE   748 AM MST   SUNSET   529 PM MST


-  INDICATES NEGATIVE NUMBERS.
R  INDICATES RECORD WAS SET OR TIED.
MM INDICATES DATA IS MISSING.
T  INDICATES TRACE AMOUNT.




$$
