000
CDUS45 KTFX 200956
CLIBZN


CLIMATE REPORT
NATIONAL WEATHER SERVICE GREAT FALLS MT
355 AM MDT SAT SEP 20 2014


...................................

...THE BOZEMAN/GALLATIN FIELD MT CLIMATE SUMMARY FOR SEPTEMBER 19 2014...

CLIMATE NORMAL PERIOD 1981 TO 2010
CLIMATE RECORD PERIOD 1935 TO 2014


WEATHER ITEM   OBSERVED TIME   RECORD YEAR NORMAL DEPARTURE
                VALUE   (LST)  VALUE       VALUE  FROM
                                                  NORMAL
...............................................................
TEMPERATURE (F)
 YESTERDAY
  MAXIMUM         76    300 PM  94    2009  73      3
  MINIMUM         46   1047 PM  21    1943  39      7
  AVERAGE         61                        56      5

PRECIPITATION (IN)
  YESTERDAY        0.00          0.46 2004   0.04  -0.04
  MONTH TO DATE    0.40                      0.67  -0.27
  SINCE OCT 1     13.76                     13.55   0.21
  SINCE JAN 1     12.71                     11.17   1.54

SNOWFALL (IN)
  YESTERDAY        0.0           2.1  1983   0.0    0.0
  MONTH TO DATE    T                         0.1   -0.1
  SINCE SEP 1      T                         0.1   -0.1
  SINCE JUL 1      T                         0.1   -0.1
  SNOW DEPTH       0

DEGREE DAYS
 HEATING
  YESTERDAY        4                               -5
  MONTH TO DATE  217                              102
  SINCE SEP 1    217                              102
  SINCE JUL 1    303                              121

 COOLING
  YESTERDAY        0                                0
  MONTH TO DATE    0                              -20
  SINCE SEP 1      0                              -20
  SINCE JAN 1    182                             -184
...............................................................


WIND (MPH)
  HIGHEST WIND SPEED    22   HIGHEST WIND DIRECTION    NW (300)
  HIGHEST GUST SPEED    26   HIGHEST GUST DIRECTION     W (270)
  AVERAGE WIND SPEED     8.2



WEATHER CONDITIONS
 THE FOLLOWING WEATHER WAS RECORDED YESTERDAY.
  NO SIGNIFICANT WEATHER WAS OBSERVED.


RELATIVE HUMIDITY (PERCENT)
 HIGHEST    93
 LOWEST     31
 AVERAGE    62

..........................................................


THE BOZEMAN/GALLATIN FIELD MT CLIMATE NORMALS FOR TODAY
                         NORMAL    RECORD    YEAR
 MAXIMUM TEMPERATURE (F)   73        85      1991
 MINIMUM TEMPERATURE (F)   39        20      1983


SUNRISE AND SUNSET
SEPTEMBER 20 2014.....SUNRISE   709 AM MDT   SUNSET   726 PM MDT
SEPTEMBER 21 2014.....SUNRISE   710 AM MDT   SUNSET   724 PM MDT


-  INDICATES NEGATIVE NUMBERS.
R  INDICATES RECORD WAS SET OR TIED.
MM INDICATES DATA IS MISSING.
T  INDICATES TRACE AMOUNT.




$$
