000
CDUS45 KTFX 301227
CLIBZN


CLIMATE REPORT
NATIONAL WEATHER SERVICE GREAT FALLS MT
624 AM MDT SAT MAY 30 2015


...................................

...THE BOZEMAN/GALLATIN FIELD MT CLIMATE SUMMARY FOR MAY 29 2015...

CLIMATE NORMAL PERIOD 1981 TO 2010
CLIMATE RECORD PERIOD 1935 TO 2015


WEATHER ITEM   OBSERVED TIME   RECORD YEAR NORMAL DEPARTURE LAST
                VALUE   (LST)  VALUE       VALUE  FROM      YEAR
                                                  NORMAL
..................................................................
TEMPERATURE (F)
 YESTERDAY
  MAXIMUM         70    454 PM  91    2003  72     -2       69
  MINIMUM         47    313 AM  26    1951  42      5       41
  AVERAGE         59                        57      2       55

PRECIPITATION (IN)
  YESTERDAY        0.07          1.05 1938   0.10  -0.03     0.00
  MONTH TO DATE    3.05                      2.25   0.80     1.53
  SINCE OCT 1      7.61                      8.08  -0.47     5.96
  SINCE JAN 1      5.68                      5.70  -0.02     4.91

SNOWFALL (IN)
  YESTERDAY        0.0           6.0  1989   0.0    0.0      0.0
  MONTH TO DATE    0.0                       2.3   -2.3       T
  SINCE MAR 1      7.0                      17.5  -10.5      7.3
  SINCE JUL 1     37.4                      39.8   -2.4     32.3
  SNOW DEPTH       0

DEGREE DAYS
 HEATING
  YESTERDAY        6                         8     -2       10
  MONTH TO DATE  430                       340     90      388
  SINCE MAR 1   1872                      1821     51     2031
  SINCE JUL 1   7454                      7401     53     8046

 COOLING
  YESTERDAY        0                         0      0        0
  MONTH TO DATE    0                         0      0        0
  SINCE MAR 1      0                         0      0        0
  SINCE JAN 1      0                         0      0        0
..................................................................


WIND (MPH)
  HIGHEST WIND SPEED    17   HIGHEST WIND DIRECTION    SE (150)
  HIGHEST GUST SPEED    20   HIGHEST GUST DIRECTION    SE (140)
  AVERAGE WIND SPEED     6.2


SKY COVER
  AVERAGE SKY COVER 0.4


WEATHER CONDITIONS
 THE FOLLOWING WEATHER WAS RECORDED YESTERDAY.
  THUNDERSTORM
  RAIN
  LIGHT RAIN
  FOG


RELATIVE HUMIDITY (PERCENT)
 HIGHEST    93
 LOWEST     44
 AVERAGE    69

..........................................................


THE BOZEMAN/GALLATIN FIELD MT CLIMATE NORMALS FOR TODAY
                         NORMAL    RECORD    YEAR
 MAXIMUM TEMPERATURE (F)   72        87      1986
 MINIMUM TEMPERATURE (F)   43        27      1979


SUNRISE AND SUNSET
MAY 30 2015...........SUNRISE   540 AM MDT   SUNSET   905 PM MDT
MAY 31 2015...........SUNRISE   539 AM MDT   SUNSET   906 PM MDT


-  INDICATES NEGATIVE NUMBERS.
R  INDICATES RECORD WAS SET OR TIED.
MM INDICATES DATA IS MISSING.
T  INDICATES TRACE AMOUNT.




$$
