000
CDUS42 KCAE 090638
CLICAE


CLIMATE REPORT
NATIONAL WEATHER SERVICE COLUMBIA SC
137 AM EST TUE FEB 9 2016


...................................

...THE COLUMBIA METRO AIRPORT SC CLIMATE SUMMARY FOR FEBRUARY 8 2016...

CLIMATE NORMAL PERIOD 1981 TO 2010
CLIMATE RECORD PERIOD 1887 TO 2016


WEATHER ITEM   OBSERVED TIME   RECORD YEAR NORMAL DEPARTURE LAST
                VALUE   (LST)  VALUE       VALUE  FROM      YEAR
                                                  NORMAL
..................................................................
TEMPERATURE (F)
 YESTERDAY
  MAXIMUM         62    121 PM  76    1965  59      3       71
                                      1937
  MINIMUM         28    648 AM   8    1895  36     -8       38
  AVERAGE         45                        47     -2       55

PRECIPITATION (IN)
  YESTERDAY        0.05          1.36 1903   0.12  -0.07     0.00
  MONTH TO DATE    1.73                      0.98   0.75     0.65
  SINCE DEC 1     10.12                      7.78   2.34     7.15
  SINCE JAN 1      3.67                      4.56  -0.89     3.25

SNOWFALL (IN)
  YESTERDAY        0.0          MM      MM   0.1             0.0
  MONTH TO DATE    0.0                       0.2             0.0
  SINCE DEC 1      T                         1.1             0.0
  SINCE JUL 1      T                         1.1              T

DEGREE DAYS
 HEATING
  YESTERDAY       20                        18      2       10
  MONTH TO DATE  102                       147    -45      151
  SINCE DEC 1    934                      1342   -408     1229
  SINCE JUL 1   1204                      1783   -579     1734

 COOLING
  YESTERDAY        0                         0      0        0
  MONTH TO DATE    4                         0      4        0
  SINCE DEC 1     63                         4     59        0
  SINCE JAN 1      4                         1      3        0
..................................................................


WIND (MPH)
  HIGHEST WIND SPEED    29   HIGHEST WIND DIRECTION     W (280)
  HIGHEST GUST SPEED    34   HIGHEST GUST DIRECTION     W (280)
  AVERAGE WIND SPEED     6.0


SKY COVER
  AVERAGE SKY COVER 0.2


WEATHER CONDITIONS
 THE FOLLOWING WEATHER WAS RECORDED YESTERDAY.
  RAIN
  LIGHT RAIN


RELATIVE HUMIDITY (PERCENT)
 HIGHEST    85           200 AM
 LOWEST     29           100 PM
 AVERAGE    57

..........................................................


THE COLUMBIA METRO AIRPORT SC CLIMATE NORMALS FOR TODAY
                         NORMAL    RECORD    YEAR
 MAXIMUM TEMPERATURE (F)   59        81      1994
 MINIMUM TEMPERATURE (F)   36        12      1895


SUNRISE AND SUNSET
FEBRUARY  9 2016......SUNRISE   715 AM EST   SUNSET   602 PM EST
FEBRUARY 10 2016......SUNRISE   714 AM EST   SUNSET   603 PM EST


-  INDICATES NEGATIVE NUMBERS.
R  INDICATES RECORD WAS SET OR TIED.
MM INDICATES DATA IS MISSING.
T  INDICATES TRACE AMOUNT.




$$
