000
CDUS42 KCAE 250529
CLICAE


CLIMATE REPORT
NATIONAL WEATHER SERVICE COLUMBIA SC
128 AM EDT SAT OCT 25 2014


...................................

...THE COLUMBIA METRO AIRPORT SC CLIMATE SUMMARY FOR OCTOBER 24 2014...

CLIMATE NORMAL PERIOD 1981 TO 2010
CLIMATE RECORD PERIOD 1887 TO 2014


WEATHER ITEM   OBSERVED TIME   RECORD YEAR NORMAL DEPARTURE LAST
                VALUE   (LST)  VALUE       VALUE  FROM      YEAR
                                                  NORMAL
..................................................................
TEMPERATURE (F)
 YESTERDAY
  MAXIMUM         73    309 PM  89    2001  74     -1       67
  MINIMUM         44    639 AM  31    2006  49     -5       37
  AVERAGE         59                        61     -2       52

PRECIPITATION (IN)
  YESTERDAY        0.00          1.49 2008   0.09  -0.09     0.00
  MONTH TO DATE    3.04                      2.56   0.48     1.98
  SINCE SEP 1      5.85                      6.10  -0.25     4.02
  SINCE JAN 1     33.93                     38.02  -4.09    47.53

SNOWFALL (IN)
  YESTERDAY        0.0          MM      MM   0.0             0.0
  MONTH TO DATE    0.0                       0.0             0.0
  SINCE SEP 1      0.0                       0.0             0.0
  SINCE JUL 1      0.0                       0.0             0.0

DEGREE DAYS
 HEATING
  YESTERDAY        6                         5      1       13
  MONTH TO DATE   46                        70    -24       27
  SINCE SEP 1     50                        78    -28       27
  SINCE JUL 1     50                        78    -28       27

 COOLING
  YESTERDAY        0                         2     -2        0
  MONTH TO DATE  115                        78     37      117
  SINCE SEP 1    477                       377    100      462
  SINCE JAN 1   2511                      2145    366     2155
..................................................................


WIND (MPH)
  HIGHEST WIND SPEED     9   HIGHEST WIND DIRECTION     E (80)
  HIGHEST GUST SPEED    15   HIGHEST GUST DIRECTION     N (10)
  AVERAGE WIND SPEED     2.5


SKY COVER
  AVERAGE SKY COVER 0.3


WEATHER CONDITIONS
 THE FOLLOWING WEATHER WAS RECORDED YESTERDAY.
  NO SIGNIFICANT WEATHER WAS OBSERVED.


RELATIVE HUMIDITY (PERCENT)
 HIGHEST    92           600 AM
 LOWEST     31           200 PM
 AVERAGE    62

..........................................................


THE COLUMBIA METRO AIRPORT SC CLIMATE NORMALS FOR TODAY
                         NORMAL    RECORD    YEAR
 MAXIMUM TEMPERATURE (F)   74        88      1931
 MINIMUM TEMPERATURE (F)   49        30      1962


SUNRISE AND SUNSET
OCTOBER 25 2014.......SUNRISE   738 AM EDT   SUNSET   639 PM EDT
OCTOBER 26 2014.......SUNRISE   739 AM EDT   SUNSET   638 PM EDT


-  INDICATES NEGATIVE NUMBERS.
R  INDICATES RECORD WAS SET OR TIED.
MM INDICATES DATA IS MISSING.
T  INDICATES TRACE AMOUNT.




$$
