000
CDUS42 KCAE 180638
CLICAE


CLIMATE REPORT
NATIONAL WEATHER SERVICE COLUMBIA SC
138 AM EST MON DEC 18 2017


...................................

...THE COLUMBIA METRO AIRPORT SC CLIMATE SUMMARY FOR DECEMBER 17 2017...

CLIMATE NORMAL PERIOD 1981 TO 2010
CLIMATE RECORD PERIOD 1887 TO 2017


WEATHER ITEM   OBSERVED TIME   RECORD YEAR NORMAL DEPARTURE LAST
                VALUE   (LST)  VALUE       VALUE  FROM      YEAR
                                                  NORMAL
..................................................................
TEMPERATURE (F)
 YESTERDAY
  MAXIMUM         60    406 PM  80    1956  58      2       65
  MINIMUM         28    742 AM  14    1955  35     -7       36
  AVERAGE         44                        46     -2       51

PRECIPITATION (IN)
  YESTERDAY        0.00          1.16 1888   0.11  -0.11     0.00
  MONTH TO DATE    2.13                      1.73   0.40     2.62
  SINCE DEC 1      2.13                      1.73   0.40     2.62
  SINCE JAN 1     46.28                     43.10   3.18    38.82

SNOWFALL (IN)
  YESTERDAY        0.0          MM      MM   0.0             0.0
  MONTH TO DATE    0.0                       0.0             0.0
  SINCE DEC 1      0.0                       0.0             0.0
  SINCE JUL 1      0.0                       0.0             0.0

DEGREE DAYS
 HEATING
  YESTERDAY       21                        19      2       14
  MONTH TO DATE  267                       290    -23      298
  SINCE DEC 1    267                       290    -23      298
  SINCE JUL 1    645                       731    -86      600

 COOLING
  YESTERDAY        0                         0      0        0
  MONTH TO DATE    0                         0      0        0
  SINCE DEC 1      0                         0      0        0
  SINCE JAN 1   2684                      2167    517     2886
..................................................................


WIND (MPH)
  HIGHEST WIND SPEED     8   HIGHEST WIND DIRECTION     S (200)
  HIGHEST GUST SPEED    11   HIGHEST GUST DIRECTION     S (200)
  AVERAGE WIND SPEED     1.2


SKY COVER
  AVERAGE SKY COVER 0.7


WEATHER CONDITIONS
 THE FOLLOWING WEATHER WAS RECORDED YESTERDAY.
  FOG
  HAZE


RELATIVE HUMIDITY (PERCENT)
 HIGHEST    92          1200 AM
 LOWEST     32           300 PM
 AVERAGE    62

..........................................................


THE COLUMBIA METRO AIRPORT SC CLIMATE NORMALS FOR TODAY
                         NORMAL    RECORD    YEAR
 MAXIMUM TEMPERATURE (F)   57        82      2016
 MINIMUM TEMPERATURE (F)   35        12      1953


SUNRISE AND SUNSET
DECEMBER 18 2017......SUNRISE   724 AM EST   SUNSET   518 PM EST
DECEMBER 19 2017......SUNRISE   725 AM EST   SUNSET   519 PM EST


-  INDICATES NEGATIVE NUMBERS.
R  INDICATES RECORD WAS SET OR TIED.
MM INDICATES DATA IS MISSING.
T  INDICATES TRACE AMOUNT.




$$
