000
CDUS42 KCAE 220559
CLICAE


CLIMATE REPORT
NATIONAL WEATHER SERVICE COLUMBIA SC
158 AM EDT THU JUN 22 2017


...................................

...THE COLUMBIA METRO AIRPORT SC CLIMATE SUMMARY FOR JUNE 21 2017...

CLIMATE NORMAL PERIOD 1981 TO 2010
CLIMATE RECORD PERIOD 1887 TO 2017


WEATHER ITEM   OBSERVED TIME   RECORD YEAR NORMAL DEPARTURE LAST
                VALUE   (LST)  VALUE       VALUE  FROM      YEAR
                                                  NORMAL
..................................................................
TEMPERATURE (F)
 YESTERDAY
  MAXIMUM         85    307 PM 106    1990  91     -6       96
  MINIMUM         72    821 AM  55    1966  70      2       70
  AVERAGE         79                        80     -1       83

PRECIPITATION (IN)
  YESTERDAY        0.29          2.98 2004   0.16   0.13     0.00
  MONTH TO DATE    4.11                      3.26   0.85     2.34
  SINCE JUN 1      4.11                      3.26   0.85     2.34
  SINCE JAN 1     28.39                     19.77   8.62    16.26

SNOWFALL (IN)
  YESTERDAY        0.0          MM      MM   0.0             0.0
  MONTH TO DATE    0.0                       0.0             0.0
  SINCE JUN 1      0.0                       0.0             0.0
  SINCE JUL 1      0.1                       1.5              T

DEGREE DAYS
 HEATING
  YESTERDAY        0                         0      0        0
  MONTH TO DATE    0                         0      0        0
  SINCE JUN 1      0                         0      0        0
  SINCE JUL 1   1665                      2551   -886     1791

 COOLING
  YESTERDAY       14                        15     -1       18
  MONTH TO DATE  310                       280     30      357
  SINCE JUN 1    310                       280     30      357
  SINCE JAN 1    839                       601    238      796
..................................................................


WIND (MPH)
  HIGHEST WIND SPEED    15   HIGHEST WIND DIRECTION    SE (150)
  HIGHEST GUST SPEED    17   HIGHEST GUST DIRECTION    SE (150)
  AVERAGE WIND SPEED     2.9


SKY COVER
  AVERAGE SKY COVER 0.8


WEATHER CONDITIONS
 THE FOLLOWING WEATHER WAS RECORDED YESTERDAY.
  HEAVY RAIN
  RAIN
  LIGHT RAIN
  FOG


RELATIVE HUMIDITY (PERCENT)
 HIGHEST    87           200 AM
 LOWEST     65           300 PM
 AVERAGE    76

..........................................................


THE COLUMBIA METRO AIRPORT SC CLIMATE NORMALS FOR TODAY
                         NORMAL    RECORD    YEAR
 MAXIMUM TEMPERATURE (F)   91       101      1988
                                             1956
                                             1939
 MINIMUM TEMPERATURE (F)   70        58      2003
                                             1966


SUNRISE AND SUNSET
JUNE 22 2017..........SUNRISE   614 AM EDT   SUNSET   839 PM EDT
JUNE 23 2017..........SUNRISE   614 AM EDT   SUNSET   839 PM EDT


-  INDICATES NEGATIVE NUMBERS.
R  INDICATES RECORD WAS SET OR TIED.
MM INDICATES DATA IS MISSING.
T  INDICATES TRACE AMOUNT.




$$
