000
CDUS42 KCAE 250647
CLICAE


CLIMATE REPORT
NATIONAL WEATHER SERVICE COLUMBIA SC
144 AM EST TUE NOV 25 2014


...................................

...THE COLUMBIA METRO AIRPORT SC CLIMATE SUMMARY FOR NOVEMBER 24 2014...

CLIMATE NORMAL PERIOD 1981 TO 2010
CLIMATE RECORD PERIOD 1887 TO 2014


WEATHER ITEM   OBSERVED TIME   RECORD YEAR NORMAL DEPARTURE LAST
                VALUE   (LST)  VALUE       VALUE  FROM      YEAR
                                                  NORMAL
..................................................................
TEMPERATURE (F)
 YESTERDAY
  MAXIMUM         74    330 PM  83    1973  65      9       51
  MINIMUM         63   1159 PM  16    1970  40     23       32
  AVERAGE         69                        52     17       42

PRECIPITATION (IN)
  YESTERDAY        0.01          2.11 1967   0.09  -0.08     0.00
  MONTH TO DATE    3.35                      2.15   1.20     1.43
  SINCE SEP 1      9.21                      8.86   0.35     5.45
  SINCE JAN 1     37.29                     40.78  -3.49    48.96

SNOWFALL (IN)
  YESTERDAY        0.0          MM      MM   0.0             0.0
  MONTH TO DATE    T                         0.0              T
  SINCE SEP 1      T                         0.0              T
  SINCE JUL 1      T                         0.0              T

DEGREE DAYS
 HEATING
  YESTERDAY        0                        13    -13       23
  MONTH TO DATE  339                       236    103      242
  SINCE SEP 1    410                       356     54      313
  SINCE JUL 1    410                       356     54      313

 COOLING
  YESTERDAY        4                         0      4        0
  MONTH TO DATE    8                        14     -6       14
  SINCE SEP 1    501                       398    103      479
  SINCE JAN 1   2535                      2166    369     2172
..................................................................


WIND (MPH)
  HIGHEST WIND SPEED    17   HIGHEST WIND DIRECTION    SW (220)
  HIGHEST GUST SPEED    23   HIGHEST GUST DIRECTION    SW (220)
  AVERAGE WIND SPEED     8.9


SKY COVER
  AVERAGE SKY COVER 0.8


WEATHER CONDITIONS
 THE FOLLOWING WEATHER WAS RECORDED YESTERDAY.
  THUNDERSTORM
  LIGHT RAIN


RELATIVE HUMIDITY (PERCENT)
 HIGHEST    93           800 AM
 LOWEST     68           400 PM
 AVERAGE    81

..........................................................


THE COLUMBIA METRO AIRPORT SC CLIMATE NORMALS FOR TODAY
                         NORMAL    RECORD    YEAR
 MAXIMUM TEMPERATURE (F)   64        83      1973
 MINIMUM TEMPERATURE (F)   40        12      1970


SUNRISE AND SUNSET
NOVEMBER 25 2014......SUNRISE   706 AM EST   SUNSET   517 PM EST
NOVEMBER 26 2014......SUNRISE   707 AM EST   SUNSET   516 PM EST


-  INDICATES NEGATIVE NUMBERS.
R  INDICATES RECORD WAS SET OR TIED.
MM INDICATES DATA IS MISSING.
T  INDICATES TRACE AMOUNT.




$$
