000
CDUS42 KCAE 282220
CLICAE


CLIMATE REPORT
NATIONAL WEATHER SERVICE COLUMBIA SC
517 PM EST SAT FEB 28 2015


...................................

...THE COLUMBIA METRO AIRPORT SC CLIMATE SUMMARY FOR FEBRUARY 28 2015...
VALID TODAY AS OF 0500 PM LOCAL TIME.

CLIMATE NORMAL PERIOD 1981 TO 2010
CLIMATE RECORD PERIOD 1887 TO 2015


WEATHER ITEM   OBSERVED TIME   RECORD YEAR NORMAL DEPARTURE LAST
                VALUE   (LST)  VALUE       VALUE  FROM      YEAR
                                                  NORMAL
..................................................................
TEMPERATURE (F)
 TODAY
  MAXIMUM         52    358 PM  84    2011  64    -12       58
                                      1962
  MINIMUM         35    819 AM  17    2002  39     -4       29
  AVERAGE         44                        51     -7       44

PRECIPITATION (IN)
  TODAY            0.00          1.86 2009   0.13  -0.13     0.00
  MONTH TO DATE    4.74                      3.61   1.13     2.92
  SINCE DEC 1     11.24                     10.41   0.83    12.20
  SINCE JAN 1      7.34                      7.19   0.15     6.32

SNOWFALL (IN)
  TODAY            0.0          MM      MM   0.0             0.0
  MONTH TO DATE    T                         0.5             2.1
  SINCE DEC 1      T                         1.4             4.2
  SINCE JUL 1      T                         1.4             4.2

DEGREE DAYS
 HEATING
  TODAY           21                        14      7       21
  MONTH TO DATE  606                       464    142      453
  SINCE DEC 1   1684                      1658     26     1637
  SINCE JUL 1   2189                      2099     90     2084

 COOLING
  TODAY            0                         0      0        0
  MONTH TO DATE    0                         3     -3        7
  SINCE DEC 1      0                         7     -7       21
  SINCE JAN 1      0                         4     -4        7
..................................................................


WIND (MPH)
  HIGHEST WIND SPEED    15   HIGHEST WIND DIRECTION    NE (40)
  HIGHEST GUST SPEED    22   HIGHEST GUST DIRECTION    NE (30)
  AVERAGE WIND SPEED     9.7


SKY COVER
  AVERAGE SKY COVER 0.5


WEATHER CONDITIONS
 THE FOLLOWING WEATHER WAS RECORDED TODAY.
  NO SIGNIFICANT WEATHER WAS OBSERVED.


RELATIVE HUMIDITY (PERCENT)
 HIGHEST    65           100 AM
 LOWEST     38           300 PM
 AVERAGE    52

..........................................................


THE COLUMBIA METRO AIRPORT SC CLIMATE NORMALS FOR TOMORROW
                         NORMAL    RECORD    YEAR
 MAXIMUM TEMPERATURE (F)   64        83      1997
                                             1976
 MINIMUM TEMPERATURE (F)   40        18      1980


SUNRISE AND SUNSET
FEBRUARY 28 2015......SUNRISE   655 AM EST   SUNSET   620 PM EST
MARCH  1 2015.........SUNRISE   653 AM EST   SUNSET   621 PM EST


-  INDICATES NEGATIVE NUMBERS.
R  INDICATES RECORD WAS SET OR TIED.
MM INDICATES DATA IS MISSING.
T  INDICATES TRACE AMOUNT.




$$
