000
CDUS42 KCAE 290531
CLICAE


CLIMATE REPORT
NATIONAL WEATHER SERVICE COLUMBIA SC
130 AM EDT SUN MAR 29 2015


...................................

...THE COLUMBIA METRO AIRPORT SC CLIMATE SUMMARY FOR MARCH 28 2015...

CLIMATE NORMAL PERIOD 1981 TO 2010
CLIMATE RECORD PERIOD 1887 TO 2015


WEATHER ITEM   OBSERVED TIME   RECORD YEAR NORMAL DEPARTURE LAST
                VALUE   (LST)  VALUE       VALUE  FROM      YEAR
                                                  NORMAL
..................................................................
TEMPERATURE (F)
 YESTERDAY
  MAXIMUM         56    417 PM  92    1907  72    -16       65
  MINIMUM         40    349 AM  27    2001  46     -6       48
  AVERAGE         48                        59    -11       57

PRECIPITATION (IN)
  YESTERDAY        T             2.45 1980   0.12  -0.12     0.34
  MONTH TO DATE    2.76                      3.39  -0.63     3.70
  SINCE MAR 1      2.76                      3.39  -0.63     3.70
  SINCE JAN 1     10.12                     10.58  -0.46    10.02

SNOWFALL (IN)
  YESTERDAY        0.0          MM      MM   0.0             0.0
  MONTH TO DATE    0.0                       0.1             0.0
  SINCE MAR 1      0.0                       0.1             0.0
  SINCE JUL 1      T                         1.5             4.2

DEGREE DAYS
 HEATING
  YESTERDAY       17                         7     10        8
  MONTH TO DATE  185                       288   -103      373
  SINCE MAR 1    185                       288   -103      373
  SINCE JUL 1   2374                      2387    -13     2457

 COOLING
  YESTERDAY        0                         1     -1        0
  MONTH TO DATE   25                        16      9        0
  SINCE MAR 1     25                        16      9        0
  SINCE JAN 1     25                        20      5        7
..................................................................


WIND (MPH)
  HIGHEST WIND SPEED    18   HIGHEST WIND DIRECTION     W (270)
  HIGHEST GUST SPEED    25   HIGHEST GUST DIRECTION     W (290)
  AVERAGE WIND SPEED     9.2


SKY COVER
  AVERAGE SKY COVER 0.3


WEATHER CONDITIONS
 THE FOLLOWING WEATHER WAS RECORDED YESTERDAY.
  LIGHT RAIN


RELATIVE HUMIDITY (PERCENT)
 HIGHEST    86          1200 AM
 LOWEST     20           400 PM
 AVERAGE    53

..........................................................


THE COLUMBIA METRO AIRPORT SC CLIMATE NORMALS FOR TODAY
                         NORMAL    RECORD    YEAR
 MAXIMUM TEMPERATURE (F)   72        91      1907
 MINIMUM TEMPERATURE (F)   46        26      1955


SUNRISE AND SUNSET
MARCH 29 2015.........SUNRISE   716 AM EDT   SUNSET   743 PM EDT
MARCH 30 2015.........SUNRISE   715 AM EDT   SUNSET   744 PM EDT


-  INDICATES NEGATIVE NUMBERS.
R  INDICATES RECORD WAS SET OR TIED.
MM INDICATES DATA IS MISSING.
T  INDICATES TRACE AMOUNT.




$$
