000
CDUS42 KCAE 302131
CLICAE


CLIMATE REPORT
NATIONAL WEATHER SERVICE COLUMBIA SC
529 PM EDT MON MAR 30 2015


...................................

...THE COLUMBIA METRO AIRPORT SC CLIMATE SUMMARY FOR MARCH 30 2015...
VALID TODAY AS OF 0500 PM LOCAL TIME.

CLIMATE NORMAL PERIOD 1981 TO 2010
CLIMATE RECORD PERIOD 1887 TO 2015


WEATHER ITEM   OBSERVED TIME   RECORD YEAR NORMAL DEPARTURE LAST
                VALUE   (LST)  VALUE       VALUE  FROM      YEAR
                                                  NORMAL
..................................................................
TEMPERATURE (F)
 TODAY
  MAXIMUM         72    359 PM  91    1907  72      0       67
  MINIMUM         44    523 AM  26    1955  46     -2       42
  AVERAGE         58                        59     -1       55

PRECIPITATION (IN)
  TODAY            0.02          3.24 1960   0.12  -0.10     0.00
  MONTH TO DATE    2.78                      3.62  -0.84     3.93
  SINCE MAR 1      2.78                      3.62  -0.84     3.93
  SINCE JAN 1     10.14                     10.81  -0.67    10.25

SNOWFALL (IN)
  TODAY            0.0          MM      MM   0.0             0.0
  MONTH TO DATE    0.0                       0.1             0.0
  SINCE MAR 1      0.0                       0.1             0.0
  SINCE JUL 1      T                         1.5             4.2

DEGREE DAYS
 HEATING
  TODAY            7                         7      0       10
  MONTH TO DATE  211                       302    -91      383
  SINCE MAR 1    211                       302    -91      383
  SINCE JUL 1   2400                      2401     -1     2467

 COOLING
  TODAY            0                         1     -1        0
  MONTH TO DATE   25                        18      7        1
  SINCE MAR 1     25                        18      7        1
  SINCE JAN 1     25                        22      3        8
..................................................................


WIND (MPH)
  HIGHEST WIND SPEED    22   HIGHEST WIND DIRECTION     W (270)
  HIGHEST GUST SPEED    27   HIGHEST GUST DIRECTION     W (270)
  AVERAGE WIND SPEED    11.1


SKY COVER
  AVERAGE SKY COVER 0.5


WEATHER CONDITIONS
 THE FOLLOWING WEATHER WAS RECORDED TODAY.
  LIGHT RAIN


RELATIVE HUMIDITY (PERCENT)
 HIGHEST    77          1100 AM
 LOWEST     47           300 PM
 AVERAGE    62

..........................................................


THE COLUMBIA METRO AIRPORT SC CLIMATE NORMALS FOR TOMORROW
                         NORMAL    RECORD    YEAR
 MAXIMUM TEMPERATURE (F)   72        88      1986
 MINIMUM TEMPERATURE (F)   47        25      1964


SUNRISE AND SUNSET
MARCH 30 2015.........SUNRISE   715 AM EDT   SUNSET   744 PM EDT
MARCH 31 2015.........SUNRISE   714 AM EDT   SUNSET   744 PM EDT


-  INDICATES NEGATIVE NUMBERS.
R  INDICATES RECORD WAS SET OR TIED.
MM INDICATES DATA IS MISSING.
T  INDICATES TRACE AMOUNT.




$$
