000
CDUS42 KCAE 240628
CLICAE


CLIMATE REPORT
NATIONAL WEATHER SERVICE COLUMBIA SC
127 AM EST TUE JAN 24 2017


...................................

...THE COLUMBIA METRO AIRPORT SC CLIMATE SUMMARY FOR JANUARY 23 2017...

CLIMATE NORMAL PERIOD 1981 TO 2010
CLIMATE RECORD PERIOD 1887 TO 2017


WEATHER ITEM   OBSERVED TIME   RECORD YEAR NORMAL DEPARTURE LAST
                VALUE   (LST)  VALUE       VALUE  FROM      YEAR
                                                  NORMAL
..................................................................
TEMPERATURE (F)
 YESTERDAY
  MAXIMUM         61    444 PM  79    1974  56      5       41
  MINIMUM         49    643 AM  13    1985  34     15       30
  AVERAGE         55                        45     10       36

PRECIPITATION (IN)
  YESTERDAY        T             1.52 2000   0.12  -0.12      T
  MONTH TO DATE    6.92                      2.64   4.28     1.79
  SINCE DEC 1     10.27                      5.86   4.41     8.24
  SINCE JAN 1      6.92                      2.64   4.28     1.79

SNOWFALL (IN)
  YESTERDAY        0.0           3.4  2003   0.0              T
  MONTH TO DATE    0.1                       0.6              T
  SINCE DEC 1      0.1                       0.7              T
  SINCE JUL 1      0.1                       0.7              T

DEGREE DAYS
 HEATING
  YESTERDAY       10                        20    -10       29
  MONTH TO DATE  233                       473   -240      493
  SINCE DEC 1    702                      1042   -340      693
  SINCE JUL 1   1004                      1483   -479      963

 COOLING
  YESTERDAY        0                         0      0        0
  MONTH TO DATE    4                         0      4        0
  SINCE DEC 1      7                         3      4       59
  SINCE JAN 1      4                         0      4        0
..................................................................


WIND (MPH)
  HIGHEST WIND SPEED    21   HIGHEST WIND DIRECTION     W (290)
  HIGHEST GUST SPEED    29   HIGHEST GUST DIRECTION    SW (230)
  AVERAGE WIND SPEED     8.9


SKY COVER
  AVERAGE SKY COVER 0.7


WEATHER CONDITIONS
 THE FOLLOWING WEATHER WAS RECORDED YESTERDAY.
  LIGHT RAIN
  FOG


RELATIVE HUMIDITY (PERCENT)
 HIGHEST    89           900 AM
 LOWEST     67          1200 PM
 AVERAGE    78

..........................................................


THE COLUMBIA METRO AIRPORT SC CLIMATE NORMALS FOR TODAY
                         NORMAL    RECORD    YEAR
 MAXIMUM TEMPERATURE (F)   57        84      1974
 MINIMUM TEMPERATURE (F)   34        13      2003
                                             1970


SUNRISE AND SUNSET
JANUARY 24 2017.......SUNRISE   726 AM EST   SUNSET   548 PM EST
JANUARY 25 2017.......SUNRISE   726 AM EST   SUNSET   548 PM EST


-  INDICATES NEGATIVE NUMBERS.
R  INDICATES RECORD WAS SET OR TIED.
MM INDICATES DATA IS MISSING.
T  INDICATES TRACE AMOUNT.




$$
