000
CDUS42 KCAE 220642
CLICAE


CLIMATE REPORT
NATIONAL WEATHER SERVICE COLUMBIA SC
141 AM EST SAT NOV 22 2014


...................................

...THE COLUMBIA METRO AIRPORT SC CLIMATE SUMMARY FOR NOVEMBER 21 2014...

CLIMATE NORMAL PERIOD 1981 TO 2010
CLIMATE RECORD PERIOD 1887 TO 2014


WEATHER ITEM   OBSERVED TIME   RECORD YEAR NORMAL DEPARTURE LAST
                VALUE   (LST)  VALUE       VALUE  FROM      YEAR
                                                  NORMAL
..................................................................
TEMPERATURE (F)
 YESTERDAY
  MAXIMUM         65    203 PM  81    2011  66     -1       62
                                      1942
  MINIMUM         34    745 AM  19    1951  41     -7       50
  AVERAGE         50                        53     -3       56

PRECIPITATION (IN)
  YESTERDAY        0.00          1.39 2006   0.09  -0.09      T
  MONTH TO DATE    1.22                      1.86  -0.64     1.29
  SINCE SEP 1      7.08                      8.57  -1.49     5.31
  SINCE JAN 1     35.16                     40.49  -5.33    48.82

SNOWFALL (IN)
  YESTERDAY        0.0          MM      MM   0.0             0.0
  MONTH TO DATE    T                         0.0              T
  SINCE SEP 1      T                         0.0              T
  SINCE JUL 1      T                         0.0              T

DEGREE DAYS
 HEATING
  YESTERDAY       15                        12      3        9
  MONTH TO DATE  313                       198    115      213
  SINCE SEP 1    384                       318     66      284
  SINCE JUL 1    384                       318     66      284

 COOLING
  YESTERDAY        0                         0      0        0
  MONTH TO DATE    4                        14    -10       14
  SINCE SEP 1    497                       398     99      479
  SINCE JAN 1   2531                      2166    365     2172
..................................................................


WIND (MPH)
  HIGHEST WIND SPEED    14   HIGHEST WIND DIRECTION    NW (330)
  HIGHEST GUST SPEED    18   HIGHEST GUST DIRECTION    NW (330)
  AVERAGE WIND SPEED     4.1


SKY COVER
  AVERAGE SKY COVER 0.0


WEATHER CONDITIONS
 THE FOLLOWING WEATHER WAS RECORDED YESTERDAY.
  NO SIGNIFICANT WEATHER WAS OBSERVED.


RELATIVE HUMIDITY (PERCENT)
 HIGHEST    82           400 AM
 LOWEST     21           400 PM
 AVERAGE    52

..........................................................


THE COLUMBIA METRO AIRPORT SC CLIMATE NORMALS FOR TODAY
                         NORMAL    RECORD    YEAR
 MAXIMUM TEMPERATURE (F)   65        81      1900
 MINIMUM TEMPERATURE (F)   41        19      2008


SUNRISE AND SUNSET
NOVEMBER 22 2014......SUNRISE   703 AM EST   SUNSET   518 PM EST
NOVEMBER 23 2014......SUNRISE   704 AM EST   SUNSET   517 PM EST


-  INDICATES NEGATIVE NUMBERS.
R  INDICATES RECORD WAS SET OR TIED.
MM INDICATES DATA IS MISSING.
T  INDICATES TRACE AMOUNT.




$$
