000
CDUS42 KCAE 280606
CLICAE


CLIMATE REPORT
NATIONAL WEATHER SERVICE COLUMBIA SC
206 AM EDT TUE APR 28 2015


...................................

...THE COLUMBIA METRO AIRPORT SC CLIMATE SUMMARY FOR APRIL 27 2015...

CLIMATE NORMAL PERIOD 1981 TO 2010
CLIMATE RECORD PERIOD 1887 TO 2015


WEATHER ITEM   OBSERVED TIME   RECORD YEAR NORMAL DEPARTURE LAST
                VALUE   (LST)  VALUE       VALUE  FROM      YEAR
                                                  NORMAL
..................................................................
TEMPERATURE (F)
 YESTERDAY
  MAXIMUM         73    404 PM  94    1986  79     -6       89
  MINIMUM         53    559 AM  35    1972  53      0       55
  AVERAGE         63                        66     -3       72

PRECIPITATION (IN)
  YESTERDAY        0.00          1.46 1982   0.08  -0.08     0.00
  MONTH TO DATE    3.47                      2.35   1.12     2.99
  SINCE MAR 1      6.25                      6.08   0.17     6.92
  SINCE JAN 1     13.61                     13.27   0.34    13.24

SNOWFALL (IN)
  YESTERDAY        0.0          MM      MM   0.0             0.0
  MONTH TO DATE    0.0                       0.0             0.0
  SINCE MAR 1      0.0                       0.1             0.0
  SINCE JUL 1      T                         1.5             4.2

DEGREE DAYS
 HEATING
  YESTERDAY        2                         2      0        0
  MONTH TO DATE   39                       116    -77       74
  SINCE MAR 1    254                       426   -172      466
  SINCE JUL 1   2443                      2525    -82     2550

 COOLING
  YESTERDAY        0                         4     -4        7
  MONTH TO DATE  118                        61     57       61
  SINCE MAR 1    143                        79     64       62
  SINCE JAN 1    143                        83     60       69
..................................................................


WIND (MPH)
  HIGHEST WIND SPEED    14   HIGHEST WIND DIRECTION     W (290)
  HIGHEST GUST SPEED    20   HIGHEST GUST DIRECTION    NW (300)
  AVERAGE WIND SPEED     4.3


SKY COVER
  AVERAGE SKY COVER 0.7


WEATHER CONDITIONS
 THE FOLLOWING WEATHER WAS RECORDED YESTERDAY.
  NO SIGNIFICANT WEATHER WAS OBSERVED.


RELATIVE HUMIDITY (PERCENT)
 HIGHEST    77           300 AM
 LOWEST     33           400 PM
 AVERAGE    55

..........................................................


THE COLUMBIA METRO AIRPORT SC CLIMATE NORMALS FOR TODAY
                         NORMAL    RECORD    YEAR
 MAXIMUM TEMPERATURE (F)   80        94      1986
 MINIMUM TEMPERATURE (F)   54        36      1993


SUNRISE AND SUNSET
APRIL 28 2015.........SUNRISE   639 AM EDT   SUNSET   806 PM EDT
APRIL 29 2015.........SUNRISE   638 AM EDT   SUNSET   806 PM EDT


-  INDICATES NEGATIVE NUMBERS.
R  INDICATES RECORD WAS SET OR TIED.
MM INDICATES DATA IS MISSING.
T  INDICATES TRACE AMOUNT.




$$
