000
CDUS42 KCAE 190520
CLICAE


CLIMATE REPORT
NATIONAL WEATHER SERVICE COLUMBIA SC
120 AM EDT SAT APR 19 2014


...................................

...THE COLUMBIA METRO AIRPORT SC CLIMATE SUMMARY FOR APRIL 18 2014...

CLIMATE NORMAL PERIOD 1981 TO 2010
CLIMATE RECORD PERIOD 1887 TO 2014


WEATHER ITEM   OBSERVED TIME   RECORD YEAR NORMAL DEPARTURE LAST
                VALUE   (LST)  VALUE       VALUE  FROM      YEAR
                                                  NORMAL
..................................................................
TEMPERATURE (F)
 YESTERDAY
  MAXIMUM         61    157 PM  96    1896  77    -16       83
  MINIMUM         52    651 AM  34    1983  51      1       63
  AVERAGE         57                        64     -7       73

PRECIPITATION (IN)
  YESTERDAY        1.33          3.06 1900   0.08   1.25     0.08
  MONTH TO DATE    2.36                      1.57   0.79     2.20
  SINCE MAR 1      6.29                      5.30   0.99     5.85
  SINCE JAN 1     12.61                     12.49   0.12    12.57

SNOWFALL (IN)
  YESTERDAY        0.0          MM      MM   0.0             0.0
  MONTH TO DATE    0.0                       0.0             0.0
  SINCE MAR 1      0.0                       0.1             0.0
  SINCE JUL 1      4.2                       1.5              T

DEGREE DAYS
 HEATING
  YESTERDAY        8                         4      4        0
  MONTH TO DATE   59                        91    -32       54
  SINCE MAR 1    451                       401     50      493
  SINCE JUL 1   2535                      2500     35     2213

 COOLING
  YESTERDAY        0                         3     -3        8
  MONTH TO DATE   41                        33      8       68
  SINCE MAR 1     42                        51     -9       81
  SINCE JAN 1     49                        55     -6      106
..................................................................


WIND (MPH)
  HIGHEST WIND SPEED    17   HIGHEST WIND DIRECTION     N (20)
  HIGHEST GUST SPEED    26   HIGHEST GUST DIRECTION    NE (40)
  AVERAGE WIND SPEED     9.4


SKY COVER
  AVERAGE SKY COVER 0.8


WEATHER CONDITIONS
 THE FOLLOWING WEATHER WAS RECORDED YESTERDAY.
  HEAVY RAIN
  RAIN
  LIGHT RAIN
  FOG


RELATIVE HUMIDITY (PERCENT)
 HIGHEST    93           800 PM
 LOWEST     51          1100 AM
 AVERAGE    72

..........................................................


THE COLUMBIA METRO AIRPORT SC CLIMATE NORMALS FOR TODAY
                         NORMAL    RECORD    YEAR
 MAXIMUM TEMPERATURE (F)   77        94      1896
 MINIMUM TEMPERATURE (F)   51        29      1983


SUNRISE AND SUNSET
APRIL 19 2014.........SUNRISE   649 AM EDT   SUNSET   759 PM EDT
APRIL 20 2014.........SUNRISE   648 AM EDT   SUNSET   800 PM EDT


-  INDICATES NEGATIVE NUMBERS.
R  INDICATES RECORD WAS SET OR TIED.
MM INDICATES DATA IS MISSING.
T  INDICATES TRACE AMOUNT.




$$
