000
CDUS42 KCAE 292143
CLICAE


CLIMATE REPORT
NATIONAL WEATHER SERVICE COLUMBIA SC
541 PM EDT FRI APR 29 2016


...................................

...THE COLUMBIA METRO AIRPORT SC CLIMATE SUMMARY FOR APRIL 29 2016...
VALID TODAY AS OF 0500 PM LOCAL TIME.

CLIMATE NORMAL PERIOD 1981 TO 2010
CLIMATE RECORD PERIOD 1887 TO 2016


WEATHER ITEM   OBSERVED TIME   RECORD YEAR NORMAL DEPARTURE LAST
                VALUE   (LST)  VALUE       VALUE  FROM      YEAR
                                                  NORMAL
..................................................................
TEMPERATURE (F)
 TODAY
  MAXIMUM         91    331 PM  94    1970  80     11       65
  MINIMUM         63    550 AM  35    1967  54      9       49
  AVERAGE         77                        67     10       57

PRECIPITATION (IN)
  TODAY            0.00          1.87 1968   0.09  -0.09     0.56
  MONTH TO DATE    2.80                      2.53   0.27     4.03
  SINCE MAR 1      4.68                      6.26  -1.58     6.81
  SINCE JAN 1     11.31                     13.45  -2.14    14.17

SNOWFALL (IN)
  TODAY            0.0          MM      MM   0.0             0.0
  MONTH TO DATE    0.0                       0.0             0.0
  SINCE MAR 1      0.0                       0.1             0.0
  SINCE JUL 1      T                         1.5              T

DEGREE DAYS
 HEATING
  TODAY            0                         2     -2        8
  MONTH TO DATE   75                       120    -45       50
  SINCE MAR 1    222                       430   -208      265
  SINCE JUL 1   1785                      2529   -744     2454

 COOLING
  TODAY           12                         4      8        0
  MONTH TO DATE   97                        69     28      118
  SINCE MAR 1    170                        87     83      143
  SINCE JAN 1    174                        91     83      143
..................................................................


WIND (MPH)
  HIGHEST WIND SPEED    13   HIGHEST WIND DIRECTION     W (270)
  HIGHEST GUST SPEED    16   HIGHEST GUST DIRECTION     W (260)
  AVERAGE WIND SPEED     4.6


SKY COVER
  AVERAGE SKY COVER 0.2


WEATHER CONDITIONS
 THE FOLLOWING WEATHER WAS RECORDED TODAY.
  FOG


RELATIVE HUMIDITY (PERCENT)
 HIGHEST    93           400 AM
 LOWEST     24           400 PM
 AVERAGE    59

..........................................................


THE COLUMBIA METRO AIRPORT SC CLIMATE NORMALS FOR TOMORROW
                         NORMAL    RECORD    YEAR
 MAXIMUM TEMPERATURE (F)   80        93      1987
                                             1962
 MINIMUM TEMPERATURE (F)   54        39      2008


SUNRISE AND SUNSET
APRIL 29 2016.........SUNRISE   637 AM EDT   SUNSET   807 PM EDT
APRIL 30 2016.........SUNRISE   636 AM EDT   SUNSET   808 PM EDT


-  INDICATES NEGATIVE NUMBERS.
R  INDICATES RECORD WAS SET OR TIED.
MM INDICATES DATA IS MISSING.
T  INDICATES TRACE AMOUNT.




$$
