000
CDUS41 KCLE 250545
CLICAK


CLIMATE REPORT
NATIONAL WEATHER SERVICE CLEVELAND OH
145 AM EDT THU MAY 25 2017


...................................

...THE AKRON CANTON OH CLIMATE SUMMARY FOR MAY 24 2017...

CLIMATE NORMAL PERIOD 1981 TO 2010
CLIMATE RECORD PERIOD 1887 TO 2017


WEATHER ITEM   OBSERVED TIME   RECORD YEAR NORMAL DEPARTURE LAST
                VALUE   (LST)  VALUE       VALUE  FROM      YEAR
                                                  NORMAL
..................................................................
TEMPERATURE (F)
 YESTERDAY
  MAXIMUM         65   1136 AM  88    1912  71     -6       81
  MINIMUM         59    624 AM  30    1956  51      8       51
  AVERAGE         62                        61      1       66

PRECIPITATION (IN)
  YESTERDAY        0.20                      0.14   0.06     0.00
  MONTH TO DATE    5.99                      3.28   2.71     1.97
  SINCE MAR 1     16.10                      9.81   6.29    10.05
  SINCE JAN 1     24.61                     14.73   9.88    14.64

SNOWFALL (IN)
  YESTERDAY        0.0                       0.0    0.0      0.0
  MONTH TO DATE    0.0                       0.1   -0.1       T
  SINCE MAR 1     16.0                      11.0    5.0      7.5
  SINCE JUL 1     37.2                      47.5  -10.3     30.2
  SNOW DEPTH       0

DEGREE DAYS
 HEATING
  YESTERDAY        3                         6     -3        0
  MONTH TO DATE  187                       194     -7      221
  SINCE MAR 1   1265                      1526   -261     1334
  SINCE JUL 1   4865                      6070  -1205     4981

 COOLING
  YESTERDAY        0                         2     -2        1
  MONTH TO DATE   26                        21      5        2
  SINCE MAR 1     48                        27     21        2
  SINCE JAN 1     50                        27     23        2
..................................................................


WIND (MPH)
  HIGHEST WIND SPEED    18   HIGHEST WIND DIRECTION     E (110)
  HIGHEST GUST SPEED    26   HIGHEST GUST DIRECTION    SE (120)
  AVERAGE WIND SPEED    10.8


SKY COVER
  POSSIBLE SUNSHINE  MM
  AVERAGE SKY COVER 1.0


WEATHER CONDITIONS
 THE FOLLOWING WEATHER WAS RECORDED YESTERDAY.
  RAIN
  LIGHT RAIN
  FOG
  HAZE


RELATIVE HUMIDITY (PERCENT)
 HIGHEST    90           200 PM
 LOWEST     67          1200 AM
 AVERAGE    79

..........................................................


THE AKRON CANTON OH CLIMATE NORMALS FOR TODAY
                         NORMAL    RECORD    YEAR
 MAXIMUM TEMPERATURE (F)   72        88      2012
                                             1914
                                             1904
 MINIMUM TEMPERATURE (F)   51        29      2013


SUNRISE AND SUNSET
MAY 25 2017...........SUNRISE   600 AM EDT   SUNSET   846 PM EDT
MAY 26 2017...........SUNRISE   559 AM EDT   SUNSET   847 PM EDT


-  INDICATES NEGATIVE NUMBERS.
R  INDICATES RECORD WAS SET OR TIED.
MM INDICATES DATA IS MISSING.
T  INDICATES TRACE AMOUNT.




$$
