000
CDUS41 KCLE 010526
CLICAK


CLIMATE REPORT
NATIONAL WEATHER SERVICE CLEVELAND OH
126 AM EDT SUN MAY 1 2016


...................................

...THE AKRON CANTON OH CLIMATE SUMMARY FOR APRIL 30 2016...

CLIMATE NORMAL PERIOD 1981 TO 2010
CLIMATE RECORD PERIOD 1887 TO 2016


WEATHER ITEM   OBSERVED TIME   RECORD YEAR NORMAL DEPARTURE LAST
                VALUE   (LST)  VALUE       VALUE  FROM      YEAR
                                                  NORMAL
..................................................................
TEMPERATURE (F)
 YESTERDAY
  MAXIMUM         59    340 PM  87    1942  65     -6       57
                                      1899
  MINIMUM         35    359 AM  29    1958  44     -9       42
  AVERAGE         47                        54     -7       50

PRECIPITATION (IN)
  YESTERDAY        0.44                      0.11   0.33     0.02
  MONTH TO DATE    3.50                      3.55  -0.05     3.84
  SINCE MAR 1      8.08                      6.53   1.55     6.60
  SINCE JAN 1     12.67                     11.45   1.22    12.08

SNOWFALL (IN)
  YESTERDAY        0.0                       0.0    0.0      0.0
  MONTH TO DATE    5.1                       2.7    2.4       T
  SINCE MAR 1      7.5                      10.9   -3.4      6.9
  SINCE JUL 1     30.2                      47.4  -17.2     59.8
  SNOW DEPTH       0

DEGREE DAYS
 HEATING
  YESTERDAY       18                        11      7       15
  MONTH TO DATE  511                       479     32      402
  SINCE MAR 1   1113                      1332   -219     1330
  SINCE JUL 1   4760                      5876  -1116     6173

 COOLING
  YESTERDAY        0                         0      0        0
  MONTH TO DATE    0                         6     -6        2
  SINCE MAR 1      0                         6     -6        2
  SINCE JAN 1      0                         6     -6        2
..................................................................


WIND (MPH)
  HIGHEST WIND SPEED    14   HIGHEST WIND DIRECTION    SE (150)
  HIGHEST GUST SPEED    19   HIGHEST GUST DIRECTION    SE (140)
  AVERAGE WIND SPEED     6.1


SKY COVER
  POSSIBLE SUNSHINE  MM
  AVERAGE SKY COVER 0.8


WEATHER CONDITIONS
 THE FOLLOWING WEATHER WAS RECORDED YESTERDAY.
  HEAVY RAIN
  LIGHT RAIN
  FOG


RELATIVE HUMIDITY (PERCENT)
 HIGHEST    93           800 PM
 LOWEST     62          1200 PM
 AVERAGE    78

..........................................................


THE AKRON CANTON OH CLIMATE NORMALS FOR TODAY
                         NORMAL    RECORD    YEAR
 MAXIMUM TEMPERATURE (F)   65        87      1942
 MINIMUM TEMPERATURE (F)   44        28      1978


SUNRISE AND SUNSET
MAY  1 2016...........SUNRISE   623 AM EDT   SUNSET   823 PM EDT
MAY  2 2016...........SUNRISE   622 AM EDT   SUNSET   824 PM EDT


-  INDICATES NEGATIVE NUMBERS.
R  INDICATES RECORD WAS SET OR TIED.
MM INDICATES DATA IS MISSING.
T  INDICATES TRACE AMOUNT.




$$
