000
CDUS41 KCLE 222211
CLICAK


CLIMATE REPORT
NATIONAL WEATHER SERVICE CLEVELAND OH
510 PM EST SUN JAN 22 2017


...................................

...THE AKRON CANTON OH CLIMATE SUMMARY FOR JANUARY 22 2017...
VALID TODAY AS OF 0500 PM LOCAL TIME.

CLIMATE NORMAL PERIOD 1981 TO 2010
CLIMATE RECORD PERIOD 1887 TO 2017


WEATHER ITEM   OBSERVED TIME   RECORD YEAR NORMAL DEPARTURE LAST
                VALUE   (LST)  VALUE       VALUE  FROM      YEAR
                                                  NORMAL
..................................................................
TEMPERATURE (F)
 TODAY
  MAXIMUM         62    245 PM  72    1906  33     29       25
  MINIMUM         47    806 AM -13    1936  19     28       19
  AVERAGE         55                        26     29       22

PRECIPITATION (IN)
  TODAY            0.10                      0.08   0.02     0.00
  MONTH TO DATE    4.77                      1.88   2.89     1.15
  SINCE DEC 1      7.77                      4.72   3.05     4.85
  SINCE JAN 1      4.77                      1.88   2.89     1.15

SNOWFALL (IN)
  TODAY            0.0                       0.4   -0.4      0.0
  MONTH TO DATE    3.8                       8.8   -5.0      5.5
  SINCE DEC 1     11.3                      19.0   -7.7      5.7
  SINCE JUL 1     13.4                      22.4   -9.0      5.7
  SNOW DEPTH       0

DEGREE DAYS
 HEATING
  TODAY           10                        39    -29       43
  MONTH TO DATE  683                       856   -173      877
  SINCE DEC 1   1749                      1927   -178     1529
  SINCE JUL 1   2627                      3186   -559     2409

 COOLING
  TODAY            0                         0      0        0
  MONTH TO DATE    0                         0      0        0
  SINCE DEC 1      0                         0      0        0
  SINCE JAN 1      0                         0      0        0
..................................................................


WIND (MPH)
  HIGHEST WIND SPEED    13   HIGHEST WIND DIRECTION     E (70)
  HIGHEST GUST SPEED    16   HIGHEST GUST DIRECTION     E (80)


SKY COVER
  POSSIBLE SUNSHINE  MM
  AVERAGE SKY COVER 0.9


WEATHER CONDITIONS
 THE FOLLOWING WEATHER WAS RECORDED TODAY.
  RAIN
  LIGHT RAIN
  FOG


RELATIVE HUMIDITY (PERCENT)
 HIGHEST    93          1200 AM
 LOWEST     64           300 PM
 AVERAGE    79

..........................................................


THE AKRON CANTON OH CLIMATE NORMALS FOR TOMORROW
                         NORMAL    RECORD    YEAR
 MAXIMUM TEMPERATURE (F)   33        73      1906
 MINIMUM TEMPERATURE (F)   19       -15      1963


SUNRISE AND SUNSET
JANUARY 22 2017.......SUNRISE   744 AM EST   SUNSET   531 PM EST
JANUARY 23 2017.......SUNRISE   743 AM EST   SUNSET   532 PM EST


-  INDICATES NEGATIVE NUMBERS.
R  INDICATES RECORD WAS SET OR TIED.
MM INDICATES DATA IS MISSING.
T  INDICATES TRACE AMOUNT.




$$
